460
CDUS44 KBRO 280633
CLIMFE


CLIMATE REPORT
NATIONAL WEATHER SERVICE BROWNSVILLE TX
131 AM CDT THU APR 28 2016


...................................

...THE MCALLEN CLIMATE SUMMARY FOR APRIL 27 2016...

CLIMATE NORMAL PERIOD 1981 TO 2010
CLIMATE RECORD PERIOD 1961 TO 2016


WEATHER ITEM   OBSERVED TIME   RECORD YEAR NORMAL DEPARTURE LAST
                VALUE   (LST)  VALUE       VALUE  FROM      YEAR
                                                  NORMAL
..................................................................
TEMPERATURE (F)
 YESTERDAY
  MAXIMUM        100    307 PM 107    2014  88     12       94
  MINIMUM         76   1159 PM  57    1997  69      7       73
                                      1980
  AVERAGE         88                        78     10

PRECIPITATION (IN)
  YESTERDAY        0.00          0.78 2008   0.06  -0.06      T
  MONTH TO DATE    0.59                      1.16  -0.57     4.59
  SINCE MAR 1      0.62                      2.19  -1.57     5.98
  SINCE JAN 1      1.02                      4.35  -3.33     6.57

DEGREE DAYS
 HEATING
  YESTERDAY        0                         0      0        0
  MONTH TO DATE    1                         3     -2        0
  SINCE MAR 1      7                        41    -34       66
  SINCE JUL 1    318                       574   -256      756

 COOLING
  YESTERDAY       23                        13     10       19
  MONTH TO DATE  395                       312     83      411
  SINCE MAR 1    756                       530    226      577
  SINCE JAN 1    961                       689    272      662
..................................................................


WIND (MPH)
  HIGHEST WIND SPEED    18   HIGHEST WIND DIRECTION     N (360)
  HIGHEST GUST SPEED    25   HIGHEST GUST DIRECTION     N (340)
  AVERAGE WIND SPEED     9.4



WEATHER CONDITIONS
 THE FOLLOWING WEATHER WAS RECORDED YESTERDAY.
  FOG
  HAZE


RELATIVE HUMIDITY (PERCENT)
 HIGHEST    85
 LOWEST     33
 AVERAGE    59

..........................................................


THE MCALLEN CLIMATE NORMALS FOR TODAY
                         NORMAL    RECORD    YEAR
 MAXIMUM TEMPERATURE (F)   89       104      1964
 MINIMUM TEMPERATURE (F)   69        50      1997


SUNRISE AND SUNSET
APRIL 28 2016.........SUNRISE   658 AM CDT   SUNSET   803 PM CDT
APRIL 29 2016.........SUNRISE   657 AM CDT   SUNSET   804 PM CDT


-  INDICATES NEGATIVE NUMBERS.
R  INDICATES RECORD WAS SET OR TIED.
MM INDICATES DATA IS MISSING.
T  INDICATES TRACE AMOUNT.

$$
