000
CDUS44 KBRO 200745
CLIMFE


CLIMATE REPORT
NATIONAL WEATHER SERVICE BROWNSVILLE TX
145 AM CST SAT DEC 20 2014


...................................

...THE MCALLEN CLIMATE SUMMARY FOR DECEMBER 19 2014...

CLIMATE NORMAL PERIOD 1981 TO 2010
CLIMATE RECORD PERIOD 1941 TO 2014


WEATHER ITEM   OBSERVED TIME   RECORD YEAR NORMAL DEPARTURE LAST
                VALUE   (LST)  VALUE       VALUE  FROM      YEAR
                                                  NORMAL
..................................................................
TEMPERATURE (F)
 YESTERDAY
  MAXIMUM         68    102 PM  89    2012  71     -3       80
  MINIMUM         59    939 PM  28    1996  51      8       58
  AVERAGE         64                        61      3

PRECIPITATION (IN)
  YESTERDAY        T             0.56 1975   0.04  -0.04     0.00
  MONTH TO DATE    0.47                      0.70  -0.23     0.02
  SINCE DEC 1      0.47                      0.70  -0.23     0.02
  SINCE JAN 1     19.74                     21.71  -1.97    15.49

SNOWFALL (IN)
  YESTERDAY        0.0
  MONTH TO DATE    0.0
  SINCE DEC 1      0.0
  SINCE JUL 1      0.0

DEGREE DAYS
 HEATING
  YESTERDAY        1                         6     -5        0
  MONTH TO DATE   22                        97    -75      149
  SINCE DEC 1     22                        97    -75      149
  SINCE JUL 1    151                       157     -6      275

 COOLING
  YESTERDAY        0                         2     -2        4
  MONTH TO DATE   74                        58     16       24
  SINCE DEC 1     74                        58     16       24
  SINCE JAN 1   4308                      4427   -119     4559
..................................................................


WIND (MPH)
  HIGHEST WIND SPEED    20   HIGHEST WIND DIRECTION     N (340)
  HIGHEST GUST SPEED    24   HIGHEST GUST DIRECTION     N (340)
  AVERAGE WIND SPEED     7.6



WEATHER CONDITIONS
 THE FOLLOWING WEATHER WAS RECORDED YESTERDAY.
  FOG


RELATIVE HUMIDITY (PERCENT)
 HIGHEST   100
 LOWEST     78
 AVERAGE    89

..........................................................


THE MCALLEN CLIMATE NORMALS FOR TODAY
                         NORMAL    RECORD    YEAR
 MAXIMUM TEMPERATURE (F)   71        89      2007
 MINIMUM TEMPERATURE (F)   51        27      1996


SUNRISE AND SUNSET
DECEMBER 20 2014......SUNRISE   716 AM CST   SUNSET   546 PM CST
DECEMBER 21 2014......SUNRISE   716 AM CST   SUNSET   546 PM CST


-  INDICATES NEGATIVE NUMBERS.
R  INDICATES RECORD WAS SET OR TIED.
MM INDICATES DATA IS MISSING.
T  INDICATES TRACE AMOUNT.




$$
