000
CDUS44 KBRO 282136
CLIMFE


CLIMATE REPORT
NATIONAL WEATHER SERVICE BROWNSVILLE TX
436 PM CDT TUE MAR 28 2017


...................................

...THE MCALLEN CLIMATE SUMMARY FOR MARCH 28 2017...
VALID TODAY AS OF 0400 PM LOCAL TIME.

CLIMATE NORMAL PERIOD 1981 TO 2010
CLIMATE RECORD PERIOD 1961 TO 2017


WEATHER ITEM   OBSERVED TIME   RECORD YEAR NORMAL DEPARTURE LAST
                VALUE   (LST)  VALUE       VALUE  FROM      YEAR
                                                  NORMAL
..................................................................
TEMPERATURE (F)
 TODAY
  MAXIMUM         92    220 PM 100    1972  85      7       83
  MINIMUM         74    413 AM  43    1996  62     12       68
  AVERAGE         83                        73     10       76

PRECIPITATION (IN)
  TODAY            0.00          0.44 1999   0.03  -0.03     0.00
  MONTH TO DATE    2.52                      0.94   1.58     0.03
  SINCE MAR 1      2.52                      0.94   1.58     0.03
  SINCE JAN 1      4.15                      3.10   1.05     0.43

SNOWFALL (IN)
  TODAY            0.0
  MONTH TO DATE    0.0
  SINCE MAR 1      0.0
  SINCE JUL 1      0.0
  SNOW DEPTH       0

DEGREE DAYS
 HEATING
  TODAY            0                         1     -1        0
  MONTH TO DATE    1                        39    -38        6
  SINCE MAR 1      1                        39    -38        6
  SINCE JUL 1    189                       572   -383      317

 COOLING
  TODAY           18                         9      9       11
  MONTH TO DATE  321                       190    131      308
  SINCE MAR 1    321                       190    131      308
  SINCE JAN 1    802                       349    453      513
..................................................................


WIND (MPH)
  HIGHEST WIND SPEED    30   HIGHEST WIND DIRECTION    SE (130)
  HIGHEST GUST SPEED    39   HIGHEST GUST DIRECTION     S (160)
  AVERAGE WIND SPEED    17.8



WEATHER CONDITIONS
 THE FOLLOWING WEATHER WAS RECORDED TODAY.
  FOG
  HAZE


..........................................................


THE MCALLEN CLIMATE NORMALS FOR TOMORROW
                         NORMAL    RECORD    YEAR
 MAXIMUM TEMPERATURE (F)   85        99      2000
 MINIMUM TEMPERATURE (F)   62        46      1987


SUNRISE AND SUNSET
MARCH 28 2017.........SUNRISE   728 AM CDT   SUNSET   748 PM CDT
MARCH 29 2017.........SUNRISE   727 AM CDT   SUNSET   749 PM CDT


-  INDICATES NEGATIVE NUMBERS.
R  INDICATES RECORD WAS SET OR TIED.
MM INDICATES DATA IS MISSING.
T  INDICATES TRACE AMOUNT.




$$
