000
CDUS44 KBRO 070642
CLIMFE


CLIMATE REPORT
NATIONAL WEATHER SERVICE BROWNSVILLE TX
142 AM CDT TUE JUL 7 2015


...................................

...THE MCALLEN CLIMATE SUMMARY FOR JULY 6 2015...

CLIMATE NORMAL PERIOD 1981 TO 2010
CLIMATE RECORD PERIOD 1941 TO 2015


WEATHER ITEM   OBSERVED TIME   RECORD YEAR NORMAL DEPARTURE LAST
                VALUE   (LST)  VALUE       VALUE  FROM      YEAR
                                                  NORMAL
..................................................................
TEMPERATURE (F)
 YESTERDAY
  MAXIMUM         96    152 PM 108    2009  97     -1       97
  MINIMUM         80    614 AM  69    1975  76      4       74
  AVERAGE         88                        86      2

PRECIPITATION (IN)
  YESTERDAY        0.00          0.76 2008   0.07  -0.07     0.00
  MONTH TO DATE    0.25                      0.45  -0.20     0.32
  SINCE JUN 1      5.64                      3.03   2.61     0.62
  SINCE JAN 1     17.11                      9.81   7.30     3.50

SNOWFALL (IN)
  YESTERDAY        0.0
  MONTH TO DATE    0.0
  SINCE JUN 1      0.0
  SINCE JUL 1      0.0

DEGREE DAYS
 HEATING
  YESTERDAY        0                         0      0        0
  MONTH TO DATE    0                         0      0        0
  SINCE JUN 1      0                         0      0        0
  SINCE JUL 1      0                         0      0        0

 COOLING
  YESTERDAY       23                        21      2       21
  MONTH TO DATE  121                       126     -5      127
  SINCE JUN 1    762                       754      8      797
  SINCE JAN 1   2007                      2009     -2     1853
..................................................................


WIND (MPH)
  HIGHEST WIND SPEED    29   HIGHEST WIND DIRECTION    SE (140)
  HIGHEST GUST SPEED    37   HIGHEST GUST DIRECTION    SE (150)
  AVERAGE WIND SPEED    17.2



WEATHER CONDITIONS
 THE FOLLOWING WEATHER WAS RECORDED YESTERDAY.
  HAZE


RELATIVE HUMIDITY (PERCENT)
 HIGHEST    85
 LOWEST     49
 AVERAGE    67

..........................................................


THE MCALLEN CLIMATE NORMALS FOR TODAY
                         NORMAL    RECORD    YEAR
 MAXIMUM TEMPERATURE (F)   97       109      2009
 MINIMUM TEMPERATURE (F)   76        68      1976


SUNRISE AND SUNSET
JULY  7 2015..........SUNRISE   646 AM CDT   SUNSET   829 PM CDT
JULY  8 2015..........SUNRISE   647 AM CDT   SUNSET   829 PM CDT


-  INDICATES NEGATIVE NUMBERS.
R  INDICATES RECORD WAS SET OR TIED.
MM INDICATES DATA IS MISSING.
T  INDICATES TRACE AMOUNT.




$$
