000
CDUS44 KBRO 110727
CLIMFE


CLIMATE REPORT
NATIONAL WEATHER SERVICE BROWNSVILLE TX
126 AM CST MON DEC 11 2017


...................................

...THE MCALLEN CLIMATE SUMMARY FOR DECEMBER 10 2017...

CLIMATE NORMAL PERIOD 1981 TO 2010
CLIMATE RECORD PERIOD 1961 TO 2017


WEATHER ITEM   OBSERVED TIME   RECORD YEAR NORMAL DEPARTURE LAST
                VALUE   (LST)  VALUE       VALUE  FROM      YEAR
                                                  NORMAL
..................................................................
TEMPERATURE (F)
 YESTERDAY
  MAXIMUM         73    409 PM  89    2015  73      0       59
                                      1983
  MINIMUM         43    502 AM  30    1978  53    -10       47
  AVERAGE         58                        63     -5

PRECIPITATION (IN)
  YESTERDAY        0.00          1.66 2011   0.04  -0.04      T
  MONTH TO DATE    0.83                      0.34   0.49     0.55
  SINCE DEC 1      0.83                      0.34   0.49     0.55
  SINCE JAN 1     19.35                     21.35  -2.00    13.70

SNOWFALL (IN)
  YESTERDAY        0.0
  MONTH TO DATE    0.0
  SINCE DEC 1      0.0
  SINCE JUL 1      0.0

DEGREE DAYS
 HEATING
  YESTERDAY        7                         5      2       12
  MONTH TO DATE   76                        45     31       49
  SINCE DEC 1     76                        45     31       49
  SINCE JUL 1    105                       105      0       56

 COOLING
  YESTERDAY        0                         3     -3        0
  MONTH TO DATE   47                        32     15       30
  SINCE DEC 1     47                        32     15       30
  SINCE JAN 1   5657                      4401   1256     5544
..................................................................


WIND (MPH)
  HIGHEST WIND SPEED    12   HIGHEST WIND DIRECTION     E (80)
  HIGHEST GUST SPEED    14   HIGHEST GUST DIRECTION     E (80)
  AVERAGE WIND SPEED     4.0



WEATHER CONDITIONS
 THE FOLLOWING WEATHER WAS RECORDED YESTERDAY.
  FOG
  HAZE


RELATIVE HUMIDITY (PERCENT)
 HIGHEST    86
 LOWEST     23
 AVERAGE    55

..........................................................


THE MCALLEN CLIMATE NORMALS FOR TODAY
                         NORMAL    RECORD    YEAR
 MAXIMUM TEMPERATURE (F)   73        91      1987
 MINIMUM TEMPERATURE (F)   52        35      1966


SUNRISE AND SUNSET
DECEMBER 11 2017......SUNRISE   710 AM CST   SUNSET   542 PM CST
DECEMBER 12 2017......SUNRISE   711 AM CST   SUNSET   543 PM CST


-  INDICATES NEGATIVE NUMBERS.
R  INDICATES RECORD WAS SET OR TIED.
MM INDICATES DATA IS MISSING.
T  INDICATES TRACE AMOUNT.




$$
