000
CDUS44 KBRO 010726
CLIMFE


CLIMATE REPORT
NATIONAL WEATHER SERVICE BROWNSVILLE TX
125 AM CST SUN FEB 1 2015


...................................

...THE MCALLEN CLIMATE SUMMARY FOR JANUARY 31 2015...

CLIMATE NORMAL PERIOD 1981 TO 2010
CLIMATE RECORD PERIOD 1941 TO 2015


WEATHER ITEM   OBSERVED TIME   RECORD YEAR NORMAL DEPARTURE LAST
                VALUE   (LST)  VALUE       VALUE  FROM      YEAR
                                                  NORMAL
..................................................................
TEMPERATURE (F)
 YESTERDAY
  MAXIMUM         76    412 PM  93    1971  73      3       77
  MINIMUM         63    659 AM  22    1949  52     11       52
  AVERAGE         70                        62      8

PRECIPITATION (IN)
  YESTERDAY        T             0.76 1984   0.03  -0.03     0.00
  MONTH TO DATE    0.17                      1.05  -0.88     0.66
  SINCE DEC 1      1.02                      2.24  -1.22     3.69
  SINCE JAN 1      0.17                      1.05  -0.88     0.66

SNOWFALL (IN)
  YESTERDAY        0.0
  MONTH TO DATE    0.0
  SINCE DEC 1      0.0
  SINCE JUL 1      0.0

DEGREE DAYS
 HEATING
  YESTERDAY        0                         5     -5        0
  MONTH TO DATE  301                       191    110      236
  SINCE DEC 1    406                       367     39      475
  SINCE JUL 1    535                       427    108      601

 COOLING
  YESTERDAY        5                         2      3        0
  MONTH TO DATE   17                        62    -45       16
  SINCE DEC 1    100                       145    -45       62
  SINCE JAN 1     17                        62    -45       16
..................................................................


WIND (MPH)
  HIGHEST WIND SPEED    25   HIGHEST WIND DIRECTION    SE (130)
  HIGHEST GUST SPEED    32   HIGHEST GUST DIRECTION    SE (140)
  AVERAGE WIND SPEED    14.3



WEATHER CONDITIONS
 THE FOLLOWING WEATHER WAS RECORDED YESTERDAY.
  LIGHT RAIN


RELATIVE HUMIDITY (PERCENT)
 HIGHEST    93
 LOWEST     58
 AVERAGE    76

..........................................................


THE MCALLEN CLIMATE NORMALS FOR TODAY
                         NORMAL    RECORD    YEAR
 MAXIMUM TEMPERATURE (F)   73        94      1971
 MINIMUM TEMPERATURE (F)   52        21      1951


SUNRISE AND SUNSET
FEBRUARY  1 2015......SUNRISE   717 AM CST   SUNSET   616 PM CST
FEBRUARY  2 2015......SUNRISE   717 AM CST   SUNSET   617 PM CST


-  INDICATES NEGATIVE NUMBERS.
R  INDICATES RECORD WAS SET OR TIED.
MM INDICATES DATA IS MISSING.
T  INDICATES TRACE AMOUNT.




$$
