000
CDUS44 KBRO 020631
CLIMFE


CLIMATE REPORT
NATIONAL WEATHER SERVICE BROWNSVILLE TX
131 AM CDT TUE JUN 2 2015


...................................

...THE MCALLEN CLIMATE SUMMARY FOR JUNE 1 2015...

CLIMATE NORMAL PERIOD 1981 TO 2010
CLIMATE RECORD PERIOD 1941 TO 2015


WEATHER ITEM   OBSERVED TIME   RECORD YEAR NORMAL DEPARTURE LAST
                VALUE   (LST)  VALUE       VALUE  FROM      YEAR
                                                  NORMAL
..................................................................
TEMPERATURE (F)
 YESTERDAY
  MAXIMUM         92    256 PM 104    1967  95     -3       95
  MINIMUM         71    601 AM  59    1984  75     -4       74
  AVERAGE         82                        85     -3

PRECIPITATION (IN)
  YESTERDAY        0.00          1.09 1987   0.08  -0.08     0.00
  MONTH TO DATE    0.00                      0.08  -0.08     0.00
  SINCE JUN 1      0.00                      0.08  -0.08     0.00
  SINCE JAN 1     11.47                      6.86   4.61     2.88

SNOWFALL (IN)
  YESTERDAY        0.0
  MONTH TO DATE    0.0
  SINCE JUN 1      0.0
  SINCE JUL 1      0.0

DEGREE DAYS
 HEATING
  YESTERDAY        0                         0      0        0
  MONTH TO DATE    0                         0      0        0
  SINCE JUN 1      0                         0      0        0
  SINCE JUL 1    756                       579    177      883

 COOLING
  YESTERDAY       17                        20     -3       20
  MONTH TO DATE   17                        20     -3       20
  SINCE JUN 1     17                        20     -3       20
  SINCE JAN 1   1262                      1275    -13     1076
..................................................................


WIND (MPH)
  HIGHEST WIND SPEED    16   HIGHEST WIND DIRECTION     E (110)
  HIGHEST GUST SPEED    20   HIGHEST GUST DIRECTION    SE (140)
  AVERAGE WIND SPEED     5.3



WEATHER CONDITIONS
 THE FOLLOWING WEATHER WAS RECORDED YESTERDAY.
  FOG
  HAZE


RELATIVE HUMIDITY (PERCENT)
 HIGHEST    93
 LOWEST     49
 AVERAGE    71

..........................................................


THE MCALLEN CLIMATE NORMALS FOR TODAY
                         NORMAL    RECORD    YEAR
 MAXIMUM TEMPERATURE (F)   95       100      2013
                                             1998
                                             2001
 MINIMUM TEMPERATURE (F)   75        62      1975


SUNRISE AND SUNSET
JUNE  2 2015..........SUNRISE   641 AM CDT   SUNSET   821 PM CDT
JUNE  3 2015..........SUNRISE   640 AM CDT   SUNSET   822 PM CDT


-  INDICATES NEGATIVE NUMBERS.
R  INDICATES RECORD WAS SET OR TIED.
MM INDICATES DATA IS MISSING.
T  INDICATES TRACE AMOUNT.




$$
