000
CDUS44 KBRO 190625
CLIMFE


CLIMATE REPORT
NATIONAL WEATHER SERVICE BROWNSVILLE TX
125 AM CDT SAT APR 19 2014


...................................

...THE MCALLEN CLIMATE SUMMARY FOR APRIL 18 2014...

CLIMATE NORMAL PERIOD 1981 TO 2010
CLIMATE RECORD PERIOD 1941 TO 2014


WEATHER ITEM   OBSERVED TIME   RECORD YEAR NORMAL DEPARTURE LAST
                VALUE   (LST)  VALUE       VALUE  FROM      YEAR
                                                  NORMAL
..................................................................
TEMPERATURE (F)
 YESTERDAY
  MAXIMUM         78    433 PM  98    1953  87     -9       97
  MINIMUM         62   1159 PM  53    1947  67     -5       65
                                      2001
  AVERAGE         70                        77     -7

PRECIPITATION (IN)
  YESTERDAY        0.00          1.49 1997   0.05  -0.05     0.00
  MONTH TO DATE    0.03                      0.65  -0.62      T
  SINCE MAR 1      1.20                      1.68  -0.48      T
  SINCE JAN 1      2.08                      3.84  -1.76     0.99

SNOWFALL (IN)
  YESTERDAY        0.0
  MONTH TO DATE    0.0
  SINCE MAR 1      0.0
  SINCE JUL 1      0.0

DEGREE DAYS
 HEATING
  YESTERDAY        0                         0      0        0
  MONTH TO DATE    9                         3      6        0
  SINCE MAR 1    107                        41     66       16
  SINCE JUL 1    883                       574    309      312

 COOLING
  YESTERDAY        5                        12     -7       16
  MONTH TO DATE  161                       197    -36      228
  SINCE MAR 1    297                       415   -118      447
  SINCE JAN 1    425                       574   -149      696
..................................................................


WIND (MPH)
  HIGHEST WIND SPEED    16   HIGHEST WIND DIRECTION     E (80)
  HIGHEST GUST SPEED    20   HIGHEST GUST DIRECTION     E (80)
  AVERAGE WIND SPEED     8.2



WEATHER CONDITIONS
 THE FOLLOWING WEATHER WAS RECORDED YESTERDAY.
  NO SIGNIFICANT WEATHER WAS OBSERVED.


RELATIVE HUMIDITY (PERCENT)
 HIGHEST    93
 LOWEST     64
 AVERAGE    79

..........................................................


THE MCALLEN CLIMATE NORMALS FOR TODAY
                         NORMAL    RECORD    YEAR
 MAXIMUM TEMPERATURE (F)   88        98      2011
 MINIMUM TEMPERATURE (F)   67        53      2008


SUNRISE AND SUNSET
APRIL 19 2014.........SUNRISE   706 AM CDT   SUNSET   759 PM CDT
APRIL 20 2014.........SUNRISE   705 AM CDT   SUNSET   759 PM CDT


-  INDICATES NEGATIVE NUMBERS.
R  INDICATES RECORD WAS SET OR TIED.
MM INDICATES DATA IS MISSING.
T  INDICATES TRACE AMOUNT.




$$
