000
CDUS44 KBRO 230732
CLIMFE


CLIMATE REPORT
NATIONAL WEATHER SERVICE BROWNSVILLE TX
132 AM CST THU FEB 23 2017


...................................

...THE MCALLEN CLIMATE SUMMARY FOR FEBRUARY 22 2017...

CLIMATE NORMAL PERIOD 1981 TO 2010
CLIMATE RECORD PERIOD 1961 TO 2017


WEATHER ITEM   OBSERVED TIME   RECORD YEAR NORMAL DEPARTURE LAST
                VALUE   (LST)  VALUE       VALUE  FROM      YEAR
                                                  NORMAL
..................................................................
TEMPERATURE (F)
 YESTERDAY
  MAXIMUM         98R   343 PM  93    1975  77     21       87
  MINIMUM         52    722 AM  33    1978  56     -4       67
  AVERAGE         75                        66      9

PRECIPITATION (IN)
  YESTERDAY        0.00          0.27 1973   0.03  -0.03     0.00
  MONTH TO DATE    0.65                      0.91  -0.26     0.00
  SINCE DEC 1      2.26                      3.15  -0.89     0.44
  SINCE JAN 1      1.63                      1.96  -0.33     0.40

SNOWFALL (IN)
  YESTERDAY        0.0
  MONTH TO DATE    0.0
  SINCE DEC 1      0.0
  SINCE JUL 1      0.0

DEGREE DAYS
 HEATING
  YESTERDAY        0                         3     -3        0
  MONTH TO DATE    8                        91    -83       38
  SINCE DEC 1    181                       458   -277      273
  SINCE JUL 1    188                       518   -330      307

 COOLING
  YESTERDAY       10                         4      6       12
  MONTH TO DATE  218                        70    148      128
  SINCE DEC 1    580                       215    365      317
  SINCE JAN 1    397                       132    265      173
..................................................................


WIND (MPH)
  HIGHEST WIND SPEED    14   HIGHEST WIND DIRECTION    SE (130)
  HIGHEST GUST SPEED    17   HIGHEST GUST DIRECTION    SE (130)
  AVERAGE WIND SPEED     4.3



WEATHER CONDITIONS
 THE FOLLOWING WEATHER WAS RECORDED YESTERDAY.
  NO SIGNIFICANT WEATHER WAS OBSERVED.


RELATIVE HUMIDITY (PERCENT)
 HIGHEST    73
 LOWEST     10
 AVERAGE    42

..........................................................


THE MCALLEN CLIMATE NORMALS FOR TODAY
                         NORMAL    RECORD    YEAR
 MAXIMUM TEMPERATURE (F)   77        98      1996
 MINIMUM TEMPERATURE (F)   56        33      1964


SUNRISE AND SUNSET
FEBRUARY 23 2017......SUNRISE   702 AM CST   SUNSET   631 PM CST
FEBRUARY 24 2017......SUNRISE   701 AM CST   SUNSET   632 PM CST


-  INDICATES NEGATIVE NUMBERS.
R  INDICATES RECORD WAS SET OR TIED.
MM INDICATES DATA IS MISSING.
T  INDICATES TRACE AMOUNT.




$$
