424
CDUS44 KBRO 210727
CLIMFE


CLIMATE REPORT
NATIONAL WEATHER SERVICE BROWNSVILLE TX
127 AM CST SAT JAN 21 2017


...................................

...THE MCALLEN CLIMATE SUMMARY FOR JANUARY 20 2017...

CLIMATE NORMAL PERIOD 1981 TO 2010
CLIMATE RECORD PERIOD 1961 TO 2017


WEATHER ITEM   OBSERVED TIME   RECORD YEAR NORMAL DEPARTURE LAST
                VALUE   (LST)  VALUE       VALUE  FROM      YEAR
                                                  NORMAL
..................................................................
TEMPERATURE (F)
 YESTERDAY
  MAXIMUM         81    426 PM  88    2012  71     10       83
                                      1999
  MINIMUM         64   1005 PM  31    1985  51     13       60
  AVERAGE         73                        61     12

PRECIPITATION (IN)
  YESTERDAY        0.03          0.80 1994   0.04  -0.01     0.00
  MONTH TO DATE    0.80                      0.66   0.14     0.40
  SINCE DEC 1      1.43                      1.85  -0.42     0.44
  SINCE JAN 1      0.80                      0.66   0.14     0.40

SNOWFALL (IN)
  YESTERDAY        0.0
  MONTH TO DATE    0.0
  SINCE DEC 1      0.0
  SINCE JUL 1      0.0

DEGREE DAYS
 HEATING
  YESTERDAY        0                         6     -6        0
  MONTH TO DATE   60                       131    -71      126
  SINCE DEC 1    146                       308   -162      195
  SINCE JUL 1    153                       368   -215      229

 COOLING
  YESTERDAY        8                         2      6        7
  MONTH TO DATE  139                        40     99       19
  SINCE DEC 1    322                       123    199      163
  SINCE JAN 1    139                        40     99       19
..................................................................


WIND (MPH)
  HIGHEST WIND SPEED    10   HIGHEST WIND DIRECTION     N (340)
  HIGHEST GUST SPEED    30   HIGHEST GUST DIRECTION    SW (210)
  AVERAGE WIND SPEED     4.3



WEATHER CONDITIONS
 THE FOLLOWING WEATHER WAS RECORDED YESTERDAY.
  LIGHT RAIN
  FOG
  FOG W/VISIBILITY <= 1/4 MILE
  HAZE


RELATIVE HUMIDITY (PERCENT)
 HIGHEST    97
 LOWEST     58
 AVERAGE    78

..........................................................


THE MCALLEN CLIMATE NORMALS FOR TODAY
                         NORMAL    RECORD    YEAR
 MAXIMUM TEMPERATURE (F)   71        91      1999
 MINIMUM TEMPERATURE (F)   51        26      1985


SUNRISE AND SUNSET
JANUARY 21 2017.......SUNRISE   721 AM CST   SUNSET   608 PM CST
JANUARY 22 2017.......SUNRISE   721 AM CST   SUNSET   609 PM CST


-  INDICATES NEGATIVE NUMBERS.
R  INDICATES RECORD WAS SET OR TIED.
MM INDICATES DATA IS MISSING.
T  INDICATES TRACE AMOUNT.




$$
