000
CDUS44 KBRO 280626
CLIMFE


CLIMATE REPORT
NATIONAL WEATHER SERVICE BROWNSVILLE TX
126 AM CDT SUN MAY 28 2017


...................................

...THE MCALLEN CLIMATE SUMMARY FOR MAY 27 2017...

CLIMATE NORMAL PERIOD 1981 TO 2010
CLIMATE RECORD PERIOD 1961 TO 2017


WEATHER ITEM   OBSERVED TIME   RECORD YEAR NORMAL DEPARTURE LAST
                VALUE   (LST)  VALUE       VALUE  FROM      YEAR
                                                  NORMAL
..................................................................
TEMPERATURE (F)
 YESTERDAY
  MAXIMUM        104    343 PM 107    1973  94     10       97
  MINIMUM         82   1159 PM  58    1967  74      8       80
  AVERAGE         93                        84      9

PRECIPITATION (IN)
  YESTERDAY        0.00          1.00 1992   0.07  -0.07     0.00
  MONTH TO DATE    0.31                      1.93  -1.62     4.98
  SINCE MAR 1      3.56                      4.30  -0.74     5.60
  SINCE JAN 1      5.19                      6.46  -1.27     6.00

SNOWFALL (IN)
  YESTERDAY        0.0
  MONTH TO DATE    0.0
  SINCE MAR 1      0.0
  SINCE JUL 1      0.0

DEGREE DAYS
 HEATING
  YESTERDAY        0                         0      0        0
  MONTH TO DATE    0                         0      0        0
  SINCE MAR 1      1                        46    -45        7
  SINCE JUL 1    189                       579   -390      318

 COOLING
  YESTERDAY       28                        19      9       24
  MONTH TO DATE  530                       447     83      507
  SINCE MAR 1   1378                      1019    359     1329
  SINCE JAN 1   1859                      1178    681     1534
..................................................................


WIND (MPH)
  HIGHEST WIND SPEED    26   HIGHEST WIND DIRECTION    SE (140)
  HIGHEST GUST SPEED    32   HIGHEST GUST DIRECTION    SE (140)
  AVERAGE WIND SPEED    16.9



WEATHER CONDITIONS
 THE FOLLOWING WEATHER WAS RECORDED YESTERDAY.
  HAZE


RELATIVE HUMIDITY (PERCENT)
 HIGHEST    85
 LOWEST     42
 AVERAGE    64

..........................................................


THE MCALLEN CLIMATE NORMALS FOR TODAY
                         NORMAL    RECORD    YEAR
 MAXIMUM TEMPERATURE (F)   94        98      2011
                                             2001
                                             1996
 MINIMUM TEMPERATURE (F)   74        65      1976


SUNRISE AND SUNSET
MAY 28 2017...........SUNRISE   641 AM CDT   SUNSET   819 PM CDT
MAY 29 2017...........SUNRISE   641 AM CDT   SUNSET   820 PM CDT


-  INDICATES NEGATIVE NUMBERS.
R  INDICATES RECORD WAS SET OR TIED.
MM INDICATES DATA IS MISSING.
T  INDICATES TRACE AMOUNT.




$$
