000
CDUS44 KBRO 290646
CLIMFE


CLIMATE REPORT
NATIONAL WEATHER SERVICE BROWNSVILLE TX
146 AM CDT WED JUL 29 2015


...................................

...THE MCALLEN CLIMATE SUMMARY FOR JULY 28 2015...

CLIMATE NORMAL PERIOD 1981 TO 2010
CLIMATE RECORD PERIOD 1941 TO 2015


WEATHER ITEM   OBSERVED TIME   RECORD YEAR NORMAL DEPARTURE LAST
                VALUE   (LST)  VALUE       VALUE  FROM      YEAR
                                                  NORMAL
..................................................................
TEMPERATURE (F)
 YESTERDAY
  MAXIMUM        102    228 PM 104    1943  98      4      102
  MINIMUM         82    630 AM  70    1952  77      5       79
                                      1956
                                      1961
  AVERAGE         92                        87      5

PRECIPITATION (IN)
  YESTERDAY        T             1.21 2010   0.05  -0.05     0.00
  MONTH TO DATE    0.25                      1.86  -1.61     0.60
  SINCE JUN 1      5.64                      4.44   1.20     0.90
  SINCE JAN 1     17.11                     11.22   5.89     3.78

SNOWFALL (IN)
  YESTERDAY        0.0
  MONTH TO DATE    0.0
  SINCE JUN 1      0.0
  SINCE JUL 1      0.0

DEGREE DAYS
 HEATING
  YESTERDAY        0                         0      0        0
  MONTH TO DATE    0                         0      0        0
  SINCE JUN 1      0                         0      0        0
  SINCE JUL 1      0                         0      0        0

 COOLING
  YESTERDAY       27                        22      5       26
  MONTH TO DATE  676                       606     70      637
  SINCE JUN 1   1317                      1234     83     1307
  SINCE JAN 1   2562                      2489     73     2363
..................................................................


WIND (MPH)
  HIGHEST WIND SPEED    26   HIGHEST WIND DIRECTION    SE (140)
  HIGHEST GUST SPEED    36   HIGHEST GUST DIRECTION    SE (140)
  AVERAGE WIND SPEED    16.6



WEATHER CONDITIONS
 THE FOLLOWING WEATHER WAS RECORDED YESTERDAY.
  HAZE


RELATIVE HUMIDITY (PERCENT)
 HIGHEST    85
 LOWEST     35
 AVERAGE    60

..........................................................


THE MCALLEN CLIMATE NORMALS FOR TODAY
                         NORMAL    RECORD    YEAR
 MAXIMUM TEMPERATURE (F)   98       106      1979
 MINIMUM TEMPERATURE (F)   77        69      1968
                                             1974


SUNRISE AND SUNSET
JULY 29 2015..........SUNRISE   657 AM CDT   SUNSET   822 PM CDT
JULY 30 2015..........SUNRISE   658 AM CDT   SUNSET   821 PM CDT


-  INDICATES NEGATIVE NUMBERS.
R  INDICATES RECORD WAS SET OR TIED.
MM INDICATES DATA IS MISSING.
T  INDICATES TRACE AMOUNT.




$$
