000
CDUS44 KBRO 060726
CLIMFE


CLIMATE REPORT
NATIONAL WEATHER SERVICE BROWNSVILLE TX
126 AM CST SAT FEB 6 2016


...................................

...THE MCALLEN CLIMATE SUMMARY FOR FEBRUARY 5 2016...

CLIMATE NORMAL PERIOD 1981 TO 2010
CLIMATE RECORD PERIOD 1941 TO 2016


WEATHER ITEM   OBSERVED TIME   RECORD YEAR NORMAL DEPARTURE LAST
                VALUE   (LST)  VALUE       VALUE  FROM      YEAR
                                                  NORMAL
..................................................................
TEMPERATURE (F)
 YESTERDAY
  MAXIMUM         71   1207 PM  96    2008  73     -2       63
  MINIMUM         39    704 AM  27    2011  53    -14       49
  AVERAGE         55                        63     -8

PRECIPITATION (IN)
  YESTERDAY        0.00          0.60 2012   0.05  -0.05     0.00
  MONTH TO DATE    0.00                      0.23  -0.23     0.37
  SINCE DEC 1      0.44                      2.47  -2.03     1.39
  SINCE JAN 1      0.40                      1.28  -0.88     0.54

SNOWFALL (IN)
  YESTERDAY        0.0
  MONTH TO DATE    0.0
  SINCE DEC 1      0.0
  SINCE JUL 1      0.0

DEGREE DAYS
 HEATING
  YESTERDAY       10                         5      5        9
  MONTH TO DATE   21                        25     -4       40
  SINCE DEC 1    256                       392   -136      446
  SINCE JUL 1    290                       452   -162      575

 COOLING
  YESTERDAY        0                         3     -3        0
  MONTH TO DATE   17                        13      4        6
  SINCE DEC 1    206                       158     48      106
  SINCE JAN 1     62                        75    -13       23
..................................................................


WIND (MPH)
  HIGHEST WIND SPEED    21   HIGHEST WIND DIRECTION    SE (130)
  HIGHEST GUST SPEED    28   HIGHEST GUST DIRECTION    SE (140)
  AVERAGE WIND SPEED     6.0



WEATHER CONDITIONS
 THE FOLLOWING WEATHER WAS RECORDED YESTERDAY.
  NO SIGNIFICANT WEATHER WAS OBSERVED.


RELATIVE HUMIDITY (PERCENT)
 HIGHEST    85
 LOWEST     36
 AVERAGE    61

..........................................................


THE MCALLEN CLIMATE NORMALS FOR TODAY
                         NORMAL    RECORD    YEAR
 MAXIMUM TEMPERATURE (F)   74        88      1950
                                             1951
                                             1976
 MINIMUM TEMPERATURE (F)   53        30      1989


SUNRISE AND SUNSET
FEBRUARY  6 2016......SUNRISE   715 AM CST   SUNSET   619 PM CST
FEBRUARY  7 2016......SUNRISE   714 AM CST   SUNSET   620 PM CST


-  INDICATES NEGATIVE NUMBERS.
R  INDICATES RECORD WAS SET OR TIED.
MM INDICATES DATA IS MISSING.
T  INDICATES TRACE AMOUNT.




$$
