000
CDUS46 KMFR 280040
CLIMFR


CLIMATE REPORT
NATIONAL WEATHER SERVICE MEDFORD, OR
440 PM PST FRI FEB 27 2015


...................................

...THE MEDFORD OR CLIMATE SUMMARY FOR FEBRUARY 27 2015...
VALID TODAY AS OF 0400 PM LOCAL TIME.

CLIMATE NORMAL PERIOD 1981 TO 2010
CLIMATE RECORD PERIOD 1911 TO 2015


WEATHER ITEM   OBSERVED TIME   RECORD YEAR NORMAL DEPARTURE LAST
                VALUE   (LST)  VALUE       VALUE  FROM      YEAR
                                                  NORMAL
..................................................................
TEMPERATURE (F)
 TODAY
  MAXIMUM         53    157 PM  75    1992  57     -4       61
                                      1990
  MINIMUM         43    751 AM  13    1962  35      8       42
  AVERAGE         48                        46      2       52

PRECIPITATION (IN)
  TODAY            0.07          0.69 2006   0.07   0.00     0.02
  MONTH TO DATE    2.88                      1.94   0.94     4.55
  SINCE OCT 1     10.98                     12.01  -1.03     7.01
  SINCE JAN 1      4.13                      4.37  -0.24     5.33

SNOWFALL (IN)
  TODAY           MM                         0.0   MM        0.0
  MONTH TO DATE    0.0                       0.6   -0.6       T
  SINCE JUL 1      T                         3.6   -3.6      3.4
  SNOW DEPTH       0

DEGREE DAYS
 HEATING
  TODAY           17                        19     -2       13
  MONTH TO DATE  453                       563   -110      501
  SINCE DEC 1   1748                      2126   -378     2303
  SINCE JUL 1   2422                      3095   -673     3354

 COOLING
  TODAY            0                         0      0        0
  MONTH TO DATE    0                         0      0        0
  SINCE DEC 1      0                         0      0        0
  SINCE JAN 1      0                         0      0        0
..................................................................


WIND (MPH)
  HIGHEST WIND SPEED    16   HIGHEST WIND DIRECTION    NW (310)
  HIGHEST GUST SPEED    21   HIGHEST GUST DIRECTION    NW (300)
  AVERAGE WIND SPEED     3.1


SKY COVER
  POSSIBLE SUNSHINE  MM
  AVERAGE SKY COVER 0.8


WEATHER CONDITIONS
 THE FOLLOWING WEATHER WAS RECORDED TODAY.
  RAIN
  LIGHT RAIN
  FOG
  HAZE


RELATIVE HUMIDITY (PERCENT)
 HIGHEST   100           400 AM
 LOWEST     80          1100 AM
 AVERAGE    90

..........................................................


THE MEDFORD OR CLIMATE NORMALS FOR TOMORROW
                         NORMAL    RECORD    YEAR
 MAXIMUM TEMPERATURE (F)   57        77      1968
 MINIMUM TEMPERATURE (F)   35        19      1960
                                             1913


SUNRISE AND SUNSET
FEBRUARY 27 2015......SUNRISE   650 AM PST   SUNSET   559 PM PST
FEBRUARY 28 2015......SUNRISE   649 AM PST   SUNSET   600 PM PST


-  INDICATES NEGATIVE NUMBERS.
R  INDICATES RECORD WAS SET OR TIED.
MM INDICATES DATA IS MISSING.
T  INDICATES TRACE AMOUNT.




$$
