000
CDUS46 KMFR 010844
CLIMFR


CLIMATE REPORT
NATIONAL WEATHER SERVICE MEDFORD, OR
144 AM PDT TUE SEP 1 2015


...................................

...THE MEDFORD OR CLIMATE SUMMARY FOR AUGUST 31 2015...

CLIMATE NORMAL PERIOD 1981 TO 2010
CLIMATE RECORD PERIOD 1911 TO 2015


WEATHER ITEM   OBSERVED TIME   RECORD YEAR NORMAL DEPARTURE LAST
                VALUE   (LST)  VALUE       VALUE  FROM      YEAR
                                                  NORMAL
..................................................................
TEMPERATURE (F)
 YESTERDAY
  MAXIMUM         86    453 PM 104    1998  88     -2       84
  MINIMUM         51    534 AM  41    1975  54     -3       58
                                      1932
  AVERAGE         69                        71     -2       71

PRECIPITATION (IN)
  YESTERDAY        0.00          0.20 1944   0.02  -0.02     0.00
  MONTH TO DATE    0.04                      0.40  -0.36     0.63
  SINCE OCT 1     14.32                     17.78  -3.46    13.07
  SINCE JAN 1      7.47                     10.14  -2.67    11.39

SNOWFALL (IN)
  YESTERDAY        0.0                       0.0    0.0      0.0
  MONTH TO DATE    0.0                       0.0    0.0      0.0
  SINCE JUL 1      0.0                       0.0    0.0      0.0
  SNOW DEPTH       0

DEGREE DAYS
 HEATING
  YESTERDAY        0                         0      0        0
  MONTH TO DATE    0                         0      0        0
  SINCE JUN 1     10                        64    -54       22
  SINCE JUL 1      0                        10    -10        0

 COOLING
  YESTERDAY        4                         6     -2        6
  MONTH TO DATE  349                       275     74      376
  SINCE JUN 1   1085                       669    416      958
  SINCE JAN 1   1130                       707    423     1014
..................................................................


WIND (MPH)
  HIGHEST WIND SPEED    14   HIGHEST WIND DIRECTION     W (270)
  HIGHEST GUST SPEED    16   HIGHEST GUST DIRECTION     W (280)
  AVERAGE WIND SPEED     3.3


SKY COVER
  POSSIBLE SUNSHINE  MM
  AVERAGE SKY COVER 0.0


WEATHER CONDITIONS
 THE FOLLOWING WEATHER WAS RECORDED YESTERDAY.
  NO SIGNIFICANT WEATHER WAS OBSERVED.


RELATIVE HUMIDITY (PERCENT)
 HIGHEST    83           500 AM
 LOWEST     21           500 PM
 AVERAGE    52

..........................................................


THE MEDFORD OR CLIMATE NORMALS FOR TODAY
                         NORMAL    RECORD    YEAR
 MAXIMUM TEMPERATURE (F)   87       107      1998
                                             1988
 MINIMUM TEMPERATURE (F)   54        38      1924


SUNRISE AND SUNSET
SEPTEMBER  1 2015.....SUNRISE   636 AM PDT   SUNSET   746 PM PDT
SEPTEMBER  2 2015.....SUNRISE   638 AM PDT   SUNSET   744 PM PDT


-  INDICATES NEGATIVE NUMBERS.
R  INDICATES RECORD WAS SET OR TIED.
MM INDICATES DATA IS MISSING.
T  INDICATES TRACE AMOUNT.




$$
