000
CDUS46 KMFR 070039
CLIMFR


CLIMATE REPORT
NATIONAL WEATHER SERVICE MEDFORD, OR
538 PM PDT MON JUL 6 2015


...................................

...THE MEDFORD OR CLIMATE SUMMARY FOR JULY 6 2015...
VALID TODAY AS OF 0500 PM LOCAL TIME.

CLIMATE NORMAL PERIOD 1981 TO 2010
CLIMATE RECORD PERIOD 1911 TO 2015


WEATHER ITEM   OBSERVED TIME   RECORD YEAR NORMAL DEPARTURE LAST
                VALUE   (LST)  VALUE       VALUE  FROM      YEAR
                                                  NORMAL
..................................................................
TEMPERATURE (F)
 TODAY
  MAXIMUM        101    359 PM 104    1922  88     13       99
  MINIMUM         67    401 AM  42    1993  56     11       62
                                      1988
                                      1961
  AVERAGE         84                        72     12       81

PRECIPITATION (IN)
  TODAY            0.00          0.40 1923   0.01  -0.01     0.00
  MONTH TO DATE    0.00                      0.06  -0.06     0.00
  SINCE OCT 1     13.99                     17.16  -3.17    12.34
  SINCE JAN 1      7.14                      9.52  -2.38    10.66

SNOWFALL (IN)
  TODAY            0.0                       0.0    0.0      0.0
  MONTH TO DATE    0.0                       0.0    0.0      0.0
  SINCE JUL 1      0.0                       0.0    0.0      0.0
  SNOW DEPTH       0

DEGREE DAYS
 HEATING
  TODAY            0                         0      0        0
  MONTH TO DATE    0                         1     -1        0
  SINCE JUN 1     10                        55    -45       22
  SINCE JUL 1      0                         1     -1        0

 COOLING
  TODAY           19                         8     11       16
  MONTH TO DATE  132                        42     90       86
  SINCE JUN 1    443                       150    293      197
  SINCE JAN 1    488                       188    300      253
..................................................................


WIND (MPH)
  HIGHEST WIND SPEED    13   HIGHEST WIND DIRECTION     W (290)
  HIGHEST GUST SPEED    18   HIGHEST GUST DIRECTION     N (340)
  AVERAGE WIND SPEED     4.0


SKY COVER
  POSSIBLE SUNSHINE  MM
  AVERAGE SKY COVER 0.1


WEATHER CONDITIONS
 THE FOLLOWING WEATHER WAS RECORDED TODAY.
  NO SIGNIFICANT WEATHER WAS OBSERVED.


RELATIVE HUMIDITY (PERCENT)
 HIGHEST    63           400 AM
 LOWEST     17           400 PM
 AVERAGE    40

..........................................................


THE MEDFORD OR CLIMATE NORMALS FOR TOMORROW
                         NORMAL    RECORD    YEAR
 MAXIMUM TEMPERATURE (F)   89       102      2014
 MINIMUM TEMPERATURE (F)   56        42      1993
                                             1981
                                             1919


SUNRISE AND SUNSET
JULY  6 2015..........SUNRISE   541 AM PDT   SUNSET   851 PM PDT
JULY  7 2015..........SUNRISE   542 AM PDT   SUNSET   851 PM PDT


-  INDICATES NEGATIVE NUMBERS.
R  INDICATES RECORD WAS SET OR TIED.
MM INDICATES DATA IS MISSING.
T  INDICATES TRACE AMOUNT.




$$
