202
CDUS46 KMFR 010036
CLIMFR


CLIMATE REPORT
NATIONAL WEATHER SERVICE MEDFORD, OR
536 PM PDT SUN APR 30 2017


...................................

...THE MEDFORD OR CLIMATE SUMMARY FOR APRIL 30 2017...
VALID TODAY AS OF 0500 PM LOCAL TIME.

CLIMATE NORMAL PERIOD 1981 TO 2010
CLIMATE RECORD PERIOD 1911 TO 2017


WEATHER ITEM   OBSERVED TIME   RECORD YEAR NORMAL DEPARTURE LAST
                VALUE   (LST)  VALUE       VALUE  FROM      YEAR
                                                  NORMAL
..................................................................
TEMPERATURE (F)
 TODAY
  MAXIMUM         72    354 PM  92    2014  69      3       71
  MINIMUM         50    525 AM  26    1972  43      7       44
                                      1911
  AVERAGE         61                        56      5       58

PRECIPITATION (IN)
  TODAY            T             0.41 1989   0.04  -0.04      T
  MONTH TO DATE    0.95                      1.38  -0.43     0.96
  SINCE OCT 1     23.69                     15.17   8.52    18.42
  SINCE JAN 1     12.00                      7.53   4.47     8.66

SNOWFALL (IN)
  TODAY            0.0                       0.0    0.0      0.0
  MONTH TO DATE    0.0                       0.0    0.0      0.0
  SINCE JUL 1     11.8                       4.1    7.7      1.9
  SNOW DEPTH       0

DEGREE DAYS
 HEATING
  TODAY            4                         9     -5        7
  MONTH TO DATE  374                       366      8      210
  SINCE MAR 1    843                       885    -42      655
  SINCE JUL 1   3888                      3999   -111     3329

 COOLING
  TODAY            0                         0      0        0
  MONTH TO DATE    0                         3     -3       17
  SINCE MAR 1      0                         3     -3       17
  SINCE JAN 1      0                         3     -3       17
..................................................................


WIND (MPH)
  HIGHEST WIND SPEED    10   HIGHEST WIND DIRECTION     N (340)
  HIGHEST GUST SPEED    19   HIGHEST GUST DIRECTION    NW (320)
  AVERAGE WIND SPEED     3.5


SKY COVER
  POSSIBLE SUNSHINE  MM
  AVERAGE SKY COVER 0.7


WEATHER CONDITIONS
 THE FOLLOWING WEATHER WAS RECORDED TODAY.
  NO SIGNIFICANT WEATHER WAS OBSERVED.


RELATIVE HUMIDITY (PERCENT)
 HIGHEST    71           200 AM
 LOWEST     29           400 PM
 AVERAGE    50

..........................................................


THE MEDFORD OR CLIMATE NORMALS FOR TOMORROW
                         NORMAL    RECORD    YEAR
 MAXIMUM TEMPERATURE (F)   69        92      1946
 MINIMUM TEMPERATURE (F)   43        28      1954


SUNRISE AND SUNSET
APRIL 30 2017.........SUNRISE   608 AM PDT   SUNSET   810 PM PDT
MAY  1 2017...........SUNRISE   606 AM PDT   SUNSET   812 PM PDT


-  INDICATES NEGATIVE NUMBERS.
R  INDICATES RECORD WAS SET OR TIED.
MM INDICATES DATA IS MISSING.
T  INDICATES TRACE AMOUNT.




$$
