000
CDUS46 KMFR 220049
CLIMFR


CLIMATE REPORT
NATIONAL WEATHER SERVICE MEDFORD, OR
549 PM PDT THU MAY 21 2015


...................................

...THE MEDFORD OR CLIMATE SUMMARY FOR MAY 21 2015...
VALID TODAY AS OF 0500 PM LOCAL TIME.

CLIMATE NORMAL PERIOD 1981 TO 2010
CLIMATE RECORD PERIOD 1911 TO 2015


WEATHER ITEM   OBSERVED TIME   RECORD YEAR NORMAL DEPARTURE LAST
                VALUE   (LST)  VALUE       VALUE  FROM      YEAR
                                                  NORMAL
..................................................................
TEMPERATURE (F)
 TODAY
  MAXIMUM         75   1251 PM  96    2001  75      0       82
  MINIMUM         58    621 AM  30    1918  47     11       48
  AVERAGE         67                        61      6       65

PRECIPITATION (IN)
  TODAY            0.10          0.80 1996   0.04   0.06     0.00
  MONTH TO DATE    0.28                      0.90  -0.62     0.47
  SINCE OCT 1     13.63                     16.07  -2.44    11.80
  SINCE JAN 1      6.78                      8.43  -1.65    10.12

SNOWFALL (IN)
  TODAY            0.0                       0.0    0.0      0.0
  MONTH TO DATE    0.0                       0.0    0.0      0.0
  SINCE JUL 1      T                         4.1   -4.1      3.4
  SNOW DEPTH       0

DEGREE DAYS
 HEATING
  TODAY            0                         5     -5        0
  MONTH TO DATE   96                       152    -56       96
  SINCE MAR 1    785                      1037   -252      776
  SINCE JUL 1   3225                      4151   -926     4146

 COOLING
  TODAY            2                         1      1        0
  MONTH TO DATE    3                        20    -17       27
  SINCE MAR 1      3                        23    -20       31
  SINCE JAN 1      3                        23    -20       31
..................................................................


WIND (MPH)
  HIGHEST WIND SPEED    23   HIGHEST WIND DIRECTION    SE (150)
  HIGHEST GUST SPEED    27   HIGHEST GUST DIRECTION    SE (150)
  AVERAGE WIND SPEED     2.3


SKY COVER
  POSSIBLE SUNSHINE  MM
  AVERAGE SKY COVER 0.9


WEATHER CONDITIONS
 THE FOLLOWING WEATHER WAS RECORDED TODAY.
  THUNDERSTORM
  RAIN
  LIGHT RAIN


RELATIVE HUMIDITY (PERCENT)
 HIGHEST    93           300 AM
 LOWEST     46           100 PM
 AVERAGE    70

..........................................................


THE MEDFORD OR CLIMATE NORMALS FOR TOMORROW
                         NORMAL    RECORD    YEAR
 MAXIMUM TEMPERATURE (F)   75       100      2001
                                             1941
 MINIMUM TEMPERATURE (F)   47        33      1964
                                             1920


SUNRISE AND SUNSET
MAY 21 2015...........SUNRISE   545 AM PDT   SUNSET   832 PM PDT
MAY 22 2015...........SUNRISE   544 AM PDT   SUNSET   833 PM PDT


-  INDICATES NEGATIVE NUMBERS.
R  INDICATES RECORD WAS SET OR TIED.
MM INDICATES DATA IS MISSING.
T  INDICATES TRACE AMOUNT.




$$
