000
CDUS46 KMFR 260858
CLIMFR


CLIMATE REPORT
NATIONAL WEATHER SERVICE MEDFORD, OR
1258 AM PST FRI DEC 26 2014


...................................

...THE MEDFORD OR CLIMATE SUMMARY FOR DECEMBER 25 2014...

CLIMATE NORMAL PERIOD 1981 TO 2010
CLIMATE RECORD PERIOD 1911 TO 2014


WEATHER ITEM   OBSERVED TIME   RECORD YEAR NORMAL DEPARTURE LAST
                VALUE   (LST)  VALUE       VALUE  FROM      YEAR
                                                  NORMAL
..................................................................
TEMPERATURE (F)
 YESTERDAY
  MAXIMUM         47    248 PM  60    1980  45      2       37
                                      1964
  MINIMUM         37   1159 PM  12    1924  32      5       31
  AVERAGE         42                        39      3       34

PRECIPITATION (IN)
  YESTERDAY        0.01          1.13 2006   0.11  -0.10     0.00
  MONTH TO DATE    2.17                      2.88  -0.71     0.35
  SINCE SEP 1      8.75                      7.60   1.15     4.43
  SINCE JAN 1     20.14                     17.74   2.40     8.98

SNOWFALL (IN)
  YESTERDAY       MM                         0.1   MM        0.0
  MONTH TO DATE    0.0                       1.1   -1.1      3.4
  SINCE JUL 1      0.0                       1.3   -1.3      3.4
  SNOW DEPTH       0

DEGREE DAYS
 HEATING
  YESTERDAY       23                        26     -3       31
  MONTH TO DATE  424                       638   -214      847
  SINCE DEC 1    424                       638   -214      847
  SINCE JUL 1   1098                      1607   -509     1898

 COOLING
  YESTERDAY        0                         0      0        0
  MONTH TO DATE    0                         0      0        0
  SINCE DEC 1      0                         0      0        0
  SINCE JAN 1   1238                       829    409     1057
..................................................................


WIND (MPH)
  HIGHEST WIND SPEED    13   HIGHEST WIND DIRECTION    NW (300)
  HIGHEST GUST SPEED    15   HIGHEST GUST DIRECTION     N (10)
  AVERAGE WIND SPEED     2.6


SKY COVER
  POSSIBLE SUNSHINE  MM
  AVERAGE SKY COVER 0.8


WEATHER CONDITIONS
 THE FOLLOWING WEATHER WAS RECORDED YESTERDAY.
  LIGHT RAIN


RELATIVE HUMIDITY (PERCENT)
 HIGHEST    92           800 AM
 LOWEST     65           100 PM
 AVERAGE    79

..........................................................


THE MEDFORD OR CLIMATE NORMALS FOR TODAY
                         NORMAL    RECORD    YEAR
 MAXIMUM TEMPERATURE (F)   45        60      1980
 MINIMUM TEMPERATURE (F)   32        12      1924


SUNRISE AND SUNSET
DECEMBER 26 2014......SUNRISE   739 AM PST   SUNSET   445 PM PST
DECEMBER 27 2014......SUNRISE   740 AM PST   SUNSET   446 PM PST


-  INDICATES NEGATIVE NUMBERS.
R  INDICATES RECORD WAS SET OR TIED.
MM INDICATES DATA IS MISSING.
T  INDICATES TRACE AMOUNT.




$$
