000
CDUS46 KMFR 171200
CLIMFR

CLIMATE REPORT
NATIONAL WEATHER SERVICE MEDFORD, OR
500 AM PDT THU APR 17 2014


...................................

...THE MEDFORD OR CLIMATE SUMMARY FOR APRIL 16 2014...

CLIMATE NORMAL PERIOD 1981 TO 2010
CLIMATE RECORD PERIOD 1911 TO 2014


WEATHER ITEM   OBSERVED TIME   RECORD YEAR NORMAL DEPARTURE LAST
                VALUE   (LST)  VALUE       VALUE  FROM      YEAR
                                                  NORMAL
..................................................................
TEMPERATURE (F)
 YESTERDAY
  MAXIMUM         72    500 PM  87    1954  65      7       56
  MINIMUM         40    517 AM  28    2009  41     -1       36
                                      1975
                                      1963
  AVERAGE         56                        53      3       46

PRECIPITATION (IN)
  YESTERDAY        0.00          0.40 1933   0.05  -0.05     0.05
  MONTH TO DATE    0.27                      0.76  -0.49     1.03
  SINCE SEP 1     13.54                     15.12  -1.58    15.79
  SINCE JAN 1      9.10                      6.91   2.19     3.04

SNOWFALL (IN)
  YESTERDAY        0.0                       0.0    0.0      0.0
  MONTH TO DATE    0.0                       0.1   -0.1      0.0
  SINCE JUL 1      3.4                       4.2   -0.8      1.7
  SNOW DEPTH       0

DEGREE DAYS
 HEATING
  YESTERDAY        9                        12     -3       19
  MONTH TO DATE  123                       216    -93      215
  SINCE MAR 1    544                       734   -190      691
  SINCE JUL 1   3914                      3848     66     3766

 COOLING
  YESTERDAY        0                         0      0        0
  MONTH TO DATE    0                         0      0        0
  SINCE MAR 1      0                         0      0        0
  SINCE JAN 1      0                         0      0        0
..................................................................


WIND (MPH)
  HIGHEST WIND SPEED    10   HIGHEST WIND DIRECTION     N (10)
  HIGHEST GUST SPEED    13   HIGHEST GUST DIRECTION     N (350)
  AVERAGE WIND SPEED     3.0


SKY COVER
  POSSIBLE SUNSHINE  MM
  AVERAGE SKY COVER 0.1


WEATHER CONDITIONS
 THE FOLLOWING WEATHER WAS RECORDED YESTERDAY.

  NO SIGNIFICANT WEATHER WAS OBSERVED.


RELATIVE HUMIDITY (PERCENT)
 HIGHEST    82           400 AM
 LOWEST     25           400 PM
 AVERAGE    54

..........................................................


THE MEDFORD OR CLIMATE NORMALS FOR TODAY
                         NORMAL    RECORD    YEAR
 MAXIMUM TEMPERATURE (F)   65        86      1954
 MINIMUM TEMPERATURE (F)   41        25      1968


SUNRISE AND SUNSET
APRIL 17 2014.........SUNRISE   627 AM PDT   SUNSET   756 PM PDT
APRIL 18 2014.........SUNRISE   626 AM PDT   SUNSET   757 PM PDT


-  INDICATES NEGATIVE NUMBERS.
R  INDICATES RECORD WAS SET OR TIED.
MM INDICATES DATA IS MISSING.
T  INDICATES TRACE AMOUNT.

&&

LOW TEMPERATURE THIS MORNING........45
24-HOUR PRECIPITATION...............0.00

$$
