000
CDUS46 KMFR 230835
CLIMFR


CLIMATE REPORT
NATIONAL WEATHER SERVICE MEDFORD, OR
135 AM PDT MON OCT 23 2017


...................................

...THE MEDFORD OR CLIMATE SUMMARY FOR OCTOBER 22 2017...

CLIMATE NORMAL PERIOD 1981 TO 2010
CLIMATE RECORD PERIOD 1911 TO 2017


WEATHER ITEM   OBSERVED TIME   RECORD YEAR NORMAL DEPARTURE LAST
                VALUE   (LST)  VALUE       VALUE  FROM      YEAR
                                                  NORMAL
..................................................................
TEMPERATURE (F)
 YESTERDAY
  MAXIMUM         61    333 PM  81    2008  66     -5       60
                                      1965
  MINIMUM         49    616 AM  28    1953  41      8       41
  AVERAGE         55                        54      1       51

PRECIPITATION (IN)
  YESTERDAY        T             1.20 1931   0.04  -0.04     0.00
  MONTH TO DATE    0.89                      0.64   0.25     4.21
  SINCE OCT 1      0.89                      0.64   0.25     4.21
  SINCE JAN 1     14.41                     11.35   3.06    14.23

SNOWFALL (IN)
  YESTERDAY       MM                         0.0   MM        0.0
  MONTH TO DATE    0.0                       0.0    0.0      0.0
  SINCE JUL 1      0.0                       0.0    0.0      0.0
  SNOW DEPTH       0

DEGREE DAYS
 HEATING
  YESTERDAY       10                        12     -2       14
  MONTH TO DATE  247                       169     78      172
  SINCE SEP 1    320                       228     92      211
  SINCE JUL 1    320                       238     82      213

 COOLING
  YESTERDAY        0                         0      0        0
  MONTH TO DATE    0                         8     -8        4
  SINCE SEP 1    156                       120     36      113
  SINCE JAN 1   1281                       827    454     1058
..................................................................


WIND (MPH)
  HIGHEST WIND SPEED    13   HIGHEST WIND DIRECTION     N (360)
  HIGHEST GUST SPEED    14   HIGHEST GUST DIRECTION     N (360)
  AVERAGE WIND SPEED     2.1


SKY COVER
  POSSIBLE SUNSHINE  MM
  AVERAGE SKY COVER 0.9


WEATHER CONDITIONS
 THE FOLLOWING WEATHER WAS RECORDED YESTERDAY.
  LIGHT RAIN
  FOG


RELATIVE HUMIDITY (PERCENT)
 HIGHEST   100           200 AM
 LOWEST     84           200 PM
 AVERAGE    92

..........................................................


THE MEDFORD OR CLIMATE NORMALS FOR TODAY
                         NORMAL    RECORD    YEAR
 MAXIMUM TEMPERATURE (F)   66        82      1929
 MINIMUM TEMPERATURE (F)   40        25      1916


SUNRISE AND SUNSET
OCTOBER 23 2017.......SUNRISE   734 AM PDT   SUNSET   617 PM PDT
OCTOBER 24 2017.......SUNRISE   735 AM PDT   SUNSET   615 PM PDT


-  INDICATES NEGATIVE NUMBERS.
R  INDICATES RECORD WAS SET OR TIED.
MM INDICATES DATA IS MISSING.
T  INDICATES TRACE AMOUNT.




$$
