000
CDUS44 KBMX 050734
CLIMGM


CLIMATE REPORT
NATIONAL WEATHER SERVICE BIRMINGHAM, AL
234 AM CDT WED AUG 5 2015


...................................

...THE MONTGOMERY CLIMATE SUMMARY FOR AUGUST 4 2015...

CLIMATE NORMAL PERIOD 1981 TO 2010
CLIMATE RECORD PERIOD 1994 TO 2015


WEATHER ITEM   OBSERVED TIME   RECORD YEAR NORMAL DEPARTURE LAST
                VALUE   (LST)  VALUE       VALUE  FROM      YEAR
                                                  NORMAL
..................................................................
TEMPERATURE (F)
 YESTERDAY
  MAXIMUM        100    404 PM 101    2006  92      8       95
  MINIMUM         69    525 AM  64    1998  72     -3       70
  AVERAGE         85                        82      3       83

PRECIPITATION (IN)
  YESTERDAY        0.00          2.11 1993   0.14  -0.14     0.00
  MONTH TO DATE    0.00                      0.56  -0.56     0.00
  SINCE JUN 1      8.96                      9.87  -0.91     7.45
  SINCE JAN 1     29.46                     33.31  -3.85    36.34

DEGREE DAYS
 COOLING
  YESTERDAY       20                        17      3       18
  MONTH TO DATE   79                        68     11       68
  SINCE JUN 1   1194                      1008    186     1048
  SINCE JAN 1   1732                      1347    385     1414
..................................................................


WIND (MPH)
  HIGHEST WIND SPEED    10   HIGHEST WIND DIRECTION     S (190)
  HIGHEST GUST SPEED    15   HIGHEST GUST DIRECTION     S (190)
  AVERAGE WIND SPEED     3.2


SKY COVER
  AVERAGE SKY COVER 0.0


WEATHER CONDITIONS
 THE FOLLOWING WEATHER WAS RECORDED YESTERDAY.
  NO SIGNIFICANT WEATHER WAS OBSERVED.


RELATIVE HUMIDITY (PERCENT)
 HIGHEST    84           100 AM
 LOWEST     26           100 PM
 AVERAGE    55

..........................................................


THE MONTGOMERY CLIMATE NORMALS FOR TODAY
                         NORMAL    RECORD    YEAR
 MAXIMUM TEMPERATURE (F)   92       103      1947
 MINIMUM TEMPERATURE (F)   72        61      1950


SUNRISE AND SUNSET
AUGUST  5 2015........SUNRISE   603 AM CDT   SUNSET   740 PM CDT
AUGUST  6 2015........SUNRISE   604 AM CDT   SUNSET   739 PM CDT


-  INDICATES NEGATIVE NUMBERS.
R  INDICATES RECORD WAS SET OR TIED.
MM INDICATES DATA IS MISSING.
T  INDICATES TRACE AMOUNT.




$$
