000
CDUS44 KBMX 260741
CLIMGM


CLIMATE REPORT
NATIONAL WEATHER SERVICE BIRMINGHAM, AL
241 AM CDT THU MAY 26 2016


...................................

...THE MONTGOMERY CLIMATE SUMMARY FOR MAY 25 2016...

CLIMATE NORMAL PERIOD 1981 TO 2010
CLIMATE RECORD PERIOD 1872 TO 2016


WEATHER ITEM   OBSERVED TIME   RECORD YEAR NORMAL DEPARTURE LAST
                VALUE   (LST)  VALUE       VALUE  FROM      YEAR
                                                  NORMAL
..................................................................
TEMPERATURE (F)
 YESTERDAY
  MAXIMUM         89    322 PM  96    1915  86      3       84
  MINIMUM         61    506 AM  51    1983  63     -2       69
  AVERAGE         75                        75      0       77

PRECIPITATION (IN)
  YESTERDAY        0.00          1.10 1909   0.11  -0.11     0.90
  MONTH TO DATE    0.73                      2.88  -2.15     2.62
  SINCE MAR 1     11.57                     12.85  -1.28    11.12
  SINCE JAN 1     22.23                     22.78  -0.55    18.78

DEGREE DAYS
 COOLING
  YESTERDAY       10                        10      0       12
  MONTH TO DATE  183                       173     10      240
  SINCE MAR 1    356                       268     88      461
  SINCE JAN 1    369                       274     95      461
..................................................................


WIND (MPH)
  HIGHEST WIND SPEED    13   HIGHEST WIND DIRECTION     S (190)
  HIGHEST GUST SPEED    17   HIGHEST GUST DIRECTION    SE (150)
  AVERAGE WIND SPEED     3.4


SKY COVER
  AVERAGE SKY COVER 0.0


WEATHER CONDITIONS
 THE FOLLOWING WEATHER WAS RECORDED YESTERDAY.
  NO SIGNIFICANT WEATHER WAS OBSERVED.


RELATIVE HUMIDITY (PERCENT)
 HIGHEST    84           200 AM
 LOWEST     36           400 PM
 AVERAGE    60

..........................................................


THE MONTGOMERY CLIMATE NORMALS FOR TODAY
                         NORMAL    RECORD    YEAR
 MAXIMUM TEMPERATURE (F)   86        97      1916
 MINIMUM TEMPERATURE (F)   64        43      1979


SUNRISE AND SUNSET
MAY 26 2016...........SUNRISE   541 AM CDT   SUNSET   744 PM CDT
MAY 27 2016...........SUNRISE   541 AM CDT   SUNSET   745 PM CDT


-  INDICATES NEGATIVE NUMBERS.
R  INDICATES RECORD WAS SET OR TIED.
MM INDICATES DATA IS MISSING.
T  INDICATES TRACE AMOUNT.




$$
