000
CDUS44 KBMX 232128
CLIMGM


CLIMATE REPORT
NATIONAL WEATHER SERVICE BIRMINGHAM, AL
428 PM CDT WED JUL 23 2014


...................................

...THE MONTGOMERY CLIMATE SUMMARY FOR JULY 23 2014...
VALID AS OF 0400 PM LOCAL TIME.

CLIMATE NORMAL PERIOD 1981 TO 2010
CLIMATE RECORD PERIOD 1872 TO 2014


WEATHER ITEM   OBSERVED TIME   RECORD YEAR NORMAL DEPARTURE LAST
                VALUE   (LST)  VALUE       VALUE  FROM      YEAR
                                                  NORMAL
..................................................................
TEMPERATURE (F)
 TODAY
  MAXIMUM         92    152 PM 103    1952  92      0       89
  MINIMUM         72    522 AM  61    1947  72      0       71
  AVERAGE         82                        82      0       80

PRECIPITATION (IN)
  TODAY            0.00          2.67 1956   0.16  -0.16     0.76
  MONTH TO DATE    2.28                      4.04  -1.76     7.37
  SINCE JUN 1      7.45                      8.11  -0.66    11.22
  SINCE JAN 1     36.34                     31.55   4.79    36.93

DEGREE DAYS
 COOLING
  TODAY           17                        17      0       15
  MONTH TO DATE  377                       385     -8      349
  SINCE JUN 1    849                       804     45      840
  SINCE JAN 1   1215                      1143     72     1199
..................................................................


WIND (MPH)
  HIGHEST WIND SPEED     9   HIGHEST WIND DIRECTION    SW (210)
  HIGHEST GUST SPEED    13   HIGHEST GUST DIRECTION    SW (210)
  AVERAGE WIND SPEED     1.4


SKY COVER
  AVERAGE SKY COVER 0.2


WEATHER CONDITIONS
 THE FOLLOWING WEATHER WAS RECORDED TODAY.
  FOG


RELATIVE HUMIDITY (PERCENT)
 HIGHEST    93          1200 AM
 LOWEST     52           100 PM
 AVERAGE    73

..........................................................


THE MONTGOMERY CLIMATE NORMALS FOR TOMORROW
                         NORMAL    RECORD    YEAR
 MAXIMUM TEMPERATURE (F)   92       105      1952
 MINIMUM TEMPERATURE (F)   72        66      1966
                                             1906
                                             1882


SUNRISE AND SUNSET
JULY 23 2014..........SUNRISE   554 AM CDT   SUNSET   749 PM CDT
JULY 24 2014..........SUNRISE   555 AM CDT   SUNSET   749 PM CDT


-  INDICATES NEGATIVE NUMBERS.
R  INDICATES RECORD WAS SET OR TIED.
MM INDICATES DATA IS MISSING.
T  INDICATES TRACE AMOUNT.




$$
