000
CDUS44 KBMX 240836
CLIMGM


CLIMATE REPORT
NATIONAL WEATHER SERVICE BIRMINGHAM, AL
235 AM CST FRI NOV 24 2017


...................................

...THE MONTGOMERY CLIMATE SUMMARY FOR NOVEMBER 23 2017...

CLIMATE NORMAL PERIOD 1981 TO 2010
CLIMATE RECORD PERIOD 1872 TO 2017


WEATHER ITEM   OBSERVED TIME   RECORD YEAR NORMAL DEPARTURE LAST
                VALUE   (LST)  VALUE       VALUE  FROM      YEAR
                                                  NORMAL
..................................................................
TEMPERATURE (F)
 YESTERDAY
  MAXIMUM         65    322 PM  83    2004  66     -1       77
  MINIMUM         30    634 AM  23    1956  42    -12       37
  AVERAGE         48                        54     -6       57

PRECIPITATION (IN)
  YESTERDAY        0.00          1.50 1983   0.16  -0.16     0.00
  MONTH TO DATE    0.66                      3.41  -2.75      T
  SINCE SEP 1      8.55                     10.30  -1.75     2.36
  SINCE JAN 1     67.15                     47.01  20.14    35.40

SNOWFALL (IN)
  YESTERDAY        0.0                       0.0    0.0      0.0
  MONTH TO DATE    0.0                       0.0    0.0      0.0
  SINCE SEP 1      0.0                       0.0    0.0      0.0
  SINCE JUL 1      0.0                       0.0    0.0      0.0
  SNOW DEPTH       0

DEGREE DAYS
 HEATING
  YESTERDAY       17                        11      6        8
  MONTH TO DATE  187                       193     -6      127
  SINCE SEP 1    257                       284    -27      139
  SINCE JUL 1    257                       284    -27      139
..................................................................


WIND (MPH)
  HIGHEST WIND SPEED    12   HIGHEST WIND DIRECTION     W (290)
  HIGHEST GUST SPEED    14   HIGHEST GUST DIRECTION    NW (330)
  AVERAGE WIND SPEED     3.1


SKY COVER
  AVERAGE SKY COVER 0.0


WEATHER CONDITIONS
 THE FOLLOWING WEATHER WAS RECORDED YESTERDAY.
  NO SIGNIFICANT WEATHER WAS OBSERVED.


RELATIVE HUMIDITY (PERCENT)
 HIGHEST    85           700 AM
 LOWEST     28           300 PM
 AVERAGE    57

..........................................................


THE MONTGOMERY CLIMATE NORMALS FOR TODAY
                         NORMAL    RECORD    YEAR
 MAXIMUM TEMPERATURE (F)   66        82      2016
 MINIMUM TEMPERATURE (F)   42        18      1970


SUNRISE AND SUNSET
NOVEMBER 24 2017......SUNRISE   623 AM CST   SUNSET   441 PM CST
NOVEMBER 25 2017......SUNRISE   624 AM CST   SUNSET   441 PM CST


-  INDICATES NEGATIVE NUMBERS.
R  INDICATES RECORD WAS SET OR TIED.
MM INDICATES DATA IS MISSING.
T  INDICATES TRACE AMOUNT.




$$
