059
CDUS44 KBMX 270736
CLIMGM


CLIMATE REPORT
NATIONAL WEATHER SERVICE BIRMINGHAM, AL
234 AM CDT TUE SEP 27 2016


...................................

...THE MONTGOMERY CLIMATE SUMMARY FOR SEPTEMBER 26 2016...

CLIMATE NORMAL PERIOD 1981 TO 2010
CLIMATE RECORD PERIOD 1872 TO 2016


WEATHER ITEM   OBSERVED TIME   RECORD YEAR NORMAL DEPARTURE LAST
                VALUE   (LST)  VALUE       VALUE  FROM      YEAR
                                                  NORMAL
..................................................................
TEMPERATURE (F)
 YESTERDAY
  MAXIMUM         94R   137 PM  94    1984  84     10       82
                                      1954
  MINIMUM         71   1122 PM  43    2001  62      9       63
  AVERAGE         83                        73     10       73

PRECIPITATION (IN)
  YESTERDAY        0.00          8.72 1953   0.12  -0.12     0.00
  MONTH TO DATE    2.24                      3.49  -1.25     2.02
  SINCE SEP 1      2.24                      3.49  -1.25     2.02
  SINCE JAN 1     35.28                     40.20  -4.92    33.12

DEGREE DAYS
 HEATING
  YESTERDAY        0                         0      0        0
  MONTH TO DATE    0                         0      0        0
  SINCE SEP 1      0                         0      0        0
  SINCE JUL 1      0                         0      0        0

 COOLING
  YESTERDAY       18                         8     10        8
  MONTH TO DATE  481                       312    169      312
  SINCE SEP 1    481                       312    169      312
  SINCE JAN 1   2710                      2101    609     2533
..................................................................


WIND (MPH)
  HIGHEST WIND SPEED    18   HIGHEST WIND DIRECTION     E (100)
  HIGHEST GUST SPEED    24   HIGHEST GUST DIRECTION     E (90)
  AVERAGE WIND SPEED     4.4


SKY COVER
  AVERAGE SKY COVER 0.1


WEATHER CONDITIONS
 THE FOLLOWING WEATHER WAS RECORDED YESTERDAY.
  NO SIGNIFICANT WEATHER WAS OBSERVED.


RELATIVE HUMIDITY (PERCENT)
 HIGHEST    84           600 AM
 LOWEST     39           200 PM
 AVERAGE    62

..........................................................


THE MONTGOMERY CLIMATE NORMALS FOR TODAY
                         NORMAL    RECORD    YEAR
 MAXIMUM TEMPERATURE (F)   84        96      1954
 MINIMUM TEMPERATURE (F)   61        43      2001


SUNRISE AND SUNSET
SEPTEMBER 27 2016.....SUNRISE   637 AM CDT   SUNSET   635 PM CDT
SEPTEMBER 28 2016.....SUNRISE   638 AM CDT   SUNSET   634 PM CDT


-  INDICATES NEGATIVE NUMBERS.
R  INDICATES RECORD WAS SET OR TIED.
MM INDICATES DATA IS MISSING.
T  INDICATES TRACE AMOUNT.




$$
