000
CDUS44 KBMX 090836
CLIMGM


CLIMATE REPORT
NATIONAL WEATHER SERVICE BIRMINGHAM, AL
236 AM CST FRI DEC 9 2016


...................................

...THE MONTGOMERY CLIMATE SUMMARY FOR DECEMBER 8 2016...

CLIMATE NORMAL PERIOD 1981 TO 2010
CLIMATE RECORD PERIOD 1872 TO 2016


WEATHER ITEM   OBSERVED TIME   RECORD YEAR NORMAL DEPARTURE LAST
                VALUE   (LST)  VALUE       VALUE  FROM      YEAR
                                                  NORMAL
..................................................................
TEMPERATURE (F)
 YESTERDAY
  MAXIMUM         56   1056 AM  82    1998  61     -5       67
                                      1978
  MINIMUM         40   1117 PM  19    1882  39      1       35
  AVERAGE         48                        50     -2       51

PRECIPITATION (IN)
  YESTERDAY        0.00          2.19 1924   0.17  -0.17     0.00
  MONTH TO DATE    1.90                      1.33   0.57     0.21
  SINCE DEC 1      1.90                      1.33   0.57     0.21
  SINCE JAN 1     39.29                     49.54 -10.25    42.76

SNOWFALL (IN)
  YESTERDAY        0.0                       0.0    0.0      0.0
  MONTH TO DATE    0.0                       0.0    0.0      0.0
  SINCE DEC 1      0.0                       0.0    0.0      0.0
  SINCE JUL 1      0.0                       0.0    0.0      0.0
  SNOW DEPTH       0

DEGREE DAYS
 HEATING
  YESTERDAY       17                        15      2       14
  MONTH TO DATE   91                       116    -25       81
  SINCE DEC 1     91                       116    -25       81
  SINCE JUL 1    266                       487   -221      268
..................................................................


WIND (MPH)
  HIGHEST WIND SPEED    20   HIGHEST WIND DIRECTION     N (350)
  HIGHEST GUST SPEED    25   HIGHEST GUST DIRECTION    NW (310)
  AVERAGE WIND SPEED     9.2


SKY COVER
  AVERAGE SKY COVER 0.3


WEATHER CONDITIONS
 THE FOLLOWING WEATHER WAS RECORDED YESTERDAY.
  NO SIGNIFICANT WEATHER WAS OBSERVED.


RELATIVE HUMIDITY (PERCENT)
 HIGHEST    76           600 AM
 LOWEST     28           200 PM
 AVERAGE    52

..........................................................


THE MONTGOMERY CLIMATE NORMALS FOR TODAY
                         NORMAL    RECORD    YEAR
 MAXIMUM TEMPERATURE (F)   61        79      1943
 MINIMUM TEMPERATURE (F)   38        15      1917


SUNRISE AND SUNSET
DECEMBER  9 2016......SUNRISE   636 AM CST   SUNSET   441 PM CST
DECEMBER 10 2016......SUNRISE   636 AM CST   SUNSET   441 PM CST


-  INDICATES NEGATIVE NUMBERS.
R  INDICATES RECORD WAS SET OR TIED.
MM INDICATES DATA IS MISSING.
T  INDICATES TRACE AMOUNT.




$$
