000
CDUS44 KBMX 230936
CLIMGM


CLIMATE REPORT
NATIONAL WEATHER SERVICE BIRMINGHAM, AL
435 AM CDT SAT AUG 23 2014


...................................

...THE MONTGOMERY CLIMATE SUMMARY FOR AUGUST 22 2014...

CLIMATE NORMAL PERIOD 1981 TO 2010
CLIMATE RECORD PERIOD 1872 TO 2014


WEATHER ITEM   OBSERVED TIME   RECORD YEAR NORMAL DEPARTURE LAST
                VALUE   (LST)  VALUE       VALUE  FROM      YEAR
                                                  NORMAL
..................................................................
TEMPERATURE (F)
 YESTERDAY
  MAXIMUM         98    200 PM 104    2007  92      6       93
  MINIMUM         76    512 AM  60    1997  71      5       70
  AVERAGE         87                        81      6       82

PRECIPITATION (IN)
  YESTERDAY        0.00          1.31 1921   0.12  -0.12     0.00
  MONTH TO DATE    3.04                      2.82   0.22     2.78
  SINCE JUN 1     10.49                     12.13  -1.64    15.99
  SINCE JAN 1     39.38                     35.57   3.81    41.70

DEGREE DAYS
 COOLING
  YESTERDAY       22                        16      6       17
  MONTH TO DATE  392                       370     22      358
  SINCE JUN 1   1372                      1310     62     1325
  SINCE JAN 1   1738                      1649     89     1684
..................................................................


WIND (MPH)
  HIGHEST WIND SPEED    14   HIGHEST WIND DIRECTION    NW (300)
  HIGHEST GUST SPEED    16   HIGHEST GUST DIRECTION    NW (300)
  AVERAGE WIND SPEED     3.2


SKY COVER
  AVERAGE SKY COVER 0.0


WEATHER CONDITIONS
 THE FOLLOWING WEATHER WAS RECORDED YESTERDAY.
  FOG


RELATIVE HUMIDITY (PERCENT)
 HIGHEST    94           500 AM
 LOWEST     43           500 PM
 AVERAGE    69

..........................................................


THE MONTGOMERY CLIMATE NORMALS FOR TODAY
                         NORMAL    RECORD    YEAR
 MAXIMUM TEMPERATURE (F)   92       100      2011
                                             2010
                                             1987
 MINIMUM TEMPERATURE (F)   71        61      2009


SUNRISE AND SUNSET
AUGUST 23 2014........SUNRISE   615 AM CDT   SUNSET   721 PM CDT
AUGUST 24 2014........SUNRISE   616 AM CDT   SUNSET   720 PM CDT


-  INDICATES NEGATIVE NUMBERS.
R  INDICATES RECORD WAS SET OR TIED.
MM INDICATES DATA IS MISSING.
T  INDICATES TRACE AMOUNT.




$$
