000
CDUS44 KBMX 210854
CLIMGM


CLIMATE REPORT
NATIONAL WEATHER SERVICE BIRMINGHAM, AL
254 AM CST WED FEB 21 2018


...................................

...THE MONTGOMERY CLIMATE SUMMARY FOR FEBRUARY 20 2018...

CLIMATE NORMAL PERIOD 1981 TO 2010
CLIMATE RECORD PERIOD 1872 TO 2018


WEATHER ITEM   OBSERVED TIME   RECORD YEAR NORMAL DEPARTURE LAST
                VALUE   (LST)  VALUE       VALUE  FROM      YEAR
                                                  NORMAL
..................................................................
TEMPERATURE (F)
 YESTERDAY
  MAXIMUM         83R   238 PM  80    2017  63     20       80
                                      2011
  MINIMUM         57    346 AM  20    2015  40     17       48
  AVERAGE         70                        52     18       64

PRECIPITATION (IN)
  YESTERDAY        T             1.93 1945   0.19  -0.19     0.00
  MONTH TO DATE    2.38                      3.77  -1.39     1.88
  SINCE DEC 1     10.04                     13.28  -3.24    17.16
  SINCE JAN 1      7.43                      8.42  -0.99    13.05

SNOWFALL (IN)
  YESTERDAY        0.0                       0.0    0.0      0.0
  MONTH TO DATE    0.0                       0.0    0.0      0.0
  SINCE DEC 1      T                         0.1   -0.1      0.0
  SINCE JUL 1      T                         0.1   -0.1      0.0
  SNOW DEPTH       0

DEGREE DAYS
 HEATING
  YESTERDAY        0                        13    -13        1
  MONTH TO DATE  139                       311   -172      139
  SINCE DEC 1   1336                      1402    -66      787
  SINCE JUL 1   1671                      1773   -102      962
..................................................................


WIND (MPH)
  HIGHEST WIND SPEED    20   HIGHEST WIND DIRECTION    SE (150)
  HIGHEST GUST SPEED    23   HIGHEST GUST DIRECTION    SE (140)
  AVERAGE WIND SPEED     8.5


SKY COVER
  AVERAGE SKY COVER 0.3


WEATHER CONDITIONS
 THE FOLLOWING WEATHER WAS RECORDED YESTERDAY.
  NO SIGNIFICANT WEATHER WAS OBSERVED.


RELATIVE HUMIDITY (PERCENT)
 HIGHEST   100           400 AM
 LOWEST     58           200 PM
 AVERAGE    79

..........................................................


THE MONTGOMERY CLIMATE NORMALS FOR TODAY
                         NORMAL    RECORD    YEAR
 MAXIMUM TEMPERATURE (F)   63        81      2011
 MINIMUM TEMPERATURE (F)   41        21      1958


SUNRISE AND SUNSET
FEBRUARY 21 2018......SUNRISE   622 AM CST   SUNSET   537 PM CST
FEBRUARY 22 2018......SUNRISE   621 AM CST   SUNSET   538 PM CST


-  INDICATES NEGATIVE NUMBERS.
R  INDICATES RECORD WAS SET OR TIED.
MM INDICATES DATA IS MISSING.
T  INDICATES TRACE AMOUNT.




$$
