000
CDUS44 KBMX 240742
CLIMGM


CLIMATE REPORT
NATIONAL WEATHER SERVICE BIRMINGHAM, AL
241 AM CDT SUN SEP 24 2017


...................................

...THE MONTGOMERY CLIMATE SUMMARY FOR SEPTEMBER 23 2017...

CLIMATE NORMAL PERIOD 1981 TO 2010
CLIMATE RECORD PERIOD 1872 TO 2017


WEATHER ITEM   OBSERVED TIME   RECORD YEAR NORMAL DEPARTURE LAST
                VALUE   (LST)  VALUE       VALUE  FROM      YEAR
                                                  NORMAL
..................................................................
TEMPERATURE (F)
 YESTERDAY
  MAXIMUM         92    301 PM  98    2016  85      7       98
  MINIMUM         71   1017 PM  43    1999  63      8       71
  AVERAGE         82                        74      8       85

PRECIPITATION (IN)
  YESTERDAY        0.03          3.95 1975   0.13  -0.10     0.00
  MONTH TO DATE    2.25                      3.11  -0.86     2.24
  SINCE SEP 1      2.25                      3.11  -0.86     2.24
  SINCE JAN 1     60.85                     39.82  21.03    35.28

DEGREE DAYS
 HEATING
  YESTERDAY        0                         0      0        0
  MONTH TO DATE    1                         0      1        0
  SINCE SEP 1      1                         0      1        0
  SINCE JUL 1      1                         0      1        0

 COOLING
  YESTERDAY       17                         9      8       20
  MONTH TO DATE  283                       286     -3      424
  SINCE SEP 1    283                       286     -3      424
  SINCE JAN 1   2451                      2075    376     2653
..................................................................


WIND (MPH)
  HIGHEST WIND SPEED    26   HIGHEST WIND DIRECTION    NE (60)
  HIGHEST GUST SPEED    31   HIGHEST GUST DIRECTION    NE (60)
  AVERAGE WIND SPEED     3.8


SKY COVER
  AVERAGE SKY COVER 0.1


WEATHER CONDITIONS
 THE FOLLOWING WEATHER WAS RECORDED YESTERDAY.
  THUNDERSTORM
  LIGHT RAIN


RELATIVE HUMIDITY (PERCENT)
 HIGHEST    84           100 AM
 LOWEST     41           200 PM
 AVERAGE    63

..........................................................


THE MONTGOMERY CLIMATE NORMALS FOR TODAY
                         NORMAL    RECORD    YEAR
 MAXIMUM TEMPERATURE (F)   85        98      2016
                                             1931
 MINIMUM TEMPERATURE (F)   62        47      1990
                                             1982


SUNRISE AND SUNSET
SEPTEMBER 24 2017.....SUNRISE   635 AM CDT   SUNSET   639 PM CDT
SEPTEMBER 25 2017.....SUNRISE   636 AM CDT   SUNSET   638 PM CDT


-  INDICATES NEGATIVE NUMBERS.
R  INDICATES RECORD WAS SET OR TIED.
MM INDICATES DATA IS MISSING.
T  INDICATES TRACE AMOUNT.




$$
