000
CDUS41 KPBZ 291235
CLIMGW


CLIMATE REPORT
NATIONAL WEATHER SERVICE PITTSBURGH PA
835 AM EDT SAT APR 29 2017


...................................

...THE MORGANTOWN WV CLIMATE SUMMARY FOR APRIL 29 2017...
VALID AS OF 0800 AM LOCAL TIME.

CLIMATE NORMAL PERIOD 1981 TO 2010
CLIMATE RECORD PERIOD 1948 TO 2017


WEATHER ITEM   OBSERVED TIME   RECORD YEAR NORMAL DEPARTURE LAST
                VALUE   (LST)  VALUE       VALUE  FROM      YEAR
                                                  NORMAL
..................................................................
TEMPERATURE (F)
 TODAY
  MAXIMUM         63    403 AM  85    1970
  MINIMUM         54   1251 AM  31    1967  46      8       52

PRECIPITATION (IN)
  TODAY            0.57         MM      MM   0.11   0.46     0.00
  MONTH TO DATE    5.40                      3.40   2.00     3.47
  SINCE JUN 1     46.99                     37.10   9.89    34.23
  SINCE JAN 1     17.58                     12.46   5.12    10.69

DEGREE DAYS
 HEATING
  TODAY            6

 COOLING
  TODAY            0
..................................................................





WEATHER CONDITIONS
 THE FOLLOWING WEATHER WAS RECORDED TODAY.
  THUNDERSTORM
  HEAVY RAIN
  RAIN
  LIGHT RAIN
  FOG


RELATIVE HUMIDITY (PERCENT)
 HIGHEST    90           300 AM

..........................................................


THE MORGANTOWN WV CLIMATE NORMALS FOR TOMORROW
                         NORMAL    RECORD    YEAR
 MAXIMUM TEMPERATURE (F)   69        87      1970
 MINIMUM TEMPERATURE (F)   46        31      1961


SUNRISE AND SUNSET
APRIL 29 2017.........SUNRISE   623 AM EDT   SUNSET   812 PM EDT
APRIL 30 2017.........SUNRISE   621 AM EDT   SUNSET   813 PM EDT


-  INDICATES NEGATIVE NUMBERS.
R  INDICATES RECORD WAS SET OR TIED.
MM INDICATES DATA IS MISSING.
T  INDICATES TRACE AMOUNT.




$$
