000
CDUS41 KPBZ 250808
CLIMGW


CLIMATE REPORT
NATIONAL WEATHER SERVICE PITTSBURGH PA
307 AM EST THU DEC 25 2014


...................................

...THE MORGANTOWN WV CLIMATE SUMMARY FOR DECEMBER 24 2014...

CLIMATE NORMAL PERIOD 1981 TO 2010
CLIMATE RECORD PERIOD 1948 TO 2014


WEATHER ITEM   OBSERVED TIME   RECORD YEAR NORMAL DEPARTURE LAST
                VALUE   (LST)  VALUE       VALUE  FROM      YEAR
                                                  NORMAL
..................................................................
TEMPERATURE (F)
 YESTERDAY
  MAXIMUM         65    832 PM  67    1982  40     25       31
  MINIMUM         44   1159 PM -11    1983  25     19       17
  AVERAGE         55                        33     22       24

PRECIPITATION (IN)
  YESTERDAY        0.23         MM      MM   0.09   0.14     0.03
  MONTH TO DATE    2.70                      2.31   0.39     3.64
  SINCE JUN 1     26.04                     24.04   2.00    27.54
  SINCE JAN 1     41.53                     41.23   0.30    40.18

DEGREE DAYS
 HEATING
  YESTERDAY       10                        32    -22       41
  MONTH TO DATE  631                       707    -76      620
  SINCE DEC 1    631                       707    -76      620
  SINCE JUL 1   1661                      1755    -94     1737

 COOLING
  YESTERDAY        0                         0      0        0
  MONTH TO DATE    0                         0      0        1
  SINCE DEC 1      0                         0      0        1
  SINCE JAN 1    981                       814    167      907
..................................................................


WIND (MPH)
  HIGHEST WIND SPEED    26   HIGHEST WIND DIRECTION     W (270)
  HIGHEST GUST SPEED    40   HIGHEST GUST DIRECTION     W (260)
  AVERAGE WIND SPEED     8.3


SKY COVER
  POSSIBLE SUNSHINE  MM
  AVERAGE SKY COVER 0.5


WEATHER CONDITIONS
 THE FOLLOWING WEATHER WAS RECORDED YESTERDAY.
  LIGHT RAIN
  FOG
  HAZE


RELATIVE HUMIDITY (PERCENT)
 HIGHEST    83           600 AM
 LOWEST     52           600 PM
 AVERAGE    68

..........................................................


THE MORGANTOWN WV CLIMATE NORMALS FOR TODAY
                         NORMAL    RECORD    YEAR
 MAXIMUM TEMPERATURE (F)   40        71      1982
 MINIMUM TEMPERATURE (F)   25       -13      1983


SUNRISE AND SUNSET
DECEMBER 25 2014......SUNRISE   739 AM EST   SUNSET   501 PM EST
DECEMBER 26 2014......SUNRISE   739 AM EST   SUNSET   502 PM EST


-  INDICATES NEGATIVE NUMBERS.
R  INDICATES RECORD WAS SET OR TIED.
MM INDICATES DATA IS MISSING.
T  INDICATES TRACE AMOUNT.




$$
