000
CDUS41 KPBZ 182236
CLIMGW


CLIMATE REPORT
NATIONAL WEATHER SERVICE PITTSBURGH PA
535 PM EST WED JAN 18 2017


...................................

...THE MORGANTOWN WV CLIMATE SUMMARY FOR JANUARY 18 2017...
VALID TODAY AS OF 0500 PM LOCAL TIME.

CLIMATE NORMAL PERIOD 1981 TO 2010
CLIMATE RECORD PERIOD 1948 TO 2017


WEATHER ITEM   OBSERVED TIME   RECORD YEAR NORMAL DEPARTURE LAST
                VALUE   (LST)  VALUE       VALUE  FROM      YEAR
                                                  NORMAL
..................................................................
TEMPERATURE (F)
 TODAY
  MAXIMUM         53   1222 AM  68    1996  39     14       14
  MINIMUM         40   1254 PM -13    1994  24     16        7
  AVERAGE         47                        31     16       11

PRECIPITATION (IN)
  TODAY            0.03         MM      MM   0.09  -0.06      T
  MONTH TO DATE    2.80                      1.62   1.18     1.06
  SINCE JUN 1     32.21                     26.26   5.95    24.60
  SINCE JAN 1      2.80                      1.62   1.18     1.06

DEGREE DAYS
 HEATING
  TODAY           18                        34    -16       54
  MONTH TO DATE  522                       609    -87      623
  SINCE DEC 1   1398                      1545   -147     1143
  SINCE JUL 1   2084                      2593   -509     1862

 COOLING
  TODAY            0                         0      0        0
  MONTH TO DATE    0                         0      0        0
  SINCE DEC 1      0                         0      0        0
  SINCE JAN 1      0                         0      0        0
..................................................................


WIND (MPH)
  RESULTANT WIND SPEED   1   RESULTANT WIND DIRECTION  SW (210)
  HIGHEST WIND SPEED    14   HIGHEST WIND DIRECTION     W (270)
  HIGHEST GUST SPEED    22   HIGHEST GUST DIRECTION     W (280)
  AVERAGE WIND SPEED     6.5


SKY COVER
  POSSIBLE SUNSHINE  MM
  AVERAGE SKY COVER 1.0


WEATHER CONDITIONS
 THE FOLLOWING WEATHER WAS RECORDED TODAY.
  LIGHT RAIN
  FOG
  HAZE


RELATIVE HUMIDITY (PERCENT)
 HIGHEST    85           100 PM
 LOWEST     67           300 PM
 AVERAGE    76

..........................................................


THE MORGANTOWN WV CLIMATE NORMALS FOR TOMORROW
                         NORMAL    RECORD    YEAR
 MAXIMUM TEMPERATURE (F)   39        69      1996
 MINIMUM TEMPERATURE (F)   24       -19      1994


SUNRISE AND SUNSET
JANUARY 18 2017.......SUNRISE   737 AM EST   SUNSET   524 PM EST
JANUARY 19 2017.......SUNRISE   737 AM EST   SUNSET   525 PM EST


-  INDICATES NEGATIVE NUMBERS.
R  INDICATES RECORD WAS SET OR TIED.
MM INDICATES DATA IS MISSING.
T  INDICATES TRACE AMOUNT.




$$
