000
CDUS41 KPBZ 250701
CLIMGW


CLIMATE REPORT
NATIONAL WEATHER SERVICE PITTSBURGH PA
301 AM EDT SUN JUN 25 2017


...................................

...THE MORGANTOWN WV CLIMATE SUMMARY FOR JUNE 24 2017...

CLIMATE NORMAL PERIOD 1981 TO 2010
CLIMATE RECORD PERIOD 1872 TO 2017


WEATHER ITEM   OBSERVED TIME   RECORD YEAR NORMAL DEPARTURE LAST
                VALUE   (LST)  VALUE       VALUE  FROM      YEAR
                                                  NORMAL
..................................................................
TEMPERATURE (F)
 YESTERDAY
  MAXIMUM         80    434 PM  94    1949  82     -2       81
                                      1921
  MINIMUM         61   1159 PM  40    1918  61      0       68
  AVERAGE         71                        72     -1       75

PRECIPITATION (IN)
  YESTERDAY        0.06          2.00 1930   0.13  -0.07     0.42
  MONTH TO DATE    3.81                      3.25   0.56     4.35
  SINCE JUN 1      3.81                      3.25   0.56     4.35
  SINCE JAN 1     26.90                     20.44   6.46    20.39

DEGREE DAYS
 HEATING
  YESTERDAY        0                         0      0        0
  MONTH TO DATE   12                        29    -17       10
  SINCE JUN 1     12                        29    -17       10
  SINCE JUL 1   4031                      5182  -1151     4046

 COOLING
  YESTERDAY        6                         7     -1       10
  MONTH TO DATE  157                       117     40      174
  SINCE JUN 1    157                       117     40      174
  SINCE JAN 1    264                       184     80      248
..................................................................


WIND (MPH)
  HIGHEST WIND SPEED    14   HIGHEST WIND DIRECTION    SW (240)
  HIGHEST GUST SPEED    22   HIGHEST GUST DIRECTION     W (290)
  AVERAGE WIND SPEED     6.0


SKY COVER
  POSSIBLE SUNSHINE  MM
  AVERAGE SKY COVER 0.6


WEATHER CONDITIONS
 THE FOLLOWING WEATHER WAS RECORDED YESTERDAY.
  LIGHT RAIN
  FOG


RELATIVE HUMIDITY (PERCENT)
 HIGHEST    93          1200 AM
 LOWEST     40           700 PM
 AVERAGE    67

..........................................................


THE MORGANTOWN WV CLIMATE NORMALS FOR TODAY
                         NORMAL    RECORD    YEAR
 MAXIMUM TEMPERATURE (F)   82        94      1988
                                             1952
                                             1921
 MINIMUM TEMPERATURE (F)   61        44      1979


SUNRISE AND SUNSET
JUNE 25 2017..........SUNRISE   553 AM EDT   SUNSET   851 PM EDT
JUNE 26 2017..........SUNRISE   554 AM EDT   SUNSET   851 PM EDT


-  INDICATES NEGATIVE NUMBERS.
R  INDICATES RECORD WAS SET OR TIED.
MM INDICATES DATA IS MISSING.
T  INDICATES TRACE AMOUNT.




$$
