000
CDUS41 KPBZ 040816
CLIMGW


CLIMATE REPORT
NATIONAL WEATHER SERVICE PITTSBURGH PA
315 AM EST SUN DEC 4 2016


...................................

...THE MORGANTOWN WV CLIMATE SUMMARY FOR DECEMBER 3 2016...

CLIMATE NORMAL PERIOD 1981 TO 2010
CLIMATE RECORD PERIOD 1948 TO 2016


WEATHER ITEM   OBSERVED TIME   RECORD YEAR NORMAL DEPARTURE LAST
                VALUE   (LST)  VALUE       VALUE  FROM      YEAR
                                                  NORMAL
..................................................................
TEMPERATURE (F)
 YESTERDAY
  MAXIMUM         38    829 PM  76    1982  46     -8       38
  MINIMUM         36   1159 PM   0    1976  31      5       34
  AVERAGE         37                        38     -1       36

PRECIPITATION (IN)
  YESTERDAY        0.00         MM      MM   0.10  -0.10      T
  MONTH TO DATE    0.02                      0.31  -0.29     1.33
  SINCE JUN 1     25.38                     22.04   3.34    21.09
  SINCE JAN 1     41.42                     39.23   2.19    38.34

DEGREE DAYS
 HEATING
  YESTERDAY       28                        27      1       29
  MONTH TO DATE   74                        79     -5       58
  SINCE DEC 1     74                        79     -5       58
  SINCE JUL 1    760                      1127   -367      777

 COOLING
  YESTERDAY        0                         0      0        0
  MONTH TO DATE    0                         0      0        0
  SINCE DEC 1      0                         0      0        0
  SINCE JAN 1   1283                       814    469     1211
..................................................................


WIND (MPH)
  HIGHEST WIND SPEED     9   HIGHEST WIND DIRECTION     W (280)
  HIGHEST GUST SPEED    13   HIGHEST GUST DIRECTION    SW (230)
  AVERAGE WIND SPEED     3.2


SKY COVER
  POSSIBLE SUNSHINE  MM
  AVERAGE SKY COVER 1.0


WEATHER CONDITIONS
 THE FOLLOWING WEATHER WAS RECORDED YESTERDAY.
  NO SIGNIFICANT WEATHER WAS OBSERVED.


RELATIVE HUMIDITY (PERCENT)
 HIGHEST    76          1200 AM
 LOWEST     59           300 PM
 AVERAGE    68

..........................................................


THE MORGANTOWN WV CLIMATE NORMALS FOR TODAY
                         NORMAL    RECORD    YEAR
 MAXIMUM TEMPERATURE (F)   46        69      2012
 MINIMUM TEMPERATURE (F)   30         3      1966


SUNRISE AND SUNSET
DECEMBER  4 2016......SUNRISE   725 AM EST   SUNSET   455 PM EST
DECEMBER  5 2016......SUNRISE   726 AM EST   SUNSET   455 PM EST


-  INDICATES NEGATIVE NUMBERS.
R  INDICATES RECORD WAS SET OR TIED.
MM INDICATES DATA IS MISSING.
T  INDICATES TRACE AMOUNT.




$$
