753
CDUS41 KPBZ 221220
CLIMGW


CLIMATE REPORT
NATIONAL WEATHER SERVICE PITTSBURGH PA
820 AM EDT TUE AUG 22 2017


...................................

...THE MORGANTOWN WV CLIMATE SUMMARY FOR AUGUST 22 2017...
VALID AS OF 0800 AM LOCAL TIME.

CLIMATE NORMAL PERIOD 1981 TO 2010
CLIMATE RECORD PERIOD 1872 TO 2017


WEATHER ITEM   OBSERVED TIME   RECORD YEAR NORMAL DEPARTURE LAST
                VALUE   (LST)  VALUE       VALUE  FROM      YEAR
                                                  NORMAL
..................................................................
TEMPERATURE (F)
 TODAY
  MAXIMUM         73    659 AM 100    1893
  MINIMUM         67    550 AM  42    1982  61      6       58

PRECIPITATION (IN)
  TODAY            0.00          1.56 1970   0.11  -0.11     0.00
  MONTH TO DATE    2.20                      2.57  -0.37     3.37
  SINCE JUN 1     15.19                     11.30   3.89    14.74
  SINCE JAN 1     38.28                     28.49   9.79    30.78

DEGREE DAYS
 HEATING
  TODAY            0

 COOLING
  TODAY            5
..................................................................





WEATHER CONDITIONS
 THE FOLLOWING WEATHER WAS RECORDED TODAY.
  FOG


RELATIVE HUMIDITY (PERCENT)
 HIGHEST    93           400 AM

..........................................................


THE MORGANTOWN WV CLIMATE NORMALS FOR TOMORROW
                         NORMAL    RECORD    YEAR
 MAXIMUM TEMPERATURE (F)   82        99      1893
 MINIMUM TEMPERATURE (F)   61        44      1973


SUNRISE AND SUNSET
AUGUST 22 2017........SUNRISE   639 AM EDT   SUNSET   805 PM EDT
AUGUST 23 2017........SUNRISE   640 AM EDT   SUNSET   804 PM EDT


-  INDICATES NEGATIVE NUMBERS.
R  INDICATES RECORD WAS SET OR TIED.
MM INDICATES DATA IS MISSING.
T  INDICATES TRACE AMOUNT.




$$
