000
CDUS41 KPBZ 272140
CLIMGW


CLIMATE REPORT
NATIONAL WEATHER SERVICE PITTSBURGH PA
540 PM EDT MON JUL 27 2015


...................................

...THE MORGANTOWN WV CLIMATE SUMMARY FOR JULY 27 2015...
VALID TODAY AS OF 0500 PM LOCAL TIME.

CLIMATE NORMAL PERIOD 1981 TO 2010
CLIMATE RECORD PERIOD 1948 TO 2015


WEATHER ITEM   OBSERVED TIME   RECORD YEAR NORMAL DEPARTURE LAST
                VALUE   (LST)  VALUE       VALUE  FROM      YEAR
                                                  NORMAL
..................................................................
TEMPERATURE (F)
 TODAY
  MAXIMUM         92    358 PM  95    1966  83      9       83
  MINIMUM         71    602 AM  49    1962  63      8       66
  AVERAGE         82                        73      9       75

PRECIPITATION (IN)
  TODAY            0.00         MM      MM   0.13  -0.13     1.33
  MONTH TO DATE    3.37                      4.09  -0.72     5.43
  SINCE JUN 1      9.52                      8.20   1.32     9.95
  SINCE JAN 1     26.77                     25.39   1.38    25.44

DEGREE DAYS
 HEATING
  TODAY            0                         0      0        0
  MONTH TO DATE    0                         0      0        0
  SINCE JUN 1     13                        31    -18        2
  SINCE JUL 1      0                         0      0        0

 COOLING
  TODAY           17                         8      9       10
  MONTH TO DATE  275                       216     59      232
  SINCE JUN 1    497                       378    119      472
  SINCE JAN 1    681                       445    236      581
..................................................................


WIND (MPH)
  RESULTANT WIND SPEED   1   RESULTANT WIND DIRECTION  NE (60)
  HIGHEST WIND SPEED    10   HIGHEST WIND DIRECTION     N (360)
  HIGHEST GUST SPEED    13   HIGHEST GUST DIRECTION     N (360)
  AVERAGE WIND SPEED     2.2


SKY COVER
  POSSIBLE SUNSHINE  MM
  AVERAGE SKY COVER 0.3


WEATHER CONDITIONS
 THE FOLLOWING WEATHER WAS RECORDED TODAY.
  FOG
  HAZE


RELATIVE HUMIDITY (PERCENT)
 HIGHEST    84           500 AM
 LOWEST     41           300 PM
 AVERAGE    63

..........................................................


THE MORGANTOWN WV CLIMATE NORMALS FOR TOMORROW
                         NORMAL    RECORD    YEAR
 MAXIMUM TEMPERATURE (F)   83        96      1952
 MINIMUM TEMPERATURE (F)   63        52      1962


SUNRISE AND SUNSET
JULY 27 2015..........SUNRISE   614 AM EDT   SUNSET   838 PM EDT
JULY 28 2015..........SUNRISE   615 AM EDT   SUNSET   837 PM EDT


-  INDICATES NEGATIVE NUMBERS.
R  INDICATES RECORD WAS SET OR TIED.
MM INDICATES DATA IS MISSING.
T  INDICATES TRACE AMOUNT.




$$
