202
CDUS43 KFSD 220628
CLIMHE


CLIMATE REPORT
NATIONAL WEATHER SERVICE SIOUX FALLS SD
1227 AM CST SUN JAN 22 2017


...................................

...THE MITCHELL SD CLIMATE SUMMARY FOR JANUARY 21 2017...

CLIMATE NORMAL PERIOD 1981 TO 2010
CLIMATE RECORD PERIOD 1893 TO 2017


WEATHER ITEM   OBSERVED TIME   RECORD YEAR NORMAL DEPARTURE LAST
                VALUE   (LST)  VALUE       VALUE  FROM      YEAR
                                                  NORMAL
..................................................................
TEMPERATURE (F)
 YESTERDAY
  MAXIMUM         39    201 AM  64    1900  28     11       27
  MINIMUM         28    750 AM -26    1954   9     19       17
  AVERAGE         34                        19     15       22

PRECIPITATION (IN)
  YESTERDAY        T             1.15 1917   0.01  -0.01     0.05
  MONTH TO DATE    0.13                      0.15  -0.02     0.33
  SINCE DEC 1      1.24                      0.60   0.64     1.36
  SINCE JAN 1      0.13                      0.15  -0.02     0.33

SNOWFALL (IN)
  YESTERDAY        0.0          18.0  1917  MM     MM        0.6
  MONTH TO DATE    2.0                      MM     MM        3.8
  SINCE DEC 1     10.1                      MM     MM       18.6
  SINCE JUL 1     15.6                      MM     MM       31.8
  SNOW DEPTH       0

DEGREE DAYS
 HEATING
  YESTERDAY       31                        46    -15       43
  MONTH TO DATE 1007                       977     30     1063
  SINCE DEC 1   2395                      2344     51     2250
  SINCE JUL 1   3489                      3912   -423     3433

 COOLING
  YESTERDAY        0                         0      0        0
  MONTH TO DATE    0                         0      0        0
  SINCE DEC 1      0                         0      0        0
  SINCE JAN 1      0                         0      0        0
..................................................................


WIND (MPH)
  HIGHEST WIND SPEED    14   HIGHEST WIND DIRECTION     W (290)
  HIGHEST GUST SPEED    18   HIGHEST GUST DIRECTION     W (270)
  AVERAGE WIND SPEED     8.5


SKY COVER
  POSSIBLE SUNSHINE  MM
  AVERAGE SKY COVER 1.0


WEATHER CONDITIONS
 THE FOLLOWING WEATHER WAS RECORDED YESTERDAY.
  LIGHT RAIN
  FOG


RELATIVE HUMIDITY (PERCENT)
 HIGHEST   100          1200 AM
 LOWEST     82           200 PM
 AVERAGE    91

..........................................................


THE MITCHELL SD CLIMATE NORMALS FOR TODAY
                         NORMAL    RECORD    YEAR
 MAXIMUM TEMPERATURE (F)   28        61      1900
 MINIMUM TEMPERATURE (F)    9       -25      1966
                                             1937
                                             1936


SUNRISE AND SUNSET
JANUARY 22 2017.......SUNRISE   758 AM CST   SUNSET   530 PM CST
JANUARY 23 2017.......SUNRISE   757 AM CST   SUNSET   531 PM CST


-  INDICATES NEGATIVE NUMBERS.
R  INDICATES RECORD WAS SET OR TIED.
MM INDICATES DATA IS MISSING.
T  INDICATES TRACE AMOUNT.




$$
