000
CDUS43 KTOP 250634
CLIMHK


CLIMATE REPORT
NATIONAL WEATHER SERVICE TOPEKA KS
132 AM CDT SAT MAR 25 2017


...................................

...THE MANHATTAN KS CLIMATE SUMMARY FOR MARCH 24 2017...

CLIMATE NORMAL PERIOD 1981 TO 2010
CLIMATE RECORD PERIOD 9999 TO 9999


WEATHER ITEM   OBSERVED NORMAL DEPARTURE LAST
                VALUE   VALUE  FROM      YEAR
                               NORMAL
...............................................
TEMPERATURE (F)
 YESTERDAY
  MAXIMUM         73     60     13       52
  MINIMUM         45     33     12       25
  AVERAGE         59     46     13       39

PRECIPITATION (IN)
  YESTERDAY        0.82   0.06   0.76     0.01
  MONTH TO DATE    0.96   1.74  -0.78     0.24
  SINCE MAR 1      0.96   1.74  -0.78     0.24
  SINCE JAN 1      2.76   3.46  -0.70     1.22

DEGREE DAYS
 HEATING
  YESTERDAY        6     19    -13       26
  MONTH TO DATE  392    557   -165      367
  SINCE MAR 1    392    557   -165      367
  SINCE JUL 1   3676   4717  -1041     3664

 COOLING
  YESTERDAY        0      0      0        0
  MONTH TO DATE    6      0      6        5
  SINCE MAR 1      6      0      6        5
  SINCE JAN 1      6      0      6        5
...............................................


WIND (MPH)
  HIGHEST WIND SPEED    26   HIGHEST WIND DIRECTION    SW (210)
  HIGHEST GUST SPEED    33   HIGHEST GUST DIRECTION    SW (210)
  AVERAGE WIND SPEED    11.2


SKY COVER
  AVERAGE SKY COVER 0.5


WEATHER CONDITIONS
 THE FOLLOWING WEATHER WAS RECORDED YESTERDAY.
  THUNDERSTORM
  HEAVY RAIN
  RAIN
  LIGHT RAIN
  FOG


RELATIVE HUMIDITY (PERCENT)
 HIGHEST   100
 LOWEST     39
 AVERAGE    70

..........................................................


THE MANHATTAN KS CLIMATE NORMALS FOR TODAY
                         NORMAL
 MAXIMUM TEMPERATURE (F)   60
 MINIMUM TEMPERATURE (F)   33


SUNRISE AND SUNSET
MARCH 25 2017.........SUNRISE   722 AM CDT   SUNSET   744 PM CDT
MARCH 26 2017.........SUNRISE   720 AM CDT   SUNSET   745 PM CDT


-  INDICATES NEGATIVE NUMBERS.
R  INDICATES RECORD WAS SET OR TIED.
MM INDICATES DATA IS MISSING.
T  INDICATES TRACE AMOUNT.




$$
