000
CDUS43 KTOP 180631
CLIMHK


CLIMATE REPORT
NATIONAL WEATHER SERVICE TOPEKA KS
1231 AM CST THU JAN 18 2018


...................................

...THE MANHATTAN KS CLIMATE SUMMARY FOR JANUARY 17 2018...

CLIMATE NORMAL PERIOD 1981 TO 2010
CLIMATE RECORD PERIOD 9999 TO 9999


WEATHER ITEM   OBSERVED NORMAL DEPARTURE LAST
                VALUE   VALUE  FROM      YEAR
                               NORMAL
...............................................
TEMPERATURE (F)
 YESTERDAY
  MAXIMUM         30     41    -11       46
  MINIMUM         -3     17    -20       24
  AVERAGE         14     29    -15       35

PRECIPITATION (IN)
  YESTERDAY       MM      0.03  MM        0.00
  MONTH TO DATE    0.32   0.23   0.09     1.35
  SINCE DEC 1      0.43   1.25  -0.82     2.29
  SINCE JAN 1      0.32   0.23   0.09     1.35

DEGREE DAYS
 HEATING
  YESTERDAY       51     36     15       30
  MONTH TO DATE  675    627     48      640
  SINCE DEC 1   1658   1693    -35     1717
  SINCE JUL 1   2540   2768   -228     2327

 COOLING
  YESTERDAY        0      0      0        0
  MONTH TO DATE    0      0      0        0
  SINCE DEC 1      0      0      0        0
  SINCE JAN 1      0      0      0        0
...............................................


WIND (MPH)
  HIGHEST WIND SPEED    18   HIGHEST WIND DIRECTION    SW (210)
  HIGHEST GUST SPEED    22   HIGHEST GUST DIRECTION    SW (210)
  AVERAGE WIND SPEED     6.1


SKY COVER
  AVERAGE SKY COVER 0.0


WEATHER CONDITIONS
 THE FOLLOWING WEATHER WAS RECORDED YESTERDAY.
  NO SIGNIFICANT WEATHER WAS OBSERVED.


RELATIVE HUMIDITY (PERCENT)
 HIGHEST    80
 LOWEST     46
 AVERAGE    63

..........................................................


THE MANHATTAN KS CLIMATE NORMALS FOR TODAY
                         NORMAL
 MAXIMUM TEMPERATURE (F)   41
 MINIMUM TEMPERATURE (F)   17


SUNRISE AND SUNSET
JANUARY 18 2018.......SUNRISE   743 AM CST   SUNSET   532 PM CST
JANUARY 19 2018.......SUNRISE   743 AM CST   SUNSET   533 PM CST


-  INDICATES NEGATIVE NUMBERS.
R  INDICATES RECORD WAS SET OR TIED.
MM INDICATES DATA IS MISSING.
T  INDICATES TRACE AMOUNT.




$$
