000
CDUS43 KTOP 250632
CLIMHK


CLIMATE REPORT
NATIONAL WEATHER SERVICE TOPEKA KS
131 AM CDT THU MAY 25 2017


...................................

...THE MANHATTAN KS CLIMATE SUMMARY FOR MAY 24 2017...

CLIMATE NORMAL PERIOD 1981 TO 2010
CLIMATE RECORD PERIOD 9999 TO 9999


WEATHER ITEM   OBSERVED NORMAL DEPARTURE LAST
                VALUE   VALUE  FROM      YEAR
                               NORMAL
...............................................
TEMPERATURE (F)
 YESTERDAY
  MAXIMUM         70     79     -9       83
  MINIMUM         46     54     -8       60
  AVERAGE         58     66     -8       72

PRECIPITATION (IN)
  YESTERDAY        0.00   0.18  -0.18     1.37
  MONTH TO DATE    2.44   3.29  -0.85     2.68
  SINCE MAR 1     11.17   8.29   2.88    11.10
  SINCE JAN 1     12.97  10.01   2.96    12.08

DEGREE DAYS
 HEATING
  YESTERDAY        7      2      5        0
  MONTH TO DATE   91    112    -21      114
  SINCE MAR 1    882   1133   -251      818
  SINCE JUL 1   4166   5293  -1127     4115

 COOLING
  YESTERDAY        0      4     -4        7
  MONTH TO DATE   70     52     18       39
  SINCE MAR 1    114     69     45       67
  SINCE JAN 1    114     69     45       67
...............................................


WIND (MPH)
  HIGHEST WIND SPEED    13   HIGHEST WIND DIRECTION    NE (30)
  HIGHEST GUST SPEED    17   HIGHEST GUST DIRECTION     N (10)
  AVERAGE WIND SPEED     3.8


SKY COVER
  AVERAGE SKY COVER 0.3


WEATHER CONDITIONS
 THE FOLLOWING WEATHER WAS RECORDED YESTERDAY.
  NO SIGNIFICANT WEATHER WAS OBSERVED.


RELATIVE HUMIDITY (PERCENT)
 HIGHEST    93
 LOWEST     44
 AVERAGE    69

..........................................................


THE MANHATTAN KS CLIMATE NORMALS FOR TODAY
                         NORMAL
 MAXIMUM TEMPERATURE (F)   79
 MINIMUM TEMPERATURE (F)   54


SUNRISE AND SUNSET
MAY 25 2017...........SUNRISE   606 AM CDT   SUNSET   842 PM CDT
MAY 26 2017...........SUNRISE   605 AM CDT   SUNSET   843 PM CDT


-  INDICATES NEGATIVE NUMBERS.
R  INDICATES RECORD WAS SET OR TIED.
MM INDICATES DATA IS MISSING.
T  INDICATES TRACE AMOUNT.




$$
