000
CDUS43 KTOP 270644
CLIMHK


CLIMATE REPORT
NATIONAL WEATHER SERVICE TOPEKA KS
143 AM CDT FRI MAY 27 2016


...................................

...THE MANHATTAN KS CLIMATE SUMMARY FOR MAY 26 2016...

CLIMATE NORMAL PERIOD 1981 TO 2010
CLIMATE RECORD PERIOD 9999 TO 9999


WEATHER ITEM   OBSERVED NORMAL DEPARTURE LAST
                VALUE   VALUE  FROM      YEAR
                               NORMAL
...............................................
TEMPERATURE (F)
 YESTERDAY
  MAXIMUM         85     79      6       78
  MINIMUM         60     55      5       57
  AVERAGE         73     67      6       68

PRECIPITATION (IN)
  YESTERDAY        1.75   0.16   1.59     0.04
  MONTH TO DATE    4.95   3.61   1.34     9.03
  SINCE MAR 1     13.37   8.61   4.76    11.81
  SINCE JAN 1     14.35  10.33   4.02    13.27

DEGREE DAYS
 HEATING
  YESTERDAY        0      2     -2        0
  MONTH TO DATE  114    116     -2      101
  SINCE MAR 1    818   1137   -319      926
  SINCE JUL 1   4115   5297  -1182     5120

 COOLING
  YESTERDAY        8      4      4        3
  MONTH TO DATE   54     60     -6       61
  SINCE MAR 1     82     77      5       69
  SINCE JAN 1     82     77      5       69
...............................................


WIND (MPH)
  HIGHEST WIND SPEED    35   HIGHEST WIND DIRECTION    SW (230)
  HIGHEST GUST SPEED    43   HIGHEST GUST DIRECTION    SW (230)
  AVERAGE WIND SPEED     8.4


SKY COVER
  AVERAGE SKY COVER 0.8


WEATHER CONDITIONS
 THE FOLLOWING WEATHER WAS RECORDED YESTERDAY.
  THUNDERSTORM
  HEAVY RAIN
  RAIN
  LIGHT RAIN
  FOG
  HAZE


RELATIVE HUMIDITY (PERCENT)
 HIGHEST    93
 LOWEST     69
 AVERAGE    81

..........................................................


THE MANHATTAN KS CLIMATE NORMALS FOR TODAY
                         NORMAL
 MAXIMUM TEMPERATURE (F)   80
 MINIMUM TEMPERATURE (F)   55


SUNRISE AND SUNSET
MAY 27 2016...........SUNRISE   605 AM CDT   SUNSET   844 PM CDT
MAY 28 2016...........SUNRISE   604 AM CDT   SUNSET   844 PM CDT


-  INDICATES NEGATIVE NUMBERS.
R  INDICATES RECORD WAS SET OR TIED.
MM INDICATES DATA IS MISSING.
T  INDICATES TRACE AMOUNT.




$$
