000
CDUS43 KTOP 220631
CLIMHK


CLIMATE REPORT
NATIONAL WEATHER SERVICE TOPEKA KS
131 AM CDT WED OCT 22 2014


...................................

...THE MANHATTAN KS CLIMATE SUMMARY FOR OCTOBER 21 2014...

CLIMATE NORMAL PERIOD 1981 TO 2010
CLIMATE RECORD PERIOD 9999 TO 9999


WEATHER ITEM   OBSERVED NORMAL DEPARTURE LAST
                VALUE   VALUE  FROM      YEAR
                               NORMAL
...............................................
TEMPERATURE (F)
 YESTERDAY
  MAXIMUM         79     66     13       60
  MINIMUM         37     40     -3       37
  AVERAGE         58     53      5       49

PRECIPITATION (IN)
  YESTERDAY        0.00   0.07  -0.07     0.00
  MONTH TO DATE    2.13   1.61   0.52     2.63
  SINCE SEP 1      3.40   4.78  -1.38     5.73
  SINCE JAN 1     20.30  29.32  -9.02    26.95

DEGREE DAYS
 HEATING
  YESTERDAY        7     12     -5       16
  MONTH TO DATE  176    188    -12      173
  SINCE SEP 1    232    255    -23      190
  SINCE JUL 1    233    258    -25      193

 COOLING
  YESTERDAY        0      0      0        0
  MONTH TO DATE   11     21    -10       33
  SINCE SEP 1    186    175     11      285
  SINCE JAN 1   1564   1358    206     1513
...............................................


WIND (MPH)
  HIGHEST WIND SPEED    12   HIGHEST WIND DIRECTION    SE (140)
  HIGHEST GUST SPEED    18   HIGHEST GUST DIRECTION     S (170)
  AVERAGE WIND SPEED     2.5


SKY COVER
  AVERAGE SKY COVER 0.0


WEATHER CONDITIONS
 THE FOLLOWING WEATHER WAS RECORDED YESTERDAY.
  FOG


RELATIVE HUMIDITY (PERCENT)
 HIGHEST   100
 LOWEST     31
 AVERAGE    66

..........................................................


THE MANHATTAN KS CLIMATE NORMALS FOR TODAY
                         NORMAL
 MAXIMUM TEMPERATURE (F)   66
 MINIMUM TEMPERATURE (F)   40


SUNRISE AND SUNSET
OCTOBER 22 2014.......SUNRISE   744 AM CDT   SUNSET   638 PM CDT
OCTOBER 23 2014.......SUNRISE   745 AM CDT   SUNSET   637 PM CDT


-  INDICATES NEGATIVE NUMBERS.
R  INDICATES RECORD WAS SET OR TIED.
MM INDICATES DATA IS MISSING.
T  INDICATES TRACE AMOUNT.




$$
