000
CDUS43 KTOP 020638
CLIMHK


CLIMATE REPORT
NATIONAL WEATHER SERVICE TOPEKA KS
137 AM CDT THU JUL 2 2015


...................................

...THE MANHATTAN KS CLIMATE SUMMARY FOR JULY 1 2015...

CLIMATE NORMAL PERIOD 1981 TO 2010
CLIMATE RECORD PERIOD 9999 TO 9999


WEATHER ITEM   OBSERVED NORMAL DEPARTURE LAST
                VALUE   VALUE  FROM      YEAR
                               NORMAL
...............................................
TEMPERATURE (F)
 YESTERDAY
  MAXIMUM         96     89      7       89
  MINIMUM         71     66      5       61
  AVERAGE         84     78      6       75

PRECIPITATION (IN)
  YESTERDAY        0.00   0.17  -0.17      T
  MONTH TO DATE    0.00   0.17  -0.17      T
  SINCE JUN 1      3.66   5.26  -1.60     6.82
  SINCE JAN 1     17.88  16.46   1.42    12.67

DEGREE DAYS
 HEATING
  YESTERDAY        0      0      0        0
  MONTH TO DATE    0      0      0        0
  SINCE JUN 1      0     11    -11        0
  SINCE JUL 1      0      0      0        0

 COOLING
  YESTERDAY       19     13      6       10
  MONTH TO DATE   19     13      6       10
  SINCE JUN 1    380    283     97      315
  SINCE JAN 1    461    383     78      518
...............................................


WIND (MPH)
  HIGHEST WIND SPEED    15   HIGHEST WIND DIRECTION    SW (210)
  HIGHEST GUST SPEED    19   HIGHEST GUST DIRECTION    SW (210)
  AVERAGE WIND SPEED     6.7


SKY COVER
  AVERAGE SKY COVER 0.0


WEATHER CONDITIONS
 THE FOLLOWING WEATHER WAS RECORDED YESTERDAY.
  NO SIGNIFICANT WEATHER WAS OBSERVED.


RELATIVE HUMIDITY (PERCENT)
 HIGHEST    85
 LOWEST     36
 AVERAGE    61

..........................................................


THE MANHATTAN KS CLIMATE NORMALS FOR TODAY
                         NORMAL
 MAXIMUM TEMPERATURE (F)   90
 MINIMUM TEMPERATURE (F)   66


SUNRISE AND SUNSET
JULY  2 2015..........SUNRISE   605 AM CDT   SUNSET   857 PM CDT
JULY  3 2015..........SUNRISE   605 AM CDT   SUNSET   856 PM CDT


-  INDICATES NEGATIVE NUMBERS.
R  INDICATES RECORD WAS SET OR TIED.
MM INDICATES DATA IS MISSING.
T  INDICATES TRACE AMOUNT.




$$
