000
CDUS43 KTOP 310633
CLIMHK


CLIMATE REPORT
NATIONAL WEATHER SERVICE TOPEKA KS
133 AM CDT FRI JUL 31 2015


...................................

...THE MANHATTAN KS CLIMATE SUMMARY FOR JULY 30 2015...

CLIMATE NORMAL PERIOD 1981 TO 2010
CLIMATE RECORD PERIOD 9999 TO 9999


WEATHER ITEM   OBSERVED NORMAL DEPARTURE LAST
                VALUE   VALUE  FROM      YEAR
                               NORMAL
...............................................
TEMPERATURE (F)
 YESTERDAY
  MAXIMUM         88     91     -3       82
  MINIMUM         64     67     -3       60
  AVERAGE         76     79     -3       71

PRECIPITATION (IN)
  YESTERDAY        0.00   0.12  -0.12     0.40
  MONTH TO DATE    3.73   3.86  -0.13     0.85
  SINCE JUN 1      7.39   8.95  -1.56     7.67
  SINCE JAN 1     21.61  20.15   1.46    13.52

DEGREE DAYS
 HEATING
  YESTERDAY        0      0      0        0
  MONTH TO DATE    0      0      0        1
  SINCE JUN 1      0     11    -11        1
  SINCE JUL 1      0      0      0        1

 COOLING
  YESTERDAY       11     14     -3        6
  MONTH TO DATE  467    421     46      382
  SINCE JUN 1    828    691    137      687
  SINCE JAN 1    909    791    118      890
...............................................


WIND (MPH)
  HIGHEST WIND SPEED    12   HIGHEST WIND DIRECTION     S (180)
  HIGHEST GUST SPEED    16   HIGHEST GUST DIRECTION     S (190)
  AVERAGE WIND SPEED     2.3


SKY COVER
  AVERAGE SKY COVER 0.0


WEATHER CONDITIONS
 THE FOLLOWING WEATHER WAS RECORDED YESTERDAY.
  HAZE


RELATIVE HUMIDITY (PERCENT)
 HIGHEST   100
 LOWEST     40
 AVERAGE    70

..........................................................


THE MANHATTAN KS CLIMATE NORMALS FOR TODAY
                         NORMAL
 MAXIMUM TEMPERATURE (F)   91
 MINIMUM TEMPERATURE (F)   67


SUNRISE AND SUNSET
JULY 31 2015..........SUNRISE   626 AM CDT   SUNSET   840 PM CDT
AUGUST  1 2015........SUNRISE   627 AM CDT   SUNSET   839 PM CDT


-  INDICATES NEGATIVE NUMBERS.
R  INDICATES RECORD WAS SET OR TIED.
MM INDICATES DATA IS MISSING.
T  INDICATES TRACE AMOUNT.




$$
