000
CDUS43 KTOP 282242
CLIMHK


CLIMATE REPORT
NATIONAL WEATHER SERVICE TOPEKA KS
432 PM CST SUN DEC 28 2014


...................................

...THE MANHATTAN KS CLIMATE SUMMARY FOR DECEMBER 28 2014...
VALID TODAY AS OF 430 PM LOCAL TIME.

CLIMATE NORMAL PERIOD 1981 TO 2010
CLIMATE RECORD PERIOD 9999 TO 9999


WEATHER ITEM   OBSERVED NORMAL DEPARTURE LAST
                VALUE   VALUE  FROM      YEAR
                               NORMAL
...............................................
TEMPERATURE (F)
 TODAY
  MAXIMUM         42     40      2       52
  MINIMUM         14     17     -3       25
  AVERAGE         28     28      0       39

PRECIPITATION (IN)
  TODAY            0.00   0.03  -0.03     0.00
  MONTH TO DATE    2.22   0.95   1.27     0.59
  SINCE DEC 1      2.22   0.95   1.27     0.59
  SINCE JAN 1     22.95  32.48  -9.53    29.19

DEGREE DAYS
 HEATING
  TODAY           37     37      0       26
  MONTH TO DATE  792    956   -164     1063
  SINCE DEC 1    792    956   -164     1063
  SINCE JUL 1   1929   2031   -102     2150

 COOLING
  TODAY            0      0      0        0
  MONTH TO DATE    0      0      0        0
  SINCE DEC 1      0      0      0        0
  SINCE JAN 1   1581   1362    219     1513
...............................................


WIND (MPH)
  HIGHEST WIND SPEED    10   HIGHEST WIND DIRECTION    SW (220)
  HIGHEST GUST SPEED    14   HIGHEST GUST DIRECTION     S (200)
  AVERAGE WIND SPEED     3.5



WEATHER CONDITIONS
 THE FOLLOWING WEATHER WAS RECORDED TODAY.
  NO SIGNIFICANT WEATHER WAS OBSERVED.


RELATIVE HUMIDITY (PERCENT)
 HIGHEST    96
 LOWEST     39
 AVERAGE    68

..........................................................


THE MANHATTAN KS CLIMATE NORMALS FOR TOMORROW
                         NORMAL
 MAXIMUM TEMPERATURE (F)   40
 MINIMUM TEMPERATURE (F)   17


SUNRISE AND SUNSET
DECEMBER 28 2014......SUNRISE   745 AM CST   SUNSET   512 PM CST
DECEMBER 29 2014......SUNRISE   745 AM CST   SUNSET   512 PM CST


-  INDICATES NEGATIVE NUMBERS.
R  INDICATES RECORD WAS SET OR TIED.
MM INDICATES DATA IS MISSING.
T  INDICATES TRACE AMOUNT.




$$
