706
CDUS43 KTOP 180633
CLIMHK


CLIMATE REPORT
NATIONAL WEATHER SERVICE TOPEKA KS
1233 AM CST SAT NOV 18 2017


...................................

...THE MANHATTAN KS CLIMATE SUMMARY FOR NOVEMBER 17 2017...

CLIMATE NORMAL PERIOD 1981 TO 2010
CLIMATE RECORD PERIOD 9999 TO 9999


WEATHER ITEM   OBSERVED NORMAL DEPARTURE LAST
                VALUE   VALUE  FROM      YEAR
                               NORMAL
...............................................
TEMPERATURE (F)
 YESTERDAY
  MAXIMUM         77     54     23       75
  MINIMUM         48     30     18       49
  AVERAGE         63     42     21       62

PRECIPITATION (IN)
  YESTERDAY        0.00   0.05  -0.05     0.00
  MONTH TO DATE    0.09   1.08  -0.99     0.13
  SINCE SEP 1      4.37   6.47  -2.10     6.18
  SINCE JAN 1     27.93  31.01  -3.08    33.34

DEGREE DAYS
 HEATING
  YESTERDAY        2     23    -21        3
  MONTH TO DATE  362    332     30      165
  SINCE SEP 1    659    728    -69      336
  SINCE JUL 1    659    731    -72      336

 COOLING
  YESTERDAY        0      0      0        0
  MONTH TO DATE    0      0      0        3
  SINCE SEP 1    310    178    132      293
  SINCE JAN 1   1565   1361    204     1749
...............................................


WIND (MPH)
  HIGHEST WIND SPEED    24   HIGHEST WIND DIRECTION    SW (220)
  HIGHEST GUST SPEED    31   HIGHEST GUST DIRECTION     S (200)
  AVERAGE WIND SPEED    11.5


SKY COVER
  AVERAGE SKY COVER 0.5


WEATHER CONDITIONS
 THE FOLLOWING WEATHER WAS RECORDED YESTERDAY.
  FOG


RELATIVE HUMIDITY (PERCENT)
 HIGHEST    87
 LOWEST     43
 AVERAGE    65

..........................................................


THE MANHATTAN KS CLIMATE NORMALS FOR TODAY
                         NORMAL
 MAXIMUM TEMPERATURE (F)   54
 MINIMUM TEMPERATURE (F)   29


SUNRISE AND SUNSET
NOVEMBER 18 2017......SUNRISE   714 AM CST   SUNSET   510 PM CST
NOVEMBER 19 2017......SUNRISE   715 AM CST   SUNSET   509 PM CST


-  INDICATES NEGATIVE NUMBERS.
R  INDICATES RECORD WAS SET OR TIED.
MM INDICATES DATA IS MISSING.
T  INDICATES TRACE AMOUNT.




$$
