000
CDUS43 KTOP 112234
CLIMHK


CLIMATE REPORT
NATIONAL WEATHER SERVICE TOPEKA KS
432 PM CST THU FEB 11 2016


...................................

...THE MANHATTAN KS CLIMATE SUMMARY FOR FEBRUARY 11 2016...
VALID TODAY AS OF 430 PM LOCAL TIME.

CLIMATE NORMAL PERIOD 1981 TO 2010
CLIMATE RECORD PERIOD 9999 TO 9999


WEATHER ITEM   OBSERVED NORMAL DEPARTURE LAST
                VALUE   VALUE  FROM      YEAR
                               NORMAL
...............................................
TEMPERATURE (F)
 TODAY
  MAXIMUM         41     44     -3       38
  MINIMUM         24     20      4       21
  AVERAGE         33     32      1       30

PRECIPITATION (IN)
  TODAY            0.00   0.04  -0.04     0.00
  MONTH TO DATE    0.39   0.39   0.00     0.22
  SINCE DEC 1      4.04   2.06   1.98     3.36
  SINCE JAN 1      0.95   1.04  -0.09     1.14

DEGREE DAYS
 HEATING
  TODAY           32     33     -1       35
  MONTH TO DATE  335    374    -39      345
  SINCE DEC 1   2157   2565   -408     2355
  SINCE JUL 1   2896   3640   -744     3492

 COOLING
  TODAY            0      0      0        0
  MONTH TO DATE    0      0      0        0
  SINCE DEC 1      0      0      0        0
  SINCE JAN 1      0      0      0        0
...............................................


WIND (MPH)
  HIGHEST WIND SPEED    18   HIGHEST WIND DIRECTION    NE (30)
  HIGHEST GUST SPEED    23   HIGHEST GUST DIRECTION    NE (30)
  AVERAGE WIND SPEED     7.6



WEATHER CONDITIONS
 THE FOLLOWING WEATHER WAS RECORDED TODAY.
  NO SIGNIFICANT WEATHER WAS OBSERVED.


RELATIVE HUMIDITY (PERCENT)
 HIGHEST    88
 LOWEST     50
 AVERAGE    69

..........................................................


THE MANHATTAN KS CLIMATE NORMALS FOR TOMORROW
                         NORMAL
 MAXIMUM TEMPERATURE (F)   44
 MINIMUM TEMPERATURE (F)   20


SUNRISE AND SUNSET
FEBRUARY 11 2016......SUNRISE   724 AM CST   SUNSET   559 PM CST
FEBRUARY 12 2016......SUNRISE   722 AM CST   SUNSET   600 PM CST


-  INDICATES NEGATIVE NUMBERS.
R  INDICATES RECORD WAS SET OR TIED.
MM INDICATES DATA IS MISSING.
T  INDICATES TRACE AMOUNT.




$$
