000
CDUS43 KTOP 230652
CLIMHK


CLIMATE REPORT
NATIONAL WEATHER SERVICE TOPEKA KS
152 AM CDT SUN APR 23 2017


...................................

...THE MANHATTAN KS CLIMATE SUMMARY FOR APRIL 22 2017...

CLIMATE NORMAL PERIOD 1981 TO 2010
CLIMATE RECORD PERIOD 9999 TO 9999


WEATHER ITEM   OBSERVED NORMAL DEPARTURE LAST
                VALUE   VALUE  FROM      YEAR
                               NORMAL
...............................................
TEMPERATURE (F)
 YESTERDAY
  MAXIMUM         66     69     -3       73
  MINIMUM         39     43     -4       45
  AVERAGE         53     56     -3       59

PRECIPITATION (IN)
  YESTERDAY        T      0.11  -0.11     0.00
  MONTH TO DATE    3.15   1.80   1.35     1.98
  SINCE MAR 1      7.22   4.00   3.22     2.48
  SINCE JAN 1      9.02   5.72   3.30     3.46

DEGREE DAYS
 HEATING
  YESTERDAY       12     10      2        6
  MONTH TO DATE  173    280   -107      186
  SINCE MAR 1    682    956   -274      659
  SINCE JUL 1   3966   5116  -1150     3956

 COOLING
  YESTERDAY        0      1     -1        0
  MONTH TO DATE   38     11     27        6
  SINCE MAR 1     44     13     31       15
  SINCE JAN 1     44     13     31       15
...............................................


WIND (MPH)
  HIGHEST WIND SPEED    21   HIGHEST WIND DIRECTION    NE (30)
  HIGHEST GUST SPEED    27   HIGHEST GUST DIRECTION    NE (40)
  AVERAGE WIND SPEED     9.9


SKY COVER
  AVERAGE SKY COVER 0.4


WEATHER CONDITIONS
 THE FOLLOWING WEATHER WAS RECORDED YESTERDAY.
  LIGHT RAIN


RELATIVE HUMIDITY (PERCENT)
 HIGHEST    85
 LOWEST     30
 AVERAGE    58

..........................................................


THE MANHATTAN KS CLIMATE NORMALS FOR TODAY
                         NORMAL
 MAXIMUM TEMPERATURE (F)   69
 MINIMUM TEMPERATURE (F)   44


SUNRISE AND SUNSET
APRIL 23 2017.........SUNRISE   638 AM CDT   SUNSET   812 PM CDT
APRIL 24 2017.........SUNRISE   637 AM CDT   SUNSET   813 PM CDT


-  INDICATES NEGATIVE NUMBERS.
R  INDICATES RECORD WAS SET OR TIED.
MM INDICATES DATA IS MISSING.
T  INDICATES TRACE AMOUNT.




$$
