759
CDUS46 KMFR 200035
CLIMHS


CLIMATE REPORT
NATIONAL WEATHER SERVICE MEDFORD, OR
535 PM PDT TUE SEP 19 2017


...................................

...THE MT SHASTA CITY CA CLIMATE SUMMARY FOR SEPTEMBER 19 2017...
VALID TODAY AS OF 0500 PM LOCAL TIME.

CLIMATE NORMAL PERIOD 1981 TO 2010
CLIMATE RECORD PERIOD 1908 TO 2017


WEATHER ITEM   OBSERVED TIME   RECORD YEAR NORMAL DEPARTURE LAST
                VALUE   (LST)  VALUE       VALUE  FROM      YEAR
                                                  NORMAL
..................................................................
TEMPERATURE (F)
 TODAY
  MAXIMUM         64    225 PM  93    1974  77    -13       86
  MINIMUM         38    637 AM  26    1965  42     -4       51
  AVERAGE         51                        60     -9       69

PRECIPITATION (IN)
  TODAY            0.00          1.08 1977   0.03  -0.03     0.00
  MONTH TO DATE    0.28                      0.38  -0.10     0.00
  SINCE OCT 1     60.15                     42.92  17.23    42.31
  SINCE JAN 1     38.99                     27.71  11.28    32.82

SNOWFALL (IN)
  TODAY           MM                         0.0   MM       MM
  MONTH TO DATE   MM                         0.0   MM       MM
  SINCE JUL 1     MM                         0.0   MM       MM
  SNOW DEPTH      MM

DEGREE DAYS
 HEATING
  TODAY           14                         6      8        0
  MONTH TO DATE   45                        82    -37       49
  SINCE SEP 1     45                        82    -37       49
  SINCE JUL 1     45                       157   -112       64

 COOLING
  TODAY            0                         1     -1        4
  MONTH TO DATE  100                        20     80       21
  SINCE SEP 1    100                        20     80       21
  SINCE JAN 1    700                       280    420      499
..................................................................


WIND (MPH)
  HIGHEST WIND SPEED     7   HIGHEST WIND DIRECTION     N (360)
  HIGHEST GUST SPEED    13   HIGHEST GUST DIRECTION     N (10)
  AVERAGE WIND SPEED     0.8


SKY COVER
  POSSIBLE SUNSHINE  MM
  AVERAGE SKY COVER 0.7


WEATHER CONDITIONS
 THE FOLLOWING WEATHER WAS RECORDED TODAY.
  NO SIGNIFICANT WEATHER WAS OBSERVED.


RELATIVE HUMIDITY (PERCENT)
 HIGHEST    85           500 AM
 LOWEST     36           100 PM

..........................................................


THE MT SHASTA CITY CA CLIMATE NORMALS FOR TOMORROW
                         NORMAL    RECORD    YEAR
 MAXIMUM TEMPERATURE (F)   77        93      1952
 MINIMUM TEMPERATURE (F)   42        31      1972


SUNRISE AND SUNSET
SEPTEMBER 19 2017.....SUNRISE   654 AM PDT   SUNSET   711 PM PDT
SEPTEMBER 20 2017.....SUNRISE   655 AM PDT   SUNSET   709 PM PDT


-  INDICATES NEGATIVE NUMBERS.
R  INDICATES RECORD WAS SET OR TIED.
MM INDICATES DATA IS MISSING.
T  INDICATES TRACE AMOUNT.




$$
