000
CDUS46 KMFR 200838
CLIMHS


CLIMATE REPORT
NATIONAL WEATHER SERVICE MEDFORD, OR
1238 AM PST MON NOV 20 2017


...................................

...THE MT SHASTA CITY CA CLIMATE SUMMARY FOR NOVEMBER 19 2017...

CLIMATE NORMAL PERIOD 1981 TO 2010
CLIMATE RECORD PERIOD 1908 TO 2017


WEATHER ITEM   OBSERVED TIME   RECORD YEAR NORMAL DEPARTURE LAST
                VALUE   (LST)  VALUE       VALUE  FROM      YEAR
                                                  NORMAL
..................................................................
TEMPERATURE (F)
 YESTERDAY
  MAXIMUM         49   1241 PM  78    1914  50     -1       43
  MINIMUM         26    711 AM  11    1985  29     -3       34
  AVERAGE         38                        39     -1       39

PRECIPITATION (IN)
  YESTERDAY        0.00          3.02 1966   0.17  -0.17     1.55
  MONTH TO DATE    3.23                      2.98   0.25     2.36
  SINCE OCT 1      3.88                      5.26  -1.38    14.23
  SINCE JAN 1     42.87                     33.26   9.61    47.13

SNOWFALL (IN)
  YESTERDAY       MM                         0.3   MM       MM
  MONTH TO DATE   MM                         3.4   MM       MM
  SINCE JUL 1     MM                         3.6   MM       MM
  SNOW DEPTH      MM

DEGREE DAYS
 HEATING
  YESTERDAY       27                        26      1       26
  MONTH TO DATE  470                       435     35      318
  SINCE SEP 1   1021                      1024     -3      883
  SINCE JUL 1   1021                      1099    -78      898

 COOLING
  YESTERDAY        0                         0      0        0
  MONTH TO DATE    0                         0      0        0
  SINCE SEP 1    100                        28     72       35
  SINCE JAN 1    700                       288    412      513
..................................................................


WIND (MPH)
  HIGHEST WIND SPEED    16   HIGHEST WIND DIRECTION     E (90)
  HIGHEST GUST SPEED    25   HIGHEST GUST DIRECTION     E (70)
  AVERAGE WIND SPEED     3.1


SKY COVER
  POSSIBLE SUNSHINE  MM
  AVERAGE SKY COVER 0.2


WEATHER CONDITIONS
 THE FOLLOWING WEATHER WAS RECORDED YESTERDAY.
  FOG


RELATIVE HUMIDITY (PERCENT)
 HIGHEST    92           100 AM
 LOWEST     53           600 PM

..........................................................


THE MT SHASTA CITY CA CLIMATE NORMALS FOR TODAY
                         NORMAL    RECORD    YEAR
 MAXIMUM TEMPERATURE (F)   49        79      1914
 MINIMUM TEMPERATURE (F)   29         9      1977


SUNRISE AND SUNSET
NOVEMBER 20 2017......SUNRISE   704 AM PST   SUNSET   446 PM PST
NOVEMBER 21 2017......SUNRISE   705 AM PST   SUNSET   445 PM PST


-  INDICATES NEGATIVE NUMBERS.
R  INDICATES RECORD WAS SET OR TIED.
MM INDICATES DATA IS MISSING.
T  INDICATES TRACE AMOUNT.




$$
