000
CDUS46 KMFR 110035
CLIMHS


CLIMATE REPORT
NATIONAL WEATHER SERVICE MEDFORD, OR
435 PM PST SAT DEC 10 2016


...................................

...THE MT SHASTA CITY CA CLIMATE SUMMARY FOR DECEMBER 10 2016...
VALID TODAY AS OF 0400 PM LOCAL TIME.

CLIMATE NORMAL PERIOD 1981 TO 2010
CLIMATE RECORD PERIOD 1908 TO 2016


WEATHER ITEM   OBSERVED TIME   RECORD YEAR NORMAL DEPARTURE LAST
                VALUE   (LST)  VALUE       VALUE  FROM      YEAR
                                                  NORMAL
..................................................................
TEMPERATURE (F)
 TODAY
  MAXIMUM         48    248 PM  65    1958  44      4       49
  MINIMUM         42    746 AM  -5    1972  26     16       36
  AVERAGE         45                        35     10       43

PRECIPITATION (IN)
  TODAY            0.28          3.34 1937   0.24   0.04     0.65
  MONTH TO DATE    1.03                      2.33  -1.30     3.97
  SINCE OCT 1     17.50                      9.69   7.81     6.00
  SINCE JAN 1     50.40                     37.69  12.71    23.18

SNOWFALL (IN)
  TODAY           MM                         0.7   MM       MM
  MONTH TO DATE   MM                         6.1   MM       MM
  SINCE JUL 1     MM                        13.9   MM       MM
  SNOW DEPTH      MM

DEGREE DAYS
 HEATING
  TODAY           20                        30    -10       22
  MONTH TO DATE  282                       292    -10      234
  SINCE DEC 1    282                       292    -10      234
  SINCE JUL 1   1467                      1689   -222     1366

 COOLING
  TODAY            0                         0      0        0
  MONTH TO DATE    0                         0      0        0
  SINCE DEC 1      0                         0      0        0
  SINCE JAN 1    513                       288    225      544
..................................................................


WIND (MPH)
  HIGHEST WIND SPEED     5   HIGHEST WIND DIRECTION    NW (330)
  HIGHEST GUST SPEED    10   HIGHEST GUST DIRECTION     E (90)
  AVERAGE WIND SPEED     0.2


SKY COVER
  POSSIBLE SUNSHINE  MM
  AVERAGE SKY COVER 0.9


WEATHER CONDITIONS
 THE FOLLOWING WEATHER WAS RECORDED TODAY.
  RAIN
  LIGHT RAIN
  FOG
  FOG W/VISIBILITY <= 1/4 MILE


RELATIVE HUMIDITY (PERCENT)
 HIGHEST   100           200 AM
 LOWEST     76           300 PM

..........................................................


THE MT SHASTA CITY CA CLIMATE NORMALS FOR TOMORROW
                         NORMAL    RECORD    YEAR
 MAXIMUM TEMPERATURE (F)   44        72      1958
 MINIMUM TEMPERATURE (F)   26        -8      1932


SUNRISE AND SUNSET
DECEMBER 10 2016......SUNRISE   725 AM PST   SUNSET   440 PM PST
DECEMBER 11 2016......SUNRISE   725 AM PST   SUNSET   440 PM PST


-  INDICATES NEGATIVE NUMBERS.
R  INDICATES RECORD WAS SET OR TIED.
MM INDICATES DATA IS MISSING.
T  INDICATES TRACE AMOUNT.




$$
