086
CDUS46 KMFR 100036
CLIMHS


CLIMATE REPORT
NATIONAL WEATHER SERVICE MEDFORD, OR
436 PM PST TUE FEB 9 2016


...................................

...THE MT SHASTA CITY CA CLIMATE SUMMARY FOR FEBRUARY 9 2016...
VALID TODAY AS OF 0400 PM LOCAL TIME.

CLIMATE NORMAL PERIOD 1981 TO 2010
CLIMATE RECORD PERIOD 1908 TO 2016


WEATHER ITEM   OBSERVED TIME   RECORD YEAR NORMAL DEPARTURE LAST
                VALUE   (LST)  VALUE       VALUE  FROM      YEAR
                                                  NORMAL
..................................................................
TEMPERATURE (F)
 TODAY
  MAXIMUM         68R   313 PM  67    2006  48     20       50
  MINIMUM         33    514 AM   1    1929  28      5       30
  AVERAGE         51                        38     13       40

PRECIPITATION (IN)
  TODAY            0.00          1.90 1919   0.24  -0.24     0.59
  MONTH TO DATE    0.13                      2.19  -2.06    10.10
  SINCE OCT 1     22.62                     24.46  -1.84    30.10
  SINCE JAN 1     13.13                      9.25   3.88    10.58

SNOWFALL (IN)
  TODAY           MM                         0.6   MM       MM
  MONTH TO DATE   MM                         6.1   MM       MM
  SINCE JUL 1     MM                        59.4   MM       MM
  SNOW DEPTH      MM

DEGREE DAYS
 HEATING
  TODAY           14                        27    -13       25
  MONTH TO DATE  212                       251    -39      174
  SINCE DEC 1   1984                      2080    -96     1588
  SINCE JUL 1   3116                      3477   -361     2598

 COOLING
  TODAY            0                         0      0        0
  MONTH TO DATE    0                         0      0        0
  SINCE DEC 1      0                         0      0        0
  SINCE JAN 1      0                         0      0        0
..................................................................


WIND (MPH)
  HIGHEST WIND SPEED     7   HIGHEST WIND DIRECTION    NE (50)
  HIGHEST GUST SPEED     9   HIGHEST GUST DIRECTION    NE (30)
  AVERAGE WIND SPEED     1.7


SKY COVER
  POSSIBLE SUNSHINE  MM
  AVERAGE SKY COVER 0.0


WEATHER CONDITIONS
 THE FOLLOWING WEATHER WAS RECORDED TODAY.
  NO SIGNIFICANT WEATHER WAS OBSERVED.


RELATIVE HUMIDITY (PERCENT)
 HIGHEST    82           500 AM
 LOWEST     26           200 PM

..........................................................


THE MT SHASTA CITY CA CLIMATE NORMALS FOR TOMORROW
                         NORMAL    RECORD    YEAR
 MAXIMUM TEMPERATURE (F)   48        66      1971
 MINIMUM TEMPERATURE (F)   28         6      1933


SUNRISE AND SUNSET
FEBRUARY  9 2016......SUNRISE   712 AM PST   SUNSET   535 PM PST
FEBRUARY 10 2016......SUNRISE   711 AM PST   SUNSET   537 PM PST


-  INDICATES NEGATIVE NUMBERS.
R  INDICATES RECORD WAS SET OR TIED.
MM INDICATES DATA IS MISSING.
T  INDICATES TRACE AMOUNT.




$$
