000
CDUS46 KMFR 160038
CLIMHS


CLIMATE REPORT
NATIONAL WEATHER SERVICE MEDFORD, OR
437 PM PST MON JAN 15 2018


...................................

...THE MT SHASTA CITY CA CLIMATE SUMMARY FOR JANUARY 15 2018...
VALID TODAY AS OF 0400 PM LOCAL TIME.

CLIMATE NORMAL PERIOD 1981 TO 2010
CLIMATE RECORD PERIOD 1908 TO 2018


WEATHER ITEM   OBSERVED TIME   RECORD YEAR NORMAL DEPARTURE LAST
                VALUE   (LST)  VALUE       VALUE  FROM      YEAR
                                                  NORMAL
..................................................................
TEMPERATURE (F)
 TODAY
  MAXIMUM         55        MM  60    1981  45     10       43
  MINIMUM         35        MM  -2    1950  26      9       24
  AVERAGE         45                        36      9       34

PRECIPITATION (IN)
  TODAY            T             5.07 1974   0.23  -0.23     0.00
  MONTH TO DATE    1.98                      3.60  -1.62     7.11
  SINCE OCT 1      7.81                     18.81 -11.00    28.27
  SINCE JAN 1      1.98                      3.60  -1.62     7.11

SNOWFALL (IN)
  TODAY           MM                         0.6   MM       MM
  MONTH TO DATE   MM                        11.2   MM       MM
  SINCE JUL 1     MM                        43.9   MM       MM
  SNOW DEPTH      MM

DEGREE DAYS
 HEATING
  TODAY           20                        29     -9       31
  MONTH TO DATE  327                       445   -118      504
  SINCE DEC 1   1181                      1370   -189     1486
  SINCE JUL 1   2432                      2767   -335     2671

 COOLING
  TODAY            0                         0      0        0
  MONTH TO DATE    0                         0      0        0
  SINCE DEC 1      0                         0      0        0
  SINCE JAN 1      0                         0      0        0
..................................................................


WIND (MPH)
  HIGHEST WIND SPEED     4   HIGHEST WIND DIRECTION     E (99)
  HIGHEST GUST SPEED    MM   HIGHEST GUST DIRECTION    MM
  AVERAGE WIND SPEED     0.2


SKY COVER
  POSSIBLE SUNSHINE   0 PERCENT
  AVERAGE SKY COVER 0.0


WEATHER CONDITIONS
 THE FOLLOWING WEATHER WAS RECORDED TODAY.
  NO SIGNIFICANT WEATHER WAS OBSERVED.


RELATIVE HUMIDITY (PERCENT)
 HIGHEST     0          1200 AM
 LOWEST      0          1200 AM

..........................................................


THE MT SHASTA CITY CA CLIMATE NORMALS FOR TOMORROW
                         NORMAL    RECORD    YEAR
 MAXIMUM TEMPERATURE (F)   45        64      1961
 MINIMUM TEMPERATURE (F)   26         0      1917


SUNRISE AND SUNSET
JANUARY 15 2018.......SUNRISE   733 AM PST   SUNSET   505 PM PST
JANUARY 16 2018.......SUNRISE   732 AM PST   SUNSET   506 PM PST


-  INDICATES NEGATIVE NUMBERS.
R  INDICATES RECORD WAS SET OR TIED.
MM INDICATES DATA IS MISSING.
T  INDICATES TRACE AMOUNT.




$$
