000
CDUS46 KMFR 260836
CLIMHS


CLIMATE REPORT
NATIONAL WEATHER SERVICE MEDFORD, OR
136 AM PDT SAT JUL 26 2014


...................................

...THE MT SHASTA CITY CA CLIMATE SUMMARY FOR JULY 25 2014...

CLIMATE NORMAL PERIOD 1981 TO 2010
CLIMATE RECORD PERIOD 1908 TO 2014


WEATHER ITEM   OBSERVED TIME   RECORD YEAR NORMAL DEPARTURE LAST
                VALUE   (LST)  VALUE       VALUE  FROM      YEAR
                                                  NORMAL
..................................................................
TEMPERATURE (F)
 YESTERDAY
  MAXIMUM         89    315 PM 100    1931  88      1       99
  MINIMUM         50    507 AM  38    1929  50      0       56
  AVERAGE         70                        69      1       78

PRECIPITATION (IN)
  YESTERDAY        0.00          0.02 1986   0.01  -0.01     0.00
  MONTH TO DATE    0.24                      0.33  -0.09     0.05
  SINCE SEP 1     14.89                     42.81 -27.92    27.83
  SINCE JAN 1     12.07                     26.93 -14.86     7.13

SNOWFALL (IN)
  YESTERDAY       MM                         0.0   MM       MM
  MONTH TO DATE   MM                         0.0   MM       MM
  SINCE JUL 1     MM                         0.0   MM       MM
  SNOW DEPTH      MM

DEGREE DAYS
 HEATING
  YESTERDAY        0                         1     -1        0
  MONTH TO DATE    1                        31    -30        0
  SINCE JUN 1     57                       173   -116       87
  SINCE JUL 1      1                        31    -30        0

 COOLING
  YESTERDAY        5                         5      0       13
  MONTH TO DATE  229                        97    132      190
  SINCE JUN 1    287                       134    153      289
  SINCE JAN 1    296                       142    154      298
..................................................................


WIND (MPH)
  HIGHEST WIND SPEED    10   HIGHEST WIND DIRECTION     N (350)
  HIGHEST GUST SPEED    21   HIGHEST GUST DIRECTION     N (350)
  AVERAGE WIND SPEED     4.2


SKY COVER
  POSSIBLE SUNSHINE  MM
  AVERAGE SKY COVER 0.0


WEATHER CONDITIONS
 THE FOLLOWING WEATHER WAS RECORDED YESTERDAY.
  NO SIGNIFICANT WEATHER WAS OBSERVED.


RELATIVE HUMIDITY (PERCENT)
 HIGHEST    71           500 AM
 LOWEST     15           300 PM

..........................................................


THE MT SHASTA CITY CA CLIMATE NORMALS FOR TODAY
                         NORMAL    RECORD    YEAR
 MAXIMUM TEMPERATURE (F)   88        99      1931
 MINIMUM TEMPERATURE (F)   50        41      1955


SUNRISE AND SUNSET
JULY 26 2014..........SUNRISE   559 AM PDT   SUNSET   832 PM PDT
JULY 27 2014..........SUNRISE   600 AM PDT   SUNSET   831 PM PDT


-  INDICATES NEGATIVE NUMBERS.
R  INDICATES RECORD WAS SET OR TIED.
MM INDICATES DATA IS MISSING.
T  INDICATES TRACE AMOUNT.




$$
