000
CDUS46 KMFR 040836
CLIMHS


CLIMATE REPORT
NATIONAL WEATHER SERVICE MEDFORD, OR
136 AM PDT WED MAY 4 2016


...................................

...THE MT SHASTA CITY CA CLIMATE SUMMARY FOR MAY 3 2016...

CLIMATE NORMAL PERIOD 1981 TO 2010
CLIMATE RECORD PERIOD 1908 TO 2016


WEATHER ITEM   OBSERVED TIME   RECORD YEAR NORMAL DEPARTURE LAST
                VALUE   (LST)  VALUE       VALUE  FROM      YEAR
                                                  NORMAL
..................................................................
TEMPERATURE (F)
 YESTERDAY
  MAXIMUM         72    258 PM  83    2004  66      6       80
                                      1992
  MINIMUM         44    527 AM  25    2007  37      7       40
  AVERAGE         58                        51      7       60

PRECIPITATION (IN)
  YESTERDAY        T             0.94 1951   0.07  -0.07     0.00
  MONTH TO DATE    T                         0.22  -0.22     0.00
  SINCE OCT 1     38.63                     38.61   0.02    32.91
  SINCE JAN 1     29.14                     23.40   5.74    13.39

SNOWFALL (IN)
  YESTERDAY       MM                         0.0   MM       MM
  MONTH TO DATE   MM                         0.1   MM       MM
  SINCE JUL 1     MM                        91.6   MM       MM
  SNOW DEPTH      MM

DEGREE DAYS
 HEATING
  YESTERDAY        7                        14     -7        5
  MONTH TO DATE   26                        42    -16       14
  SINCE MAR 1   1016                      1282   -266      968
  SINCE JUL 1   4531                      5257   -726     3934

 COOLING
  YESTERDAY        0                         0      0        0
  MONTH TO DATE    0                         0      0        0
  SINCE MAR 1      0                         0      0        0
  SINCE JAN 1      0                         0      0        0
..................................................................


WIND (MPH)
  HIGHEST WIND SPEED     7   HIGHEST WIND DIRECTION     E (80)
  HIGHEST GUST SPEED    11   HIGHEST GUST DIRECTION     E (80)
  AVERAGE WIND SPEED     0.3


SKY COVER
  POSSIBLE SUNSHINE  MM
  AVERAGE SKY COVER 0.2


WEATHER CONDITIONS
 THE FOLLOWING WEATHER WAS RECORDED YESTERDAY.
  LIGHT RAIN


RELATIVE HUMIDITY (PERCENT)
 HIGHEST    83           400 AM
 LOWEST     31           300 PM

..........................................................


THE MT SHASTA CITY CA CLIMATE NORMALS FOR TODAY
                         NORMAL    RECORD    YEAR
 MAXIMUM TEMPERATURE (F)   66        86      1992
 MINIMUM TEMPERATURE (F)   37        25      1999


SUNRISE AND SUNSET
MAY  4 2016...........SUNRISE   602 AM PDT   SUNSET   811 PM PDT
MAY  5 2016...........SUNRISE   601 AM PDT   SUNSET   812 PM PDT


-  INDICATES NEGATIVE NUMBERS.
R  INDICATES RECORD WAS SET OR TIED.
MM INDICATES DATA IS MISSING.
T  INDICATES TRACE AMOUNT.




$$
