000
CDUS46 KMFR 180836
CLIMHS


CLIMATE REPORT
NATIONAL WEATHER SERVICE MEDFORD, OR
136 AM PDT FRI APR 18 2014


...................................

...THE MT SHASTA CITY CA CLIMATE SUMMARY FOR APRIL 17 2014...

CLIMATE NORMAL PERIOD 1981 TO 2010
CLIMATE RECORD PERIOD 1908 TO 2014


WEATHER ITEM   OBSERVED TIME   RECORD YEAR NORMAL DEPARTURE LAST
                VALUE   (LST)  VALUE       VALUE  FROM      YEAR
                                                  NORMAL
..................................................................
TEMPERATURE (F)
 YESTERDAY
  MAXIMUM         68   1138 AM  80    1939  61      7       55
  MINIMUM         38    607 AM  19    1927  33      5       33
  AVERAGE         53                        47      6       44

PRECIPITATION (IN)
  YESTERDAY        0.02          2.23 1967   0.10  -0.08     0.00
  MONTH TO DATE    0.56                      1.80  -1.24     0.77
  SINCE SEP 1     13.79                     37.93 -24.14    26.21
  SINCE JAN 1     10.97                     22.05 -11.08     5.51

SNOWFALL (IN)
  YESTERDAY       MM                         0.2   MM       MM
  MONTH TO DATE   MM                         4.2   MM       MM
  SINCE JUL 1      0.0                      90.3  -90.3     MM
  SNOW DEPTH      MM

DEGREE DAYS
 HEATING
  YESTERDAY       12                        18     -6       21
  MONTH TO DATE  224                       326   -102      303
  SINCE MAR 1    828                      1030   -202      918
  SINCE JUL 1   4444                      5005   -561     4636

 COOLING
  YESTERDAY        0                         0      0        0
  MONTH TO DATE    0                         0      0        0
  SINCE MAR 1      0                         0      0        0
  SINCE JAN 1      0                         0      0        0
..................................................................


WIND (MPH)
  HIGHEST WIND SPEED    15   HIGHEST WIND DIRECTION     N (350)
  HIGHEST GUST SPEED    27   HIGHEST GUST DIRECTION     N (350)
  AVERAGE WIND SPEED     5.4


SKY COVER
  POSSIBLE SUNSHINE  MM
  AVERAGE SKY COVER 0.4


WEATHER CONDITIONS
 THE FOLLOWING WEATHER WAS RECORDED YESTERDAY.
  LIGHT RAIN


RELATIVE HUMIDITY (PERCENT)
 HIGHEST    85           600 AM
 LOWEST     37          1000 AM

..........................................................


THE MT SHASTA CITY CA CLIMATE NORMALS FOR TODAY
                         NORMAL    RECORD    YEAR
 MAXIMUM TEMPERATURE (F)   61        78      1939
 MINIMUM TEMPERATURE (F)   34        18      1955


SUNRISE AND SUNSET
APRIL 18 2014.........SUNRISE   625 AM PDT   SUNSET   753 PM PDT
APRIL 19 2014.........SUNRISE   623 AM PDT   SUNSET   754 PM PDT


-  INDICATES NEGATIVE NUMBERS.
R  INDICATES RECORD WAS SET OR TIED.
MM INDICATES DATA IS MISSING.
T  INDICATES TRACE AMOUNT.




$$
