000
CDUS46 KMFR 210836
CLIMHS


CLIMATE REPORT
NATIONAL WEATHER SERVICE MEDFORD, OR
1236 AM PST SAT JAN 21 2017


...................................

...THE MT SHASTA CITY CA CLIMATE SUMMARY FOR JANUARY 20 2017...

CLIMATE NORMAL PERIOD 1981 TO 2010
CLIMATE RECORD PERIOD 1908 TO 2017


WEATHER ITEM   OBSERVED TIME   RECORD YEAR NORMAL DEPARTURE LAST
                VALUE   (LST)  VALUE       VALUE  FROM      YEAR
                                                  NORMAL
..................................................................
TEMPERATURE (F)
 YESTERDAY
  MAXIMUM         36    143 PM  65    1961  46    -10       46
  MINIMUM         32    952 AM  -2    1937  27      5       31
  AVERAGE         34                        36     -2       39

PRECIPITATION (IN)
  YESTERDAY        1.16          3.82 1993   0.22   0.94     0.00
  MONTH TO DATE    9.95                      4.70   5.25     8.81
  SINCE OCT 1     31.11                     19.91  11.20    18.30
  SINCE JAN 1      9.95                      4.70   5.25     8.81

SNOWFALL (IN)
  YESTERDAY       MM                         0.6   MM       MM
  MONTH TO DATE   MM                        14.3   MM       MM
  SINCE JUL 1     MM                        47.0   MM       MM
  SNOW DEPTH      MM

DEGREE DAYS
 HEATING
  YESTERDAY       31                        29      2       26
  MONTH TO DATE  648                       590     58      580
  SINCE DEC 1   1630                      1515    115     1495
  SINCE JUL 1   2815                      2912    -97     2627

 COOLING
  YESTERDAY        0                         0      0        0
  MONTH TO DATE    0                         0      0        0
  SINCE DEC 1      0                         0      0        0
  SINCE JAN 1      0                         0      0        0
..................................................................


WIND (MPH)
  HIGHEST WIND SPEED     7   HIGHEST WIND DIRECTION     E (100)
  HIGHEST GUST SPEED    14   HIGHEST GUST DIRECTION    SE (130)
  AVERAGE WIND SPEED     2.8


SKY COVER
  POSSIBLE SUNSHINE  MM
  AVERAGE SKY COVER 1.0


WEATHER CONDITIONS
 THE FOLLOWING WEATHER WAS RECORDED YESTERDAY.
  HEAVY SNOW
  SNOW
  LIGHT SNOW
  FOG
  FOG W/VISIBILITY <= 1/4 MILE


RELATIVE HUMIDITY (PERCENT)
 HIGHEST    96          1200 AM
 LOWEST     89           100 AM

..........................................................


THE MT SHASTA CITY CA CLIMATE NORMALS FOR TODAY
                         NORMAL    RECORD    YEAR
 MAXIMUM TEMPERATURE (F)   46        61      2005
                                             1961
 MINIMUM TEMPERATURE (F)   27        -2      1962


SUNRISE AND SUNSET
JANUARY 21 2017.......SUNRISE   729 AM PST   SUNSET   512 PM PST
JANUARY 22 2017.......SUNRISE   729 AM PST   SUNSET   514 PM PST


-  INDICATES NEGATIVE NUMBERS.
R  INDICATES RECORD WAS SET OR TIED.
MM INDICATES DATA IS MISSING.
T  INDICATES TRACE AMOUNT.




$$
