000
CDUS46 KMFR 200837
CLIMHS


CLIMATE REPORT
NATIONAL WEATHER SERVICE MEDFORD, OR
1237 AM PST SAT DEC 20 2014


...................................

...THE MT SHASTA CITY CA CLIMATE SUMMARY FOR DECEMBER 19 2014...

CLIMATE NORMAL PERIOD 1981 TO 2010
CLIMATE RECORD PERIOD 1908 TO 2014


WEATHER ITEM   OBSERVED TIME   RECORD YEAR NORMAL DEPARTURE LAST
                VALUE   (LST)  VALUE       VALUE  FROM      YEAR
                                                  NORMAL
..................................................................
TEMPERATURE (F)
 YESTERDAY
  MAXIMUM         46    138 PM  61    1959  44      2       40
  MINIMUM         40    346 AM   1    1924  26     14       30
  AVERAGE         43                        35      8       35

PRECIPITATION (IN)
  YESTERDAY        0.60          2.28 1981   0.29   0.31     0.01
  MONTH TO DATE   12.17                      4.68   7.49     0.24
  SINCE SEP 1     21.42                     12.71   8.71     2.82
  SINCE JAN 1     33.70                     40.04  -6.34    10.00

SNOWFALL (IN)
  YESTERDAY       MM                         0.9   MM       MM
  MONTH TO DATE   MM                        13.4   MM       MM
  SINCE JUL 1     MM                        21.2   MM        0.0
  SNOW DEPTH      MM

DEGREE DAYS
 HEATING
  YESTERDAY       22                        30     -8       30
  MONTH TO DATE  411                       562   -151      646
  SINCE DEC 1    411                       562   -151      646
  SINCE JUL 1   1421                      1959   -538     1883

 COOLING
  YESTERDAY        0                         0      0        0
  MONTH TO DATE    0                         0      0        0
  SINCE DEC 1      0                         0      0        0
  SINCE JAN 1    547                       288    259      474
..................................................................


WIND (MPH)
  HIGHEST WIND SPEED     8   HIGHEST WIND DIRECTION     E (90)
  HIGHEST GUST SPEED    17   HIGHEST GUST DIRECTION     E (90)
  AVERAGE WIND SPEED     3.5


SKY COVER
  POSSIBLE SUNSHINE  MM
  AVERAGE SKY COVER 0.9


WEATHER CONDITIONS
 THE FOLLOWING WEATHER WAS RECORDED YESTERDAY.
  RAIN
  LIGHT RAIN
  FOG


RELATIVE HUMIDITY (PERCENT)
 HIGHEST    96          1000 AM
 LOWEST     83           300 PM

..........................................................


THE MT SHASTA CITY CA CLIMATE NORMALS FOR TODAY
                         NORMAL    RECORD    YEAR
 MAXIMUM TEMPERATURE (F)   44        61      1946
 MINIMUM TEMPERATURE (F)   26         4      1914


SUNRISE AND SUNSET
DECEMBER 20 2014......SUNRISE   731 AM PST   SUNSET   443 PM PST
DECEMBER 21 2014......SUNRISE   732 AM PST   SUNSET   443 PM PST


-  INDICATES NEGATIVE NUMBERS.
R  INDICATES RECORD WAS SET OR TIED.
MM INDICATES DATA IS MISSING.
T  INDICATES TRACE AMOUNT.




$$
