000
CDUS42 KMFL 042017
CLIMIA


CLIMATE REPORT
NATIONAL WEATHER SERVICE MIAMI, FL
416 PM EDT WED MAY 4 2016


...................................

...THE MIAMI CLIMATE SUMMARY FOR MAY 4 2016...
VALID TODAY AS OF 0400 PM LOCAL TIME.

CLIMATE NORMAL PERIOD 1981 TO 2010
CLIMATE RECORD PERIOD 1895 TO 2016


WEATHER ITEM   OBSERVED TIME   RECORD YEAR NORMAL DEPARTURE LAST
                VALUE   (LST)  VALUE       VALUE  FROM      YEAR
                                                  NORMAL
..................................................................
TEMPERATURE (F)
 TODAY
  MAXIMUM         84   1021 AM  93    1951  86     -2       80
  MINIMUM         71    230 PM  54    1940  71      0       71
                                      1921
  AVERAGE         78                        78      0       76

PRECIPITATION (IN)
  TODAY            2.18         11.51 1977   0.11   2.07      T
  MONTH TO DATE    2.79                      0.42   2.37      T
  SINCE NOV 1     32.28                     15.74  16.54    13.09
  SINCE JAN 1     14.91                     10.43   4.48     9.11

SNOWFALL (IN)
  TODAY            0.0
  MONTH TO DATE    0.0
  SINCE MAR 1      0.0
  SINCE JUL 1      0.0
  SNOW DEPTH       0

DEGREE DAYS
 HEATING
  TODAY            0                         0      0        0
  MONTH TO DATE    0                         0      0        0
  SINCE MAR 1      0                        12    -12        0
  SINCE JUL 1     67                       128    -61       76

 COOLING
  TODAY           13                        13      0       11
  MONTH TO DATE   64                        52     12       45
  SINCE MAR 1    795                       623    172      885
  SINCE JAN 1   1052                       945    107     1224
..................................................................


WIND (MPH)
  HIGHEST WIND SPEED    18   HIGHEST WIND DIRECTION     S (190)
  HIGHEST GUST SPEED    26   HIGHEST GUST DIRECTION     S (200)
  AVERAGE WIND SPEED     5.1


SKY COVER
  AVERAGE SKY COVER 0.7


WEATHER CONDITIONS
 THE FOLLOWING WEATHER WAS RECORDED TODAY.
  THUNDERSTORM
  HEAVY RAIN
  RAIN
  LIGHT RAIN
  FOG


RELATIVE HUMIDITY (PERCENT)
 HIGHEST   100
 LOWEST     74
 AVERAGE    87

..........................................................


THE MIAMI CLIMATE NORMALS FOR TOMORROW
                         NORMAL    RECORD    YEAR
 MAXIMUM TEMPERATURE (F)   86        91      2006
                                             1998
                                             1937
 MINIMUM TEMPERATURE (F)   71        50      1921


SUNRISE AND SUNSET
MAY  4 2016...........SUNRISE   642 AM EDT   SUNSET   754 PM EDT
MAY  5 2016...........SUNRISE   641 AM EDT   SUNSET   755 PM EDT


-  INDICATES NEGATIVE NUMBERS.
R  INDICATES RECORD WAS SET OR TIED.
MM INDICATES DATA IS MISSING.
T  INDICATES TRACE AMOUNT.




$$
