000
CDUS42 KMFL 300840
CLIMIA


CLIMATE REPORT
NATIONAL WEATHER SERVICE MIAMI, FL
440 AM EDT THU MAR 30 2017


...................................

...THE MIAMI CLIMATE SUMMARY FOR MARCH 29 2017...

CLIMATE NORMAL PERIOD 1981 TO 2010
CLIMATE RECORD PERIOD 1895 TO 2017


WEATHER ITEM   OBSERVED TIME   RECORD YEAR NORMAL DEPARTURE LAST
                VALUE   (LST)  VALUE       VALUE  FROM      YEAR
                                                  NORMAL
..................................................................
TEMPERATURE (F)
 YESTERDAY
  MAXIMUM         84   1255 PM  90    1974  81      3       88
  MINIMUM         72    452 AM  52    1955  66      6       69
                                      1937
  AVERAGE         78                        74      4       79

PRECIPITATION (IN)
  YESTERDAY        0.00          2.07 1966   0.11  -0.11     0.02
  MONTH TO DATE    3.92                      2.77   1.15     0.26
  SINCE NOV 1     11.90                     11.95  -0.05    28.05
  SINCE JAN 1      8.63                      6.64   1.99    10.68

SNOWFALL (IN)
  YESTERDAY        0.0
  MONTH TO DATE    0.0
  SINCE MAR 1      0.0
  SINCE JUL 1      0.0
  SNOW DEPTH       0

DEGREE DAYS
 HEATING
  YESTERDAY        0                         0      0        0
  MONTH TO DATE    3                         8     -5        0
  SINCE MAR 1      3                         8     -5        0
  SINCE JUL 1     17                       124   -107       67

 COOLING
  YESTERDAY       13                         9      4       14
  MONTH TO DATE  242                       229     13      338
  SINCE MAR 1    242                       229     13      338
  SINCE JAN 1    736                       551    185      595
..................................................................


WIND (MPH)
  HIGHEST WIND SPEED    15   HIGHEST WIND DIRECTION    SE (120)
  HIGHEST GUST SPEED    20   HIGHEST GUST DIRECTION    SE (130)
  AVERAGE WIND SPEED     5.8


SKY COVER
  POSSIBLE SUNSHINE  88 PERCENT
  AVERAGE SKY COVER 0.2


WEATHER CONDITIONS
 THE FOLLOWING WEATHER WAS RECORDED YESTERDAY.
  NO SIGNIFICANT WEATHER WAS OBSERVED.


RELATIVE HUMIDITY (PERCENT)
 HIGHEST    79
 LOWEST     47
 AVERAGE    63

..........................................................


THE MIAMI CLIMATE NORMALS FOR TODAY
                         NORMAL    RECORD    YEAR
 MAXIMUM TEMPERATURE (F)   81        90      1974
                                             1911
                                             1909
 MINIMUM TEMPERATURE (F)   66        48      1941


SUNRISE AND SUNSET
MARCH 30 2017.........SUNRISE   714 AM EDT   SUNSET   737 PM EDT
MARCH 31 2017.........SUNRISE   713 AM EDT   SUNSET   738 PM EDT


-  INDICATES NEGATIVE NUMBERS.
R  INDICATES RECORD WAS SET OR TIED.
MM INDICATES DATA IS MISSING.
T  INDICATES TRACE AMOUNT.




$$
