000
CDUS42 KMFL 312015
CLIMIA


CLIMATE REPORT
NATIONAL WEATHER SERVICE MIAMI, FL
415 PM EDT WED AUG 31 2016


...................................

...THE MIAMI CLIMATE SUMMARY FOR AUGUST 31 2016...
VALID TODAY AS OF 0400 PM LOCAL TIME.

CLIMATE NORMAL PERIOD 1981 TO 2010
CLIMATE RECORD PERIOD 1895 TO 2016


WEATHER ITEM   OBSERVED TIME   RECORD YEAR NORMAL DEPARTURE LAST
                VALUE   (LST)  VALUE       VALUE  FROM      YEAR
                                                  NORMAL
..................................................................
TEMPERATURE (F)
 TODAY
  MAXIMUM         87   1229 PM  95    1998  90     -3       91
  MINIMUM         78   1209 AM  70    1942  77      1       78
  AVERAGE         83                        84     -1       85

PRECIPITATION (IN)
  TODAY            0.00          2.72 1973   0.32  -0.32     0.00
  MONTH TO DATE   13.01                      8.88   4.13     9.02
  SINCE JUN 1     25.84                     25.05   0.79    18.53
  SINCE JAN 1     46.23                     40.40   5.83    30.03

SNOWFALL (IN)
  TODAY            0.0
  MONTH TO DATE    0.0
  SINCE JUN 1      0.0
  SINCE JUL 1      0.0
  SNOW DEPTH       0

DEGREE DAYS
 HEATING
  TODAY            0                         0      0        0
  MONTH TO DATE    0                         0      0        0
  SINCE JUN 1      0                         0      0        0
  SINCE JUL 1      0                         0      0        0

 COOLING
  TODAY           18                        19     -1       20
  MONTH TO DATE  591                       595     -4      617
  SINCE JUN 1   1772                      1719     53     1801
  SINCE JAN 1   3234                      3075    159     3478
..................................................................


WIND (MPH)
  HIGHEST WIND SPEED    17   HIGHEST WIND DIRECTION    SE (140)
  HIGHEST GUST SPEED    26   HIGHEST GUST DIRECTION     S (180)
  AVERAGE WIND SPEED    10.9


SKY COVER
  AVERAGE SKY COVER 1.0


WEATHER CONDITIONS
 THE FOLLOWING WEATHER WAS RECORDED TODAY.
  NO SIGNIFICANT WEATHER WAS OBSERVED.


RELATIVE HUMIDITY (PERCENT)
 HIGHEST    97
 LOWEST     82
 AVERAGE    90

..........................................................


THE MIAMI CLIMATE NORMALS FOR TOMORROW
                         NORMAL    RECORD    YEAR
 MAXIMUM TEMPERATURE (F)   90        95      2006
 MINIMUM TEMPERATURE (F)   77        69      1919


SUNRISE AND SUNSET
AUGUST 31 2016........SUNRISE   701 AM EDT   SUNSET   741 PM EDT
SEPTEMBER  1 2016.....SUNRISE   702 AM EDT   SUNSET   740 PM EDT


-  INDICATES NEGATIVE NUMBERS.
R  INDICATES RECORD WAS SET OR TIED.
MM INDICATES DATA IS MISSING.
T  INDICATES TRACE AMOUNT.




$$
