000
CDUS42 KMFL 130823
CLIMIA


CLIMATE REPORT
NATIONAL WEATHER SERVICE MIAMI, FL
423 AM EDT SUN JUL 13 2014


...................................

...THE MIAMI CLIMATE SUMMARY FOR JULY 12 2014...

CLIMATE NORMAL PERIOD 1981 TO 2010
CLIMATE RECORD PERIOD 1839 TO 2014


WEATHER ITEM   OBSERVED TIME   RECORD YEAR NORMAL DEPARTURE LAST
                VALUE   (LST)  VALUE       VALUE  FROM      YEAR
                                                  NORMAL
..................................................................
TEMPERATURE (F)
 YESTERDAY
  MAXIMUM         90    207 PM  95    1981  91     -1       89
  MINIMUM         76   1056 PM  69    1934  77     -1       74
                                      1922
  AVERAGE         83                        84     -1       82

PRECIPITATION (IN)
  YESTERDAY        0.16          2.31 2012   0.20  -0.04     1.38
  MONTH TO DATE    3.25                      2.86   0.39     3.17
  SINCE JUN 1     22.87                     12.53  10.34     9.35
  SINCE JAN 1     33.02                     27.88   5.14    28.72

SNOWFALL (IN)
  YESTERDAY        0.0
  MONTH TO DATE    0.0
  SINCE JUN 1      0.0
  SINCE JUL 1      0.0
  SNOW DEPTH       0

DEGREE DAYS
 HEATING
  YESTERDAY        0                         0      0
  MONTH TO DATE    0                         0      0
  SINCE JUN 1      0                         0      0
  SINCE JUL 1      0                         0      0

 COOLING
  YESTERDAY       18                        19     -1
  MONTH TO DATE  223                       227     -4
  SINCE JUN 1    725                       759    -34
  SINCE JAN 1   2299                      2115    184
..................................................................


WIND (MPH)
  HIGHEST WIND SPEED    17   HIGHEST WIND DIRECTION    NW (310)
  HIGHEST GUST SPEED    27   HIGHEST GUST DIRECTION     W (280)
  AVERAGE WIND SPEED     7.3


SKY COVER
  POSSIBLE SUNSHINE  61 PERCENT
  AVERAGE SKY COVER 0.6


WEATHER CONDITIONS
 THE FOLLOWING WEATHER WAS RECORDED YESTERDAY.
  THUNDERSTORM
  RAIN
  LIGHT RAIN
  FOG


RELATIVE HUMIDITY (PERCENT)
 HIGHEST    85
 LOWEST     56
 AVERAGE    71

..........................................................


THE MIAMI CLIMATE NORMALS FOR TODAY
                         NORMAL    RECORD    YEAR
 MAXIMUM TEMPERATURE (F)   91        96      1987
 MINIMUM TEMPERATURE (F)   77        66      1936


SUNRISE AND SUNSET
JULY 13 2014..........SUNRISE   638 AM EDT   SUNSET   815 PM EDT
JULY 14 2014..........SUNRISE   639 AM EDT   SUNSET   815 PM EDT


-  INDICATES NEGATIVE NUMBERS.
R  INDICATES RECORD WAS SET OR TIED.
MM INDICATES DATA IS MISSING.
T  INDICATES TRACE AMOUNT.




$$
