000
CDUS42 KMFL 292015
CLIMIA


CLIMATE REPORT
NATIONAL WEATHER SERVICE MIAMI, FL
415 PM EDT MON JUN 29 2015


...................................

...THE MIAMI CLIMATE SUMMARY FOR JUNE 29 2015...
VALID TODAY AS OF 0400 PM LOCAL TIME.

CLIMATE NORMAL PERIOD 1981 TO 2010
CLIMATE RECORD PERIOD 1895 TO 2015


WEATHER ITEM   OBSERVED TIME   RECORD YEAR NORMAL DEPARTURE LAST
                VALUE   (LST)  VALUE       VALUE  FROM      YEAR
                                                  NORMAL
..................................................................
TEMPERATURE (F)
 TODAY
  MAXIMUM         93   1222 PM  94    1993  90      3       93
                                      1988
  MINIMUM         76    542 AM  68    1938  77     -1       73
                                      1908
  AVERAGE         85                        83      2       83

PRECIPITATION (IN)
  TODAY            T             3.25 1966   0.33  -0.33     1.91
  MONTH TO DATE    3.29                      9.35  -6.06    17.68
  SINCE JUN 1      3.29                      9.35  -6.06    17.68
  SINCE JAN 1     14.79                     24.70  -9.91    27.83

SNOWFALL (IN)
  TODAY            0.0
  MONTH TO DATE    0.0
  SINCE JUN 1      0.0
  SINCE JUL 1      0.0
  SNOW DEPTH       0

DEGREE DAYS
 HEATING
  TODAY            0                         0      0        0
  MONTH TO DATE    0                         0      0        0
  SINCE JUN 1      0                         0      0        0
  SINCE JUL 1     76                       128    -52       61

 COOLING
  TODAY           20                        18      2       18
  MONTH TO DATE  543                       513     30      484
  SINCE JUN 1    543                       513     30      484
  SINCE JAN 1   2220                      1869    351     2058
..................................................................


WIND (MPH)
  HIGHEST WIND SPEED    16   HIGHEST WIND DIRECTION    SE (130)
  HIGHEST GUST SPEED    23   HIGHEST GUST DIRECTION    SE (150)
  AVERAGE WIND SPEED     3.7


SKY COVER
  AVERAGE SKY COVER 0.5


WEATHER CONDITIONS
 THE FOLLOWING WEATHER WAS RECORDED TODAY.
  NO SIGNIFICANT WEATHER WAS OBSERVED.


RELATIVE HUMIDITY (PERCENT)
 HIGHEST    88
 LOWEST     49
 AVERAGE    69

..........................................................


THE MIAMI CLIMATE NORMALS FOR TOMORROW
                         NORMAL    RECORD    YEAR
 MAXIMUM TEMPERATURE (F)   90        95      1993
 MINIMUM TEMPERATURE (F)   77        68      1938


SUNRISE AND SUNSET
JUNE 29 2015..........SUNRISE   632 AM EDT   SUNSET   817 PM EDT
JUNE 30 2015..........SUNRISE   633 AM EDT   SUNSET   817 PM EDT


-  INDICATES NEGATIVE NUMBERS.
R  INDICATES RECORD WAS SET OR TIED.
MM INDICATES DATA IS MISSING.
T  INDICATES TRACE AMOUNT.




$$
