000
CDUS42 KMFL 260914
CLIMIA


CLIMATE REPORT
NATIONAL WEATHER SERVICE MIAMI, FL
513 AM EDT WED JUL 26 2017


...................................

...THE MIAMI CLIMATE SUMMARY FOR JULY 25 2017...

CLIMATE NORMAL PERIOD 1981 TO 2010
CLIMATE RECORD PERIOD 1895 TO 2017


WEATHER ITEM   OBSERVED TIME   RECORD YEAR NORMAL DEPARTURE LAST
                VALUE   (LST)  VALUE       VALUE  FROM      YEAR
                                                  NORMAL
..................................................................
TEMPERATURE (F)
 YESTERDAY
  MAXIMUM         94    108 PM  96    1940  91      3       91
  MINIMUM         82    423 AM  71    1984  78      4       78
                                      1951
                                      1910
  AVERAGE         88                        84      4       85

PRECIPITATION (IN)
  YESTERDAY        0.05          2.29 1937   0.19  -0.14     0.00
  MONTH TO DATE   11.09                      5.29   5.80     3.79
  SINCE JUN 1     27.06                     14.96  12.10    12.51
  SINCE JAN 1     40.54                     30.31  10.23    32.90

SNOWFALL (IN)
  YESTERDAY        0.0
  MONTH TO DATE    0.0
  SINCE JUN 1      0.0
  SINCE JUL 1      0.0
  SNOW DEPTH       0

DEGREE DAYS
 HEATING
  YESTERDAY        0                         0      0        0
  MONTH TO DATE    0                         0      0        0
  SINCE JUN 1      0                         0      0        0
  SINCE JUL 1      0                         0      0        0

 COOLING
  YESTERDAY       23                        19      4       20
  MONTH TO DATE  525                       474     51      499
  SINCE JUN 1   1094                      1006     88     1060
  SINCE JAN 1   2798                      2362    436     2522
..................................................................


WIND (MPH)
  HIGHEST WIND SPEED    14   HIGHEST WIND DIRECTION    SW (230)
  HIGHEST GUST SPEED    19   HIGHEST GUST DIRECTION    SE (140)
  AVERAGE WIND SPEED     4.4


SKY COVER
  POSSIBLE SUNSHINE  37 PERCENT
  AVERAGE SKY COVER 0.7


WEATHER CONDITIONS
 THE FOLLOWING WEATHER WAS RECORDED YESTERDAY.
  THUNDERSTORM
  RAIN
  LIGHT RAIN


RELATIVE HUMIDITY (PERCENT)
 HIGHEST    85
 LOWEST     56
 AVERAGE    71

..........................................................


THE MIAMI CLIMATE NORMALS FOR TODAY
                         NORMAL    RECORD    YEAR
 MAXIMUM TEMPERATURE (F)   91        97      1983
 MINIMUM TEMPERATURE (F)   78        70      1946


SUNRISE AND SUNSET
JULY 26 2017..........SUNRISE   645 AM EDT   SUNSET   810 PM EDT
JULY 27 2017..........SUNRISE   645 AM EDT   SUNSET   810 PM EDT


-  INDICATES NEGATIVE NUMBERS.
R  INDICATES RECORD WAS SET OR TIED.
MM INDICATES DATA IS MISSING.
T  INDICATES TRACE AMOUNT.




$$
