000
CDUS42 KMFL 210922
CLIMIA


CLIMATE REPORT
NATIONAL WEATHER SERVICE MIAMI, FL
421 AM EST SAT JAN 21 2017


...................................

...THE MIAMI CLIMATE SUMMARY FOR JANUARY 20 2017...

CLIMATE NORMAL PERIOD 1981 TO 2010
CLIMATE RECORD PERIOD 1895 TO 2017


WEATHER ITEM   OBSERVED TIME   RECORD YEAR NORMAL DEPARTURE LAST
                VALUE   (LST)  VALUE       VALUE  FROM      YEAR
                                                  NORMAL
..................................................................
TEMPERATURE (F)
 YESTERDAY
  MAXIMUM         83    237 PM  87    1947  76      7       72
  MINIMUM         65    619 AM  31    1977  60      5       52
  AVERAGE         74                        68      6       62

PRECIPITATION (IN)
  YESTERDAY        0.00          2.26 1983   0.05  -0.05     0.00
  MONTH TO DATE    1.54                      1.00   0.54     3.94
  SINCE NOV 1      4.81                      6.31  -1.50    21.31
  SINCE JAN 1      1.54                      1.00   0.54     3.94

SNOWFALL (IN)
  YESTERDAY        0.0
  MONTH TO DATE    0.0
  SINCE DEC 1      0.0
  SINCE JUL 1      0.0
  SNOW DEPTH      MM

DEGREE DAYS
 HEATING
  YESTERDAY        0                         2     -2        3
  MONTH TO DATE    6                        40    -34       16
  SINCE DEC 1      6                        74    -68       16
  SINCE JUL 1      6                        77    -71       16

 COOLING
  YESTERDAY        9                         5      4        0
  MONTH TO DATE  189                       100     89       91
  SINCE DEC 1    560                       303    257      479
  SINCE JAN 1    189                       100     89       91
..................................................................


WIND (MPH)
  HIGHEST WIND SPEED    15   HIGHEST WIND DIRECTION    SE (130)
  HIGHEST GUST SPEED    22   HIGHEST GUST DIRECTION     S (180)
  AVERAGE WIND SPEED     4.0


SKY COVER
  POSSIBLE SUNSHINE  MM
  AVERAGE SKY COVER  MM


WEATHER CONDITIONS
 THE FOLLOWING WEATHER WAS RECORDED YESTERDAY.
  NO SIGNIFICANT WEATHER WAS OBSERVED.


RELATIVE HUMIDITY (PERCENT)
 HIGHEST    MM
 LOWEST     MM
 AVERAGE    MM

..........................................................


THE MIAMI CLIMATE NORMALS FOR TODAY
                         NORMAL    RECORD    YEAR
 MAXIMUM TEMPERATURE (F)   76        85      1990
                                             1989
                                             1953
 MINIMUM TEMPERATURE (F)   60        34      1985


SUNRISE AND SUNSET
JANUARY 21 2017.......SUNRISE   709 AM EST   SUNSET   557 PM EST
JANUARY 22 2017.......SUNRISE   708 AM EST   SUNSET   557 PM EST


-  INDICATES NEGATIVE NUMBERS.
R  INDICATES RECORD WAS SET OR TIED.
MM INDICATES DATA IS MISSING.
T  INDICATES TRACE AMOUNT.




$$
