000
CDUS42 KMFL 270826
CLIMIA


CLIMATE REPORT
NATIONAL WEATHER SERVICE MIAMI, FL
425 AM EDT WED MAY 27 2015


...................................

...THE MIAMI CLIMATE SUMMARY FOR MAY 26 2015...

CLIMATE NORMAL PERIOD 1981 TO 2010
CLIMATE RECORD PERIOD 1895 TO 2015


WEATHER ITEM   OBSERVED TIME   RECORD YEAR NORMAL DEPARTURE LAST
                VALUE   (LST)  VALUE       VALUE  FROM      YEAR
                                                  NORMAL
..................................................................
TEMPERATURE (F)
 YESTERDAY
  MAXIMUM         89    117 PM  94    1949  88      1       89
  MINIMUM         80   1159 PM  65    1950  74      6       75
                                      1908
  AVERAGE         85                        81      4       82

PRECIPITATION (IN)
  YESTERDAY        0.03          2.92 1943   0.24  -0.21     0.00
  MONTH TO DATE    1.53                      4.08  -2.55     3.23
  SINCE NOV 1     14.62                     19.40  -4.78    20.49
  SINCE JAN 1     10.64                     14.09  -3.45    10.09

SNOWFALL (IN)
  YESTERDAY        0.0
  MONTH TO DATE    0.0
  SINCE MAR 1      0.0
  SINCE JUL 1      0.0
  SNOW DEPTH       0

DEGREE DAYS
 HEATING
  YESTERDAY        0                         0      0        0
  MONTH TO DATE    0                         0      0        0
  SINCE MAR 1      0                        12    -12        0
  SINCE JUL 1     76                       128    -52       61

 COOLING
  YESTERDAY       20                        16      4       17
  MONTH TO DATE  416                       380     36      407
  SINCE MAR 1   1256                       951    305     1067
  SINCE JAN 1   1595                      1273    322     1488
..................................................................


WIND (MPH)
  HIGHEST WIND SPEED    21   HIGHEST WIND DIRECTION     E (100)
  HIGHEST GUST SPEED    25   HIGHEST GUST DIRECTION     E (80)
  AVERAGE WIND SPEED    14.6


SKY COVER
  POSSIBLE SUNSHINE  43 PERCENT
  AVERAGE SKY COVER 0.6


WEATHER CONDITIONS
 THE FOLLOWING WEATHER WAS RECORDED YESTERDAY.
  NO SIGNIFICANT WEATHER WAS OBSERVED.


RELATIVE HUMIDITY (PERCENT)
 HIGHEST    74
 LOWEST     55
 AVERAGE    65

..........................................................


THE MIAMI CLIMATE NORMALS FOR TODAY
                         NORMAL    RECORD    YEAR
 MAXIMUM TEMPERATURE (F)   88        96      1902
 MINIMUM TEMPERATURE (F)   75        64      1937
                                             1908


SUNRISE AND SUNSET
MAY 27 2015...........SUNRISE   631 AM EDT   SUNSET   806 PM EDT
MAY 28 2015...........SUNRISE   631 AM EDT   SUNSET   806 PM EDT


-  INDICATES NEGATIVE NUMBERS.
R  INDICATES RECORD WAS SET OR TIED.
MM INDICATES DATA IS MISSING.
T  INDICATES TRACE AMOUNT.




$$
