000
CDUS42 KMFL 260833
CLIMIA


CLIMATE REPORT
NATIONAL WEATHER SERVICE MIAMI, FL
433 AM EDT MON SEP 26 2016


...................................

...THE MIAMI CLIMATE SUMMARY FOR SEPTEMBER 25 2016...

CLIMATE NORMAL PERIOD 1981 TO 2010
CLIMATE RECORD PERIOD 1895 TO 2016


WEATHER ITEM   OBSERVED TIME   RECORD YEAR NORMAL DEPARTURE LAST
                VALUE   (LST)  VALUE       VALUE  FROM      YEAR
                                                  NORMAL
..................................................................
TEMPERATURE (F)
 YESTERDAY
  MAXIMUM         89   1232 PM  92    1987  89      0       90
                                      1940
                                      1908
  MINIMUM         75    456 AM  65    1903  76     -1       77
  AVERAGE         82                        82      0       84

PRECIPITATION (IN)
  YESTERDAY        0.00          6.57 1917   0.33  -0.33     0.02
  MONTH TO DATE    4.74                      8.27  -3.53     9.46
  SINCE JUN 1     31.34                     33.32  -1.98    27.99
  SINCE JAN 1     51.73                     48.67   3.06    39.49

SNOWFALL (IN)
  YESTERDAY        0.0
  MONTH TO DATE    0.0
  SINCE SEP 1      0.0
  SINCE JUL 1      0.0
  SNOW DEPTH       0

DEGREE DAYS
 HEATING
  YESTERDAY        0                         0      0        0
  MONTH TO DATE    0                         0      0        0
  SINCE SEP 1      0                         0      0        0
  SINCE JUL 1      0                         0      0        0

 COOLING
  YESTERDAY       17                        17      0       19
  MONTH TO DATE  475                       451     24      468
  SINCE SEP 1    475                       451     24      468
  SINCE JAN 1   3707                      3526    181     3946
..................................................................


WIND (MPH)
  HIGHEST WIND SPEED    15   HIGHEST WIND DIRECTION     E (90)
  HIGHEST GUST SPEED    20   HIGHEST GUST DIRECTION     S (160)
  AVERAGE WIND SPEED     6.4


SKY COVER
  POSSIBLE SUNSHINE  52 PERCENT
  AVERAGE SKY COVER 0.6


WEATHER CONDITIONS
 THE FOLLOWING WEATHER WAS RECORDED YESTERDAY.
  THUNDERSTORM


RELATIVE HUMIDITY (PERCENT)
 HIGHEST   100
 LOWEST     65
 AVERAGE    83

..........................................................


THE MIAMI CLIMATE NORMALS FOR TODAY
                         NORMAL    RECORD    YEAR
 MAXIMUM TEMPERATURE (F)   89        94      1952
 MINIMUM TEMPERATURE (F)   76        69      1983


SUNRISE AND SUNSET
SEPTEMBER 26 2016.....SUNRISE   712 AM EDT   SUNSET   713 PM EDT
SEPTEMBER 27 2016.....SUNRISE   712 AM EDT   SUNSET   711 PM EDT


-  INDICATES NEGATIVE NUMBERS.
R  INDICATES RECORD WAS SET OR TIED.
MM INDICATES DATA IS MISSING.
T  INDICATES TRACE AMOUNT.




$$
