000
CDUS43 KIND 170533
CLIMIE


CLIMATE REPORT
NATIONAL WEATHER SERVICE INDIANAPOLIS IN
133 AM EDT THU AUG 17 2017


...................................

...THE MUNCIE IN CLIMATE SUMMARY FOR AUGUST 16 2017...

CLIMATE NORMAL PERIOD 1981 TO 2010
CLIMATE RECORD PERIOD 9999 TO 9999


WEATHER ITEM   OBSERVED TIME   NORMAL DEPARTURE LAST
                VALUE   (LST)  VALUE  FROM      YEAR
                                      NORMAL
......................................................
TEMPERATURE (F)
 YESTERDAY
  MAXIMUM         91    311 PM  83      8       81
  MINIMUM         65    536 AM  63      2       73
  AVERAGE         78            73      5       77

PRECIPITATION (IN)
  YESTERDAY        0.00          0.11  -0.11     0.48
  MONTH TO DATE    0.31          1.68  -1.37     5.70
  SINCE JUN 1     13.93         10.72   3.21    11.65
  SINCE JAN 1     33.50         26.29   7.21    25.72

DEGREE DAYS
 HEATING
  YESTERDAY        0             0      0        0
  MONTH TO DATE    0             0      0        0
  SINCE JUN 1      3            27    -24        6
  SINCE JUL 1      0             3     -3        3

 COOLING
  YESTERDAY       13             8      5       12
  MONTH TO DATE  100           130    -30      208
  SINCE JUN 1    670           640     30      829
  SINCE JAN 1    786           723     63      936
......................................................


WIND (MPH)
  HIGHEST WIND SPEED    12   HIGHEST WIND DIRECTION    SW (220)
  HIGHEST GUST SPEED    24   HIGHEST GUST DIRECTION     S (190)
  AVERAGE WIND SPEED     3.9


SKY COVER
  AVERAGE SKY COVER 0.2


WEATHER CONDITIONS
 THE FOLLOWING WEATHER WAS RECORDED YESTERDAY.
  FOG
  HAZE


RELATIVE HUMIDITY (PERCENT)
 HIGHEST    93          1200 AM
 LOWEST     44           200 PM
 AVERAGE    69

..........................................................


THE MUNCIE IN CLIMATE NORMALS FOR TODAY
                         NORMAL
 MAXIMUM TEMPERATURE (F)   83
 MINIMUM TEMPERATURE (F)   63


SUNRISE AND SUNSET
AUGUST 17 2017........SUNRISE   655 AM EDT   SUNSET   835 PM EDT
AUGUST 18 2017........SUNRISE   656 AM EDT   SUNSET   834 PM EDT


-  INDICATES NEGATIVE NUMBERS.
R  INDICATES RECORD WAS SET OR TIED.
MM INDICATES DATA IS MISSING.
T  INDICATES TRACE AMOUNT.




$$
