000
CDUS43 KIND 260537
CLIMIE


CLIMATE REPORT
NATIONAL WEATHER SERVICE INDIANAPOLIS IN
1237 AM EST FRI DEC 26 2014


...................................

...THE MUNCIE IN CLIMATE SUMMARY FOR DECEMBER 25 2014...

CLIMATE NORMAL PERIOD 1981 TO 2010
CLIMATE RECORD PERIOD 9999 TO 9999


WEATHER ITEM   OBSERVED TIME   NORMAL DEPARTURE LAST
                VALUE   (LST)  VALUE  FROM      YEAR
                                      NORMAL
......................................................
TEMPERATURE (F)
 YESTERDAY
  MAXIMUM         39    553 PM  35      4       28
  MINIMUM         35   1145 PM  21     14       17
  AVERAGE         37            28      9       23

PRECIPITATION (IN)
  YESTERDAY        0.01          0.09  -0.08     0.00
  MONTH TO DATE    1.64          2.36  -0.72     4.66
  SINCE DEC 1      1.64          2.36  -0.72     4.66
  SINCE JAN 1     38.93         39.60  -0.67    39.08

DEGREE DAYS
 HEATING
  YESTERDAY       28            37     -9       42
  MONTH TO DATE  749           840    -91      889
  SINCE DEC 1    749           840    -91      889
  SINCE JUL 1   2102          1975    127     2140

 COOLING
  YESTERDAY        0             0      0        0
  MONTH TO DATE    0             0      0        0
  SINCE DEC 1      0             0      0        0
  SINCE JAN 1    831           956   -125      973
......................................................


WIND (MPH)
  HIGHEST WIND SPEED    23   HIGHEST WIND DIRECTION     W (270)
  HIGHEST GUST SPEED    30   HIGHEST GUST DIRECTION     W (260)
  AVERAGE WIND SPEED    12.1


SKY COVER
  AVERAGE SKY COVER 0.8


WEATHER CONDITIONS
 THE FOLLOWING WEATHER WAS RECORDED YESTERDAY.
  LIGHT RAIN
  FOG


RELATIVE HUMIDITY (PERCENT)
 HIGHEST    92           100 AM
 LOWEST     70           300 PM
 AVERAGE    81

..........................................................


THE MUNCIE IN CLIMATE NORMALS FOR TODAY
                         NORMAL
 MAXIMUM TEMPERATURE (F)   35
 MINIMUM TEMPERATURE (F)   21


SUNRISE AND SUNSET
DECEMBER 26 2014......SUNRISE   803 AM EST   SUNSET   522 PM EST
DECEMBER 27 2014......SUNRISE   803 AM EST   SUNSET   522 PM EST


-  INDICATES NEGATIVE NUMBERS.
R  INDICATES RECORD WAS SET OR TIED.
MM INDICATES DATA IS MISSING.
T  INDICATES TRACE AMOUNT.




$$
