000
CDUS43 KIND 240532
CLIMIE


CLIMATE REPORT
NATIONAL WEATHER SERVICE INDIANAPOLIS IN
1231 AM EST FRI FEB 24 2017


...................................

...THE MUNCIE IN CLIMATE SUMMARY FOR FEBRUARY 23 2017...

CLIMATE NORMAL PERIOD 1981 TO 2010
CLIMATE RECORD PERIOD 9999 TO 9999


WEATHER ITEM   OBSERVED TIME   NORMAL DEPARTURE LAST
                VALUE   (LST)  VALUE  FROM      YEAR
                                      NORMAL
......................................................
TEMPERATURE (F)
 YESTERDAY
  MAXIMUM         65    452 PM  40     25       51
  MINIMUM         55   1039 PM  23     32       28
  AVERAGE         60            32     28       40

PRECIPITATION (IN)
  YESTERDAY        0.00          0.08  -0.08     0.00
  MONTH TO DATE    0.51          1.89  -1.38     0.38
  SINCE DEC 1      6.43          7.00  -0.57     6.73
  SINCE JAN 1      5.24          4.12   1.12     1.65

DEGREE DAYS
 HEATING
  YESTERDAY        5            33    -28       25
  MONTH TO DATE  513           828   -315      739
  SINCE DEC 1   2490          3086   -596     2488
  SINCE JUL 1   3192          4221  -1029     3447

 COOLING
  YESTERDAY        0             0      0        0
  MONTH TO DATE    0             0      0        0
  SINCE DEC 1      0             0      0        1
  SINCE JAN 1      0             0      0        0
......................................................


WIND (MPH)
  HIGHEST WIND SPEED    13   HIGHEST WIND DIRECTION    SW (210)
  HIGHEST GUST SPEED    19   HIGHEST GUST DIRECTION    SW (220)
  AVERAGE WIND SPEED     6.9


SKY COVER
  AVERAGE SKY COVER 0.5


WEATHER CONDITIONS
 THE FOLLOWING WEATHER WAS RECORDED YESTERDAY.
  FOG


RELATIVE HUMIDITY (PERCENT)
 HIGHEST    93           800 AM
 LOWEST     73           200 PM
 AVERAGE    83

..........................................................


THE MUNCIE IN CLIMATE NORMALS FOR TODAY
                         NORMAL
 MAXIMUM TEMPERATURE (F)   41
 MINIMUM TEMPERATURE (F)   24


SUNRISE AND SUNSET
FEBRUARY 24 2017......SUNRISE   722 AM EST   SUNSET   628 PM EST
FEBRUARY 25 2017......SUNRISE   721 AM EST   SUNSET   629 PM EST


-  INDICATES NEGATIVE NUMBERS.
R  INDICATES RECORD WAS SET OR TIED.
MM INDICATES DATA IS MISSING.
T  INDICATES TRACE AMOUNT.




$$
