000
CDUS43 KIND 280535
CLIMIE


CLIMATE REPORT
NATIONAL WEATHER SERVICE INDIANAPOLIS IN
1235 AM EST WED JAN 28 2015


...................................

...THE MUNCIE IN CLIMATE SUMMARY FOR JANUARY 27 2015...

CLIMATE NORMAL PERIOD 1981 TO 2010
CLIMATE RECORD PERIOD 9999 TO 9999


WEATHER ITEM   OBSERVED TIME   NORMAL DEPARTURE LAST
                VALUE   (LST)  VALUE  FROM      YEAR
                                      NORMAL
......................................................
TEMPERATURE (F)
 YESTERDAY
  MAXIMUM         26    359 PM  34     -8       29
  MINIMUM         12   1145 PM  19     -7       -9
  AVERAGE         19            26     -7       10

PRECIPITATION (IN)
  YESTERDAY        T             0.07  -0.07      T
  MONTH TO DATE    1.91          1.92  -0.01     0.63
  SINCE DEC 1      3.74          4.80  -1.06     5.29
  SINCE JAN 1      1.91          1.92  -0.01     0.63

DEGREE DAYS
 HEATING
  YESTERDAY       46            39      7       55
  MONTH TO DATE 1102          1044     58     1127
  SINCE DEC 1   2061          2107    -46     2216
  SINCE JUL 1   3414          3242    172     3467

 COOLING
  YESTERDAY        0             0      0        0
  MONTH TO DATE    0             0      0        0
  SINCE DEC 1      0             0      0        0
  SINCE JAN 1      0             0      0        0
......................................................


WIND (MPH)
  HIGHEST WIND SPEED     9   HIGHEST WIND DIRECTION     N (20)
  HIGHEST GUST SPEED    11   HIGHEST GUST DIRECTION    NE (30)
  AVERAGE WIND SPEED     4.5


SKY COVER
  AVERAGE SKY COVER 0.4


WEATHER CONDITIONS
 THE FOLLOWING WEATHER WAS RECORDED YESTERDAY.
  LIGHT SNOW
  FOG
  HAZE


RELATIVE HUMIDITY (PERCENT)
 HIGHEST    88          1100 PM
 LOWEST     60           100 PM
 AVERAGE    74

..........................................................


THE MUNCIE IN CLIMATE NORMALS FOR TODAY
                         NORMAL
 MAXIMUM TEMPERATURE (F)   34
 MINIMUM TEMPERATURE (F)   19


SUNRISE AND SUNSET
JANUARY 28 2015.......SUNRISE   754 AM EST   SUNSET   555 PM EST
JANUARY 29 2015.......SUNRISE   753 AM EST   SUNSET   556 PM EST


-  INDICATES NEGATIVE NUMBERS.
R  INDICATES RECORD WAS SET OR TIED.
MM INDICATES DATA IS MISSING.
T  INDICATES TRACE AMOUNT.




$$
