359
CDUS43 KMKX 260720
CLIMKE


CLIMATE REPORT
NATIONAL WEATHER SERVICE IN MILWAUKEE
220 AM CDT SUN MAR 26 2017


...................................

...THE MILWAUKEE WI CLIMATE SUMMARY FOR MARCH 25 2017...

CLIMATE NORMAL PERIOD 1981 TO 2010
CLIMATE RECORD PERIOD 1871 TO 2017


WEATHER ITEM   OBSERVED TIME   RECORD YEAR NORMAL DEPARTURE LAST
                VALUE   (LST)  VALUE       VALUE  FROM      YEAR
                                                  NORMAL
..................................................................
TEMPERATURE (F)
 YESTERDAY
  MAXIMUM         39   1159 PM  79    2007  46     -7       41
  MINIMUM         37    254 AM   0    1960  30      7       24
  AVERAGE         38                        38      0       33

PRECIPITATION (IN)
  YESTERDAY        0.19          1.28 1920   0.09   0.10     0.00
  MONTH TO DATE    1.82                      1.72   0.10     2.66
  SINCE MAR 1      1.82                      1.72   0.10     2.66
  SINCE JAN 1      5.83                      5.13   0.70     3.97

SNOWFALL (IN)
  YESTERDAY        0.0           5.2  1933   0.2   -0.2      0.0
  MONTH TO DATE   13.6                       6.2    7.4      6.6
  SINCE MAR 1     13.6                       6.2    7.4      6.6
  SINCE JUL 1     37.6                      44.0   -6.4     35.7
  SNOW DEPTH       0

DEGREE DAYS
 HEATING
  YESTERDAY       27                        27      0       32
  MONTH TO DATE  738                       775    -37      638
  SINCE MAR 1    738                       775    -37      638
  SINCE JUL 1   4737                      5755  -1018     4857

 COOLING
  YESTERDAY        0                         0      0        0
  MONTH TO DATE    0                         0      0        0
  SINCE MAR 1      0                         0      0        0
  SINCE JAN 1      0                         0      0        0
..................................................................


WIND (MPH)
  HIGHEST WIND SPEED    21   HIGHEST WIND DIRECTION    NE (30)
  HIGHEST GUST SPEED    27   HIGHEST GUST DIRECTION    NE (30)
  AVERAGE WIND SPEED    14.0


SKY COVER
  POSSIBLE SUNSHINE  MM
  AVERAGE SKY COVER 1.0


WEATHER CONDITIONS
 THE FOLLOWING WEATHER WAS RECORDED YESTERDAY.
  LIGHT RAIN
  FOG


RELATIVE HUMIDITY (PERCENT)
 HIGHEST    92           300 AM
 LOWEST     85          1200 AM
 AVERAGE    89

..........................................................


THE MILWAUKEE WI CLIMATE NORMALS FOR TODAY
                         NORMAL    RECORD    YEAR
 MAXIMUM TEMPERATURE (F)   46        80      2007
 MINIMUM TEMPERATURE (F)   31         1      1960


SUNRISE AND SUNSET
MARCH 26 2017.........SUNRISE   644 AM CDT   SUNSET   711 PM CDT
MARCH 27 2017.........SUNRISE   642 AM CDT   SUNSET   712 PM CDT


-  INDICATES NEGATIVE NUMBERS.
R  INDICATES RECORD WAS SET OR TIED.
MM INDICATES DATA IS MISSING.
T  INDICATES TRACE AMOUNT.




$$
