000
CDUS43 KMKX 280646
CLIMKE


CLIMATE REPORT
NATIONAL WEATHER SERVICE IN MILWAUKEE
145 AM CDT THU JUL 28 2016


...................................

...THE MILWAUKEE WI CLIMATE SUMMARY FOR JULY 27 2016...

CLIMATE NORMAL PERIOD 1981 TO 2010
CLIMATE RECORD PERIOD 1871 TO 2016


WEATHER ITEM   OBSERVED TIME   RECORD YEAR NORMAL DEPARTURE LAST
                VALUE   (LST)  VALUE       VALUE  FROM      YEAR
                                                  NORMAL
..................................................................
TEMPERATURE (F)
 YESTERDAY
  MAXIMUM         89   1237 PM  97    1955  80      9       85
                                      1941
                                      1919
  MINIMUM         70   1159 PM  52    1977  64      6       64
                                      1962
  AVERAGE         80                        72      8       75

PRECIPITATION (IN)
  YESTERDAY        0.00          1.50 2011   0.11  -0.11     0.00
  MONTH TO DATE    1.73                      3.22  -1.49     1.60
  SINCE JUN 1      5.22                      7.12  -1.90     4.09
  SINCE JAN 1     14.04                     19.76  -5.72    14.29

SNOWFALL (IN)
  YESTERDAY        0.0           0.0    MM   0.0    0.0      0.0
  MONTH TO DATE    0.0                       0.0    0.0      0.0
  SINCE JUN 1      0.0                       0.0    0.0      0.0
  SINCE JUL 1      0.0                       0.0    0.0      0.0
  SNOW DEPTH       0

DEGREE DAYS
 HEATING
  YESTERDAY        0                         0      0        0
  MONTH TO DATE    2                         4     -2       28
  SINCE JUN 1     31                        88    -57      130
  SINCE JUL 1      2                         4     -2       28

 COOLING
  YESTERDAY       15                         7      8       10
  MONTH TO DATE  277                       188     89      157
  SINCE JUN 1    428                       308    120      230
  SINCE JAN 1    473                       338    135      256
..................................................................


WIND (MPH)
  HIGHEST WIND SPEED    22   HIGHEST WIND DIRECTION     N (20)
  HIGHEST GUST SPEED    37   HIGHEST GUST DIRECTION     N (10)
  AVERAGE WIND SPEED     6.0


SKY COVER
  POSSIBLE SUNSHINE  MM
  AVERAGE SKY COVER 0.5


WEATHER CONDITIONS
 THE FOLLOWING WEATHER WAS RECORDED YESTERDAY.
  NO SIGNIFICANT WEATHER WAS OBSERVED.


RELATIVE HUMIDITY (PERCENT)
 HIGHEST    87           900 PM
 LOWEST     50          1100 AM
 AVERAGE    69

..........................................................


THE MILWAUKEE WI CLIMATE NORMALS FOR TODAY
                         NORMAL    RECORD    YEAR
 MAXIMUM TEMPERATURE (F)   80        98      1931
                                             1916
                                             1886
 MINIMUM TEMPERATURE (F)   64        53      1967


SUNRISE AND SUNSET
JULY 28 2016..........SUNRISE   539 AM CDT   SUNSET   817 PM CDT
JULY 29 2016..........SUNRISE   540 AM CDT   SUNSET   815 PM CDT


-  INDICATES NEGATIVE NUMBERS.
R  INDICATES RECORD WAS SET OR TIED.
MM INDICATES DATA IS MISSING.
T  INDICATES TRACE AMOUNT.




$$
