000
CDUS43 KMKX 070100
CLIMKE


CLIMATE REPORT
NATIONAL WEATHER SERVICE IN MILWAUKEE
700 PM CST FRI MAR 6 2015


...................................

...THE MILWAUKEE WI CLIMATE SUMMARY FOR MARCH 6 2015...
VALID TODAY AS OF 0700 PM LOCAL TIME.

CLIMATE NORMAL PERIOD 1981 TO 2010
CLIMATE RECORD PERIOD 1871 TO 2015


WEATHER ITEM   OBSERVED TIME   RECORD YEAR NORMAL DEPARTURE LAST
                VALUE   (LST)  VALUE       VALUE  FROM      YEAR
                                                  NORMAL
..................................................................
TEMPERATURE (F)
 TODAY
  MAXIMUM         28    158 PM  64    1983  39    -11       24
  MINIMUM          0    629 AM  -7    1960  25    -25       15
  AVERAGE         14                        32    -18       20

PRECIPITATION (IN)
  TODAY            0.00          0.66 1894   0.06  -0.06     0.00
  MONTH TO DATE    0.31                      0.38  -0.07     0.35
  SINCE MAR 1      0.31                      0.38  -0.07     0.35
  SINCE JAN 1      2.03                      3.79  -1.76     3.09

SNOWFALL (IN)
  TODAY            0.0           6.0  1891   0.3   -0.3      0.0
  MONTH TO DATE    3.4                       1.9    1.5      5.6
  SINCE MAR 1      3.4                       1.9    1.5      5.6
  SINCE JUL 1     41.5                      39.7    1.8     62.4
  SNOW DEPTH       9

DEGREE DAYS
 HEATING
  TODAY           51                        33     18       45
  MONTH TO DATE  274                       205     69      304
  SINCE MAR 1    274                       205     69      304
  SINCE JUL 1   5606                      5185    421     5960

 COOLING
  TODAY            0                         0      0        0
  MONTH TO DATE    0                         0      0        0
  SINCE MAR 1      0                         0      0        0
  SINCE JAN 1      0                         0      0        0
..................................................................


WIND (MPH)
  HIGHEST WIND SPEED    29   HIGHEST WIND DIRECTION    SW (220)
  HIGHEST GUST SPEED    36   HIGHEST GUST DIRECTION    SW (220)
  AVERAGE WIND SPEED    14.8


SKY COVER
  POSSIBLE SUNSHINE  MM
  AVERAGE SKY COVER 0.5


WEATHER CONDITIONS
 THE FOLLOWING WEATHER WAS RECORDED TODAY.
  HAZE


RELATIVE HUMIDITY (PERCENT)
 HIGHEST    72           600 AM
 LOWEST     42           200 PM
 AVERAGE    57

..........................................................


THE MILWAUKEE WI CLIMATE NORMALS FOR TOMORROW
                         NORMAL    RECORD    YEAR
 MAXIMUM TEMPERATURE (F)   39        77      2000
 MINIMUM TEMPERATURE (F)   25        -2      1932
                                             1920


SUNRISE AND SUNSET
MARCH  6 2015.........SUNRISE   620 AM CST   SUNSET   547 PM CST
MARCH  7 2015.........SUNRISE   618 AM CST   SUNSET   548 PM CST


-  INDICATES NEGATIVE NUMBERS.
R  INDICATES RECORD WAS SET OR TIED.
MM INDICATES DATA IS MISSING.
T  INDICATES TRACE AMOUNT.




$$
