000
CDUS43 KMKX 060658
CLIMKE


CLIMATE REPORT
NATIONAL WEATHER SERVICE IN MILWAUKEE
1257 AM CST TUE DEC 6 2016


...................................

...THE MILWAUKEE WI CLIMATE SUMMARY FOR DECEMBER 5 2016...

CLIMATE NORMAL PERIOD 1981 TO 2010
CLIMATE RECORD PERIOD 1871 TO 2016


WEATHER ITEM   OBSERVED TIME   RECORD YEAR NORMAL DEPARTURE LAST
                VALUE   (LST)  VALUE       VALUE  FROM      YEAR
                                                  NORMAL
..................................................................
TEMPERATURE (F)
 YESTERDAY
  MAXIMUM         37   1159 PM  68    2001  36      1       47
  MINIMUM         33    404 PM -14    1871  23     10       30
  AVERAGE         35                        30      5       39

PRECIPITATION (IN)
  YESTERDAY        T             0.78 1982   0.07  -0.07     0.00
  MONTH TO DATE    0.33                      0.39  -0.06     0.24
  SINCE DEC 1      0.33                      0.39  -0.06     0.24
  SINCE JAN 1     27.66                     33.11  -5.45    29.26

SNOWFALL (IN)
  YESTERDAY        0.0           4.8  1926   0.3   -0.3      0.0
  MONTH TO DATE    1.8                       1.4    0.4      0.4
  SINCE DEC 1      1.8                       1.4    0.4      0.4
  SINCE JUL 1      1.8                       4.1   -2.3      7.3
  SNOW DEPTH       1

DEGREE DAYS
 HEATING
  YESTERDAY       30                        35     -5       26
  MONTH TO DATE  149                       171    -22      136
  SINCE DEC 1    149                       171    -22      136
  SINCE JUL 1    979                      1536   -557     1175

 COOLING
  YESTERDAY        0                         0      0        0
  MONTH TO DATE    0                         0      0        0
  SINCE DEC 1      0                         0      0        0
  SINCE JAN 1    991                       641    350      622
..................................................................


WIND (MPH)
  HIGHEST WIND SPEED    16   HIGHEST WIND DIRECTION     S (200)
  HIGHEST GUST SPEED    23   HIGHEST GUST DIRECTION     W (260)
  AVERAGE WIND SPEED     9.2


SKY COVER
  POSSIBLE SUNSHINE  MM
  AVERAGE SKY COVER 1.0


WEATHER CONDITIONS
 THE FOLLOWING WEATHER WAS RECORDED YESTERDAY.
  LIGHT RAIN
  FOG


RELATIVE HUMIDITY (PERCENT)
 HIGHEST    96           800 PM
 LOWEST     82          1200 AM
 AVERAGE    89

..........................................................


THE MILWAUKEE WI CLIMATE NORMALS FOR TODAY
                         NORMAL    RECORD    YEAR
 MAXIMUM TEMPERATURE (F)   36        56      1998
 MINIMUM TEMPERATURE (F)   23        -7      1972


SUNRISE AND SUNSET
DECEMBER  6 2016......SUNRISE   709 AM CST   SUNSET   417 PM CST
DECEMBER  7 2016......SUNRISE   709 AM CST   SUNSET   417 PM CST


-  INDICATES NEGATIVE NUMBERS.
R  INDICATES RECORD WAS SET OR TIED.
MM INDICATES DATA IS MISSING.
T  INDICATES TRACE AMOUNT.




$$
