000
CDUS44 KMEG 300638
CLIMKL


CLIMATE REPORT
NATIONAL WEATHER SERVICE MEMPHIS TN
138 AM CDT MON MAY 30 2016


...................................

...THE JACKSON CLIMATE SUMMARY FOR MAY 29 2016...

CLIMATE NORMAL PERIOD 1981 TO 2010
CLIMATE RECORD PERIOD 1948 TO 2016


WEATHER ITEM   OBSERVED TIME   RECORD YEAR NORMAL DEPARTURE LAST
                VALUE   (LST)  VALUE       VALUE  FROM      YEAR
                                                  NORMAL
..................................................................
TEMPERATURE (F)
 YESTERDAY
  MAXIMUM         88    234 PM  96    1953  83      5       85
  MINIMUM         65    334 AM  46    1984  61      4       66
  AVERAGE         77                        72      5       76

PRECIPITATION (IN)
  YESTERDAY        0.00          3.38 1978   0.18  -0.18     0.00
                                      2099
  MONTH TO DATE    3.77                      5.32  -1.55     3.92
  SINCE MAR 1     19.62                     14.93   4.69    13.92
  SINCE JAN 1     25.24                     23.17   2.07    19.81

SNOWFALL (IN)
  YESTERDAY        0.0          MM      MM   0.0    0.0      0.0
  MONTH TO DATE    0.0                       0.0    0.0      0.0
  SINCE MAR 1      T                         0.4   -0.4      4.4
  SINCE JUL 1      1.5                       4.6   -3.1      5.9
  SNOW DEPTH       0

DEGREE DAYS
 HEATING
  YESTERDAY        0                         0      0        0
  MONTH TO DATE   64                        46     18       39
  SINCE MAR 1    511                       688   -177      664
  SINCE JUL 1   2879                      3572   -693     3837

 COOLING
  YESTERDAY       12                         7      5       11
  MONTH TO DATE  117                       141    -24      155
  SINCE MAR 1    161                       199    -38      216
  SINCE JAN 1    161                       200    -39      216
..................................................................


WIND (MPH)
  HIGHEST WIND SPEED    10   HIGHEST WIND DIRECTION     W (290)
  HIGHEST GUST SPEED    14   HIGHEST GUST DIRECTION    SW (240)
  AVERAGE WIND SPEED     3.9


SKY COVER
  POSSIBLE SUNSHINE  MM
  AVERAGE SKY COVER 0.3


WEATHER CONDITIONS
 THE FOLLOWING WEATHER WAS RECORDED YESTERDAY.
  NO SIGNIFICANT WEATHER WAS OBSERVED.


RELATIVE HUMIDITY (PERCENT)
 HIGHEST    93           100 AM
 LOWEST     51           100 PM
 AVERAGE    72

..........................................................


THE JACKSON CLIMATE NORMALS FOR TODAY
                         NORMAL    RECORD    YEAR
 MAXIMUM TEMPERATURE (F)   83        97      1977
 MINIMUM TEMPERATURE (F)   61        43      1984


SUNRISE AND SUNSET
MAY 30 2016...........SUNRISE   542 AM CDT   SUNSET   805 PM CDT
MAY 31 2016...........SUNRISE   542 AM CDT   SUNSET   806 PM CDT


-  INDICATES NEGATIVE NUMBERS.
R  INDICATES RECORD WAS SET OR TIED.
MM INDICATES DATA IS MISSING.
T  INDICATES TRACE AMOUNT.




$$
