000
CDUS44 KMEG 210737
CLIMKL


CLIMATE REPORT
NATIONAL WEATHER SERVICE MEMPHIS TN
136 AM CST SUN DEC 21 2014


...................................

...THE JACKSON CLIMATE SUMMARY FOR DECEMBER 20 2014...

CLIMATE NORMAL PERIOD 1981 TO 2010
CLIMATE RECORD PERIOD 1948 TO 2014


WEATHER ITEM   OBSERVED TIME   RECORD YEAR NORMAL DEPARTURE LAST
                VALUE   (LST)  VALUE       VALUE  FROM      YEAR
                                                  NORMAL
..................................................................
TEMPERATURE (F)
 YESTERDAY
  MAXIMUM         50    348 PM  72    1949  49      1       66
  MINIMUM         29   1102 PM   6    1981  30     -1       59
  AVERAGE         40                        40      0       63

PRECIPITATION (IN)
  YESTERDAY        0.00          1.35 1978   0.17  -0.17     0.31
  MONTH TO DATE    2.38                      3.62  -1.24     3.51
  SINCE DEC 1      2.38                      3.62  -1.24     3.51
  SINCE JAN 1     57.56                     51.54   6.02    57.08

SNOWFALL (IN)
  YESTERDAY        0.0           T    1985   0.0    0.0      0.0
                                      1983
                                      1973
  MONTH TO DATE    T                         0.0    0.0       T
  SINCE DEC 1      T                         0.0    0.0       T
  SINCE JUL 1      0.1                       0.1    0.0       T
  SNOW DEPTH       0

DEGREE DAYS
 HEATING
  YESTERDAY       25                        25      0        2
  MONTH TO DATE  413                       465    -52      470
  SINCE DEC 1    413                       465    -52      470
  SINCE JUL 1   1205                      1132     73     1260

 COOLING
  YESTERDAY        0                         0      0        0
  MONTH TO DATE    0                         0      0        4
  SINCE DEC 1      0                         0      0        4
  SINCE JAN 1   1609                      1697    -88     1596
..................................................................


WIND (MPH)
  HIGHEST WIND SPEED     8   HIGHEST WIND DIRECTION     N (10)
  HIGHEST GUST SPEED    10   HIGHEST GUST DIRECTION     N (10)
  AVERAGE WIND SPEED     2.6


SKY COVER
  POSSIBLE SUNSHINE  MM
  AVERAGE SKY COVER 0.5


WEATHER CONDITIONS
 THE FOLLOWING WEATHER WAS RECORDED YESTERDAY.
  NO SIGNIFICANT WEATHER WAS OBSERVED.


RELATIVE HUMIDITY (PERCENT)
 HIGHEST    89           200 AM
 LOWEST     46           300 PM
 AVERAGE    68

..........................................................


THE JACKSON CLIMATE NORMALS FOR TODAY
                         NORMAL    RECORD    YEAR
 MAXIMUM TEMPERATURE (F)   49        76      2013
 MINIMUM TEMPERATURE (F)   30         1      1989


SUNRISE AND SUNSET
DECEMBER 21 2014......SUNRISE   701 AM CST   SUNSET   446 PM CST
DECEMBER 22 2014......SUNRISE   702 AM CST   SUNSET   447 PM CST


-  INDICATES NEGATIVE NUMBERS.
R  INDICATES RECORD WAS SET OR TIED.
MM INDICATES DATA IS MISSING.
T  INDICATES TRACE AMOUNT.




$$
