000
CDUS44 KMEG 220741
CLIMKL


CLIMATE REPORT
NATIONAL WEATHER SERVICE MEMPHIS TN
141 AM CST SUN JAN 22 2017


...................................

...THE JACKSON CLIMATE SUMMARY FOR JANUARY 21 2017...

CLIMATE NORMAL PERIOD 1981 TO 2010
CLIMATE RECORD PERIOD 1948 TO 2017


WEATHER ITEM   OBSERVED TIME   RECORD YEAR NORMAL DEPARTURE LAST
                VALUE   (LST)  VALUE       VALUE  FROM      YEAR
                                                  NORMAL
..................................................................
TEMPERATURE (F)
 YESTERDAY
  MAXIMUM         71    140 PM  75    1986  48     23       37
  MINIMUM         55    615 AM  -8    1985  28     27       32
  AVERAGE         63                        38     25       35

PRECIPITATION (IN)
  YESTERDAY        T             3.21 1973   0.13  -0.13     0.12
  MONTH TO DATE    2.74                      2.69   0.05     1.78
  SINCE DEC 1      9.92                      8.04   1.88     6.93
  SINCE JAN 1      2.74                      2.69   0.05     1.78

DEGREE DAYS
 HEATING
  YESTERDAY        2                        27    -25       30
  MONTH TO DATE  385                       567   -182      614
  SINCE DEC 1   1097                      1318   -221     1057
  SINCE JUL 1   1481                      1985   -504     1532

 COOLING
  YESTERDAY        0                         0      0        0
  MONTH TO DATE    0                         0      0        0
  SINCE DEC 1      2                         1      1        9
  SINCE JAN 1      0                         0      0        0
..................................................................


WIND (MPH)
  HIGHEST WIND SPEED    16   HIGHEST WIND DIRECTION     S (190)
  HIGHEST GUST SPEED    22   HIGHEST GUST DIRECTION     S (190)
  AVERAGE WIND SPEED     5.5


SKY COVER
  POSSIBLE SUNSHINE  MM
  AVERAGE SKY COVER 0.2


WEATHER CONDITIONS
 THE FOLLOWING WEATHER WAS RECORDED YESTERDAY.
  LIGHT RAIN


RELATIVE HUMIDITY (PERCENT)
 HIGHEST    86           600 AM
 LOWEST     47           100 PM
 AVERAGE    67

..........................................................


THE JACKSON CLIMATE NORMALS FOR TODAY
                         NORMAL    RECORD    YEAR
 MAXIMUM TEMPERATURE (F)   48        71      1974
 MINIMUM TEMPERATURE (F)   28         1      1984


SUNRISE AND SUNSET
JANUARY 22 2017.......SUNRISE   702 AM CST   SUNSET   513 PM CST
JANUARY 23 2017.......SUNRISE   701 AM CST   SUNSET   514 PM CST


-  INDICATES NEGATIVE NUMBERS.
R  INDICATES RECORD WAS SET OR TIED.
MM INDICATES DATA IS MISSING.
T  INDICATES TRACE AMOUNT.




$$
