000
CDUS44 KMEG 240622
CLIMKL


CLIMATE REPORT
NATIONAL WEATHER SERVICE MEMPHIS TN
121 AM CDT FRI OCT 24 2014


...................................

...THE JACKSON CLIMATE SUMMARY FOR OCTOBER 23 2014...

CLIMATE NORMAL PERIOD 1981 TO 2010
CLIMATE RECORD PERIOD 1948 TO 2014


WEATHER ITEM   OBSERVED TIME   RECORD YEAR NORMAL DEPARTURE LAST
                VALUE   (LST)  VALUE       VALUE  FROM      YEAR
                                                  NORMAL
..................................................................
TEMPERATURE (F)
 YESTERDAY
  MAXIMUM         67    109 PM  85    2000  71     -4       57
                                      1963
                                      1953
  MINIMUM         36    527 AM  28    1952  46    -10       37
  AVERAGE         52                        58     -6       47

PRECIPITATION (IN)
  YESTERDAY        0.00          1.80 1957   0.13  -0.13     0.00
  MONTH TO DATE    3.45                      2.78   0.67     2.06
  SINCE SEP 1      8.28                      6.16   2.12     4.92
  SINCE JAN 1     51.94                     42.03   9.91    50.01

SNOWFALL (IN)
  YESTERDAY        0.0           0.0  2002   0.0    0.0      0.0
                                      2001
  MONTH TO DATE    0.0                       0.0    0.0      0.0
  SINCE SEP 1      0.0                       0.0    0.0      0.0
  SINCE JUL 1      0.0                       0.0    0.0      0.0
  SNOW DEPTH       0

DEGREE DAYS
 HEATING
  YESTERDAY       13                         8      5       18
  MONTH TO DATE  103                       117    -14      116
  SINCE SEP 1    113                       143    -30      124
  SINCE JUL 1    113                       143    -30      124

 COOLING
  YESTERDAY        0                         1     -1        0
  MONTH TO DATE   63                        41     22       68
  SINCE SEP 1    278                       261     17      305
  SINCE JAN 1   1595                      1684    -89     1589
..................................................................


WIND (MPH)
  HIGHEST WIND SPEED    10   HIGHEST WIND DIRECTION     N (10)
  HIGHEST GUST SPEED    15   HIGHEST GUST DIRECTION    NW (330)
  AVERAGE WIND SPEED     2.8


SKY COVER
  POSSIBLE SUNSHINE  MM
  AVERAGE SKY COVER 0.0


WEATHER CONDITIONS
 THE FOLLOWING WEATHER WAS RECORDED YESTERDAY.
  FOG


RELATIVE HUMIDITY (PERCENT)
 HIGHEST   100           100 AM
 LOWEST     42           100 PM
 AVERAGE    71

..........................................................


THE JACKSON CLIMATE NORMALS FOR TODAY
                         NORMAL    RECORD    YEAR
 MAXIMUM TEMPERATURE (F)   71        83      2000
                                             1992
                                             1973
 MINIMUM TEMPERATURE (F)   45        27      1981


SUNRISE AND SUNSET
OCTOBER 24 2014.......SUNRISE   710 AM CDT   SUNSET   609 PM CDT
OCTOBER 25 2014.......SUNRISE   711 AM CDT   SUNSET   608 PM CDT


-  INDICATES NEGATIVE NUMBERS.
R  INDICATES RECORD WAS SET OR TIED.
MM INDICATES DATA IS MISSING.
T  INDICATES TRACE AMOUNT.




$$
