000
CDUS44 KMEG 162248
CLIMKL


CLIMATE REPORT
NATIONAL WEATHER SERVICE MEMPHIS TN
447 PM CST TUE JAN 16 2018


...................................

...THE JACKSON CLIMATE SUMMARY FOR JANUARY 16 2018...
VALID TODAY AS OF 0400 PM LOCAL TIME.

CLIMATE NORMAL PERIOD 1981 TO 2010
CLIMATE RECORD PERIOD 1948 TO 2018


WEATHER ITEM   OBSERVED TIME   RECORD YEAR NORMAL DEPARTURE LAST
                VALUE   (LST)  VALUE       VALUE  FROM      YEAR
                                                  NORMAL
..................................................................
TEMPERATURE (F)
 TODAY
  MAXIMUM         24   1231 AM  76    1952  48    -24       70
  MINIMUM         11   1053 AM  -2    1982  28    -17       49
  AVERAGE         18                        38    -20       60

PRECIPITATION (IN)
  TODAY            0.01          1.18 2006   0.12  -0.11     0.20
  MONTH TO DATE    2.43                      2.04   0.39     1.45
  SINCE DEC 1      9.04                      7.39   1.65     8.63
  SINCE JAN 1      2.43                      2.04   0.39     1.45

DEGREE DAYS
 HEATING
  TODAY           47                        27     20        5
  MONTH TO DATE  552                       432    120      343
  SINCE DEC 1   1312                      1183    129     1055
  SINCE JUL 1   1913                      1850     63     1439

 COOLING
  TODAY            0                         0      0        0
  MONTH TO DATE    0                         0      0        0
  SINCE DEC 1      0                         1     -1        2
  SINCE JAN 1      0                         0      0        0
..................................................................


WIND (MPH)
  HIGHEST WIND SPEED    21   HIGHEST WIND DIRECTION     N (340)
  HIGHEST GUST SPEED    26   HIGHEST GUST DIRECTION     N (340)
  AVERAGE WIND SPEED    12.7


SKY COVER
  POSSIBLE SUNSHINE  MM
  AVERAGE SKY COVER 0.6


WEATHER CONDITIONS
 THE FOLLOWING WEATHER WAS RECORDED TODAY.
  LIGHT SNOW
  FOG


RELATIVE HUMIDITY (PERCENT)
 HIGHEST    88           100 AM
 LOWEST     61           200 PM
 AVERAGE    75

..........................................................


THE JACKSON CLIMATE NORMALS FOR TOMORROW
                         NORMAL    RECORD    YEAR
 MAXIMUM TEMPERATURE (F)   48        72      2012
 MINIMUM TEMPERATURE (F)   28        -6      1982


SUNRISE AND SUNSET
JANUARY 16 2018.......SUNRISE   704 AM CST   SUNSET   507 PM CST
JANUARY 17 2018.......SUNRISE   704 AM CST   SUNSET   508 PM CST


-  INDICATES NEGATIVE NUMBERS.
R  INDICATES RECORD WAS SET OR TIED.
MM INDICATES DATA IS MISSING.
T  INDICATES TRACE AMOUNT.




$$
