000
CDUS44 KMEG 270642
CLIMKL


CLIMATE REPORT
NATIONAL WEATHER SERVICE MEMPHIS TN
142 AM CDT TUE JUN 27 2017


...................................

...THE JACKSON CLIMATE SUMMARY FOR JUNE 26 2017...

CLIMATE NORMAL PERIOD 1981 TO 2010
CLIMATE RECORD PERIOD 1948 TO 2017


WEATHER ITEM   OBSERVED TIME   RECORD YEAR NORMAL DEPARTURE LAST
                VALUE   (LST)  VALUE       VALUE  FROM      YEAR
                                                  NORMAL
..................................................................
TEMPERATURE (F)
 YESTERDAY
  MAXIMUM         84    334 PM 103    1988  89     -5       93
                                      1954
  MINIMUM         59   1228 AM  53    1974  68     -9       72
  AVERAGE         72                        78     -6       83

PRECIPITATION (IN)
  YESTERDAY        0.01          2.65 1956   0.14  -0.13     0.00
  MONTH TO DATE    1.70                      4.27  -2.57     2.24
  SINCE JUN 1      1.70                      4.27  -2.57     2.24
  SINCE JAN 1     24.35                     27.81  -3.46    27.48

DEGREE DAYS
 HEATING
  YESTERDAY        0                         0      0        0
  MONTH TO DATE    0                         0      0        0
  SINCE JUN 1      0                         0      0        0
  SINCE JUL 1   2520                      3572  -1052     2879

 COOLING
  YESTERDAY        7                        13     -6       18
  MONTH TO DATE  296                       284     12      371
  SINCE JUN 1    296                       284     12      371
  SINCE JAN 1    564                       499     65      555
..................................................................


WIND (MPH)
  HIGHEST WIND SPEED    12   HIGHEST WIND DIRECTION    NE (30)
  HIGHEST GUST SPEED    13   HIGHEST GUST DIRECTION    NE (40)
  AVERAGE WIND SPEED     2.4


SKY COVER
  POSSIBLE SUNSHINE  MM
  AVERAGE SKY COVER 0.2


WEATHER CONDITIONS
 THE FOLLOWING WEATHER WAS RECORDED YESTERDAY.
  HAZE


RELATIVE HUMIDITY (PERCENT)
 HIGHEST    93           300 AM
 LOWEST     40           300 PM
 AVERAGE    67

..........................................................


THE JACKSON CLIMATE NORMALS FOR TODAY
                         NORMAL    RECORD    YEAR
 MAXIMUM TEMPERATURE (F)   90       105      1954
 MINIMUM TEMPERATURE (F)   68        53      2012
                                             1958


SUNRISE AND SUNSET
JUNE 27 2017..........SUNRISE   542 AM CDT   SUNSET   815 PM CDT
JUNE 28 2017..........SUNRISE   543 AM CDT   SUNSET   815 PM CDT


-  INDICATES NEGATIVE NUMBERS.
R  INDICATES RECORD WAS SET OR TIED.
MM INDICATES DATA IS MISSING.
T  INDICATES TRACE AMOUNT.




$$
