403
CDUS42 KMLB 280631
CLIMLB


CLIMATE REPORT
NATIONAL WEATHER SERVICE MELBOURNE FL
231 AM EDT WED JUN 28 2017


...................................

...THE MELBOURNE CLIMATE SUMMARY FOR JUNE 27 2017...

CLIMATE NORMAL PERIOD 1981 TO 2010
CLIMATE RECORD PERIOD 1939 TO 2017


WEATHER ITEM   OBSERVED TIME   RECORD YEAR NORMAL DEPARTURE LAST
                VALUE   (LST)  VALUE       VALUE  FROM      YEAR
                                                  NORMAL
..................................................................
TEMPERATURE (F)
 YESTERDAY
  MAXIMUM         93   1235 PM  98    1950  90      3       90
  MINIMUM         75   1042 PM  66    1970  72      3       73
  AVERAGE         84                        81      3       82

PRECIPITATION (IN)
  YESTERDAY        0.33          2.56 1947   0.23   0.10     0.00
  MONTH TO DATE    6.45                      6.03   0.42     6.98
  SINCE JUN 1      6.45                      6.03   0.42     6.98
  SINCE JAN 1     14.79                     19.53  -4.74    28.95

SNOWFALL (IN)
  YESTERDAY        0.0
  MONTH TO DATE    0.0
  SINCE JUL 1      0.0

DEGREE DAYS
 HEATING
  YESTERDAY        0                         0      0        0
  MONTH TO DATE    0                         0      0        0
  SINCE JUN 1      0                         0      0        0
  SINCE JUL 1    220                       577   -357      341

 COOLING
  YESTERDAY       19                        16      3       17
  MONTH TO DATE  462                       415     47      455
  SINCE JUN 1    462                       415     47      455
  SINCE JAN 1   1609                      1141    468     1388
..................................................................


WIND (MPH)
  HIGHEST WIND SPEED    22   HIGHEST WIND DIRECTION     N (10)
  HIGHEST GUST SPEED    26   HIGHEST GUST DIRECTION     N (10)
  AVERAGE WIND SPEED     6.7


SKY COVER
  AVERAGE SKY COVER 0.5


WEATHER CONDITIONS
 THE FOLLOWING WEATHER WAS RECORDED YESTERDAY.
  THUNDERSTORM
  RAIN
  LIGHT RAIN
  FOG
  HAZE


RELATIVE HUMIDITY (PERCENT)
 HIGHEST    91           500 AM
 LOWEST     59          1100 AM
 AVERAGE    75

..........................................................


THE MELBOURNE CLIMATE NORMALS FOR TODAY
                         NORMAL    RECORD    YEAR
 MAXIMUM TEMPERATURE (F)   90        97      1954
                                             1950
 MINIMUM TEMPERATURE (F)   72        64      1976
                                             1970


SUNRISE AND SUNSET
JUNE 28 2017..........SUNRISE   629 AM EDT   SUNSET   823 PM EDT
JUNE 29 2017..........SUNRISE   629 AM EDT   SUNSET   823 PM EDT


-  INDICATES NEGATIVE NUMBERS.
R  INDICATES RECORD WAS SET OR TIED.
MM INDICATES DATA IS MISSING.
T  INDICATES TRACE AMOUNT.




$$
