000
CDUS42 KMLB 102118
CLIMLB


CLIMATE REPORT
NATIONAL WEATHER SERVICE MELBOURNE FL
417 PM EST SAT DEC 10 2016


...................................

...THE MELBOURNE CLIMATE SUMMARY FOR DECEMBER 10 2016...
VALID TODAY AS OF 0400 PM LOCAL TIME.

CLIMATE NORMAL PERIOD 1981 TO 2010
CLIMATE RECORD PERIOD 1939 TO 2016


WEATHER ITEM   OBSERVED TIME   RECORD YEAR NORMAL DEPARTURE LAST
                VALUE   (LST)  VALUE       VALUE  FROM      YEAR
                                                  NORMAL
..................................................................
TEMPERATURE (F)
 TODAY
  MAXIMUM         71    322 PM  85    2013  74     -3       79
  MINIMUM         53    530 AM  34    1962  54     -1       63
  AVERAGE         62                        64     -2       71

PRECIPITATION (IN)
  TODAY            0.00          1.98 2011   0.08  -0.08     0.00
  MONTH TO DATE    0.16                      0.85  -0.69     2.86
  SINCE DEC 1      0.16                      0.85  -0.69     2.86
  SINCE JAN 1     59.48                     50.28   9.20    52.36

SNOWFALL (IN)
  TODAY            0.0
  MONTH TO DATE    0.0
  SINCE JUL 1      0.0

DEGREE DAYS
 HEATING
  TODAY            3                         4     -1        0
  MONTH TO DATE    7                        32    -25        2
  SINCE DEC 1      7                        32    -25        2
  SINCE JUL 1     26                        74    -48        7

 COOLING
  TODAY            0                         3     -3        6
  MONTH TO DATE   51                        30     21       66
  SINCE DEC 1     51                        30     21       66
  SINCE JAN 1   3779                      3225    554     3973
..................................................................


WIND (MPH)
  HIGHEST WIND SPEED    20   HIGHEST WIND DIRECTION    NE (40)
  HIGHEST GUST SPEED    24   HIGHEST GUST DIRECTION    NE (50)
  AVERAGE WIND SPEED    10.5


SKY COVER
  AVERAGE SKY COVER 0.6


WEATHER CONDITIONS
 THE FOLLOWING WEATHER WAS RECORDED TODAY.
  NO SIGNIFICANT WEATHER WAS OBSERVED.


RELATIVE HUMIDITY (PERCENT)
 HIGHEST   100           600 AM
 LOWEST     61          1000 AM
 AVERAGE    81

..........................................................


THE MELBOURNE CLIMATE NORMALS FOR TOMORROW
                         NORMAL    RECORD    YEAR
 MAXIMUM TEMPERATURE (F)   74        86      1967
 MINIMUM TEMPERATURE (F)   54        31      1962


SUNRISE AND SUNSET
DECEMBER 10 2016......SUNRISE   704 AM EST   SUNSET   528 PM EST
DECEMBER 11 2016......SUNRISE   704 AM EST   SUNSET   528 PM EST


-  INDICATES NEGATIVE NUMBERS.
R  INDICATES RECORD WAS SET OR TIED.
MM INDICATES DATA IS MISSING.
T  INDICATES TRACE AMOUNT.




$$
