000
CDUS42 KMLB 242032
CLIMLB


CLIMATE REPORT
NATIONAL WEATHER SERVICE MELBOURNE FL
430 PM EDT THU JUL 24 2014


...................................

...THE MELBOURNE CLIMATE SUMMARY FOR JULY 24 2014...
VALID TODAY AS OF 400 PM LOCAL TIME.

CLIMATE NORMAL PERIOD 1981 TO 2010
CLIMATE RECORD PERIOD 1939 TO 2014


WEATHER ITEM   OBSERVED TIME   RECORD YEAR NORMAL DEPARTURE LAST
                VALUE   (LST)  VALUE       VALUE  FROM      YEAR
                                                  NORMAL
..................................................................
TEMPERATURE (F)
 TODAY
  MAXIMUM         93   1254 PM  98    1983  91      2       90
  MINIMUM         76    550 AM  68    1944  73      3       73
                                      1938
  AVERAGE         85                        82      3       82

PRECIPITATION (IN)
  TODAY            0.06          2.27 1944   0.20  -0.14     0.78
  MONTH TO DATE    8.65                      4.51   4.14     5.89
  SINCE JUN 1     14.71                     11.22   3.49    12.63
  SINCE JAN 1     30.93                     24.72   6.21    27.96

SNOWFALL (IN)
  TODAY            0.0
  MONTH TO DATE    0.0
  SINCE JUL 1      0.0

DEGREE DAYS
 HEATING
  TODAY            0                         0      0        0
  MONTH TO DATE    0                         0      0        0
  SINCE JUN 1      0                         0      0        0
  SINCE JUL 1      0                         0      0        0

 COOLING
  TODAY           20                        17      3       17
  MONTH TO DATE  413                       397     16      415
  SINCE JUN 1    874                       859     15      913
  SINCE JAN 1   1767                      1585    182     1774
..................................................................


WIND (MPH)
  HIGHEST WIND SPEED    20   HIGHEST WIND DIRECTION     S (170)
  HIGHEST GUST SPEED    24   HIGHEST GUST DIRECTION    SE (150)
  AVERAGE WIND SPEED     6.4


SKY COVER
  AVERAGE SKY COVER 0.2


WEATHER CONDITIONS
 THE FOLLOWING WEATHER WAS RECORDED TODAY.
  THUNDERSTORM
  RAIN
  LIGHT RAIN
  FOG


RELATIVE HUMIDITY (PERCENT)
 HIGHEST    94           500 AM
 LOWEST     52           100 PM
 AVERAGE    73

..........................................................


THE MELBOURNE CLIMATE NORMALS FOR TOMORROW
                         NORMAL    RECORD    YEAR
 MAXIMUM TEMPERATURE (F)   91        97      1999
                                             1983
 MINIMUM TEMPERATURE (F)   73        68      2000
                                             1963
                                             1938


SUNRISE AND SUNSET
JULY 24 2014..........SUNRISE   641 AM EDT   SUNSET   817 PM EDT
JULY 25 2014..........SUNRISE   641 AM EDT   SUNSET   817 PM EDT


-  INDICATES NEGATIVE NUMBERS.
R  INDICATES RECORD WAS SET OR TIED.
MM INDICATES DATA IS MISSING.
T  INDICATES TRACE AMOUNT.




$$
