000
CDUS42 KMLB 020635
CLIMLB


CLIMATE REPORT
NATIONAL WEATHER SERVICE MELBOURNE FL
235 AM EDT THU JUL 2 2015


...................................

...THE MELBOURNE CLIMATE SUMMARY FOR JULY 1 2015...

CLIMATE NORMAL PERIOD 1981 TO 2010
CLIMATE RECORD PERIOD 1939 TO 2015


WEATHER ITEM   OBSERVED TIME   RECORD YEAR NORMAL DEPARTURE LAST
                VALUE   (LST)  VALUE       VALUE  FROM      YEAR
                                                  NORMAL
..................................................................
TEMPERATURE (F)
 YESTERDAY
  MAXIMUM         94    126 PM  99    1998  90      4       88
  MINIMUM         71    531 AM  62    1981  72     -1       76
  AVERAGE         83                        81      2       82

PRECIPITATION (IN)
  YESTERDAY        0.12          1.37 1990   0.20  -0.08     0.14
  MONTH TO DATE    0.12                      0.20  -0.08     0.14
  SINCE JUN 1      6.37                      6.91  -0.54     6.20
  SINCE JAN 1     19.22                     20.41  -1.19    22.42

SNOWFALL (IN)
  YESTERDAY        0.0
  MONTH TO DATE    0.0
  SINCE JUL 1      0.0

DEGREE DAYS
 HEATING
  YESTERDAY        0                         0      0        0
  MONTH TO DATE    0                         0      0        0
  SINCE JUN 1      0                         0      0        0
  SINCE JUL 1      0                         0      0        0

 COOLING
  YESTERDAY       18                        16      2       17
  MONTH TO DATE   18                        16      2       17
  SINCE JUN 1    508                       478     30      478
  SINCE JAN 1   1620                      1204    416     1371
..................................................................


WIND (MPH)
  HIGHEST WIND SPEED    20   HIGHEST WIND DIRECTION    SE (140)
  HIGHEST GUST SPEED    24   HIGHEST GUST DIRECTION    SE (140)
  AVERAGE WIND SPEED     7.7


SKY COVER
  AVERAGE SKY COVER 0.2


WEATHER CONDITIONS
 THE FOLLOWING WEATHER WAS RECORDED YESTERDAY.
  THUNDERSTORM
  LIGHT RAIN
  FOG


RELATIVE HUMIDITY (PERCENT)
 HIGHEST    90           500 AM
 LOWEST     44           100 PM
 AVERAGE    67

..........................................................


THE MELBOURNE CLIMATE NORMALS FOR TODAY
                         NORMAL    RECORD    YEAR
 MAXIMUM TEMPERATURE (F)   90       100      1998
 MINIMUM TEMPERATURE (F)   72        60      1977


SUNRISE AND SUNSET
JULY  2 2015..........SUNRISE   630 AM EDT   SUNSET   823 PM EDT
JULY  3 2015..........SUNRISE   630 AM EDT   SUNSET   823 PM EDT


-  INDICATES NEGATIVE NUMBERS.
R  INDICATES RECORD WAS SET OR TIED.
MM INDICATES DATA IS MISSING.
T  INDICATES TRACE AMOUNT.




$$
