000
CDUS42 KMLB 272030
CLIMLB


CLIMATE REPORT
NATIONAL WEATHER SERVICE MELBOURNE FL
429 PM EDT FRI MAR 27 2015


...................................

...THE MELBOURNE CLIMATE SUMMARY FOR MARCH 27 2015...
VALID TODAY AS OF 400 PM LOCAL TIME.

CLIMATE NORMAL PERIOD 1981 TO 2010
CLIMATE RECORD PERIOD 1939 TO 2015


WEATHER ITEM   OBSERVED TIME   RECORD YEAR NORMAL DEPARTURE LAST
                VALUE   (LST)  VALUE       VALUE  FROM      YEAR
                                                  NORMAL
..................................................................
TEMPERATURE (F)
 TODAY
  MAXIMUM         85    140 PM  92    2011  78      7       69
  MINIMUM         67    635 AM  39    2013  57     10       47
  AVERAGE         76                        67      9       58

PRECIPITATION (IN)
  TODAY            0.01          1.57 1943   0.10  -0.09     0.02
  MONTH TO DATE    0.31                      2.88  -2.57     1.22
  SINCE MAR 1      0.31                      2.88  -2.57     1.22
  SINCE JAN 1      6.42                      7.68  -1.26     8.28

SNOWFALL (IN)
  TODAY            0.0
  MONTH TO DATE    0.0
  SINCE JUL 1      0.0

DEGREE DAYS
 HEATING
  TODAY            0                         1     -1        7
  MONTH TO DATE    1                        66    -65       46
  SINCE MAR 1      1                        66    -65       46
  SINCE JUL 1    411                       555   -144      352

 COOLING
  TODAY           11                         4      7        0
  MONTH TO DATE  238                        83    155       92
  SINCE MAR 1    238                        83    155       92
  SINCE JAN 1    336                       181    155      260
..................................................................


WIND (MPH)
  HIGHEST WIND SPEED    23   HIGHEST WIND DIRECTION     W (260)
  HIGHEST GUST SPEED    33   HIGHEST GUST DIRECTION     W (250)
  AVERAGE WIND SPEED    11.9


SKY COVER
  AVERAGE SKY COVER 0.4


WEATHER CONDITIONS
 THE FOLLOWING WEATHER WAS RECORDED TODAY.
  LIGHT RAIN
  FOG


RELATIVE HUMIDITY (PERCENT)
 HIGHEST    93          1200 AM
 LOWEST     58          1200 PM
 AVERAGE    76

..........................................................


THE MELBOURNE CLIMATE NORMALS FOR TOMORROW
                         NORMAL    RECORD    YEAR
 MAXIMUM TEMPERATURE (F)   78        93      1994
 MINIMUM TEMPERATURE (F)   57        40      2013


SUNRISE AND SUNSET
MARCH 27 2015.........SUNRISE   719 AM EDT   SUNSET   738 PM EDT
MARCH 28 2015.........SUNRISE   718 AM EDT   SUNSET   738 PM EDT


-  INDICATES NEGATIVE NUMBERS.
R  INDICATES RECORD WAS SET OR TIED.
MM INDICATES DATA IS MISSING.
T  INDICATES TRACE AMOUNT.




$$
