000
CDUS42 KMLB 140633
CLIMLB


CLIMATE REPORT
NATIONAL WEATHER SERVICE MELBOURNE FL
132 AM EST THU DEC 14 2017


...................................

...THE MELBOURNE CLIMATE SUMMARY FOR DECEMBER 13 2017...

CLIMATE NORMAL PERIOD 1981 TO 2010
CLIMATE RECORD PERIOD 1939 TO 2017


WEATHER ITEM   OBSERVED TIME   RECORD YEAR NORMAL DEPARTURE LAST
                VALUE   (LST)  VALUE       VALUE  FROM      YEAR
                                                  NORMAL
..................................................................
TEMPERATURE (F)
 YESTERDAY
  MAXIMUM         67    327 PM  88    1961  74     -7       81
  MINIMUM         44    727 AM  22    1962  53     -9       63
  AVERAGE         56                        64     -8       72

PRECIPITATION (IN)
  YESTERDAY        0.00          2.43 1997   0.09  -0.09      T
  MONTH TO DATE    1.07                      1.10  -0.03     0.21
  SINCE DEC 1      1.07                      1.10  -0.03     0.21
  SINCE JAN 1     65.73                     50.53  15.20    59.53

SNOWFALL (IN)
  YESTERDAY        0.0
  MONTH TO DATE    0.0
  SINCE JUL 1      0.0

DEGREE DAYS
 HEATING
  YESTERDAY        9                         4      5        0
  MONTH TO DATE   46                        44      2        7
  SINCE DEC 1     46                        44      2        7
  SINCE JUL 1     59                        86    -27       26

 COOLING
  YESTERDAY        0                         3     -3        7
  MONTH TO DATE   63                        39     24       75
  SINCE DEC 1     63                        39     24       75
  SINCE JAN 1   4149                      3234    915     3803
..................................................................


WIND (MPH)
  HIGHEST WIND SPEED    16   HIGHEST WIND DIRECTION    NW (330)
  HIGHEST GUST SPEED    18   HIGHEST GUST DIRECTION    NW (330)
  AVERAGE WIND SPEED     7.9


SKY COVER
  AVERAGE SKY COVER 0.0


WEATHER CONDITIONS
 THE FOLLOWING WEATHER WAS RECORDED YESTERDAY.
  NO SIGNIFICANT WEATHER WAS OBSERVED.


RELATIVE HUMIDITY (PERCENT)
 HIGHEST    76           600 AM
 LOWEST     22           300 PM
 AVERAGE    49

..........................................................


THE MELBOURNE CLIMATE NORMALS FOR TODAY
                         NORMAL    RECORD    YEAR
 MAXIMUM TEMPERATURE (F)   74        85      2015
                                             1961
 MINIMUM TEMPERATURE (F)   53        26      1962


SUNRISE AND SUNSET
DECEMBER 14 2017......SUNRISE   706 AM EST   SUNSET   529 PM EST
DECEMBER 15 2017......SUNRISE   707 AM EST   SUNSET   529 PM EST


-  INDICATES NEGATIVE NUMBERS.
R  INDICATES RECORD WAS SET OR TIED.
MM INDICATES DATA IS MISSING.
T  INDICATES TRACE AMOUNT.




$$
