000
CDUS42 KMLB 260641
CLIMLB


CLIMATE REPORT
NATIONAL WEATHER SERVICE MELBOURNE FL
140 AM EST WED NOV 26 2014


...................................

...THE MELBOURNE CLIMATE SUMMARY FOR NOVEMBER 25 2014...

CLIMATE NORMAL PERIOD 1981 TO 2010
CLIMATE RECORD PERIOD 1939 TO 2014


WEATHER ITEM   OBSERVED TIME   RECORD YEAR NORMAL DEPARTURE LAST
                VALUE   (LST)  VALUE       VALUE  FROM      YEAR
                                                  NORMAL
..................................................................
TEMPERATURE (F)
 YESTERDAY
  MAXIMUM         83    217 PM  86    1992  77      6       75
                                      1967
  MINIMUM         73    707 AM  32    1970  57     16       68
  AVERAGE         78                        67     11       72

PRECIPITATION (IN)
  YESTERDAY        0.43          4.65 1963   0.07   0.36      T
  MONTH TO DATE    2.27                      2.44  -0.17     4.30
  SINCE SEP 1     16.62                     15.14   1.48     9.10
  SINCE JAN 1     54.45                     48.99   5.46    40.29

SNOWFALL (IN)
  YESTERDAY        0.0
  MONTH TO DATE    0.0
  SINCE JUL 1      0.0

DEGREE DAYS
 HEATING
  YESTERDAY        0                         2     -2        0
  MONTH TO DATE   45                        28     17        0
  SINCE SEP 1     45                        32     13        0
  SINCE JUL 1     45                        32     13        0

 COOLING
  YESTERDAY       13                         4      9        7
  MONTH TO DATE  120                       138    -18      250
  SINCE SEP 1    955                       949      6     1129
  SINCE JAN 1   3442                      3175    267     3578
..................................................................


WIND (MPH)
  HIGHEST WIND SPEED    14   HIGHEST WIND DIRECTION    SE (150)
  HIGHEST GUST SPEED    18   HIGHEST GUST DIRECTION     S (200)
  AVERAGE WIND SPEED     7.8


SKY COVER
  AVERAGE SKY COVER 1.0


WEATHER CONDITIONS
 THE FOLLOWING WEATHER WAS RECORDED YESTERDAY.
  THUNDERSTORM
  HEAVY RAIN
  RAIN
  LIGHT RAIN
  FOG
  HAZE


RELATIVE HUMIDITY (PERCENT)
 HIGHEST    94           700 PM
 LOWEST     74           100 PM
 AVERAGE    84

..........................................................


THE MELBOURNE CLIMATE NORMALS FOR TODAY
                         NORMAL    RECORD    YEAR
 MAXIMUM TEMPERATURE (F)   77        86      1992
 MINIMUM TEMPERATURE (F)   57        32      1950


SUNRISE AND SUNSET
NOVEMBER 26 2014......SUNRISE   653 AM EST   SUNSET   527 PM EST
NOVEMBER 27 2014......SUNRISE   654 AM EST   SUNSET   527 PM EST


-  INDICATES NEGATIVE NUMBERS.
R  INDICATES RECORD WAS SET OR TIED.
MM INDICATES DATA IS MISSING.
T  INDICATES TRACE AMOUNT.




$$
