000
CDUS42 KMLB 170626
CLIMLB


CLIMATE REPORT
NATIONAL WEATHER SERVICE MELBOURNE FL
125 AM EST TUE JAN 17 2017


...................................

...THE MELBOURNE CLIMATE SUMMARY FOR JANUARY 16 2017...

CLIMATE NORMAL PERIOD 1981 TO 2010
CLIMATE RECORD PERIOD 1939 TO 2017


WEATHER ITEM   OBSERVED TIME   RECORD YEAR NORMAL DEPARTURE LAST
                VALUE   (LST)  VALUE       VALUE  FROM      YEAR
                                                  NORMAL
..................................................................
TEMPERATURE (F)
 YESTERDAY
  MAXIMUM         78    125 PM  89    1957  71      7       78
  MINIMUM         58    257 AM  34    1983  49      9       53
                                      1978
  AVERAGE         68                        60      8       66

PRECIPITATION (IN)
  YESTERDAY        0.00          0.43 1946   0.07  -0.07     0.04
  MONTH TO DATE    0.56                      1.13  -0.57     4.79
  SINCE DEC 1      0.88                      3.70  -2.82     8.48
  SINCE JAN 1      0.56                      1.13  -0.57     4.79

SNOWFALL (IN)
  YESTERDAY        0.0
  MONTH TO DATE    0.0
  SINCE JUL 1      0.0

DEGREE DAYS
 HEATING
  YESTERDAY        0                         6     -6        0
  MONTH TO DATE   39                        96    -57       51
  SINCE DEC 1     67                       233   -166       58
  SINCE JUL 1     86                       275   -189       63

 COOLING
  YESTERDAY        3                         1      2        1
  MONTH TO DATE   38                        19     19       31
  SINCE DEC 1    214                        95    119      315
  SINCE JAN 1     38                        19     19       31
..................................................................


WIND (MPH)
  HIGHEST WIND SPEED    16   HIGHEST WIND DIRECTION     E (100)
  HIGHEST GUST SPEED    20   HIGHEST GUST DIRECTION     E (110)
  AVERAGE WIND SPEED     6.1


SKY COVER
  AVERAGE SKY COVER 0.1


WEATHER CONDITIONS
 THE FOLLOWING WEATHER WAS RECORDED YESTERDAY.
  NO SIGNIFICANT WEATHER WAS OBSERVED.


RELATIVE HUMIDITY (PERCENT)
 HIGHEST   100           300 AM
 LOWEST     48           100 PM
 AVERAGE    74

..........................................................


THE MELBOURNE CLIMATE NORMALS FOR TODAY
                         NORMAL    RECORD    YEAR
 MAXIMUM TEMPERATURE (F)   71        84      2013
                                             1943
 MINIMUM TEMPERATURE (F)   49        31      1959


SUNRISE AND SUNSET
JANUARY 17 2017.......SUNRISE   715 AM EST   SUNSET   551 PM EST
JANUARY 18 2017.......SUNRISE   715 AM EST   SUNSET   552 PM EST


-  INDICATES NEGATIVE NUMBERS.
R  INDICATES RECORD WAS SET OR TIED.
MM INDICATES DATA IS MISSING.
T  INDICATES TRACE AMOUNT.




$$
