000
CDUS42 KMLB 202015
CLIMLB


CLIMATE REPORT
NATIONAL WEATHER SERVICE MELBOURNE FL
415 PM EDT FRI OCT 20 2017


...................................

...THE MELBOURNE CLIMATE SUMMARY FOR OCTOBER 20 2017...
VALID TODAY AS OF 0400 PM LOCAL TIME.

CLIMATE NORMAL PERIOD 1981 TO 2010
CLIMATE RECORD PERIOD 1939 TO 2017


WEATHER ITEM   OBSERVED TIME   RECORD YEAR NORMAL DEPARTURE LAST
                VALUE   (LST)  VALUE       VALUE  FROM      YEAR
                                                  NORMAL
..................................................................
TEMPERATURE (F)
 TODAY
  MAXIMUM         85    243 PM  92    1982  83      2       84
  MINIMUM         79    717 AM  47    1989  67     12       68
  AVERAGE         82                        75      7       76

PRECIPITATION (IN)
  TODAY            T             1.63 1952   0.16  -0.16      T
  MONTH TO DATE   10.33                      3.63   6.70     6.32
  SINCE SEP 1     31.27                     11.27  20.00    20.49
  SINCE JAN 1     58.96                     45.12  13.84    59.05

SNOWFALL (IN)
  TODAY            0.0
  MONTH TO DATE    0.0
  SINCE JUL 1      0.0

DEGREE DAYS
 HEATING
  TODAY            0                         0      0        0
  MONTH TO DATE    0                         0      0        0
  SINCE SEP 1      0                         0      0        0
  SINCE JUL 1      0                         0      0        0

 COOLING
  TODAY           17                        10      7       11
  MONTH TO DATE  340                       246     94      290
  SINCE SEP 1    869                       712    157      801
  SINCE JAN 1   3757                      2938    819     3449
..................................................................


WIND (MPH)
  HIGHEST WIND SPEED    22   HIGHEST WIND DIRECTION    NE (50)
  HIGHEST GUST SPEED    27   HIGHEST GUST DIRECTION    NE (60)
  AVERAGE WIND SPEED    16.6


SKY COVER
  AVERAGE SKY COVER 0.4


WEATHER CONDITIONS
 THE FOLLOWING WEATHER WAS RECORDED TODAY.
  LIGHT RAIN


RELATIVE HUMIDITY (PERCENT)
 HIGHEST    74           300 AM
 LOWEST     61          1100 AM
 AVERAGE    68

..........................................................


THE MELBOURNE CLIMATE NORMALS FOR TOMORROW
                         NORMAL    RECORD    YEAR
 MAXIMUM TEMPERATURE (F)   83        91      1942
 MINIMUM TEMPERATURE (F)   67        46      1989


SUNRISE AND SUNSET
OCTOBER 20 2017.......SUNRISE   726 AM EDT   SUNSET   648 PM EDT
OCTOBER 21 2017.......SUNRISE   727 AM EDT   SUNSET   647 PM EDT


-  INDICATES NEGATIVE NUMBERS.
R  INDICATES RECORD WAS SET OR TIED.
MM INDICATES DATA IS MISSING.
T  INDICATES TRACE AMOUNT.




$$
