000
CDUS42 KMLB 050652
CLIMLB


CLIMATE REPORT
NATIONAL WEATHER SERVICE MELBOURNE FL
141 AM EST THU MAR 5 2015


...................................

...THE MELBOURNE CLIMATE SUMMARY FOR MARCH 4 2015...

CLIMATE NORMAL PERIOD 1981 TO 2010
CLIMATE RECORD PERIOD 1939 TO 2015


WEATHER ITEM   OBSERVED TIME   RECORD YEAR NORMAL DEPARTURE LAST
                VALUE   (LST)  VALUE       VALUE  FROM      YEAR
                                                  NORMAL
..................................................................
TEMPERATURE (F)
 YESTERDAY
  MAXIMUM         82    159 PM  87    1982  75      7       78
                                      1952
  MINIMUM         65    310 AM  31    1943  54     11       59
  AVERAGE         74                        64     10       69

PRECIPITATION (IN)
  YESTERDAY        0.00          1.64 1948   0.10  -0.10     0.00
  MONTH TO DATE    T                         0.39  -0.39     0.00
  SINCE MAR 1      T                         0.39  -0.39     0.00
  SINCE JAN 1      6.11                      5.19   0.92     7.06

SNOWFALL (IN)
  YESTERDAY        0.0
  MONTH TO DATE    0.0
  SINCE JUL 1      0.0

DEGREE DAYS
 HEATING
  YESTERDAY        0                         3     -3        0
  MONTH TO DATE    0                        12    -12        1
  SINCE MAR 1      0                        12    -12        1
  SINCE JUL 1    410                       501    -91      307

 COOLING
  YESTERDAY        9                         3      6        4
  MONTH TO DATE   29                        11     18       13
  SINCE MAR 1     29                        11     18       13
  SINCE JAN 1    127                       109     18      181
..................................................................


WIND (MPH)
  HIGHEST WIND SPEED    22   HIGHEST WIND DIRECTION     E (110)
  HIGHEST GUST SPEED    27   HIGHEST GUST DIRECTION    SE (120)
  AVERAGE WIND SPEED     9.9


SKY COVER
  AVERAGE SKY COVER 0.3


WEATHER CONDITIONS
 THE FOLLOWING WEATHER WAS RECORDED YESTERDAY.
  FOG
  FOG W/VISIBILITY <= 1/4 MILE


RELATIVE HUMIDITY (PERCENT)
 HIGHEST    97           100 AM
 LOWEST     62          1100 AM
 AVERAGE    80

..........................................................


THE MELBOURNE CLIMATE NORMALS FOR TODAY
                         NORMAL    RECORD    YEAR
 MAXIMUM TEMPERATURE (F)   75        88      1982
                                             1964
 MINIMUM TEMPERATURE (F)   54        35      2010


SUNRISE AND SUNSET
MARCH  5 2015.........SUNRISE   643 AM EST   SUNSET   625 PM EST
MARCH  6 2015.........SUNRISE   642 AM EST   SUNSET   626 PM EST


-  INDICATES NEGATIVE NUMBERS.
R  INDICATES RECORD WAS SET OR TIED.
MM INDICATES DATA IS MISSING.
T  INDICATES TRACE AMOUNT.




$$
