000
CDUS43 KDVN 200921
CLIMLI


CLIMATE REPORT
NATIONAL WEATHER SERVICE QUAD CITIES IA IL
421 AM CDT SAT SEP 20 2014


...................................

...THE MOLINE IL CLIMATE SUMMARY FOR SEPTEMBER 19 2014...

CLIMATE NORMAL PERIOD 1981 TO 2010
CLIMATE RECORD PERIOD 1872 TO 2014


WEATHER ITEM   OBSERVED TIME   RECORD YEAR NORMAL DEPARTURE LAST
                VALUE   (LST)  VALUE       VALUE  FROM      YEAR
                                                  NORMAL
..................................................................
TEMPERATURE (F)
 YESTERDAY
  MAXIMUM         76    420 PM  93    2013  76      0       93
                                      1948
  MINIMUM         47    614 AM  34    1991  52     -5       67
  AVERAGE         62                        64     -2       80

PRECIPITATION (IN)
  YESTERDAY        0.00          1.56 1900   0.10  -0.10     0.32
  MONTH TO DATE    5.56                      2.03   3.53     0.88
  SINCE SEP 1      5.56                      2.03   3.53     0.88
  SINCE JAN 1     34.13                     29.19   4.94    33.49

SNOWFALL (IN)
  YESTERDAY        0.0          MM      MM   0.0    0.0      0.0
  MONTH TO DATE    0.0                       0.0    0.0      0.0
  SINCE SEP 1      0.0                       0.0    0.0      0.0
  SINCE JUL 1      0.0                       0.0    0.0      0.0
  SNOW DEPTH       0

DEGREE DAYS
 HEATING
  YESTERDAY        3                         4     -1        0
  MONTH TO DATE   92                        35     57       33
  SINCE SEP 1     92                        35     57       33
  SINCE JUL 1     97                        43     54       44

 COOLING
  YESTERDAY        0                         3     -3       15
  MONTH TO DATE   49                        86    -37      150
  SINCE SEP 1     49                        86    -37      150
  SINCE JAN 1    815                       969   -154      964
..................................................................


WIND (MPH)
  HIGHEST WIND SPEED    18   HIGHEST WIND DIRECTION     S (170)
  HIGHEST GUST SPEED    24   HIGHEST GUST DIRECTION     S (180)
  AVERAGE WIND SPEED     9.0


SKY COVER
  POSSIBLE SUNSHINE  MM
  AVERAGE SKY COVER 0.0


WEATHER CONDITIONS
 THE FOLLOWING WEATHER WAS RECORDED YESTERDAY.
  FOG
  HAZE


RELATIVE HUMIDITY (PERCENT)
 HIGHEST   100           500 AM
 LOWEST     43           200 PM
 AVERAGE    72

..........................................................


THE MOLINE IL CLIMATE NORMALS FOR TODAY
                         NORMAL    RECORD    YEAR
 MAXIMUM TEMPERATURE (F)   75        92      1931
 MINIMUM TEMPERATURE (F)   52        30      1991
                                             1956


SUNRISE AND SUNSET
SEPTEMBER 20 2014.....SUNRISE   647 AM CDT   SUNSET   703 PM CDT
SEPTEMBER 21 2014.....SUNRISE   648 AM CDT   SUNSET   701 PM CDT


-  INDICATES NEGATIVE NUMBERS.
R  INDICATES RECORD WAS SET OR TIED.
MM INDICATES DATA IS MISSING.
T  INDICATES TRACE AMOUNT.




$$
