795
CDUS43 KDVN 220908
CLIMLI


CLIMATE REPORT
NATIONAL WEATHER SERVICE QUAD CITIES IA IL
408 AM CDT FRI MAY 22 2015


...................................

...THE MOLINE IL CLIMATE SUMMARY FOR MAY 21 2015...

CLIMATE NORMAL PERIOD 1981 TO 2010
CLIMATE RECORD PERIOD 1872 TO 2015


WEATHER ITEM   OBSERVED TIME   RECORD YEAR NORMAL DEPARTURE LAST
                VALUE   (LST)  VALUE       VALUE  FROM      YEAR
                                                  NORMAL
..................................................................
TEMPERATURE (F)
 YESTERDAY
  MAXIMUM         72    426 PM  93    1934  75     -3       87
  MINIMUM         41    102 AM  32    2002  52    -11       63
  AVERAGE         57                        63     -6       75

PRECIPITATION (IN)
  YESTERDAY        0.00          0.70 1949   0.15  -0.15     0.04
  MONTH TO DATE    2.21                      2.87  -0.66     1.80
  SINCE MAR 1      4.58                      9.32  -4.74     6.48
  SINCE JAN 1      7.51                     12.41  -4.90    10.50

SNOWFALL (IN)
  YESTERDAY        0.0          MM      MM   0.0    0.0      0.0
  MONTH TO DATE    0.0                       0.0    0.0      0.0
  SINCE MAR 1      0.1                       4.9   -4.8     10.3
  SINCE JUL 1     39.1                      31.6    7.5     65.1
  SNOW DEPTH       0

DEGREE DAYS
 HEATING
  YESTERDAY        8                         4      4        0
  MONTH TO DATE  104                       131    -27      154
  SINCE MAR 1   1317                      1356    -39     1635
  SINCE JUL 1   6575                      6154    421     7305

 COOLING
  YESTERDAY        0                         2     -2       10
  MONTH TO DATE   46                        31     15       51
  SINCE MAR 1     46                        45      1       56
  SINCE JAN 1     46                        45      1       56
..................................................................


WIND (MPH)
  HIGHEST WIND SPEED    18   HIGHEST WIND DIRECTION     W (250)
  HIGHEST GUST SPEED    26   HIGHEST GUST DIRECTION     W (250)
  AVERAGE WIND SPEED    10.0


SKY COVER
  POSSIBLE SUNSHINE  MM
  AVERAGE SKY COVER 0.3


WEATHER CONDITIONS
 THE FOLLOWING WEATHER WAS RECORDED YESTERDAY.
  NO SIGNIFICANT WEATHER WAS OBSERVED.


RELATIVE HUMIDITY (PERCENT)
 HIGHEST    89           200 AM
 LOWEST     29           400 PM
 AVERAGE    59

..........................................................


THE MOLINE IL CLIMATE NORMALS FOR TODAY
                         NORMAL    RECORD    YEAR
 MAXIMUM TEMPERATURE (F)   75        94      1925
 MINIMUM TEMPERATURE (F)   53        34      1883


SUNRISE AND SUNSET
MAY 22 2015...........SUNRISE   537 AM CDT   SUNSET   821 PM CDT
MAY 23 2015...........SUNRISE   536 AM CDT   SUNSET   822 PM CDT


-  INDICATES NEGATIVE NUMBERS.
R  INDICATES RECORD WAS SET OR TIED.
MM INDICATES DATA IS MISSING.
T  INDICATES TRACE AMOUNT.




$$
