000
CDUS43 KDVN 312120
CLIMLI


CLIMATE REPORT
NATIONAL WEATHER SERVICE QUAD CITIES IA IL
419 PM CDT FRI JUL 31 2015


...................................

...THE MOLINE IL CLIMATE SUMMARY FOR JULY 31 2015...
VALID TODAY AS OF 0400 PM LOCAL TIME.

CLIMATE NORMAL PERIOD 1981 TO 2010
CLIMATE RECORD PERIOD 1872 TO 2015


WEATHER ITEM   OBSERVED TIME   RECORD YEAR NORMAL DEPARTURE LAST
                VALUE   (LST)  VALUE       VALUE  FROM      YEAR
                                                  NORMAL
..................................................................
TEMPERATURE (F)
 TODAY
  MAXIMUM         89    252 PM 101    1988  85      4       84
  MINIMUM         65    308 AM  46    1971  65      0       58
  AVERAGE         77                        75      2       71

PRECIPITATION (IN)
  TODAY            0.00          1.18 1877   0.12  -0.12     0.00
  MONTH TO DATE    4.79                      4.29   0.50     1.78
  SINCE JUN 1     15.69                      8.78   6.91    12.69
  SINCE JAN 1     24.63                     22.64   1.99    24.25

SNOWFALL (IN)
  TODAY            0.0          MM      MM   0.0    0.0      0.0
  MONTH TO DATE    0.0                       0.0    0.0      0.0
  SINCE JUN 1      0.0                       0.0    0.0      0.0
  SINCE JUL 1      0.0                       0.0    0.0      0.0
  SNOW DEPTH       0

DEGREE DAYS
 HEATING
  TODAY            0                         0      0        0
  MONTH TO DATE    4                         0      4        4
  SINCE JUN 1     11                        21    -10        8
  SINCE JUL 1      4                         2      2        4

 COOLING
  TODAY           12                        10      2        6
  MONTH TO DATE  286                       324    -38      170
  SINCE JUN 1    493                       538    -45      399
  SINCE JAN 1    574                       614    -40      504
..................................................................


WIND (MPH)
  HIGHEST WIND SPEED    24   HIGHEST WIND DIRECTION    NW (300)
  HIGHEST GUST SPEED    29   HIGHEST GUST DIRECTION    NW (300)
  AVERAGE WIND SPEED     8.8


SKY COVER
  POSSIBLE SUNSHINE  MM
  AVERAGE SKY COVER 0.0


WEATHER CONDITIONS
 THE FOLLOWING WEATHER WAS RECORDED TODAY.
  NO SIGNIFICANT WEATHER WAS OBSERVED.


RELATIVE HUMIDITY (PERCENT)
 HIGHEST    87          1200 AM
 LOWEST     32           200 PM
 AVERAGE    60

..........................................................


THE MOLINE IL CLIMATE NORMALS FOR TOMORROW
                         NORMAL    RECORD    YEAR
 MAXIMUM TEMPERATURE (F)   85       103      1987
 MINIMUM TEMPERATURE (F)   65        55      1998
                                             1992
                                             1973


SUNRISE AND SUNSET
JULY 31 2015..........SUNRISE   556 AM CDT   SUNSET   821 PM CDT
AUGUST  1 2015........SUNRISE   557 AM CDT   SUNSET   819 PM CDT


-  INDICATES NEGATIVE NUMBERS.
R  INDICATES RECORD WAS SET OR TIED.
MM INDICATES DATA IS MISSING.
T  INDICATES TRACE AMOUNT.




$$
