000
CDUS43 KDVN 092224
CLIMLI


CLIMATE REPORT
NATIONAL WEATHER SERVICE QUAD CITIES IA IL
422 PM CST FRI DEC 9 2016


...................................

...THE MOLINE IL CLIMATE SUMMARY FOR DECEMBER 9 2016...
VALID TODAY AS OF 0400 PM LOCAL TIME.

CLIMATE NORMAL PERIOD 1981 TO 2010
CLIMATE RECORD PERIOD 1872 TO 2016


WEATHER ITEM   OBSERVED TIME   RECORD YEAR NORMAL DEPARTURE LAST
                VALUE   (LST)  VALUE       VALUE  FROM      YEAR
                                                  NORMAL
..................................................................
TEMPERATURE (F)
 TODAY
  MAXIMUM         25    249 PM  64    1918  36    -11       54
  MINIMUM         18    813 AM -17    1876  20     -2       33
  AVERAGE         22                        28     -6       44

PRECIPITATION (IN)
  TODAY            T             1.08 2003   0.08  -0.08     0.00
  MONTH TO DATE    0.61                      0.74  -0.13      T
  SINCE DEC 1      0.61                      0.74  -0.13      T
  SINCE JAN 1     35.45                     36.52  -1.07    40.34

SNOWFALL (IN)
  TODAY            T            MM      MM   0.3   -0.3      0.0
  MONTH TO DATE    7.8                       2.2    5.6      0.6
  SINCE DEC 1      7.8                       2.2    5.6      0.6
  SINCE JUL 1      7.8                       3.4    4.4     10.5
  SNOW DEPTH       0

DEGREE DAYS
 HEATING
  TODAY           43                        37      6       21
  MONTH TO DATE  304                       315    -11      250
  SINCE DEC 1    304                       315    -11      250
  SINCE JUL 1   1085                      1546   -461     1213

 COOLING
  TODAY            0                         0      0        0
  MONTH TO DATE    0                         0      0        0
  SINCE DEC 1      0                         0      0        0
  SINCE JAN 1   1314                      1004    310     1017
..................................................................


WIND (MPH)
  HIGHEST WIND SPEED    17   HIGHEST WIND DIRECTION    NW (310)
  HIGHEST GUST SPEED    22   HIGHEST GUST DIRECTION    NW (300)
  AVERAGE WIND SPEED     9.5


SKY COVER
  POSSIBLE SUNSHINE  MM
  AVERAGE SKY COVER 0.6


WEATHER CONDITIONS
 THE FOLLOWING WEATHER WAS RECORDED TODAY.
  LIGHT SNOW


RELATIVE HUMIDITY (PERCENT)
 HIGHEST    74           800 AM
 LOWEST     59          1200 AM
 AVERAGE    67

..........................................................


THE MOLINE IL CLIMATE NORMALS FOR TOMORROW
                         NORMAL    RECORD    YEAR
 MAXIMUM TEMPERATURE (F)   36        60      1979
 MINIMUM TEMPERATURE (F)   20       -16      1972


SUNRISE AND SUNSET
DECEMBER  9 2016......SUNRISE   717 AM CST   SUNSET   432 PM CST
DECEMBER 10 2016......SUNRISE   718 AM CST   SUNSET   432 PM CST


-  INDICATES NEGATIVE NUMBERS.
R  INDICATES RECORD WAS SET OR TIED.
MM INDICATES DATA IS MISSING.
T  INDICATES TRACE AMOUNT.




$$
