000
CDUS43 KDVN 020909
CLIMLI


CLIMATE REPORT
NATIONAL WEATHER SERVICE QUAD CITIES IA IL
409 AM CDT TUE SEP 2 2014


...................................

...THE MOLINE IL CLIMATE SUMMARY FOR SEPTEMBER 1 2014...

CLIMATE NORMAL PERIOD 1981 TO 2010
CLIMATE RECORD PERIOD 1872 TO 2014


WEATHER ITEM   OBSERVED TIME   RECORD YEAR NORMAL DEPARTURE LAST
                VALUE   (LST)  VALUE       VALUE  FROM      YEAR
                                                  NORMAL
..................................................................
TEMPERATURE (F)
 YESTERDAY
  MAXIMUM         82    349 PM  99    1953  82      0       91
                                      1913
  MINIMUM         65    407 AM  41    1967  60      5       64
  AVERAGE         74                        71      3       78

PRECIPITATION (IN)
  YESTERDAY        0.30          2.53 1905   0.12   0.18     0.00
  MONTH TO DATE    0.30                      0.12   0.18     0.00
  SINCE SEP 1      0.30                      0.12   0.18     0.00
  SINCE JAN 1     28.87                     27.28   1.59    32.61

SNOWFALL (IN)
  YESTERDAY        0.0          MM      MM   0.0    0.0      0.0
  MONTH TO DATE    0.0                       0.0    0.0      0.0
  SINCE SEP 1      0.0                       0.0    0.0      0.0
  SINCE JUL 1      0.0                       0.0    0.0      0.0
  SNOW DEPTH       0

DEGREE DAYS
 HEATING
  YESTERDAY        0                         1     -1        0
  MONTH TO DATE    0                         1     -1        0
  SINCE SEP 1      0                         1     -1        0
  SINCE JUL 1      5                         9     -4       11

 COOLING
  YESTERDAY        9                         7      2       13
  MONTH TO DATE    9                         7      2       13
  SINCE SEP 1      9                         7      2       13
  SINCE JAN 1    775                       890   -115      827
..................................................................


WIND (MPH)
  HIGHEST WIND SPEED    30   HIGHEST WIND DIRECTION     W (290)
  HIGHEST GUST SPEED    42   HIGHEST GUST DIRECTION     W (280)
  AVERAGE WIND SPEED     9.5


SKY COVER
  POSSIBLE SUNSHINE  MM
  AVERAGE SKY COVER 0.3


WEATHER CONDITIONS
 THE FOLLOWING WEATHER WAS RECORDED YESTERDAY.
  THUNDERSTORM
  HEAVY RAIN
  LIGHT RAIN
  FOG


RELATIVE HUMIDITY (PERCENT)
 HIGHEST    93           500 AM
 LOWEST     58          1200 PM
 AVERAGE    76

..........................................................


THE MOLINE IL CLIMATE NORMALS FOR TODAY
                         NORMAL    RECORD    YEAR
 MAXIMUM TEMPERATURE (F)   82        99      1953
 MINIMUM TEMPERATURE (F)   60        38      1946


SUNRISE AND SUNSET
SEPTEMBER  2 2014.....SUNRISE   629 AM CDT   SUNSET   733 PM CDT
SEPTEMBER  3 2014.....SUNRISE   630 AM CDT   SUNSET   732 PM CDT


-  INDICATES NEGATIVE NUMBERS.
R  INDICATES RECORD WAS SET OR TIED.
MM INDICATES DATA IS MISSING.
T  INDICATES TRACE AMOUNT.




$$
