000
CDUS43 KDVN 171029
CLIMLI


CLIMATE REPORT
NATIONAL WEATHER SERVICE QUAD CITIES IA IL
428 AM CST TUE JAN 17 2017


...................................

...THE MOLINE IL CLIMATE SUMMARY FOR JANUARY 16 2017...

CLIMATE NORMAL PERIOD 1981 TO 2010
CLIMATE RECORD PERIOD 1872 TO 2017


WEATHER ITEM   OBSERVED TIME   RECORD YEAR NORMAL DEPARTURE LAST
                VALUE   (LST)  VALUE       VALUE  FROM      YEAR
                                                  NORMAL
..................................................................
TEMPERATURE (F)
 YESTERDAY
  MAXIMUM         37   1152 PM  59    1990  31      6       25
  MINIMUM         32    602 AM -27    2009  14     18        6
  AVERAGE         35                        22     13       16

PRECIPITATION (IN)
  YESTERDAY        0.86R         0.72 1969   0.05   0.81      T
                                      1915
  MONTH TO DATE    1.07                      0.81   0.26     0.23
  SINCE DEC 1      2.69                      2.99  -0.30     4.43
  SINCE JAN 1      1.07                      0.81   0.26     0.23

SNOWFALL (IN)
  YESTERDAY        0.0          MM      MM   0.3   -0.3       T
  MONTH TO DATE    T                         4.9   -4.9      0.4
  SINCE DEC 1     13.8                      14.2   -0.4      3.9
  SINCE JUL 1     13.8                      15.4   -1.6     13.8
  SNOW DEPTH       0

DEGREE DAYS
 HEATING
  YESTERDAY       30                        43    -13       49
  MONTH TO DATE  664                       677    -13      637
  SINCE DEC 1   1840                      1867    -27     1447
  SINCE JUL 1   2621                      3098   -477     2410

 COOLING
  YESTERDAY        0                         0      0        0
  MONTH TO DATE    0                         0      0        0
  SINCE DEC 1      0                         0      0        0
  SINCE JAN 1      0                         0      0        0
..................................................................


WIND (MPH)
  HIGHEST WIND SPEED    15   HIGHEST WIND DIRECTION     E (80)
  HIGHEST GUST SPEED    19   HIGHEST GUST DIRECTION     E (110)
  AVERAGE WIND SPEED     7.9


SKY COVER
  POSSIBLE SUNSHINE  MM
  AVERAGE SKY COVER 1.0


WEATHER CONDITIONS
 THE FOLLOWING WEATHER WAS RECORDED YESTERDAY.
  HEAVY RAIN
  RAIN
  LIGHT RAIN
  FOG
  HAZE


RELATIVE HUMIDITY (PERCENT)
 HIGHEST    96          1000 AM
 LOWEST     75          1200 AM
 AVERAGE    86

..........................................................


THE MOLINE IL CLIMATE NORMALS FOR TODAY
                         NORMAL    RECORD    YEAR
 MAXIMUM TEMPERATURE (F)   31        62      1894
 MINIMUM TEMPERATURE (F)   14       -22      1977


SUNRISE AND SUNSET
JANUARY 17 2017.......SUNRISE   725 AM CST   SUNSET   500 PM CST
JANUARY 18 2017.......SUNRISE   724 AM CST   SUNSET   501 PM CST


-  INDICATES NEGATIVE NUMBERS.
R  INDICATES RECORD WAS SET OR TIED.
MM INDICATES DATA IS MISSING.
T  INDICATES TRACE AMOUNT.




$$
