000
CDUS45 KBYZ 170933
CLIMLS


CLIMATE REPORT
NATIONAL WEATHER SERVICE BILLINGS MT
331 AM MDT WED SEP 17 2014


...................................

...THE MILES CITY MT CLIMATE SUMMARY FOR SEPTEMBER 16 2014...

CLIMATE NORMAL PERIOD 1981 TO 2010
CLIMATE RECORD PERIOD 1937 TO 2014


WEATHER ITEM   OBSERVED TIME   RECORD YEAR NORMAL DEPARTURE LAST
                VALUE   (LST)  VALUE       VALUE  FROM      YEAR
                                                  NORMAL
..................................................................
TEMPERATURE (F)
 YESTERDAY
  MAXIMUM         80    412 PM 100    2000  74      6       83
  MINIMUM         40    616 AM  28    1965  46     -6       57
  AVERAGE         60                        60      0       70

PRECIPITATION (IN)
  YESTERDAY        0.00          0.89 1945   0.04  -0.04     0.00
  MONTH TO DATE    0.22                      0.56  -0.34     1.07
  SINCE OCT 1     13.89                     11.92   1.97    16.44
  SINCE JAN 1     12.21                     10.32   1.89    14.91

SNOWFALL (IN)
  YESTERDAY       MM
  MONTH TO DATE   MM
  SINCE SEP 1     MM
  SINCE JUL 1     MM
  SNOW DEPTH      MM

DEGREE DAYS
 HEATING
  YESTERDAY        5                         7     -2        0
  MONTH TO DATE  153                        69     84        0
  SINCE SEP 1    153                        69     84        0
  SINCE JUL 1    187                       103     84        0

 COOLING
  YESTERDAY        0                         1     -1        5
  MONTH TO DATE    6                        47    -41      134
  SINCE SEP 1      6                        47    -41      134
  SINCE JAN 1    601                       719   -118      869
..................................................................


WIND (MPH)
  HIGHEST WIND SPEED     9   HIGHEST WIND DIRECTION    NE (50)
  HIGHEST GUST SPEED    11   HIGHEST GUST DIRECTION    SE (150)
  AVERAGE WIND SPEED     3.8


SKY COVER
  POSSIBLE SUNSHINE  MM
  AVERAGE SKY COVER 0.0


WEATHER CONDITIONS
 THE FOLLOWING WEATHER WAS RECORDED YESTERDAY.
  HAZE


RELATIVE HUMIDITY (PERCENT)
 HIGHEST    86           600 AM
 LOWEST     28           400 PM
 AVERAGE    57

..........................................................


THE MILES CITY MT CLIMATE NORMALS FOR TODAY
                         NORMAL    RECORD    YEAR
 MAXIMUM TEMPERATURE (F)   73        94      2009
                                             2000
 MINIMUM TEMPERATURE (F)   45        25      1965


SUNRISE AND SUNSET
SEPTEMBER 17 2014.....SUNRISE   644 AM MDT   SUNSET   711 PM MDT
SEPTEMBER 18 2014.....SUNRISE   645 AM MDT   SUNSET   709 PM MDT


-  INDICATES NEGATIVE NUMBERS.
R  INDICATES RECORD WAS SET OR TIED.
MM INDICATES DATA IS MISSING.
T  INDICATES TRACE AMOUNT.





&&

THIS IS AN AUTOMATED...UNATTENDED WEATHER STATION AND MAY
UNDERESTIMATE WINTER PRECIPITATION.

$$
