000
CDUS45 KBYZ 160723
CLIMLS


CLIMATE REPORT
NATIONAL WEATHER SERVICE BILLINGS MT
123 AM MDT WED AUG 16 2017


...................................

...THE MILES CITY MT CLIMATE SUMMARY FOR AUGUST 15 2017...

CLIMATE NORMAL PERIOD 1981 TO 2010
CLIMATE RECORD PERIOD 1937 TO 2017


WEATHER ITEM   OBSERVED TIME   RECORD YEAR NORMAL DEPARTURE LAST
                VALUE   (LST)  VALUE       VALUE  FROM      YEAR
                                                  NORMAL
..................................................................
TEMPERATURE (F)
 YESTERDAY
  MAXIMUM         80    328 PM 105    2003  88     -8       92
  MINIMUM         55    139 AM  45    1974  59     -4       57
  AVERAGE         68                        73     -5       75

PRECIPITATION (IN)
  YESTERDAY        T             0.98 1980   0.03  -0.03      T
  MONTH TO DATE    0.15                      0.51  -0.36     0.03
  SINCE OCT 1      4.42                     10.96  -6.54    11.18
  SINCE JAN 1      3.33                      9.36  -6.03     9.92

DEGREE DAYS
 HEATING
  YESTERDAY        0                         0      0        0
  MONTH TO DATE    4                         0      4        0
  SINCE JUN 1     23                       101    -78       11
  SINCE JUL 1      4                        12     -8        2

 COOLING
  YESTERDAY        3                         9     -6       10
  MONTH TO DATE   70                       150    -80      147
  SINCE JUN 1    713                       545    168      682
  SINCE JAN 1    734                       565    169      706
..................................................................


WIND (MPH)
  HIGHEST WIND SPEED    18   HIGHEST WIND DIRECTION     W (270)
  HIGHEST GUST SPEED    24   HIGHEST GUST DIRECTION     W (280)
  AVERAGE WIND SPEED     3.5


SKY COVER
  POSSIBLE SUNSHINE  MM
  AVERAGE SKY COVER 0.1


WEATHER CONDITIONS
 THE FOLLOWING WEATHER WAS RECORDED YESTERDAY.
  THUNDERSTORM
  LIGHT RAIN


RELATIVE HUMIDITY (PERCENT)
 HIGHEST    87           700 AM
 LOWEST     29           600 PM
 AVERAGE    58

..........................................................


THE MILES CITY MT CLIMATE NORMALS FOR TODAY
                         NORMAL    RECORD    YEAR
 MAXIMUM TEMPERATURE (F)   88       107      2003
 MINIMUM TEMPERATURE (F)   59        43      2012


SUNRISE AND SUNSET
AUGUST 16 2017........SUNRISE   604 AM MDT   SUNSET   811 PM MDT
AUGUST 17 2017........SUNRISE   605 AM MDT   SUNSET   809 PM MDT


-  INDICATES NEGATIVE NUMBERS.
R  INDICATES RECORD WAS SET OR TIED.
MM INDICATES DATA IS MISSING.
T  INDICATES TRACE AMOUNT.




$$
