000
CDUS45 KBYZ 221033
CLIMLS


CLIMATE REPORT
NATIONAL WEATHER SERVICE BILLINGS MT
331 AM MST SUN JAN 22 2017


...................................

...THE MILES CITY MT CLIMATE SUMMARY FOR JANUARY 21 2017...

CLIMATE NORMAL PERIOD 1981 TO 2010
CLIMATE RECORD PERIOD 1937 TO 2017


WEATHER ITEM   OBSERVED TIME   RECORD YEAR NORMAL DEPARTURE LAST
                VALUE   (LST)  VALUE       VALUE  FROM      YEAR
                                                  NORMAL
..................................................................
TEMPERATURE (F)
 YESTERDAY
  MAXIMUM         25    155 PM  53    1981  30     -5       31
  MINIMUM         12   1132 PM -30    1949   9      3       18
  AVERAGE         19                        20     -1       25

PRECIPITATION (IN)
  YESTERDAY        0.00          0.15 1952   0.01  -0.01      T
  MONTH TO DATE    0.04                      0.24  -0.20     0.15
  SINCE OCT 1      1.13                      1.84  -0.71     1.41
  SINCE JAN 1      0.04                      0.24  -0.20     0.15

DEGREE DAYS
 HEATING
  YESTERDAY       46                        45      1       40
  MONTH TO DATE 1235                       964    271      987
  SINCE DEC 1   2814                      2349    465     2177
  SINCE JUL 1   4129                      4148    -19     3605

 COOLING
  YESTERDAY        0                         0      0        0
  MONTH TO DATE    0                         0      0        0
  SINCE DEC 1      0                         0      0        0
  SINCE JAN 1      0                         0      0        0
..................................................................


WIND (MPH)
  HIGHEST WIND SPEED    12   HIGHEST WIND DIRECTION    SW (230)
  HIGHEST GUST SPEED    12   HIGHEST GUST DIRECTION    SW (230)
  AVERAGE WIND SPEED     4.6


SKY COVER
  POSSIBLE SUNSHINE  MM
  AVERAGE SKY COVER 0.6


WEATHER CONDITIONS
 THE FOLLOWING WEATHER WAS RECORDED YESTERDAY.
  FOG
  FOG W/VISIBILITY <= 1/4 MILE
  HAZE


RELATIVE HUMIDITY (PERCENT)
 HIGHEST    96           200 AM
 LOWEST     80           900 AM
 AVERAGE    88

..........................................................


THE MILES CITY MT CLIMATE NORMALS FOR TODAY
                         NORMAL    RECORD    YEAR
 MAXIMUM TEMPERATURE (F)   30        59      1981
 MINIMUM TEMPERATURE (F)    9       -30      1982


SUNRISE AND SUNSET
JANUARY 22 2017.......SUNRISE   737 AM MST   SUNSET   454 PM MST
JANUARY 23 2017.......SUNRISE   736 AM MST   SUNSET   455 PM MST


-  INDICATES NEGATIVE NUMBERS.
R  INDICATES RECORD WAS SET OR TIED.
MM INDICATES DATA IS MISSING.
T  INDICATES TRACE AMOUNT.





&&

THIS IS AN AUTOMATED...UNATTENDED WEATHER STATION AND MAY
UNDERESTIMATE WINTER PRECIPITATION.

$$
