000
CDUS45 KBYZ 191035
CLIMLS


CLIMATE REPORT
NATIONAL WEATHER SERVICE BILLINGS MT
333 AM MST FRI DEC 19 2014


...................................

...THE MILES CITY MT CLIMATE SUMMARY FOR DECEMBER 18 2014...

CLIMATE NORMAL PERIOD 1981 TO 2010
CLIMATE RECORD PERIOD 1937 TO 2014


WEATHER ITEM   OBSERVED TIME   RECORD YEAR NORMAL DEPARTURE LAST
                VALUE   (LST)  VALUE       VALUE  FROM      YEAR
                                                  NORMAL
..................................................................
TEMPERATURE (F)
 YESTERDAY
  MAXIMUM         39    306 PM  62    1979  30      9       39
  MINIMUM         22    832 AM -25    1983   9     13       13
  AVERAGE         31                        19     12       26

PRECIPITATION (IN)
  YESTERDAY        0.00          0.34        0.01  -0.01      T
  MONTH TO DATE    0.06                      0.15  -0.09     0.20
  SINCE OCT 1      0.89                      1.46  -0.57     1.27
  SINCE JAN 1     13.17                     12.30   0.87    16.70

DEGREE DAYS
 HEATING
  YESTERDAY       34                        46    -12       39
  MONTH TO DATE  646                       784   -138      969
  SINCE DEC 1    646                       784   -138      969
  SINCE JUL 1   2476                      2583   -107     2676

 COOLING
  YESTERDAY        0                         0      0        0
  MONTH TO DATE    0                         0      0        0
  SINCE DEC 1      0                         0      0        0
  SINCE JAN 1    648                       730    -82      877
..................................................................


WIND (MPH)
  HIGHEST WIND SPEED    10   HIGHEST WIND DIRECTION    SW (240)
  HIGHEST GUST SPEED    13   HIGHEST GUST DIRECTION    SW (220)
  AVERAGE WIND SPEED     4.7


SKY COVER
  POSSIBLE SUNSHINE  MM
  AVERAGE SKY COVER 0.5


WEATHER CONDITIONS
 THE FOLLOWING WEATHER WAS RECORDED YESTERDAY.
  FOG


RELATIVE HUMIDITY (PERCENT)
 HIGHEST    96           800 AM
 LOWEST     59           300 PM
 AVERAGE    78

..........................................................


THE MILES CITY MT CLIMATE NORMALS FOR TODAY
                         NORMAL    RECORD    YEAR
 MAXIMUM TEMPERATURE (F)   30        60      2004
 MINIMUM TEMPERATURE (F)    9       -19      1990


SUNRISE AND SUNSET
DECEMBER 19 2014......SUNRISE   743 AM MST   SUNSET   418 PM MST
DECEMBER 20 2014......SUNRISE   744 AM MST   SUNSET   419 PM MST


-  INDICATES NEGATIVE NUMBERS.
R  INDICATES RECORD WAS SET OR TIED.
MM INDICATES DATA IS MISSING.
T  INDICATES TRACE AMOUNT.





&&

THIS IS AN AUTOMATED...UNATTENDED WEATHER STATION AND MAY
UNDERESTIMATE WINTER PRECIPITATION.

$$
