000
CDUS45 KBYZ 252227
CLIMLS


CLIMATE REPORT
NATIONAL WEATHER SERVICE BILLINGS MT
426 PM MDT SAT OCT 25 2014


...................................

...THE MILES CITY MT CLIMATE SUMMARY FOR OCTOBER 25 2014...
VALID TODAY AS OF 0400 PM LOCAL TIME.

CLIMATE NORMAL PERIOD 1981 TO 2010
CLIMATE RECORD PERIOD 1937 TO 2014


WEATHER ITEM   OBSERVED TIME   RECORD YEAR NORMAL DEPARTURE LAST
                VALUE   (LST)  VALUE       VALUE  FROM      YEAR
                                                  NORMAL
..................................................................
TEMPERATURE (F)
 TODAY
  MAXIMUM         72    259 PM  78    1955  55     17       66
  MINIMUM         36    552 AM   9    1942  31      5       34
  AVERAGE         54                        43     11       50

PRECIPITATION (IN)
  TODAY            0.00          0.58 1946   0.02  -0.02     0.00
  MONTH TO DATE    0.39                      0.79  -0.40     0.79
  SINCE OCT 1      0.39                      0.79  -0.40     0.79
  SINCE JAN 1     12.67                     11.63   1.04    16.22

SNOWFALL (IN)
  TODAY           MM
  MONTH TO DATE   MM
  SINCE SEP 1     MM
  SINCE JUL 1     MM
  SNOW DEPTH      MM

DEGREE DAYS
 HEATING
  TODAY           11                        22    -11       15
  MONTH TO DATE  299                       432   -133      450
  SINCE SEP 1    491                       634   -143      553
  SINCE JUL 1    525                       668   -143      553

 COOLING
  TODAY            0                         0      0        0
  MONTH TO DATE    0                         0      0        0
  SINCE SEP 1     53                        56     -3      142
  SINCE JAN 1    648                       728    -80      877
..................................................................


WIND (MPH)
  HIGHEST WIND SPEED    21   HIGHEST WIND DIRECTION     S (160)
  HIGHEST GUST SPEED    25   HIGHEST GUST DIRECTION    SE (130)
  AVERAGE WIND SPEED     9.1


SKY COVER
  POSSIBLE SUNSHINE  MM
  AVERAGE SKY COVER 0.0


WEATHER CONDITIONS
 THE FOLLOWING WEATHER WAS RECORDED TODAY.
  NO SIGNIFICANT WEATHER WAS OBSERVED.


RELATIVE HUMIDITY (PERCENT)
 HIGHEST    76           400 AM
 LOWEST     27           200 PM
 AVERAGE    52

..........................................................


THE MILES CITY MT CLIMATE NORMALS FOR TOMORROW
                         NORMAL    RECORD    YEAR
 MAXIMUM TEMPERATURE (F)   55        82      1960
 MINIMUM TEMPERATURE (F)   30        15      2002


SUNRISE AND SUNSET
OCTOBER 25 2014.......SUNRISE   735 AM MDT   SUNSET   559 PM MDT
OCTOBER 26 2014.......SUNRISE   736 AM MDT   SUNSET   558 PM MDT


-  INDICATES NEGATIVE NUMBERS.
R  INDICATES RECORD WAS SET OR TIED.
MM INDICATES DATA IS MISSING.
T  INDICATES TRACE AMOUNT.





&&

THIS IS AN AUTOMATED...UNATTENDED WEATHER STATION AND MAY
UNDERESTIMATE WINTER PRECIPITATION.

$$
