000
CDUS45 KBYZ 250936
CLIMLS


CLIMATE REPORT
NATIONAL WEATHER SERVICE BILLINGS MT
335 AM MDT MON JUL 25 2016


...................................

...THE MILES CITY MT CLIMATE SUMMARY FOR JULY 24 2016...

CLIMATE NORMAL PERIOD 1981 TO 2010
CLIMATE RECORD PERIOD 1937 TO 2016


WEATHER ITEM   OBSERVED TIME   RECORD YEAR NORMAL DEPARTURE LAST
                VALUE   (LST)  VALUE       VALUE  FROM      YEAR
                                                  NORMAL
..................................................................
TEMPERATURE (F)
 YESTERDAY
  MAXIMUM         94    442 PM 110    2007  90      4       94
  MINIMUM         59    509 AM  52    1996  61     -2       58
  AVERAGE         77                        75      2       76

PRECIPITATION (IN)
  YESTERDAY        0.00          0.25 1940   0.05  -0.05     0.00
  MONTH TO DATE    1.17                      1.31  -0.14     0.46
  SINCE OCT 1     10.98                     10.12   0.86     6.87
  SINCE JAN 1      9.72                      8.52   1.20     5.86

DEGREE DAYS
 HEATING
  YESTERDAY        0                         0      0        0
  MONTH TO DATE    2                        10     -8        0
  SINCE JUN 1     11                        99    -88       25
  SINCE JUL 1      2                        10     -8        0

 COOLING
  YESTERDAY       12                        11      1       11
  MONTH TO DATE  251                       214     37      229
  SINCE JUN 1    450                       321    129      391
  SINCE JAN 1    474                       341    133      392
..................................................................


WIND (MPH)
  HIGHEST WIND SPEED    13   HIGHEST WIND DIRECTION     W (270)
  HIGHEST GUST SPEED    18   HIGHEST GUST DIRECTION     W (270)
  AVERAGE WIND SPEED     6.1


SKY COVER
  POSSIBLE SUNSHINE  MM
  AVERAGE SKY COVER 0.0


WEATHER CONDITIONS
 THE FOLLOWING WEATHER WAS RECORDED YESTERDAY.
  NO SIGNIFICANT WEATHER WAS OBSERVED.


RELATIVE HUMIDITY (PERCENT)
 HIGHEST    67           500 AM
 LOWEST     15           500 PM
 AVERAGE    41

..........................................................


THE MILES CITY MT CLIMATE NORMALS FOR TODAY
                         NORMAL    RECORD    YEAR
 MAXIMUM TEMPERATURE (F)   90       102      1983
 MINIMUM TEMPERATURE (F)   61        51      1985


SUNRISE AND SUNSET
JULY 25 2016..........SUNRISE   537 AM MDT   SUNSET   842 PM MDT
JULY 26 2016..........SUNRISE   538 AM MDT   SUNSET   841 PM MDT


-  INDICATES NEGATIVE NUMBERS.
R  INDICATES RECORD WAS SET OR TIED.
MM INDICATES DATA IS MISSING.
T  INDICATES TRACE AMOUNT.





&&

THIS IS AN AUTOMATED...UNATTENDED WEATHER STATION AND MAY
UNDERESTIMATE WINTER PRECIPITATION.

$$
