000
CDUS45 KBYZ 202223
CLIMLS


CLIMATE REPORT
NATIONAL WEATHER SERVICE BILLINGS MT
423 PM MDT FRI OCT 20 2017


...................................

...THE MILES CITY MT CLIMATE SUMMARY FOR OCTOBER 20 2017...
VALID TODAY AS OF 0400 PM LOCAL TIME.

CLIMATE NORMAL PERIOD 1981 TO 2010
CLIMATE RECORD PERIOD 1937 TO 2017


WEATHER ITEM   OBSERVED TIME   RECORD YEAR NORMAL DEPARTURE LAST
                VALUE   (LST)  VALUE       VALUE  FROM      YEAR
                                                  NORMAL
..................................................................
TEMPERATURE (F)
 TODAY
  MAXIMUM         78    231 PM  82    2003  57     21       62
  MINIMUM         38    650 AM  13    1987  32      6       32
  AVERAGE         58                        45     13       47

PRECIPITATION (IN)
  TODAY            0.00          0.80 1949   0.03  -0.03     0.00
  MONTH TO DATE    0.56                      0.67  -0.11     0.97
  SINCE OCT 1      0.56                      0.67  -0.11     0.97
  SINCE JAN 1      5.70                     11.51  -5.81    14.43

DEGREE DAYS
 HEATING
  TODAY            7                        20    -13       18
  MONTH TO DATE  326                       325      1      320
  SINCE SEP 1    550                       527     23      467
  SINCE JUL 1    554                       561     -7      481

 COOLING
  TODAY            0                         0      0        0
  MONTH TO DATE    0                         0      0        3
  SINCE SEP 1     91                        56     35       62
  SINCE JAN 1    985                       728    257      873
..................................................................


WIND (MPH)
  HIGHEST WIND SPEED    14   HIGHEST WIND DIRECTION     S (160)
  HIGHEST GUST SPEED    16   HIGHEST GUST DIRECTION     S (160)
  AVERAGE WIND SPEED     8.4


SKY COVER
  POSSIBLE SUNSHINE  MM
  AVERAGE SKY COVER 0.0


WEATHER CONDITIONS
 THE FOLLOWING WEATHER WAS RECORDED TODAY.
  NO SIGNIFICANT WEATHER WAS OBSERVED.


RELATIVE HUMIDITY (PERCENT)
 HIGHEST    70           400 AM
 LOWEST     20           200 PM
 AVERAGE    45

..........................................................


THE MILES CITY MT CLIMATE NORMALS FOR TOMORROW
                         NORMAL    RECORD    YEAR
 MAXIMUM TEMPERATURE (F)   57        84      2003
 MINIMUM TEMPERATURE (F)   32        19      1949


SUNRISE AND SUNSET
OCTOBER 20 2017.......SUNRISE   728 AM MDT   SUNSET   607 PM MDT
OCTOBER 21 2017.......SUNRISE   730 AM MDT   SUNSET   606 PM MDT


-  INDICATES NEGATIVE NUMBERS.
R  INDICATES RECORD WAS SET OR TIED.
MM INDICATES DATA IS MISSING.
T  INDICATES TRACE AMOUNT.




$$
