000
CDUS45 KBYZ 240936
CLIMLS


CLIMATE REPORT
NATIONAL WEATHER SERVICE BILLINGS MT
335 AM MDT FRI MAR 24 2017


...................................

...THE MILES CITY MT CLIMATE SUMMARY FOR MARCH 23 2017...

CLIMATE NORMAL PERIOD 1981 TO 2010
CLIMATE RECORD PERIOD 1937 TO 2017


WEATHER ITEM   OBSERVED TIME   RECORD YEAR NORMAL DEPARTURE LAST
                VALUE   (LST)  VALUE       VALUE  FROM      YEAR
                                                  NORMAL
..................................................................
TEMPERATURE (F)
 YESTERDAY
  MAXIMUM         59    343 PM  78    1993  49     10       44
  MINIMUM         37   1159 PM  -7    1965  26     11       29
  AVERAGE         48                        37     11       37

PRECIPITATION (IN)
  YESTERDAY        0.12          0.28 1996   0.03   0.09     0.00
  MONTH TO DATE    0.49                      0.39   0.10     0.02
  SINCE OCT 1      2.04                      2.54  -0.50     2.09
  SINCE JAN 1      0.95                      0.94   0.01     0.83

DEGREE DAYS
 HEATING
  YESTERDAY       17                        28    -11       28
  MONTH TO DATE  671                       735    -64      494
  SINCE MAR 1    671                       735    -64      494
  SINCE JUL 1   6223                      6469   -246     5187

 COOLING
  YESTERDAY        0                         0      0        0
  MONTH TO DATE    0                         0      0        0
  SINCE MAR 1      0                         0      0        0
  SINCE JAN 1      0                         0      0        0
..................................................................


WIND (MPH)
  HIGHEST WIND SPEED    17   HIGHEST WIND DIRECTION     W (290)
  HIGHEST GUST SPEED    21   HIGHEST GUST DIRECTION     N (10)
  AVERAGE WIND SPEED     7.5


SKY COVER
  POSSIBLE SUNSHINE  MM
  AVERAGE SKY COVER 0.7


WEATHER CONDITIONS
 THE FOLLOWING WEATHER WAS RECORDED YESTERDAY.
  RAIN
  LIGHT RAIN


RELATIVE HUMIDITY (PERCENT)
 HIGHEST    86           900 AM
 LOWEST     36           400 PM
 AVERAGE    61

..........................................................


THE MILES CITY MT CLIMATE NORMALS FOR TODAY
                         NORMAL    RECORD    YEAR
 MAXIMUM TEMPERATURE (F)   50        78      1993
 MINIMUM TEMPERATURE (F)   26       -13      1964


SUNRISE AND SUNSET
MARCH 24 2017.........SUNRISE   658 AM MDT   SUNSET   722 PM MDT
MARCH 25 2017.........SUNRISE   656 AM MDT   SUNSET   723 PM MDT


-  INDICATES NEGATIVE NUMBERS.
R  INDICATES RECORD WAS SET OR TIED.
MM INDICATES DATA IS MISSING.
T  INDICATES TRACE AMOUNT.





&&

THIS IS AN AUTOMATED...UNATTENDED WEATHER STATION AND MAY
UNDERESTIMATE WINTER PRECIPITATION.

$$
