000
CDUS41 KCAR 030527
CLIMLT


CLIMATE REPORT
NATIONAL WEATHER SERVICE CARIBOU, ME
126 AM EDT MON AUG 3 2015


...................................

...THE MILLINOCKET ME CLIMATE SUMMARY FOR AUGUST 2 2015...

CLIMATE NORMAL PERIOD 1981 TO 2010
CLIMATE RECORD PERIOD 1903 TO 2015


WEATHER ITEM   OBSERVED TIME   RECORD YEAR NORMAL DEPARTURE LAST
                VALUE   (LST)  VALUE       VALUE  FROM      YEAR
                                                  NORMAL
..................................................................
TEMPERATURE (F)
 YESTERDAY
  MAXIMUM         81    139 PM  97    1975  78      3       78
  MINIMUM         55    243 AM  36    1916  57     -2       62
  AVERAGE         68                        68      0       70

PRECIPITATION (IN)
  YESTERDAY        T             1.14 1971   0.14  -0.14     0.00
  MONTH TO DATE    0.16                      0.27  -0.11     0.00
  SINCE JUN 1      8.19                      8.19   0.00     8.98
  SINCE JAN 1     19.88                     23.26  -3.38    22.88

SNOWFALL (IN)
  YESTERDAY       MM            MM      MM  MM     MM       MM
  MONTH TO DATE   MM                        MM     MM       MM
  SINCE JUN 1     MM                        MM     MM       MM
  SINCE JUL 1     MM                        MM     MM       MM
  SNOW DEPTH      MM

DEGREE DAYS
 HEATING
  YESTERDAY        0                         1     -1        0
  MONTH TO DATE    0                         2     -2        0
  SINCE JUN 1    181                       142     39       85
  SINCE JUL 1     21                        26     -5        9

 COOLING
  YESTERDAY        3                         3      0        5
  MONTH TO DATE    5                         6     -1        9
  SINCE JUN 1    129                       172    -43      241
  SINCE JAN 1    163                       178    -15      243
..................................................................


WIND (MPH)
  HIGHEST WIND SPEED    10   HIGHEST WIND DIRECTION     W (260)
  HIGHEST GUST SPEED    16   HIGHEST GUST DIRECTION     W (260)
  AVERAGE WIND SPEED     2.7


SKY COVER
  POSSIBLE SUNSHINE  MM
  AVERAGE SKY COVER 0.2


WEATHER CONDITIONS
 THE FOLLOWING WEATHER WAS RECORDED YESTERDAY.
  NO SIGNIFICANT WEATHER WAS OBSERVED.


RELATIVE HUMIDITY (PERCENT)
 HIGHEST   100           100 AM
 LOWEST     48           200 PM
 AVERAGE    74

..........................................................


THE MILLINOCKET ME CLIMATE NORMALS FOR TODAY
                         NORMAL    RECORD    YEAR
 MAXIMUM TEMPERATURE (F)   78       100      1975
 MINIMUM TEMPERATURE (F)   57        39      1921


SUNRISE AND SUNSET
AUGUST  3 2015........SUNRISE   520 AM EDT   SUNSET   801 PM EDT
AUGUST  4 2015........SUNRISE   521 AM EDT   SUNSET   800 PM EDT


-  INDICATES NEGATIVE NUMBERS.
R  INDICATES RECORD WAS SET OR TIED.
MM INDICATES DATA IS MISSING.
T  INDICATES TRACE AMOUNT.




$$
