000
CDUS41 KCAR 280541
CLIMLT


CLIMATE REPORT
NATIONAL WEATHER SERVICE CARIBOU, ME
138 AM EDT SUN AUG 28 2016


...................................

...THE MILLINOCKET ME CLIMATE SUMMARY FOR AUGUST 27 2016...

CLIMATE NORMAL PERIOD 1981 TO 2010
CLIMATE RECORD PERIOD 1903 TO 2016


WEATHER ITEM   OBSERVED TIME   RECORD YEAR NORMAL DEPARTURE LAST
                VALUE   (LST)  VALUE       VALUE  FROM      YEAR
                                                  NORMAL
..................................................................
TEMPERATURE (F)
 YESTERDAY
  MAXIMUM         79    318 PM  91    1993  75      4       76
  MINIMUM         54   1159 PM  38    1931  53      1       60
  AVERAGE         67                        64      3       68

PRECIPITATION (IN)
  YESTERDAY        0.00          0.88 1926   0.14  -0.14      T
  MONTH TO DATE    4.14                      3.45   0.69     5.88
  SINCE JUN 1      9.29                     11.37  -2.08    13.91
  SINCE JAN 1     22.90                     26.44  -3.54    25.60

SNOWFALL (IN)
  YESTERDAY       MM            MM      MM  MM     MM       MM
  MONTH TO DATE   MM                        MM     MM       MM
  SINCE JUN 1     MM                        MM     MM       MM
  SINCE JUL 1     MM                        MM     MM       MM
  SNOW DEPTH      MM

DEGREE DAYS
 HEATING
  YESTERDAY        0                         3     -3        0
  MONTH TO DATE    4                        41    -37        0
  SINCE JUN 1    153                       181    -28      181
  SINCE JUL 1     37                        65    -28       21

 COOLING
  YESTERDAY        2                         2      0        3
  MONTH TO DATE  107                        71     36      141
  SINCE JUN 1    291                       237     54      265
  SINCE JAN 1    297                       243     54      299
..................................................................


WIND (MPH)
  HIGHEST WIND SPEED    16   HIGHEST WIND DIRECTION     N (350)
  HIGHEST GUST SPEED    21   HIGHEST GUST DIRECTION    NE (50)
  AVERAGE WIND SPEED     3.9


SKY COVER
  POSSIBLE SUNSHINE  MM
  AVERAGE SKY COVER 0.1


WEATHER CONDITIONS
 THE FOLLOWING WEATHER WAS RECORDED YESTERDAY.
  NO SIGNIFICANT WEATHER WAS OBSERVED.


RELATIVE HUMIDITY (PERCENT)
 HIGHEST    93           400 AM
 LOWEST     35           200 PM
 AVERAGE    64

..........................................................


THE MILLINOCKET ME CLIMATE NORMALS FOR TODAY
                         NORMAL    RECORD    YEAR
 MAXIMUM TEMPERATURE (F)   75        94      1952
 MINIMUM TEMPERATURE (F)   53        32      1915


SUNRISE AND SUNSET
AUGUST 28 2016........SUNRISE   552 AM EDT   SUNSET   719 PM EDT
AUGUST 29 2016........SUNRISE   553 AM EDT   SUNSET   717 PM EDT


-  INDICATES NEGATIVE NUMBERS.
R  INDICATES RECORD WAS SET OR TIED.
MM INDICATES DATA IS MISSING.
T  INDICATES TRACE AMOUNT.




$$
