000
CDUS41 KCAR 022026
CLIMLT


CLIMATE REPORT
NATIONAL WEATHER SERVICE CARIBOU, ME
426 PM EDT WED SEP 2 2015


...................................

...THE MILLINOCKET ME CLIMATE SUMMARY FOR SEPTEMBER 2 2015...
VALID TODAY AS OF 0400 PM LOCAL TIME.

CLIMATE NORMAL PERIOD 1981 TO 2010
CLIMATE RECORD PERIOD 1903 TO 2015


WEATHER ITEM   OBSERVED TIME   RECORD YEAR NORMAL DEPARTURE LAST
                VALUE   (LST)  VALUE       VALUE  FROM      YEAR
                                                  NORMAL
..................................................................
TEMPERATURE (F)
 TODAY
  MAXIMUM         84    259 PM  92    1937  73     11       74
  MINIMUM         57    302 AM  35    1906  52      5       66
  AVERAGE         71                        62      9       70

PRECIPITATION (IN)
  TODAY            0.00          1.69 1965   0.11  -0.11     0.00
  MONTH TO DATE    0.00                      0.21  -0.21     0.01
  SINCE SEP 1      0.00                      0.21  -0.21     0.01
  SINCE JAN 1     25.60                     27.14  -1.54    25.15

SNOWFALL (IN)
  TODAY           MM            MM      MM  MM     MM       MM
  MONTH TO DATE   MM                        MM     MM       MM
  SINCE SEP 1     MM                        MM     MM       MM
  SINCE JUL 1      0.0                      MM     MM       MM
  SNOW DEPTH      MM

DEGREE DAYS
 HEATING
  TODAY            0                         4     -4        0
  MONTH TO DATE    0                         8     -8        0
  SINCE SEP 1      0                         8     -8        0
  SINCE JUL 1     21                        87    -66       28

 COOLING
  TODAY            6                         2      4        5
  MONTH TO DATE    7                         4      3       14
  SINCE SEP 1      7                         4      3       14
  SINCE JAN 1    319                       255     64      342
..................................................................


WIND (MPH)
  HIGHEST WIND SPEED    15   HIGHEST WIND DIRECTION    NW (300)
  HIGHEST GUST SPEED    21   HIGHEST GUST DIRECTION    NW (300)
  AVERAGE WIND SPEED     4.0


SKY COVER
  POSSIBLE SUNSHINE  MM
  AVERAGE SKY COVER 0.1


WEATHER CONDITIONS
 THE FOLLOWING WEATHER WAS RECORDED TODAY.
  NO SIGNIFICANT WEATHER WAS OBSERVED.


RELATIVE HUMIDITY (PERCENT)
 HIGHEST    93          1200 AM
 LOWEST     55           200 PM
 AVERAGE    74

..........................................................


THE MILLINOCKET ME CLIMATE NORMALS FOR TOMORROW
                         NORMAL    RECORD    YEAR
 MAXIMUM TEMPERATURE (F)   73        93      1999
 MINIMUM TEMPERATURE (F)   51        34      1938


SUNRISE AND SUNSET
SEPTEMBER  2 2015.....SUNRISE   557 AM EDT   SUNSET   711 PM EDT
SEPTEMBER  3 2015.....SUNRISE   558 AM EDT   SUNSET   709 PM EDT


-  INDICATES NEGATIVE NUMBERS.
R  INDICATES RECORD WAS SET OR TIED.
MM INDICATES DATA IS MISSING.
T  INDICATES TRACE AMOUNT.




$$
