000
CDUS41 KCAR 240530
CLIMLT


CLIMATE REPORT
NATIONAL WEATHER SERVICE CARIBOU, ME
130 AM EDT MON JUL 24 2017


...................................

...THE MILLINOCKET ME CLIMATE SUMMARY FOR JULY 23 2017...

CLIMATE NORMAL PERIOD 1981 TO 2010
CLIMATE RECORD PERIOD 1903 TO 2017


WEATHER ITEM   OBSERVED TIME   RECORD YEAR NORMAL DEPARTURE LAST
                VALUE   (LST)  VALUE       VALUE  FROM      YEAR
                                                  NORMAL
..................................................................
TEMPERATURE (F)
 YESTERDAY
  MAXIMUM         74    516 PM  98    1952  79     -5       84
  MINIMUM         45    442 AM  43    1923  58    -13       64
  AVERAGE         60                        68     -8       74

PRECIPITATION (IN)
  YESTERDAY        0.00          1.35 2013   0.12  -0.12     0.00
  MONTH TO DATE    1.38                      2.96  -1.58     2.08
  SINCE JUN 1      7.54                      7.03   0.51     5.00
  SINCE JAN 1     23.22                     22.10   1.12    18.61

SNOWFALL (IN)
  YESTERDAY       MM            MM      MM  MM     MM       MM
  MONTH TO DATE   MM                        MM     MM       MM
  SINCE JUN 1     MM                        MM     MM       MM
  SINCE JUL 1     MM                        MM     MM       MM
  SNOW DEPTH      MM

DEGREE DAYS
 HEATING
  YESTERDAY        5                         1      4        0
  MONTH TO DATE   19                        23     -4       33
  SINCE JUN 1    139                       139      0      149
  SINCE JUL 1     19                        23     -4       33

 COOLING
  YESTERDAY        0                         4     -4        9
  MONTH TO DATE   84                        89     -5      101
  SINCE JUN 1    136                       138     -2      127
  SINCE JAN 1    145                       144      1      133
..................................................................


WIND (MPH)
  HIGHEST WIND SPEED    13   HIGHEST WIND DIRECTION    NW (320)
  HIGHEST GUST SPEED    18   HIGHEST GUST DIRECTION     W (290)
  AVERAGE WIND SPEED     2.8


SKY COVER
  POSSIBLE SUNSHINE  MM
  AVERAGE SKY COVER 0.0


WEATHER CONDITIONS
 THE FOLLOWING WEATHER WAS RECORDED YESTERDAY.
  NO SIGNIFICANT WEATHER WAS OBSERVED.


RELATIVE HUMIDITY (PERCENT)
 HIGHEST   100           400 AM
 LOWEST     29           400 PM
 AVERAGE    65

..........................................................


THE MILLINOCKET ME CLIMATE NORMALS FOR TODAY
                         NORMAL    RECORD    YEAR
 MAXIMUM TEMPERATURE (F)   79        94      1970
 MINIMUM TEMPERATURE (F)   58        42      1923


SUNRISE AND SUNSET
JULY 24 2017..........SUNRISE   509 AM EDT   SUNSET   812 PM EDT
JULY 25 2017..........SUNRISE   511 AM EDT   SUNSET   811 PM EDT


-  INDICATES NEGATIVE NUMBERS.
R  INDICATES RECORD WAS SET OR TIED.
MM INDICATES DATA IS MISSING.
T  INDICATES TRACE AMOUNT.




$$
