000
CDUS41 KCAR 230549
CLIMLT


CLIMATE REPORT
NATIONAL WEATHER SERVICE CARIBOU, ME
1248 AM EST TUE JAN 23 2018


...................................

...THE MILLINOCKET ME CLIMATE SUMMARY FOR JANUARY 22 2018...

CLIMATE NORMAL PERIOD 1981 TO 2010
CLIMATE RECORD PERIOD 1903 TO 2018


WEATHER ITEM   OBSERVED TIME   RECORD YEAR NORMAL DEPARTURE LAST
                VALUE   (LST)  VALUE       VALUE  FROM      YEAR
                                                  NORMAL
..................................................................
TEMPERATURE (F)
 YESTERDAY
  MAXIMUM         23    421 PM  52    1910  23      0       33
  MINIMUM         15   1159 PM -34    1934   3     12       28
  AVERAGE         19                        13      6       31

PRECIPITATION (IN)
  YESTERDAY        0.06          1.62 1979   0.08  -0.02     0.00
  MONTH TO DATE    2.31                      2.17   0.14     1.44
  SINCE DEC 1      4.99                      5.70  -0.71     4.75
  SINCE JAN 1      2.31                      2.17   0.14     1.44

SNOWFALL (IN)
  YESTERDAY       MM            MM      MM  MM     MM       MM
  MONTH TO DATE   MM                        MM     MM       MM
  SINCE DEC 1     MM                        MM     MM       MM
  SINCE JUL 1     MM                        MM     MM       MM
  SNOW DEPTH      MM

DEGREE DAYS
 HEATING
  YESTERDAY       46                        52     -6       34
  MONTH TO DATE 1102                      1118    -16      948
  SINCE DEC 1   2596                      2440    156     2350
  SINCE JUL 1   4133                      4283   -150     3900

 COOLING
  YESTERDAY        0                         0      0        0
  MONTH TO DATE    0                         0      0        0
  SINCE DEC 1      0                         0      0        0
  SINCE JAN 1      0                         0      0        0
..................................................................


WIND (MPH)
  HIGHEST WIND SPEED    10   HIGHEST WIND DIRECTION     E (80)
  HIGHEST GUST SPEED    14   HIGHEST GUST DIRECTION    NE (60)
  AVERAGE WIND SPEED     3.4


SKY COVER
  POSSIBLE SUNSHINE  MM
  AVERAGE SKY COVER 1.0


WEATHER CONDITIONS
 THE FOLLOWING WEATHER WAS RECORDED YESTERDAY.
  SNOW
  LIGHT SNOW
  FOG


RELATIVE HUMIDITY (PERCENT)
 HIGHEST    80          1100 PM
 LOWEST     35          1000 AM
 AVERAGE    58

..........................................................


THE MILLINOCKET ME CLIMATE NORMALS FOR TODAY
                         NORMAL    RECORD    YEAR
 MAXIMUM TEMPERATURE (F)   23        48      1957
 MINIMUM TEMPERATURE (F)    3       -26      1961


SUNRISE AND SUNSET
JANUARY 23 2018.......SUNRISE   706 AM EST   SUNSET   428 PM EST
JANUARY 24 2018.......SUNRISE   705 AM EST   SUNSET   430 PM EST


-  INDICATES NEGATIVE NUMBERS.
R  INDICATES RECORD WAS SET OR TIED.
MM INDICATES DATA IS MISSING.
T  INDICATES TRACE AMOUNT.




$$
