000
CDUS41 KCAR 242039
CLIMLT


CLIMATE REPORT
NATIONAL WEATHER SERVICE CARIBOU, ME
439 PM EDT THU APR 24 2014


...................................

...THE MILLINOCKET ME CLIMATE SUMMARY FOR APRIL 24 2014...
VALID TODAY AS OF 0400 PM LOCAL TIME.

CLIMATE NORMAL PERIOD 1981 TO 2010
CLIMATE RECORD PERIOD 1903 TO 2014


WEATHER ITEM   OBSERVED TIME   RECORD YEAR NORMAL DEPARTURE LAST
                VALUE   (LST)  VALUE       VALUE  FROM      YEAR
                                                  NORMAL
..................................................................
TEMPERATURE (F)
 TODAY
  MAXIMUM         44    236 PM  82    1913  56    -12       54
  MINIMUM         37    534 AM  20    1930  35      2       42
  AVERAGE         41                        45     -4       48

PRECIPITATION (IN)
  TODAY            0.05          1.29 2005   0.11  -0.06     0.04
  MONTH TO DATE    2.41                      2.90  -0.49     1.36
  SINCE MAR 1      5.01                      5.96  -0.95     2.86
  SINCE JAN 1     10.20                     11.07  -0.87     6.29

SNOWFALL (IN)
  TODAY           MM            MM      MM  MM     MM       MM
  MONTH TO DATE    0.0                      MM     MM       MM
  SINCE MAR 1      0.0                      MM     MM       MM
  SINCE JUL 1      0.0                      MM     MM       MM
  SNOW DEPTH      MM

DEGREE DAYS
 HEATING
  TODAY           24                        20      4       17
  MONTH TO DATE  598                       612    -14      629
  SINCE MAR 1   1976                      1759    217     1636
  SINCE JUL 1   8014                      7811    203     7187

 COOLING
  TODAY            0                         0      0        0
  MONTH TO DATE    0                         0      0        0
  SINCE MAR 1      0                         0      0        0
  SINCE JAN 1      0                         0      0        0
..................................................................


WIND (MPH)
  HIGHEST WIND SPEED    25   HIGHEST WIND DIRECTION     N (340)
  HIGHEST GUST SPEED    35   HIGHEST GUST DIRECTION     N (340)
  AVERAGE WIND SPEED    16.7


SKY COVER
  POSSIBLE SUNSHINE  MM
  AVERAGE SKY COVER 1.0


WEATHER CONDITIONS
 THE FOLLOWING WEATHER WAS RECORDED TODAY.
  LIGHT RAIN


RELATIVE HUMIDITY (PERCENT)
 HIGHEST    82          1200 AM
 LOWEST     65           200 PM
 AVERAGE    74

..........................................................


THE MILLINOCKET ME CLIMATE NORMALS FOR TOMORROW
                         NORMAL    RECORD    YEAR
 MAXIMUM TEMPERATURE (F)   56        87      1913
 MINIMUM TEMPERATURE (F)   35        18      1914


SUNRISE AND SUNSET
APRIL 24 2014.........SUNRISE   534 AM EDT   SUNSET   733 PM EDT
APRIL 25 2014.........SUNRISE   532 AM EDT   SUNSET   734 PM EDT


-  INDICATES NEGATIVE NUMBERS.
R  INDICATES RECORD WAS SET OR TIED.
MM INDICATES DATA IS MISSING.
T  INDICATES TRACE AMOUNT.




$$
