000
CDUS41 KCAR 160526
CLIMLT


CLIMATE REPORT
NATIONAL WEATHER SERVICE CARIBOU, ME
126 AM EDT WED APR 16 2014


...................................

...THE MILLINOCKET ME CLIMATE SUMMARY FOR APRIL 15 2014...

CLIMATE NORMAL PERIOD 1981 TO 2010
CLIMATE RECORD PERIOD 1903 TO 2014


WEATHER ITEM   OBSERVED TIME   RECORD YEAR NORMAL DEPARTURE LAST
                VALUE   (LST)  VALUE       VALUE  FROM      YEAR
                                                  NORMAL
..................................................................
TEMPERATURE (F)
 YESTERDAY
  MAXIMUM         58    157 PM  75    2012  51      7       53
  MINIMUM         38   1159 PM  16    1992  31      7       33
  AVERAGE         48                        41      7       43

PRECIPITATION (IN)
  YESTERDAY        0.63          1.09 2006   0.12   0.51     0.00
  MONTH TO DATE    1.71                      1.91  -0.20     0.93
  SINCE MAR 1      4.31                      4.97  -0.66     2.43
  SINCE JAN 1      9.50                     10.08  -0.58     5.86

SNOWFALL (IN)
  YESTERDAY       MM            MM      MM  MM     MM       MM
  MONTH TO DATE    0.0                      MM     MM       MM
  SINCE MAR 1      0.0                      MM     MM       MM
  SINCE JUL 1      0.0                      MM     MM       MM
  SNOW DEPTH      MM

DEGREE DAYS
 HEATING
  YESTERDAY       17                        24     -7       22
  MONTH TO DATE  373                       416    -43      441
  SINCE MAR 1   1751                      1563    188     1448
  SINCE JUL 1   7789                      7615    174     6999

 COOLING
  YESTERDAY        0                         0      0        0
  MONTH TO DATE    0                         0      0        0
  SINCE MAR 1      0                         0      0        0
  SINCE JAN 1      0                         0      0        0
..................................................................


WIND (MPH)
  HIGHEST WIND SPEED    20   HIGHEST WIND DIRECTION     W (290)
  HIGHEST GUST SPEED    32   HIGHEST GUST DIRECTION     W (290)
  AVERAGE WIND SPEED     8.7


SKY COVER
  POSSIBLE SUNSHINE  MM
  AVERAGE SKY COVER 0.9


WEATHER CONDITIONS
 THE FOLLOWING WEATHER WAS RECORDED YESTERDAY.
  HEAVY RAIN
  RAIN
  LIGHT RAIN
  FOG


RELATIVE HUMIDITY (PERCENT)
 HIGHEST    96           700 AM
 LOWEST     80          1200 AM
 AVERAGE    88

..........................................................


THE MILLINOCKET ME CLIMATE NORMALS FOR TODAY
                         NORMAL    RECORD    YEAR
 MAXIMUM TEMPERATURE (F)   51        79      2012
 MINIMUM TEMPERATURE (F)   31        14      1930


SUNRISE AND SUNSET
APRIL 16 2014.........SUNRISE   547 AM EDT   SUNSET   722 PM EDT
APRIL 17 2014.........SUNRISE   546 AM EDT   SUNSET   724 PM EDT


-  INDICATES NEGATIVE NUMBERS.
R  INDICATES RECORD WAS SET OR TIED.
MM INDICATES DATA IS MISSING.
T  INDICATES TRACE AMOUNT.




$$
