208
CDUS41 KCAR 100659
CLIMLT


CLIMATE REPORT
NATIONAL WEATHER SERVICE CARIBOU, ME
159 AM EST SAT DEC 10 2016


...................................

...THE MILLINOCKET ME CLIMATE SUMMARY FOR DECEMBER 9 2016...

CLIMATE NORMAL PERIOD 1981 TO 2010
CLIMATE RECORD PERIOD 1903 TO 2016


WEATHER ITEM   OBSERVED TIME   RECORD YEAR NORMAL DEPARTURE LAST
                VALUE   (LST)  VALUE       VALUE  FROM      YEAR
                                                  NORMAL
..................................................................
TEMPERATURE (F)
 YESTERDAY
  MAXIMUM         28   1205 AM  53    1974  32     -4       34
  MINIMUM         14   1159 PM -13    1964  18     -4       22
  AVERAGE         21                        25     -4       28

PRECIPITATION (IN)
  YESTERDAY        T             1.14 2014   0.14  -0.14     0.00
  MONTH TO DATE    0.74                      1.30  -0.56     1.04
  SINCE DEC 1      0.74                      1.30  -0.56     1.04
  SINCE JAN 1     30.95                     40.45  -9.50    39.73

SNOWFALL (IN)
  YESTERDAY       MM            MM      MM  MM     MM       MM
  MONTH TO DATE   MM                        MM     MM       MM
  SINCE DEC 1     MM                        MM     MM       MM
  SINCE JUL 1     MM                        MM     MM       MM
  SNOW DEPTH      MM

DEGREE DAYS
 HEATING
  YESTERDAY       44                        40      4       37
  MONTH TO DATE  350                       345      5      275
  SINCE DEC 1    350                       345      5      275
  SINCE JUL 1   1900                      2188   -288     1816

 COOLING
  YESTERDAY        0                         0      0        0
  MONTH TO DATE    0                         0      0        0
  SINCE DEC 1      0                         0      0        0
  SINCE JAN 1    350                       268     82      400
..................................................................


WIND (MPH)
  HIGHEST WIND SPEED    26   HIGHEST WIND DIRECTION    NW (300)
  HIGHEST GUST SPEED    37   HIGHEST GUST DIRECTION     W (290)
  AVERAGE WIND SPEED    12.6


SKY COVER
  POSSIBLE SUNSHINE  MM
  AVERAGE SKY COVER 0.3


WEATHER CONDITIONS
 THE FOLLOWING WEATHER WAS RECORDED YESTERDAY.
  NO SIGNIFICANT WEATHER WAS OBSERVED.


RELATIVE HUMIDITY (PERCENT)
 HIGHEST    74           300 AM
 LOWEST     46          1200 PM
 AVERAGE    60

..........................................................


THE MILLINOCKET ME CLIMATE NORMALS FOR TODAY
                         NORMAL    RECORD    YEAR
 MAXIMUM TEMPERATURE (F)   32        57      1907
 MINIMUM TEMPERATURE (F)   17       -19      1906


SUNRISE AND SUNSET
DECEMBER 10 2016......SUNRISE   705 AM EST   SUNSET   351 PM EST
DECEMBER 11 2016......SUNRISE   706 AM EST   SUNSET   351 PM EST


-  INDICATES NEGATIVE NUMBERS.
R  INDICATES RECORD WAS SET OR TIED.
MM INDICATES DATA IS MISSING.
T  INDICATES TRACE AMOUNT.




$$
