000
CDUS41 KCAR 222032
CLIMLT


CLIMATE REPORT
NATIONAL WEATHER SERVICE CARIBOU, ME
428 PM EDT FRI SEP 22 2017


...................................

...THE MILLINOCKET ME CLIMATE SUMMARY FOR SEPTEMBER 22 2017...
VALID TODAY AS OF 0400 PM LOCAL TIME.

CLIMATE NORMAL PERIOD 1981 TO 2010
CLIMATE RECORD PERIOD 1903 TO 2017


WEATHER ITEM   OBSERVED TIME   RECORD YEAR NORMAL DEPARTURE LAST
                VALUE   (LST)  VALUE       VALUE  FROM      YEAR
                                                  NORMAL
..................................................................
TEMPERATURE (F)
 TODAY
  MAXIMUM         75    259 PM  91    1914  65     10       72
  MINIMUM         41    535 AM  24    1950  44     -3       49
  AVERAGE         58                        55      3       61

PRECIPITATION (IN)
  TODAY            0.00          2.24 1913   0.13  -0.13     0.00
  MONTH TO DATE    3.14                      2.60   0.54     0.98
  SINCE SEP 1      3.14                      2.60   0.54     0.98
  SINCE JAN 1     27.78                     29.53  -1.75    23.98

SNOWFALL (IN)
  TODAY           MM            MM      MM  MM     MM       MM
  MONTH TO DATE   MM                        MM     MM       MM
  SINCE SEP 1     MM                        MM     MM       MM
  SINCE JUL 1     MM                        MM     MM       MM
  SNOW DEPTH      MM

DEGREE DAYS
 HEATING
  TODAY            7                        11     -4        4
  MONTH TO DATE   73                       150    -77       56
  SINCE SEP 1     73                       150    -77       56
  SINCE JUL 1    172                       229    -57       96

 COOLING
  TODAY            0                         0      0        0
  MONTH TO DATE   16                        15      1       43
  SINCE SEP 1     16                        15      1       43
  SINCE JAN 1    232                       266    -34      350
..................................................................


WIND (MPH)
  HIGHEST WIND SPEED    10   HIGHEST WIND DIRECTION    NE (50)
  HIGHEST GUST SPEED    15   HIGHEST GUST DIRECTION     E (70)
  AVERAGE WIND SPEED     3.3


SKY COVER
  POSSIBLE SUNSHINE  MM
  AVERAGE SKY COVER 0.0


WEATHER CONDITIONS
 THE FOLLOWING WEATHER WAS RECORDED TODAY.
  NO SIGNIFICANT WEATHER WAS OBSERVED.


RELATIVE HUMIDITY (PERCENT)
 HIGHEST   100           100 AM
 LOWEST     25           300 PM
 AVERAGE    63

..........................................................


THE MILLINOCKET ME CLIMATE NORMALS FOR TOMORROW
                         NORMAL    RECORD    YEAR
 MAXIMUM TEMPERATURE (F)   65        91      1914
 MINIMUM TEMPERATURE (F)   44        25      1904


SUNRISE AND SUNSET
SEPTEMBER 22 2017.....SUNRISE   622 AM EDT   SUNSET   632 PM EDT
SEPTEMBER 23 2017.....SUNRISE   623 AM EDT   SUNSET   630 PM EDT


-  INDICATES NEGATIVE NUMBERS.
R  INDICATES RECORD WAS SET OR TIED.
MM INDICATES DATA IS MISSING.
T  INDICATES TRACE AMOUNT.




$$
