000
CDUS41 KCAR 032029
CLIMLT


CLIMATE REPORT
NATIONAL WEATHER SERVICE CARIBOU, ME
427 PM EDT FRI JUL 3 2015


...................................

...THE MILLINOCKET ME CLIMATE SUMMARY FOR JULY 3 2015...
VALID TODAY AS OF 0400 PM LOCAL TIME.

CLIMATE NORMAL PERIOD 1981 TO 2010
CLIMATE RECORD PERIOD 1903 TO 2015


WEATHER ITEM   OBSERVED TIME   RECORD YEAR NORMAL DEPARTURE LAST
                VALUE   (LST)  VALUE       VALUE  FROM      YEAR
                                                  NORMAL
..................................................................
TEMPERATURE (F)
 TODAY
  MAXIMUM         78    224 PM  96    1921  78      0       88
  MINIMUM         49    446 AM  37    1933  57     -8       70
  AVERAGE         64                        67     -3       79

PRECIPITATION (IN)
  TODAY            0.00          1.81 1904   0.14  -0.14     0.01
  MONTH TO DATE    0.49                      0.40   0.09     0.06
  SINCE JUN 1      5.01                      4.47   0.54     4.63
  SINCE JAN 1     16.70                     19.54  -2.84    18.53

SNOWFALL (IN)
  TODAY           MM            MM      MM  MM     MM       MM
  MONTH TO DATE   MM                        MM     MM       MM
  SINCE JUN 1     MM                        MM     MM       MM
  SINCE JUL 1     MM                        MM     MM       MM
  SNOW DEPTH      MM

DEGREE DAYS
 HEATING
  TODAY            1                         1      0        0
  MONTH TO DATE    1                         3     -2        0
  SINCE JUN 1    161                       119     42       76
  SINCE JUL 1      1                         3     -2        0

 COOLING
  TODAY            0                         3     -3       14
  MONTH TO DATE    1                         9     -8       45
  SINCE JUN 1     21                        58    -37      103
  SINCE JAN 1     55                        64     -9      105
..................................................................


WIND (MPH)
  HIGHEST WIND SPEED    21   HIGHEST WIND DIRECTION    NW (300)
  HIGHEST GUST SPEED    30   HIGHEST GUST DIRECTION     W (260)
  AVERAGE WIND SPEED     4.8


SKY COVER
  POSSIBLE SUNSHINE  MM
  AVERAGE SKY COVER 0.0


WEATHER CONDITIONS
 THE FOLLOWING WEATHER WAS RECORDED TODAY.
  NO SIGNIFICANT WEATHER WAS OBSERVED.


RELATIVE HUMIDITY (PERCENT)
 HIGHEST    93           500 AM
 LOWEST     26           200 PM
 AVERAGE    60

..........................................................


THE MILLINOCKET ME CLIMATE NORMALS FOR TOMORROW
                         NORMAL    RECORD    YEAR
 MAXIMUM TEMPERATURE (F)   78       100      1912
 MINIMUM TEMPERATURE (F)   58        43      1982


SUNRISE AND SUNSET
JULY  3 2015..........SUNRISE   450 AM EDT   SUNSET   827 PM EDT
JULY  4 2015..........SUNRISE   451 AM EDT   SUNSET   827 PM EDT


-  INDICATES NEGATIVE NUMBERS.
R  INDICATES RECORD WAS SET OR TIED.
MM INDICATES DATA IS MISSING.
T  INDICATES TRACE AMOUNT.




$$
