000
CDUS41 KCAR 270528
CLIMLT


CLIMATE REPORT
NATIONAL WEATHER SERVICE CARIBOU, ME
127 AM EDT TUE SEP 27 2016


...................................

...THE MILLINOCKET ME CLIMATE SUMMARY FOR SEPTEMBER 26 2016...

CLIMATE NORMAL PERIOD 1981 TO 2010
CLIMATE RECORD PERIOD 1903 TO 2016


WEATHER ITEM   OBSERVED TIME   RECORD YEAR NORMAL DEPARTURE LAST
                VALUE   (LST)  VALUE       VALUE  FROM      YEAR
                                                  NORMAL
..................................................................
TEMPERATURE (F)
 YESTERDAY
  MAXIMUM         63    323 PM  87    2007  63      0       62
  MINIMUM         38    453 AM  26    1924  43     -5       34
  AVERAGE         51                        53     -2       48

PRECIPITATION (IN)
  YESTERDAY        0.00          3.04 2001   0.14  -0.14     0.00
  MONTH TO DATE    1.17                      3.14  -1.97     2.55
  SINCE SEP 1      1.17                      3.14  -1.97     2.55
  SINCE JAN 1     24.17                     30.07  -5.90    28.15

SNOWFALL (IN)
  YESTERDAY       MM            MM      MM  MM     MM       MM
  MONTH TO DATE   MM                        MM     MM       MM
  SINCE SEP 1     MM                        MM     MM       MM
  SINCE JUL 1     MM                        MM     MM       MM
  SNOW DEPTH      MM

DEGREE DAYS
 HEATING
  YESTERDAY       14                        12      2       17
  MONTH TO DATE  119                       196    -77       86
  SINCE SEP 1    119                       196    -77       86
  SINCE JUL 1    159                       275   -116      107

 COOLING
  YESTERDAY        0                         0      0        0
  MONTH TO DATE   43                        15     28       86
  SINCE SEP 1     43                        15     28       86
  SINCE JAN 1    350                       266     84      398
..................................................................


WIND (MPH)
  HIGHEST WIND SPEED     8   HIGHEST WIND DIRECTION     W (270)
  HIGHEST GUST SPEED    13   HIGHEST GUST DIRECTION    SW (230)
  AVERAGE WIND SPEED     2.6


SKY COVER
  POSSIBLE SUNSHINE  MM
  AVERAGE SKY COVER 0.0


WEATHER CONDITIONS
 THE FOLLOWING WEATHER WAS RECORDED YESTERDAY.
  NO SIGNIFICANT WEATHER WAS OBSERVED.


RELATIVE HUMIDITY (PERCENT)
 HIGHEST    92           400 AM
 LOWEST     36           100 PM
 AVERAGE    64

..........................................................


THE MILLINOCKET ME CLIMATE NORMALS FOR TODAY
                         NORMAL    RECORD    YEAR
 MAXIMUM TEMPERATURE (F)   63        85      1908
 MINIMUM TEMPERATURE (F)   42        23      1939


SUNRISE AND SUNSET
SEPTEMBER 27 2016.....SUNRISE   628 AM EDT   SUNSET   622 PM EDT
SEPTEMBER 28 2016.....SUNRISE   630 AM EDT   SUNSET   620 PM EDT


-  INDICATES NEGATIVE NUMBERS.
R  INDICATES RECORD WAS SET OR TIED.
MM INDICATES DATA IS MISSING.
T  INDICATES TRACE AMOUNT.




$$
