000
CDUS44 KSHV 302148
CLIMLU


CLIMATE REPORT
NATIONAL WEATHER SERVICE SHREVEPORT, LA
447 PM CDT THU OCT 30 2014


...................................

...THE MONROE CLIMATE SUMMARY FOR OCTOBER 30 2014...
VALID TODAY AS OF 0400 PM LOCAL TIME.

CLIMATE NORMAL PERIOD 1981 TO 2010
CLIMATE RECORD PERIOD 1930 TO 2014


WEATHER ITEM   OBSERVED TIME   RECORD YEAR NORMAL DEPARTURE LAST
                VALUE   (LST)  VALUE       VALUE  FROM      YEAR
                                                  NORMAL
..................................................................
TEMPERATURE (F)
 TODAY
  MAXIMUM         74    254 PM  90    1937  75     -1       73
  MINIMUM         44    637 AM  29    1952  49     -5       60
  AVERAGE         59                        62     -3       67

PRECIPITATION (IN)
  TODAY            0.00          3.39 2009   0.15  -0.15     0.29
  MONTH TO DATE    3.91                      4.65  -0.74     3.18
  SINCE DEC 1     47.65                     49.05  -1.40    42.50
  SINCE JAN 1     44.39                     43.76   0.63    37.77

SNOWFALL (IN)
  TODAY            0.0
  MONTH TO DATE    0.0
  SINCE SEP 1      0.0
  SINCE JUL 1      0.0
  SNOW DEPTH       0

DEGREE DAYS
 HEATING
  TODAY            6                         5      1        0
  MONTH TO DATE   46                        79    -33       66
  SINCE SEP 1     46                        85    -39       66
  SINCE JUL 1     46                        85    -39       66

 COOLING
  TODAY            0                         2     -2        2
  MONTH TO DATE  135                       118     17      120
  SINCE SEP 1    527                       475     52      573
  SINCE JAN 1   2278                      2482   -204     2418
..................................................................


WIND (MPH)
  HIGHEST WIND SPEED     7   HIGHEST WIND DIRECTION    SW (230)
  HIGHEST GUST SPEED     9   HIGHEST GUST DIRECTION    NE (50)
  AVERAGE WIND SPEED     1.7


SKY COVER
  POSSIBLE SUNSHINE  MM
  AVERAGE SKY COVER 0.0


WEATHER CONDITIONS
 THE FOLLOWING WEATHER WAS RECORDED TODAY.
  FOG
  FOG W/VISIBILITY <= 1/4 MILE


RELATIVE HUMIDITY (PERCENT)
 HIGHEST   100           200 AM
 LOWEST     33           200 PM
 AVERAGE    67

..........................................................


THE MONROE CLIMATE NORMALS FOR TOMORROW
                         NORMAL    RECORD    YEAR
 MAXIMUM TEMPERATURE (F)   74        89      1937
 MINIMUM TEMPERATURE (F)   49        30      1993


SUNRISE AND SUNSET
OCTOBER 30 2014.......SUNRISE   724 AM CDT   SUNSET   619 PM CDT
OCTOBER 31 2014.......SUNRISE   725 AM CDT   SUNSET   618 PM CDT


-  INDICATES NEGATIVE NUMBERS.
R  INDICATES RECORD WAS SET OR TIED.
MM INDICATES DATA IS MISSING.
T  INDICATES TRACE AMOUNT.




$$
