000
CDUS44 KSHV 302133
CLIMLU


CLIMATE REPORT
NATIONAL WEATHER SERVICE SHREVEPORT, LA
431 PM CDT SAT AUG 30 2014


...................................

...THE MONROE CLIMATE SUMMARY FOR AUGUST 30 2014...
VALID TODAY AS OF 0400 PM LOCAL TIME.

CLIMATE NORMAL PERIOD 1981 TO 2010
CLIMATE RECORD PERIOD 1930 TO 2014


WEATHER ITEM   OBSERVED TIME   RECORD YEAR NORMAL DEPARTURE LAST
                VALUE   (LST)  VALUE       VALUE  FROM      YEAR
                                                  NORMAL
..................................................................
TEMPERATURE (F)
 TODAY
  MAXIMUM         79   1226 AM 107    2000  93    -14       98
  MINIMUM         73   1007 AM  54    1986  70      3       68
  AVERAGE         76                        81     -5       83

PRECIPITATION (IN)
  TODAY            2.76R         2.41 2012   0.11   2.65     0.00
  MONTH TO DATE    7.08                      3.07   4.01     0.05
  SINCE DEC 1     42.40                     40.66   1.74    37.01
  SINCE JAN 1     39.14                     35.37   3.77    32.28

DEGREE DAYS
 HEATING
  TODAY            0                         0      0        0
  MONTH TO DATE    0                         0      0        0
  SINCE JUN 1      0                         0      0        0
  SINCE JUL 1      0                         0      0        0

 COOLING
  TODAY           11                        16     -5       18
  MONTH TO DATE  479                       530    -51      535
  SINCE JUN 1   1405                      1555   -150     1476
  SINCE JAN 1   1735                      1990   -255     1826
..................................................................


WIND (MPH)
  HIGHEST WIND SPEED    14   HIGHEST WIND DIRECTION     S (170)
  HIGHEST GUST SPEED    21   HIGHEST GUST DIRECTION     S (180)
  AVERAGE WIND SPEED     4.5


SKY COVER
  POSSIBLE SUNSHINE  MM
  AVERAGE SKY COVER 0.8


WEATHER CONDITIONS
 THE FOLLOWING WEATHER WAS RECORDED TODAY.
  HEAVY RAIN
  RAIN
  LIGHT RAIN
  FOG
  FOG W/VISIBILITY <= 1/4 MILE


RELATIVE HUMIDITY (PERCENT)
 HIGHEST    94           200 AM
 LOWEST     88           300 PM
 AVERAGE    91

..........................................................


THE MONROE CLIMATE NORMALS FOR TOMORROW
                         NORMAL    RECORD    YEAR
 MAXIMUM TEMPERATURE (F)   93       107      2000
 MINIMUM TEMPERATURE (F)   70        60      1986


SUNRISE AND SUNSET
AUGUST 30 2014........SUNRISE   642 AM CDT   SUNSET   735 PM CDT
AUGUST 31 2014........SUNRISE   642 AM CDT   SUNSET   734 PM CDT


-  INDICATES NEGATIVE NUMBERS.
R  INDICATES RECORD WAS SET OR TIED.
MM INDICATES DATA IS MISSING.
T  INDICATES TRACE AMOUNT.




$$
