000
CDUS44 KSHV 020737
CLIMLU


CLIMATE REPORT
NATIONAL WEATHER SERVICE SHREVEPORT, LA
236 AM CDT SUN AUG 2 2015


...................................

...THE MONROE CLIMATE SUMMARY FOR AUGUST 1 2015...

CLIMATE NORMAL PERIOD 1981 TO 2010
CLIMATE RECORD PERIOD 1930 TO 2015


WEATHER ITEM   OBSERVED TIME   RECORD YEAR NORMAL DEPARTURE LAST
                VALUE   (LST)  VALUE       VALUE  FROM      YEAR
                                                  NORMAL
..................................................................
TEMPERATURE (F)
 YESTERDAY
  MAXIMUM         96    250 PM 105    2011  95      1       72
                                      2010
  MINIMUM         69   1159 PM  61    1936  72     -3       68
  AVERAGE         83                        83      0       70

PRECIPITATION (IN)
  YESTERDAY        0.00          1.73 2014   0.09  -0.09     1.73
  MONTH TO DATE    0.00                      0.09  -0.09     1.73
  SINCE DEC 1     35.65                     37.68  -2.03    37.05
  SINCE JAN 1     31.17                     32.39  -1.22    33.79

SNOWFALL (IN)
  YESTERDAY        0.0
  MONTH TO DATE    0.0
  SINCE JUN 1      0.0
  SINCE JUL 1      0.0
  SNOW DEPTH       0

DEGREE DAYS
 HEATING
  YESTERDAY        0                         0      0        0
  MONTH TO DATE    0                         0      0        0
  SINCE JUN 1      0                         0      0        0
  SINCE JUL 1      0                         0      0        0

 COOLING
  YESTERDAY       18                        18      0        5
  MONTH TO DATE   18                        18      0        5
  SINCE JUN 1   1108                      1043     65      931
  SINCE JAN 1   1530                      1478     52     1261
..................................................................


WIND (MPH)
  HIGHEST WIND SPEED    20   HIGHEST WIND DIRECTION    NE (30)
  HIGHEST GUST SPEED    25   HIGHEST GUST DIRECTION     N (20)
  AVERAGE WIND SPEED     6.2


SKY COVER
  POSSIBLE SUNSHINE  MM
  AVERAGE SKY COVER 0.0


WEATHER CONDITIONS
 THE FOLLOWING WEATHER WAS RECORDED YESTERDAY.
  NO SIGNIFICANT WEATHER WAS OBSERVED.


RELATIVE HUMIDITY (PERCENT)
 HIGHEST    90           500 AM
 LOWEST     33           200 PM
 AVERAGE    62

..........................................................


THE MONROE CLIMATE NORMALS FOR TODAY
                         NORMAL    RECORD    YEAR
 MAXIMUM TEMPERATURE (F)   95       106      2010
 MINIMUM TEMPERATURE (F)   72        61      1965


SUNRISE AND SUNSET
AUGUST  2 2015........SUNRISE   623 AM CDT   SUNSET   805 PM CDT
AUGUST  3 2015........SUNRISE   624 AM CDT   SUNSET   804 PM CDT


-  INDICATES NEGATIVE NUMBERS.
R  INDICATES RECORD WAS SET OR TIED.
MM INDICATES DATA IS MISSING.
T  INDICATES TRACE AMOUNT.




$$
