000
CDUS44 KSHV 280850
CLIMLU


CLIMATE REPORT
NATIONAL WEATHER SERVICE SHREVEPORT, LA
350 AM CDT TUE MAR 28 2017


...................................

...THE MONROE CLIMATE SUMMARY FOR MARCH 27 2017...

CLIMATE NORMAL PERIOD 1981 TO 2010
CLIMATE RECORD PERIOD 1930 TO 2017


WEATHER ITEM   OBSERVED TIME   RECORD YEAR NORMAL DEPARTURE LAST
                VALUE   (LST)  VALUE       VALUE  FROM      YEAR
                                                  NORMAL
..................................................................
TEMPERATURE (F)
 YESTERDAY
  MAXIMUM         84    421 PM  91    1935  73     11       76
  MINIMUM         67    456 AM  26    2013  49     18       56
                                      1955
  AVERAGE         76                        61     15       66

PRECIPITATION (IN)
  YESTERDAY        T             2.28 1984   0.14  -0.14     0.03
  MONTH TO DATE    3.47                      4.13  -0.66    23.52
  SINCE DEC 1     17.71                     19.06  -1.35    37.32
  SINCE JAN 1     12.88                     13.77  -0.89    30.93

SNOWFALL (IN)
  YESTERDAY        0.0
  MONTH TO DATE    0.0
  SINCE MAR 1      0.0
  SINCE JUL 1      0.2
  SNOW DEPTH       0

DEGREE DAYS
 HEATING
  YESTERDAY        0                         6     -6        0
  MONTH TO DATE  165                       230    -65      120
  SINCE MAR 1    165                       230    -65      120
  SINCE JUL 1   1361                      2124   -763     1548

 COOLING
  YESTERDAY       11                         1     10        1
  MONTH TO DATE   71                        25     46       26
  SINCE MAR 1     71                        25     46       26
  SINCE JAN 1    130                        36     94       34
..................................................................


WIND (MPH)
  HIGHEST WIND SPEED    20   HIGHEST WIND DIRECTION    SW (220)
  HIGHEST GUST SPEED    24   HIGHEST GUST DIRECTION    SW (220)
  AVERAGE WIND SPEED     8.3


SKY COVER
  POSSIBLE SUNSHINE  MM
  AVERAGE SKY COVER 0.6


WEATHER CONDITIONS
 THE FOLLOWING WEATHER WAS RECORDED YESTERDAY.
  THUNDERSTORM
  LIGHT RAIN
  HAZE


RELATIVE HUMIDITY (PERCENT)
 HIGHEST    93           500 AM
 LOWEST     51           200 PM
 AVERAGE    72

..........................................................


THE MONROE CLIMATE NORMALS FOR TODAY
                         NORMAL    RECORD    YEAR
 MAXIMUM TEMPERATURE (F)   73        87      1963
 MINIMUM TEMPERATURE (F)   49        32      2013
                                             1937


SUNRISE AND SUNSET
MARCH 28 2017.........SUNRISE   701 AM CDT   SUNSET   726 PM CDT
MARCH 29 2017.........SUNRISE   700 AM CDT   SUNSET   726 PM CDT


-  INDICATES NEGATIVE NUMBERS.
R  INDICATES RECORD WAS SET OR TIED.
MM INDICATES DATA IS MISSING.
T  INDICATES TRACE AMOUNT.




$$
