000
CDUS46 KPQR 031141
CLIMMV


CLIMATE REPORT
NATIONAL WEATHER SERVICE PORTLAND OREGON
441 AM PDT THU SEP 3 2015


...................................

...THE MCMINNVILLE OR CLIMATE SUMMARY FOR SEPTEMBER 2 2015...

CLIMATE NORMAL PERIOD 1981 TO 2010
CLIMATE RECORD PERIOD 1894 TO 2015


WEATHER ITEM   OBSERVED TIME   RECORD YEAR NORMAL DEPARTURE LAST
                VALUE   (LST)  VALUE       VALUE  FROM      YEAR
                                                  NORMAL
..................................................................
TEMPERATURE (F)
 YESTERDAY
  MAXIMUM         73    328 PM 105    1988  80     -7       79
  MINIMUM         52   1007 PM  33    1960  49      3       53
  AVERAGE         63                        65     -2       66

PRECIPITATION (IN)
  YESTERDAY        T             0.82 2000   0.04  -0.04     0.00
  MONTH TO DATE    T                         0.07  -0.07     0.00
  SINCE OCT 1     33.14                     38.43  -5.29    27.60
  SINCE JAN 1     16.90                     22.40  -5.50    22.64

DEGREE DAYS
 HEATING
  YESTERDAY        2                         2      0        0
  MONTH TO DATE    2                         4     -2        0
  SINCE JUL 1      7                        89    -82        6

 COOLING
  YESTERDAY        0                         2     -2        1
  MONTH TO DATE    0                         4     -4        2
  SINCE JAN 1    494                       188    306      447
..................................................................


WIND (MPH)
  HIGHEST WIND SPEED    16   HIGHEST WIND DIRECTION    NW (300)
  HIGHEST GUST SPEED    20   HIGHEST GUST DIRECTION     W (260)
  AVERAGE WIND SPEED     7.3


SKY COVER
  POSSIBLE SUNSHINE  MM
  AVERAGE SKY COVER 0.6


WEATHER CONDITIONS
 THE FOLLOWING WEATHER WAS RECORDED YESTERDAY.
  LIGHT RAIN


RELATIVE HUMIDITY (PERCENT)
 HIGHEST    86           400 AM
 LOWEST     31           200 PM
 AVERAGE    59

..........................................................


THE MCMINNVILLE OR CLIMATE NORMALS FOR TODAY
                         NORMAL    RECORD    YEAR
 MAXIMUM TEMPERATURE (F)   80       102      1988
 MINIMUM TEMPERATURE (F)   49        36      1956


SUNRISE AND SUNSET
SEPTEMBER  3 2015.....SUNRISE   536 AM PST   SUNSET   646 PM PST
SEPTEMBER  4 2015.....SUNRISE   538 AM PST   SUNSET   645 PM PST


-  INDICATES NEGATIVE NUMBERS.
R  INDICATES RECORD WAS SET OR TIED.
MM INDICATES DATA IS MISSING.
T  INDICATES TRACE AMOUNT.




$$
