000
CDUS46 KPQR 211141
CLIMMV


CLIMATE REPORT
NATIONAL WEATHER SERVICE PORTLAND OREGON
441 AM PDT THU SEP 21 2017


...................................

...THE MCMINNVILLE OR CLIMATE SUMMARY FOR SEPTEMBER 20 2017...

CLIMATE NORMAL PERIOD 1981 TO 2010
CLIMATE RECORD PERIOD 1894 TO 2017


WEATHER ITEM   OBSERVED TIME   RECORD YEAR NORMAL DEPARTURE LAST
                VALUE   (LST)  VALUE       VALUE  FROM      YEAR
                                                  NORMAL
..................................................................
TEMPERATURE (F)
 YESTERDAY
  MAXIMUM         60    217 PM  97    1952  75    -15       72
  MINIMUM         43   1102 PM  31    1955  47     -4       44
  AVERAGE         52                        61     -9       58

PRECIPITATION (IN)
  YESTERDAY        0.33          0.68 1986   0.05   0.28      T
  MONTH TO DATE    1.78                      0.78   1.00     0.41
  SINCE OCT 1     55.29                     39.14  16.15    50.28
  SINCE JAN 1     31.48                     23.11   8.37    25.21

DEGREE DAYS
 HEATING
  YESTERDAY       13                         5      8        7
  MONTH TO DATE   43                        65    -22       64
  SINCE JUL 1     52                       150    -98      100

 COOLING
  YESTERDAY        0                         1     -1        0
  MONTH TO DATE   97                        28     69        8
  SINCE JAN 1    493                       212    281      357
..................................................................


WIND (MPH)
  HIGHEST WIND SPEED    22   HIGHEST WIND DIRECTION    SW (240)
  HIGHEST GUST SPEED    29   HIGHEST GUST DIRECTION    SW (240)
  AVERAGE WIND SPEED     7.6


SKY COVER
  POSSIBLE SUNSHINE  MM
  AVERAGE SKY COVER 0.6


WEATHER CONDITIONS
 THE FOLLOWING WEATHER WAS RECORDED YESTERDAY.
  RAIN
  LIGHT RAIN
  FOG


RELATIVE HUMIDITY (PERCENT)
 HIGHEST   100          1200 AM
 LOWEST     67           400 PM
 AVERAGE    84

..........................................................


THE MCMINNVILLE OR CLIMATE NORMALS FOR TODAY
                         NORMAL    RECORD    YEAR
 MAXIMUM TEMPERATURE (F)   75        96      1952
 MINIMUM TEMPERATURE (F)   46        29      1895


SUNRISE AND SUNSET
SEPTEMBER 21 2017.....SUNRISE   559 AM PST   SUNSET   611 PM PST
SEPTEMBER 22 2017.....SUNRISE   600 AM PST   SUNSET   609 PM PST


-  INDICATES NEGATIVE NUMBERS.
R  INDICATES RECORD WAS SET OR TIED.
MM INDICATES DATA IS MISSING.
T  INDICATES TRACE AMOUNT.




$$
