879
CDUS46 KPQR 281141
CLIMMV


CLIMATE REPORT
NATIONAL WEATHER SERVICE PORTLAND OREGON
440 AM PDT SUN MAY 28 2017


...................................

...THE MCMINNVILLE OR CLIMATE SUMMARY FOR MAY 27 2017...

CLIMATE NORMAL PERIOD 1981 TO 2010
CLIMATE RECORD PERIOD 1894 TO 2017


WEATHER ITEM   OBSERVED TIME   RECORD YEAR NORMAL DEPARTURE LAST
                VALUE   (LST)  VALUE       VALUE  FROM      YEAR
                                                  NORMAL
..................................................................
TEMPERATURE (F)
 YESTERDAY
  MAXIMUM         87    445 PM  91    2005  69     18       64
  MINIMUM         50    501 AM  28    1966  45      5       45
  AVERAGE         69                        57     12       55

PRECIPITATION (IN)
  YESTERDAY        0.00          0.89 1915   0.07  -0.07     0.13
  MONTH TO DATE    1.94                      1.96  -0.02     0.87
  SINCE OCT 1     52.45                     35.47  16.98    47.63
  SINCE JAN 1     28.64                     19.44   9.20    22.56

DEGREE DAYS
 HEATING
  YESTERDAY        0                         8     -8       10
  MONTH TO DATE  209                       272    -63      156
  SINCE JUL 1   4492                      4670   -178     3685

 COOLING
  YESTERDAY        4                         0      4        0
  MONTH TO DATE   24                         0     24        5
  SINCE JAN 1     24                         0     24       16
..................................................................


WIND (MPH)
  HIGHEST WIND SPEED    12   HIGHEST WIND DIRECTION     W (250)
  HIGHEST GUST SPEED    17   HIGHEST GUST DIRECTION    SW (240)
  AVERAGE WIND SPEED     4.1


SKY COVER
  POSSIBLE SUNSHINE  MM
  AVERAGE SKY COVER 0.0


WEATHER CONDITIONS
 THE FOLLOWING WEATHER WAS RECORDED YESTERDAY.
  NO SIGNIFICANT WEATHER WAS OBSERVED.


RELATIVE HUMIDITY (PERCENT)
 HIGHEST    83           200 AM
 LOWEST     28           400 PM
 AVERAGE    56

..........................................................


THE MCMINNVILLE OR CLIMATE NORMALS FOR TODAY
                         NORMAL    RECORD    YEAR
 MAXIMUM TEMPERATURE (F)   70       100      1983
 MINIMUM TEMPERATURE (F)   45        31      1966


SUNRISE AND SUNSET
MAY 28 2017...........SUNRISE   431 AM PST   SUNSET   750 PM PST
MAY 29 2017...........SUNRISE   430 AM PST   SUNSET   751 PM PST


-  INDICATES NEGATIVE NUMBERS.
R  INDICATES RECORD WAS SET OR TIED.
MM INDICATES DATA IS MISSING.
T  INDICATES TRACE AMOUNT.




$$
