000
CDUS46 KPQR 011141
CLIMMV


CLIMATE REPORT
NATIONAL WEATHER SERVICE PORTLAND OREGON
340 AM PST SUN FEB 1 2015


...................................

...THE MCMINNVILLE OR CLIMATE SUMMARY FOR JANUARY 31 2015...

CLIMATE NORMAL PERIOD 1981 TO 2010
CLIMATE RECORD PERIOD 1894 TO 2015


WEATHER ITEM   OBSERVED TIME   RECORD YEAR NORMAL DEPARTURE LAST
                VALUE   (LST)  VALUE       VALUE  FROM      YEAR
                                                  NORMAL
..................................................................
TEMPERATURE (F)
 YESTERDAY
  MAXIMUM         53    223 PM  61    1976  49      4       48
  MINIMUM         29    724 AM  -7    1950  35     -6       36
  AVERAGE         41                        42     -1       42

PRECIPITATION (IN)
  YESTERDAY        0.00          1.92 1997   0.16  -0.16     0.05
  MONTH TO DATE    3.31                      6.10  -2.79     2.69
  SINCE OCT 1     19.55                     22.13  -2.58     7.65
  SINCE JAN 1      3.31                      6.10  -2.79     2.69

DEGREE DAYS
 HEATING
  YESTERDAY       24                        23      1       23
  MONTH TO DATE  643                       748   -105      731
  SINCE JUL 1   2033                      2755   -722     2771

 COOLING
  YESTERDAY        0                         0      0        0
  MONTH TO DATE    0                         0      0        0
  SINCE JAN 1      0                         0      0        0
..................................................................


WIND (MPH)
  HIGHEST WIND SPEED     8   HIGHEST WIND DIRECTION     E (70)
  HIGHEST GUST SPEED    11   HIGHEST GUST DIRECTION     N (10)
  AVERAGE WIND SPEED     2.3


SKY COVER
  POSSIBLE SUNSHINE  MM
  AVERAGE SKY COVER 0.4


WEATHER CONDITIONS
 THE FOLLOWING WEATHER WAS RECORDED YESTERDAY.
  FOG
  FOG W/VISIBILITY <= 1/4 MILE
  HAZE


RELATIVE HUMIDITY (PERCENT)
 HIGHEST   100           100 AM
 LOWEST     63           200 PM
 AVERAGE    82

..........................................................


THE MCMINNVILLE OR CLIMATE NORMALS FOR TODAY
                         NORMAL    RECORD    YEAR
 MAXIMUM TEMPERATURE (F)   49        63      1954
 MINIMUM TEMPERATURE (F)   35         9      1950


SUNRISE AND SUNSET
FEBRUARY  1 2015......SUNRISE   733 AM PST   SUNSET   520 PM PST
FEBRUARY  2 2015......SUNRISE   732 AM PST   SUNSET   521 PM PST


-  INDICATES NEGATIVE NUMBERS.
R  INDICATES RECORD WAS SET OR TIED.
MM INDICATES DATA IS MISSING.
T  INDICATES TRACE AMOUNT.




$$
