000
CDUS46 KPQR 271142
CLIMMV


CLIMATE REPORT
NATIONAL WEATHER SERVICE PORTLAND OREGON
341 AM PST SAT DEC 27 2014


...................................

...THE MCMINNVILLE OR CLIMATE SUMMARY FOR DECEMBER 26 2014...

CLIMATE NORMAL PERIOD 1981 TO 2010
CLIMATE RECORD PERIOD 1894 TO 2014


WEATHER ITEM   OBSERVED TIME   RECORD YEAR NORMAL DEPARTURE LAST
                VALUE   (LST)  VALUE       VALUE  FROM      YEAR
                                                  NORMAL
..................................................................
TEMPERATURE (F)
 YESTERDAY
  MAXIMUM         46    419 PM  60    1922  45      1       36
  MINIMUM         35    659 AM   5    1924  33      2       32
  AVERAGE         41                        39      2       34

PRECIPITATION (IN)
  YESTERDAY        T             3.50 1996   0.20  -0.20     0.00
  MONTH TO DATE    5.88                      5.21   0.67     1.27
  SINCE OCT 1     16.08                     15.15   0.93     4.91
  SINCE JAN 1     39.86                     38.86   1.00    22.16

DEGREE DAYS
 HEATING
  YESTERDAY       24                        26     -2       31
  MONTH TO DATE  467                       654   -187      774
  SINCE JUL 1   1254                      1876   -622     1902

 COOLING
  YESTERDAY        0                         0      0        0
  MONTH TO DATE    0                         0      0        0
  SINCE JAN 1    529                       215    314      405
..................................................................


WIND (MPH)
  HIGHEST WIND SPEED     6   HIGHEST WIND DIRECTION    NW (320)
  HIGHEST GUST SPEED     7   HIGHEST GUST DIRECTION    NW (310)
  AVERAGE WIND SPEED     1.5


SKY COVER
  POSSIBLE SUNSHINE  MM
  AVERAGE SKY COVER 1.0


WEATHER CONDITIONS
 THE FOLLOWING WEATHER WAS RECORDED YESTERDAY.
  LIGHT RAIN
  FOG
  FOG W/VISIBILITY <= 1/4 MILE


RELATIVE HUMIDITY (PERCENT)
 HIGHEST   100           200 AM
 LOWEST     86           300 PM
 AVERAGE    93

..........................................................


THE MCMINNVILLE OR CLIMATE NORMALS FOR TODAY
                         NORMAL    RECORD    YEAR
 MAXIMUM TEMPERATURE (F)   45        63      1994
 MINIMUM TEMPERATURE (F)   33        19      1948


SUNRISE AND SUNSET
DECEMBER 27 2014......SUNRISE   751 AM PST   SUNSET   437 PM PST
DECEMBER 28 2014......SUNRISE   751 AM PST   SUNSET   437 PM PST


-  INDICATES NEGATIVE NUMBERS.
R  INDICATES RECORD WAS SET OR TIED.
MM INDICATES DATA IS MISSING.
T  INDICATES TRACE AMOUNT.




$$
