000
CDUS46 KPQR 212321
CLIMMV


CLIMATE REPORT
NATIONAL WEATHER SERVICE PORTLAND OREGON
421 PM PDT SUN SEP 21 2014


...................................

...THE MCMINNVILLE OR CLIMATE SUMMARY FOR SEPTEMBER 21 2014...
VALID TODAY AS OF 0400 PM LOCAL TIME.

CLIMATE NORMAL PERIOD 1981 TO 2010
CLIMATE RECORD PERIOD 1894 TO 2014


WEATHER ITEM   OBSERVED TIME   RECORD YEAR NORMAL DEPARTURE LAST
                VALUE   (LST)  VALUE       VALUE  FROM      YEAR
                                                  NORMAL
..................................................................
TEMPERATURE (F)
 TODAY
  MAXIMUM         85    300 PM  96    1952  75     10       66
  MINIMUM         55        MM  29    1895  46      9       52
  AVERAGE         70                        60     10       59

PRECIPITATION (IN)
  TODAY            0.00          2.12 1898   0.04  -0.04     0.04
  MONTH TO DATE    0.06                      0.82  -0.76     1.48
  SINCE OCT 1     27.66                     39.18 -11.52    33.68
  SINCE JAN 1     22.70                     23.15  -0.45    12.54

DEGREE DAYS
 HEATING
  TODAY            0                         5     -5        6
  MONTH TO DATE    5                        70    -65       26
  SINCE JUL 1     11                       155   -144       43

 COOLING
  TODAY            5                         1      4        0
  MONTH TO DATE   72                        29     43       68
  SINCE JAN 1    517                       213    304      405
..................................................................


WIND (MPH)
  HIGHEST WIND SPEED    10   HIGHEST WIND DIRECTION    SW (220)
  HIGHEST GUST SPEED    MM   HIGHEST GUST DIRECTION    MM
  AVERAGE WIND SPEED     5.0


SKY COVER
  POSSIBLE SUNSHINE  MM
  AVERAGE SKY COVER 0.0


WEATHER CONDITIONS
 THE FOLLOWING WEATHER WAS RECORDED TODAY.
  NO SIGNIFICANT WEATHER WAS OBSERVED.


RELATIVE HUMIDITY (PERCENT)
 HIGHEST    93           600 AM
 LOWEST     37           200 PM
 AVERAGE    65

..........................................................


THE MCMINNVILLE OR CLIMATE NORMALS FOR TOMORROW
                         NORMAL    RECORD    YEAR
 MAXIMUM TEMPERATURE (F)   74        96      1989
 MINIMUM TEMPERATURE (F)   46        32      1961


SUNRISE AND SUNSET
SEPTEMBER 21 2014.....SUNRISE   558 AM PST   SUNSET   612 PM PST
SEPTEMBER 22 2014.....SUNRISE   600 AM PST   SUNSET   610 PM PST


-  INDICATES NEGATIVE NUMBERS.
R  INDICATES RECORD WAS SET OR TIED.
MM INDICATES DATA IS MISSING.
T  INDICATES TRACE AMOUNT.




$$
