000
CDUS46 KPQR 071144
CLIMMV


CLIMATE REPORT
NATIONAL WEATHER SERVICE PORTLAND OREGON
343 AM PST SUN FEB 7 2016


...................................

...THE MCMINNVILLE OR CLIMATE SUMMARY FOR FEBRUARY 6 2016...

CLIMATE NORMAL PERIOD 1981 TO 2010
CLIMATE RECORD PERIOD 1894 TO 2016


WEATHER ITEM   OBSERVED TIME   RECORD YEAR NORMAL DEPARTURE LAST
                VALUE   (LST)  VALUE       VALUE  FROM      YEAR
                                                  NORMAL
..................................................................
TEMPERATURE (F)
 YESTERDAY
  MAXIMUM         53    357 PM  61    1984  50      3       57
  MINIMUM         35    757 AM   1    1899  35      0       52
  AVERAGE         44                        42      2       55

PRECIPITATION (IN)
  YESTERDAY        0.00          3.50 1996   0.19  -0.19     0.93
  MONTH TO DATE    0.98                      1.22  -0.24     2.61
  SINCE OCT 1     34.56                     23.35  11.21    22.16
  SINCE JAN 1      9.49                      7.32   2.17     5.92

DEGREE DAYS
 HEATING
  YESTERDAY       21                        23     -2       10
  MONTH TO DATE  125                       138    -13       95
  SINCE JUL 1   2403                      2893   -490     2128

 COOLING
  YESTERDAY        0                         0      0        0
  MONTH TO DATE    0                         0      0        0
  SINCE JAN 1      0                         0      0        0
..................................................................


WIND (MPH)
  HIGHEST WIND SPEED     9   HIGHEST WIND DIRECTION     S (200)
  HIGHEST GUST SPEED    10   HIGHEST GUST DIRECTION    NE (50)
  AVERAGE WIND SPEED     3.6


SKY COVER
  POSSIBLE SUNSHINE  MM
  AVERAGE SKY COVER 0.5


WEATHER CONDITIONS
 THE FOLLOWING WEATHER WAS RECORDED YESTERDAY.
  FOG
  FOG W/VISIBILITY <= 1/4 MILE


RELATIVE HUMIDITY (PERCENT)
 HIGHEST   100           600 AM
 LOWEST     50           400 PM
 AVERAGE    75

..........................................................


THE MCMINNVILLE OR CLIMATE NORMALS FOR TODAY
                         NORMAL    RECORD    YEAR
 MAXIMUM TEMPERATURE (F)   50        62      1963
 MINIMUM TEMPERATURE (F)   35        16      1929


SUNRISE AND SUNSET
FEBRUARY  7 2016......SUNRISE   726 AM PST   SUNSET   528 PM PST
FEBRUARY  8 2016......SUNRISE   724 AM PST   SUNSET   530 PM PST


-  INDICATES NEGATIVE NUMBERS.
R  INDICATES RECORD WAS SET OR TIED.
MM INDICATES DATA IS MISSING.
T  INDICATES TRACE AMOUNT.




$$
