000
CDUS46 KPQR 011141
CLIMMV


CLIMATE REPORT
NATIONAL WEATHER SERVICE PORTLAND OREGON
341 AM PST SUN MAR 1 2015


...................................

...THE MCMINNVILLE OR CLIMATE SUMMARY FOR FEBRUARY 28 2015...

CLIMATE NORMAL PERIOD 1981 TO 2010
CLIMATE RECORD PERIOD 1894 TO 2015


WEATHER ITEM   OBSERVED TIME   RECORD YEAR NORMAL DEPARTURE LAST
                VALUE   (LST)  VALUE       VALUE  FROM      YEAR
                                                  NORMAL
..................................................................
TEMPERATURE (F)
 YESTERDAY
  MAXIMUM         57    414 PM  72    1968  53      4       61
  MINIMUM         36   1106 PM  24    1951  35      1       41
  AVERAGE         47                        44      3       51

PRECIPITATION (IN)
  YESTERDAY        0.00          1.61 2011   0.17  -0.17     0.00
  MONTH TO DATE    5.97                      4.44   1.53     5.58
  SINCE OCT 1     25.52                     26.57  -1.05    13.23
  SINCE JAN 1      9.28                     10.54  -1.26     8.27

DEGREE DAYS
 HEATING
  YESTERDAY       18                        21     -3       14
  MONTH TO DATE  444                       625   -181      654
  SINCE JUL 1   2477                      3379   -902     3425

 COOLING
  YESTERDAY        0                         0      0        0
  MONTH TO DATE    0                         0      0        0
  SINCE JAN 1      0                         0      0        0
..................................................................


WIND (MPH)
  HIGHEST WIND SPEED    24   HIGHEST WIND DIRECTION    NE (50)
  HIGHEST GUST SPEED    28   HIGHEST GUST DIRECTION    NE (40)
  AVERAGE WIND SPEED    10.1


SKY COVER
  POSSIBLE SUNSHINE  MM
  AVERAGE SKY COVER 0.1


WEATHER CONDITIONS
 THE FOLLOWING WEATHER WAS RECORDED YESTERDAY.
  NO SIGNIFICANT WEATHER WAS OBSERVED.


RELATIVE HUMIDITY (PERCENT)
 HIGHEST    82           600 AM
 LOWEST     28           300 PM
 AVERAGE    55

..........................................................


THE MCMINNVILLE OR CLIMATE NORMALS FOR TODAY
                         NORMAL    RECORD    YEAR
 MAXIMUM TEMPERATURE (F)   53        74      1926
 MINIMUM TEMPERATURE (F)   35        15      1920


SUNRISE AND SUNSET
MARCH  1 2015.........SUNRISE   651 AM PST   SUNSET   600 PM PST
MARCH  2 2015.........SUNRISE   649 AM PST   SUNSET   601 PM PST


-  INDICATES NEGATIVE NUMBERS.
R  INDICATES RECORD WAS SET OR TIED.
MM INDICATES DATA IS MISSING.
T  INDICATES TRACE AMOUNT.




$$
