890
CDUS46 KPQR 131153
CLIMMV


CLIMATE REPORT
NATIONAL WEATHER SERVICE PORTLAND OREGON
352 AM PST WED DEC 13 2017


...................................

...THE MCMINNVILLE OR CLIMATE SUMMARY FOR DECEMBER 12 2017...

CLIMATE NORMAL PERIOD 1981 TO 2010
CLIMATE RECORD PERIOD 1894 TO 2017


WEATHER ITEM   OBSERVED TIME   RECORD YEAR NORMAL DEPARTURE LAST
                VALUE   (LST)  VALUE       VALUE  FROM      YEAR
                                                  NORMAL
..................................................................
TEMPERATURE (F)
 YESTERDAY
  MAXIMUM         42    412 PM  64    1960  46     -4       MM
  MINIMUM         24    723 AM -24    1919  34    -10       35
  AVERAGE         33                        40     -7       MM

PRECIPITATION (IN)
  YESTERDAY        0.00          2.00 1896   0.19  -0.19     0.05
  MONTH TO DATE    0.55                      2.30  -1.75     3.32
  SINCE OCT 1     12.71                     12.24   0.47    21.63
  SINCE JAN 1     44.45                     35.95   8.50    46.90

DEGREE DAYS
 HEATING
  YESTERDAY       32                        25      7       MM
  MONTH TO DATE  289                       291     -2      291
  SINCE JUL 1   1262                      1513   -251     1193

 COOLING
  YESTERDAY        0                         0      0       MM
  MONTH TO DATE    0                         0      0        0
  SINCE JAN 1    507                       215    292      363
..................................................................


WIND (MPH)
  HIGHEST WIND SPEED     7   HIGHEST WIND DIRECTION     W (260)
  HIGHEST GUST SPEED     7   HIGHEST GUST DIRECTION     N (340)
  AVERAGE WIND SPEED     0.5


SKY COVER
  POSSIBLE SUNSHINE  MM
  AVERAGE SKY COVER 0.3


WEATHER CONDITIONS
 THE FOLLOWING WEATHER WAS RECORDED YESTERDAY.
  NO SIGNIFICANT WEATHER WAS OBSERVED.


RELATIVE HUMIDITY (PERCENT)
 HIGHEST    96          1100 PM
 LOWEST     62           300 PM
 AVERAGE    79

..........................................................


THE MCMINNVILLE OR CLIMATE NORMALS FOR TODAY
                         NORMAL    RECORD    YEAR
 MAXIMUM TEMPERATURE (F)   45        61      1977
 MINIMUM TEMPERATURE (F)   34       -22      1919


SUNRISE AND SUNSET
DECEMBER 13 2017......SUNRISE   743 AM PST   SUNSET   430 PM PST
DECEMBER 14 2017......SUNRISE   744 AM PST   SUNSET   431 PM PST


-  INDICATES NEGATIVE NUMBERS.
R  INDICATES RECORD WAS SET OR TIED.
MM INDICATES DATA IS MISSING.
T  INDICATES TRACE AMOUNT.




$$
