000
CDUS44 KMOB 022350
CLIMOB


CLIMATE REPORT
NATIONAL WEATHER SERVICE MOBILE AL
548 PM CST MON MAR 2 2015


...................................

...THE MOBILE CLIMATE SUMMARY FOR MARCH 2 2015...
VALID TODAY AS OF 0500 PM LOCAL TIME.

CLIMATE NORMAL PERIOD 1981 TO 2010
CLIMATE RECORD PERIOD 1842 TO 2015


WEATHER ITEM   OBSERVED TIME   RECORD YEAR NORMAL DEPARTURE LAST
                VALUE   (LST)  VALUE       VALUE  FROM      YEAR
                                                  NORMAL
..................................................................
TEMPERATURE (F)
 TODAY
  MAXIMUM         69    334 PM  82    2006  68      1       72
  MINIMUM         54    814 AM  23    1980  47      7       52
  AVERAGE         62                        57      5       62

PRECIPITATION (IN)
  TODAY            0.17          2.28 1948   0.21  -0.04     0.00
  MONTH TO DATE    0.37                      0.40  -0.03     0.00
  SINCE MAR 1      0.37                      0.40  -0.03     0.00
  SINCE JAN 1      6.42                     11.17  -4.75     7.12

DEGREE DAYS
 HEATING
  TODAY            3                         8     -5        3
  MONTH TO DATE   14                        17     -3        6
  SINCE MAR 1     14                        17     -3        6
  SINCE JUL 1   1716                      1459    257     1709

 COOLING
  TODAY            0                         1     -1        0
  MONTH TO DATE    0                         2     -2        0
  SINCE MAR 1      0                         2     -2        0
  SINCE JAN 1      4                        18    -14       12
..................................................................


WIND (MPH)
  HIGHEST WIND SPEED    15   HIGHEST WIND DIRECTION    SE (140)
  HIGHEST GUST SPEED    18   HIGHEST GUST DIRECTION    SE (150)
  AVERAGE WIND SPEED     6.1


SKY COVER
  POSSIBLE SUNSHINE  MM
  AVERAGE SKY COVER 0.9


WEATHER CONDITIONS
 THE FOLLOWING WEATHER WAS RECORDED TODAY.
  HEAVY RAIN
  RAIN
  LIGHT RAIN
  FOG
  FOG W/VISIBILITY <= 1/4 MILE
  HAZE


RELATIVE HUMIDITY (PERCENT)
 HIGHEST   100           100 AM
 LOWEST     90           300 PM
 AVERAGE    95

..........................................................


THE MOBILE CLIMATE NORMALS FOR TOMORROW
                         NORMAL    RECORD    YEAR
 MAXIMUM TEMPERATURE (F)   68        81      1910
 MINIMUM TEMPERATURE (F)   47        23      1980


SUNRISE AND SUNSET
MARCH  2 2015.........SUNRISE   619 AM CST   SUNSET   552 PM CST
MARCH  3 2015.........SUNRISE   617 AM CST   SUNSET   553 PM CST


-  INDICATES NEGATIVE NUMBERS.
R  INDICATES RECORD WAS SET OR TIED.
MM INDICATES DATA IS MISSING.
T  INDICATES TRACE AMOUNT.




$$
