000
CDUS44 KMOB 250645
CLIMOB


CLIMATE REPORT
NATIONAL WEATHER SERVICE MOBILE AL
145 AM CDT THU MAY 25 2017


...................................

...THE MOBILE CLIMATE SUMMARY FOR MAY 24 2017...

CLIMATE NORMAL PERIOD 1981 TO 2010
CLIMATE RECORD PERIOD 1842 TO 2017


WEATHER ITEM   OBSERVED TIME   RECORD YEAR NORMAL DEPARTURE LAST
                VALUE   (LST)  VALUE       VALUE  FROM      YEAR
                                                  NORMAL
..................................................................
TEMPERATURE (F)
 YESTERDAY
  MAXIMUM         76    331 PM  97    2005  86    -10       86
                                      1878
  MINIMUM         58   1159 PM  52    1951  66     -8       59
                                      1883
  AVERAGE         67                        76     -9       73

PRECIPITATION (IN)
  YESTERDAY        0.00          1.88 1976   0.17  -0.17     0.00
  MONTH TO DATE   10.29                      3.92   6.37     2.48
  SINCE MAR 1     19.19                     14.85   4.34    18.53
  SINCE JAN 1     31.40                     25.62   5.78    27.98

DEGREE DAYS
 COOLING
  YESTERDAY        2                        11     -9        8
  MONTH TO DATE  185                       203    -18      185
  SINCE MAR 1    445                       346     99      357
  SINCE JAN 1    520                       362    158      371
..................................................................


WIND (MPH)
  HIGHEST WIND SPEED    16   HIGHEST WIND DIRECTION    NW (330)
  HIGHEST GUST SPEED    22   HIGHEST GUST DIRECTION     W (290)
  AVERAGE WIND SPEED     6.7


SKY COVER
  POSSIBLE SUNSHINE  MM
  AVERAGE SKY COVER 0.5


WEATHER CONDITIONS
 THE FOLLOWING WEATHER WAS RECORDED YESTERDAY.
  NO SIGNIFICANT WEATHER WAS OBSERVED.


RELATIVE HUMIDITY (PERCENT)
 HIGHEST    97          1200 AM
 LOWEST     43           200 PM
 AVERAGE    70

..........................................................


THE MOBILE CLIMATE NORMALS FOR TODAY
                         NORMAL    RECORD    YEAR
 MAXIMUM TEMPERATURE (F)   86        97      1962
 MINIMUM TEMPERATURE (F)   66        53      1979


SUNRISE AND SUNSET
MAY 25 2017...........SUNRISE   553 AM CDT   SUNSET   747 PM CDT
MAY 26 2017...........SUNRISE   553 AM CDT   SUNSET   748 PM CDT


-  INDICATES NEGATIVE NUMBERS.
R  INDICATES RECORD WAS SET OR TIED.
MM INDICATES DATA IS MISSING.
T  INDICATES TRACE AMOUNT.




$$
