000
CDUS44 KMOB 280645
CLIMOB


CLIMATE REPORT
NATIONAL WEATHER SERVICE MOBILE AL
145 AM CDT TUE MAR 28 2017


...................................

...THE MOBILE CLIMATE SUMMARY FOR MARCH 27 2017...

CLIMATE NORMAL PERIOD 1981 TO 2010
CLIMATE RECORD PERIOD 1842 TO 2017


WEATHER ITEM   OBSERVED TIME   RECORD YEAR NORMAL DEPARTURE LAST
                VALUE   (LST)  VALUE       VALUE  FROM      YEAR
                                                  NORMAL
..................................................................
TEMPERATURE (F)
 YESTERDAY
  MAXIMUM         80    249 PM  91    1910  74      6       70
  MINIMUM         68    611 AM  26    1955  51     17       61
  AVERAGE         74                        62     12       66

PRECIPITATION (IN)
  YESTERDAY        0.00          4.10 1946   0.20  -0.20     0.66
  MONTH TO DATE    2.60                      5.37  -2.77    10.11
  SINCE MAR 1      2.60                      5.37  -2.77    10.11
  SINCE JAN 1     14.81                     16.14  -1.33    19.56

SNOWFALL (IN)
  YESTERDAY        0.0          MM      MM   0.0    0.0      0.0
  MONTH TO DATE    0.0                       0.1   -0.1      0.0
  SINCE MAR 1      0.0                       0.1   -0.1      0.0
  SINCE JUL 1      0.0                       0.2   -0.2      0.0
  SNOW DEPTH       0

DEGREE DAYS
 HEATING
  YESTERDAY        0                         4     -4        0
  MONTH TO DATE  119                       172    -53       96
  SINCE MAR 1    119                       172    -53       96
  SINCE JUL 1    890                      1614   -724     1194

 COOLING
  YESTERDAY        9                         2      7        1
  MONTH TO DATE   69                        29     40       52
  SINCE MAR 1     69                        29     40       52
  SINCE JAN 1    144                        45     99       66
..................................................................


WIND (MPH)
  HIGHEST WIND SPEED    20   HIGHEST WIND DIRECTION     S (180)
  HIGHEST GUST SPEED    25   HIGHEST GUST DIRECTION    SE (140)
  AVERAGE WIND SPEED     9.4


SKY COVER
  POSSIBLE SUNSHINE  MM
  AVERAGE SKY COVER 0.7


WEATHER CONDITIONS
 THE FOLLOWING WEATHER WAS RECORDED YESTERDAY.
  FOG
  HAZE


RELATIVE HUMIDITY (PERCENT)
 HIGHEST    90          1200 AM
 LOWEST     58           300 PM
 AVERAGE    74

..........................................................


THE MOBILE CLIMATE NORMALS FOR TODAY
                         NORMAL    RECORD    YEAR
 MAXIMUM TEMPERATURE (F)   74        84      1987
                                             1884
 MINIMUM TEMPERATURE (F)   51        32      1937


SUNRISE AND SUNSET
MARCH 28 2017.........SUNRISE   647 AM CDT   SUNSET   710 PM CDT
MARCH 29 2017.........SUNRISE   645 AM CDT   SUNSET   710 PM CDT


-  INDICATES NEGATIVE NUMBERS.
R  INDICATES RECORD WAS SET OR TIED.
MM INDICATES DATA IS MISSING.
T  INDICATES TRACE AMOUNT.




$$
