000
CDUS44 KMOB 030636
CLIMOB


CLIMATE REPORT
NATIONAL WEATHER SERVICE MOBILE AL
126 AM CDT WED JUN 3 2015


...................................

...THE MOBILE CLIMATE SUMMARY FOR JUNE 2 2015...

CLIMATE NORMAL PERIOD 1981 TO 2010
CLIMATE RECORD PERIOD 1842 TO 2015


WEATHER ITEM   OBSERVED TIME   RECORD YEAR NORMAL DEPARTURE LAST
                VALUE   (LST)  VALUE       VALUE  FROM      YEAR
                                                  NORMAL
..................................................................
TEMPERATURE (F)
 YESTERDAY
  MAXIMUM         86    112 PM  98    2011  88     -2       82
  MINIMUM         69    422 AM  54    1984  68      1       70
                                      1894
  AVERAGE         78                        78      0       76

PRECIPITATION (IN)
  YESTERDAY        T             3.21 1970   0.18  -0.18     0.92
  MONTH TO DATE    0.77                      0.37   0.40     0.92
  SINCE MAR 1     26.68                     16.44  10.24    35.30
  SINCE JAN 1     32.73                     27.21   5.52    42.42

DEGREE DAYS
 COOLING
  YESTERDAY       13                        13      0       11
  MONTH TO DATE   24                        26     -2       22
  SINCE JUN 1     24                        26     -2       22
  SINCE JAN 1    624                       471    153      360
..................................................................


WIND (MPH)
  HIGHEST WIND SPEED    14   HIGHEST WIND DIRECTION    SE (150)
  HIGHEST GUST SPEED    16   HIGHEST GUST DIRECTION    SE (140)
  AVERAGE WIND SPEED     5.2


SKY COVER
  POSSIBLE SUNSHINE  MM
  AVERAGE SKY COVER 0.8


WEATHER CONDITIONS
 THE FOLLOWING WEATHER WAS RECORDED YESTERDAY.
  THUNDERSTORM
  LIGHT RAIN
  FOG
  FOG W/VISIBILITY <= 1/4 MILE
  HAZE


RELATIVE HUMIDITY (PERCENT)
 HIGHEST   100          1200 AM
 LOWEST     61          1200 PM
 AVERAGE    81

..........................................................


THE MOBILE CLIMATE NORMALS FOR TODAY
                         NORMAL    RECORD    YEAR
 MAXIMUM TEMPERATURE (F)   88       100      2011
 MINIMUM TEMPERATURE (F)   68        56      1956


SUNRISE AND SUNSET
JUNE  3 2015..........SUNRISE   550 AM CDT   SUNSET   752 PM CDT
JUNE  4 2015..........SUNRISE   550 AM CDT   SUNSET   753 PM CDT


-  INDICATES NEGATIVE NUMBERS.
R  INDICATES RECORD WAS SET OR TIED.
MM INDICATES DATA IS MISSING.
T  INDICATES TRACE AMOUNT.




$$
