000
CDUS44 KMOB 290645
CLIMOB


CLIMATE REPORT
NATIONAL WEATHER SERVICE MOBILE AL
145 AM CDT SUN MAR 29 2015


...................................

...THE MOBILE CLIMATE SUMMARY FOR MARCH 28 2015...

CLIMATE NORMAL PERIOD 1981 TO 2010
CLIMATE RECORD PERIOD 1842 TO 2015


WEATHER ITEM   OBSERVED TIME   RECORD YEAR NORMAL DEPARTURE LAST
                VALUE   (LST)  VALUE       VALUE  FROM      YEAR
                                                  NORMAL
..................................................................
TEMPERATURE (F)
 YESTERDAY
  MAXIMUM         66    422 PM  84    1987  74     -8       65
                                      1884
  MINIMUM         38    602 AM  32    1937  51    -13       57
  AVERAGE         52                        62    -10       61

PRECIPITATION (IN)
  YESTERDAY        0.00          5.54 1922   0.20  -0.20     2.81
  MONTH TO DATE    3.96                      5.57  -1.61     5.86
  SINCE MAR 1      3.96                      5.57  -1.61     5.86
  SINCE JAN 1     10.01                     16.34  -6.33    12.98

SNOWFALL (IN)
  YESTERDAY        0.0          MM      MM   0.0    0.0      0.0
  MONTH TO DATE    0.0                       0.1   -0.1      0.0
  SINCE MAR 1      0.0                       0.1   -0.1      0.0
  SINCE JUL 1      T                         0.2   -0.2      1.3
  SNOW DEPTH       0

DEGREE DAYS
 HEATING
  YESTERDAY       13                         4      9        4
  MONTH TO DATE  104                       176    -72      257
  SINCE MAR 1    104                       176    -72      257
  SINCE JUL 1   1806                      1618    188     1960

 COOLING
  YESTERDAY        0                         2     -2        0
  MONTH TO DATE   83                        31     52        1
  SINCE MAR 1     83                        31     52        1
  SINCE JAN 1     87                        47     40       13
..................................................................


WIND (MPH)
  HIGHEST WIND SPEED    13   HIGHEST WIND DIRECTION     N (340)
  HIGHEST GUST SPEED    20   HIGHEST GUST DIRECTION     N (350)
  AVERAGE WIND SPEED     6.3


SKY COVER
  POSSIBLE SUNSHINE  MM
  AVERAGE SKY COVER 0.1


WEATHER CONDITIONS
 THE FOLLOWING WEATHER WAS RECORDED YESTERDAY.
  NO SIGNIFICANT WEATHER WAS OBSERVED.


RELATIVE HUMIDITY (PERCENT)
 HIGHEST    92           600 AM
 LOWEST     31           300 PM
 AVERAGE    62

..........................................................


THE MOBILE CLIMATE NORMALS FOR TODAY
                         NORMAL    RECORD    YEAR
 MAXIMUM TEMPERATURE (F)   74        85      1879
 MINIMUM TEMPERATURE (F)   51        33      1955


SUNRISE AND SUNSET
MARCH 29 2015.........SUNRISE   646 AM CDT   SUNSET   710 PM CDT
MARCH 30 2015.........SUNRISE   645 AM CDT   SUNSET   711 PM CDT


-  INDICATES NEGATIVE NUMBERS.
R  INDICATES RECORD WAS SET OR TIED.
MM INDICATES DATA IS MISSING.
T  INDICATES TRACE AMOUNT.




$$
