000
CDUS44 KMOB 272259
CLIMOB


CLIMATE REPORT
NATIONAL WEATHER SERVICE MOBILE AL
557 PM CDT WED AUG 27 2014


...................................

...THE MOBILE CLIMATE SUMMARY FOR AUGUST 27 2014...
VALID TODAY AS OF 0500 PM LOCAL TIME.

CLIMATE NORMAL PERIOD 1981 TO 2010
CLIMATE RECORD PERIOD 1842 TO 2014


WEATHER ITEM   OBSERVED TIME   RECORD YEAR NORMAL DEPARTURE LAST
                VALUE   (LST)  VALUE       VALUE  FROM      YEAR
                                                  NORMAL
..................................................................
TEMPERATURE (F)
 TODAY
  MAXIMUM         93    202 PM  97    2000  90      3       88
  MINIMUM         72    545 AM  62    1958  72      0       66
  AVERAGE         83                        81      2       77

PRECIPITATION (IN)
  TODAY            0.00          1.90 1984   0.18  -0.18     0.00
  MONTH TO DATE    1.68                      6.24  -4.56     9.87
  SINCE MAR 1     49.13                     35.67  13.46    37.44
  SINCE JAN 1     56.25                     46.44   9.81    51.62

DEGREE DAYS
 COOLING
  TODAY           18                        16      2       12
  MONTH TO DATE  468                       455     13      435
  SINCE JUN 1   1341                      1421    -80     1403
  SINCE JAN 1   1679                      1866   -187     1767
..................................................................


WIND (MPH)
  HIGHEST WIND SPEED    15   HIGHEST WIND DIRECTION    SE (140)
  HIGHEST GUST SPEED    20   HIGHEST GUST DIRECTION    SE (150)
  AVERAGE WIND SPEED     5.8


SKY COVER
  POSSIBLE SUNSHINE  MM
  AVERAGE SKY COVER 0.4


WEATHER CONDITIONS
 THE FOLLOWING WEATHER WAS RECORDED TODAY.
  HAZE


RELATIVE HUMIDITY (PERCENT)
 HIGHEST    94          1200 AM
 LOWEST     47           100 PM
 AVERAGE    71

..........................................................


THE MOBILE CLIMATE NORMALS FOR TOMORROW
                         NORMAL    RECORD    YEAR
 MAXIMUM TEMPERATURE (F)   90        97      2000
                                             1954
                                             1909
 MINIMUM TEMPERATURE (F)   72        66      2013
                                             1992
                                             1952


SUNRISE AND SUNSET
AUGUST 27 2014........SUNRISE   627 AM CDT   SUNSET   722 PM CDT
AUGUST 28 2014........SUNRISE   627 AM CDT   SUNSET   721 PM CDT


-  INDICATES NEGATIVE NUMBERS.
R  INDICATES RECORD WAS SET OR TIED.
MM INDICATES DATA IS MISSING.
T  INDICATES TRACE AMOUNT.




$$
