000
CDUS44 KMOB 260643
CLIMOB


CLIMATE REPORT
NATIONAL WEATHER SERVICE MOBILE AL
1241 AM CST MON JAN 26 2015


...................................

...THE MOBILE CLIMATE SUMMARY FOR JANUARY 25 2015...

CLIMATE NORMAL PERIOD 1981 TO 2010
CLIMATE RECORD PERIOD 1842 TO 2015


WEATHER ITEM   OBSERVED TIME   RECORD YEAR NORMAL DEPARTURE LAST
                VALUE   (LST)  VALUE       VALUE  FROM      YEAR
                                                  NORMAL
..................................................................
TEMPERATURE (F)
 YESTERDAY
  MAXIMUM         62    221 PM  77    1962  61      1       59
  MINIMUM         33    648 AM  15    1963  40     -7       31
  AVERAGE         48                        51     -3       45

PRECIPITATION (IN)
  YESTERDAY        0.00          2.45 1961   0.18  -0.18     0.00
  MONTH TO DATE    3.89                      4.54  -0.65     2.41
  SINCE MAR 1     69.48                     59.92   9.56    57.51
  SINCE JAN 1      3.89                      4.54  -0.65     2.41

SNOWFALL (IN)
  YESTERDAY        0.0          MM      MM   0.0    0.0      0.0
  MONTH TO DATE    0.0                       0.0    0.0       T
  SINCE MAR 1      0.0                       0.1   -0.1       T
  SINCE JUL 1      0.0                       T      0.0       T
  SNOW DEPTH       0

DEGREE DAYS
 HEATING
  YESTERDAY       17                        15      2       20
  MONTH TO DATE  424                       375     49      532
  SINCE DEC 1    741                       779    -38      926
  SINCE JUL 1   1134                      1037     97     1210

 COOLING
  YESTERDAY        0                         0      0        0
  MONTH TO DATE    3                         0      3        0
  SINCE DEC 1      6                        15     -9       27
  SINCE JAN 1      3                         0      3        0
..................................................................


WIND (MPH)
  HIGHEST WIND SPEED    23   HIGHEST WIND DIRECTION    SW (230)
  HIGHEST GUST SPEED    29   HIGHEST GUST DIRECTION    SW (210)
  AVERAGE WIND SPEED     8.9


SKY COVER
  POSSIBLE SUNSHINE  MM
  AVERAGE SKY COVER 0.1


WEATHER CONDITIONS
 THE FOLLOWING WEATHER WAS RECORDED YESTERDAY.
  FOG


RELATIVE HUMIDITY (PERCENT)
 HIGHEST   100           700 AM
 LOWEST     36           100 PM
 AVERAGE    68

..........................................................


THE MOBILE CLIMATE NORMALS FOR TODAY
                         NORMAL    RECORD    YEAR
 MAXIMUM TEMPERATURE (F)   61        78      1970
                                             1950
 MINIMUM TEMPERATURE (F)   40        15      1940


SUNRISE AND SUNSET
JANUARY 26 2015.......SUNRISE   648 AM CST   SUNSET   524 PM CST
JANUARY 27 2015.......SUNRISE   647 AM CST   SUNSET   525 PM CST


-  INDICATES NEGATIVE NUMBERS.
R  INDICATES RECORD WAS SET OR TIED.
MM INDICATES DATA IS MISSING.
T  INDICATES TRACE AMOUNT.




$$
