000
CDUS44 KMOB 230645
CLIMOB


CLIMATE REPORT
NATIONAL WEATHER SERVICE MOBILE AL
1245 AM CST THU NOV 23 2017


...................................

...THE MOBILE CLIMATE SUMMARY FOR NOVEMBER 22 2017...

CLIMATE NORMAL PERIOD 1981 TO 2010
CLIMATE RECORD PERIOD 1842 TO 2017


WEATHER ITEM   OBSERVED TIME   RECORD YEAR NORMAL DEPARTURE LAST
                VALUE   (LST)  VALUE       VALUE  FROM      YEAR
                                                  NORMAL
..................................................................
TEMPERATURE (F)
 YESTERDAY
  MAXIMUM         65    202 PM  81    1973  69     -4       72
  MINIMUM         47   1159 PM  26    2000  47      0       32
  AVERAGE         56                        58     -2       52

PRECIPITATION (IN)
  YESTERDAY        0.00          4.87 1907   0.17  -0.17     0.00
  MONTH TO DATE    0.32                      3.80  -3.48     0.51
  SINCE MAR 1     67.04                     48.99  18.05    43.27
  SINCE JAN 1     79.25                     59.76  19.49    52.72

SNOWFALL (IN)
  YESTERDAY        0.0           0.0  2002   0.0    0.0      0.0
                                      2001
                                      2000
  MONTH TO DATE    0.0                       0.0    0.0      0.0
  SINCE MAR 1      0.0                       0.1   -0.1      0.0
  SINCE JUL 1      0.0                       0.0    0.0      0.0
  SNOW DEPTH       0

DEGREE DAYS
 HEATING
  YESTERDAY        9                         8      1       13
  MONTH TO DATE   90                       128    -38       90
  SINCE SEP 1    148                       183    -35      101
  SINCE JUL 1    148                       183    -35      101

 COOLING
  YESTERDAY        0                         1     -1        0
  MONTH TO DATE   56                        34     22       43
  SINCE SEP 1    689                       569    120      741
  SINCE JAN 1   2775                      2496    279     2791
..................................................................


WIND (MPH)
  HIGHEST WIND SPEED    21   HIGHEST WIND DIRECTION     N (20)
  HIGHEST GUST SPEED    26   HIGHEST GUST DIRECTION     N (360)
  AVERAGE WIND SPEED    12.0


SKY COVER
  POSSIBLE SUNSHINE  MM
  AVERAGE SKY COVER 0.5


WEATHER CONDITIONS
 THE FOLLOWING WEATHER WAS RECORDED YESTERDAY.
  NO SIGNIFICANT WEATHER WAS OBSERVED.


RELATIVE HUMIDITY (PERCENT)
 HIGHEST    77           100 AM
 LOWEST     37          1200 PM
 AVERAGE    57

..........................................................


THE MOBILE CLIMATE NORMALS FOR TODAY
                         NORMAL    RECORD    YEAR
 MAXIMUM TEMPERATURE (F)   68        83      1973
 MINIMUM TEMPERATURE (F)   47        25      1956


SUNRISE AND SUNSET
NOVEMBER 23 2017......SUNRISE   626 AM CST   SUNSET   452 PM CST
NOVEMBER 24 2017......SUNRISE   627 AM CST   SUNSET   452 PM CST


-  INDICATES NEGATIVE NUMBERS.
R  INDICATES RECORD WAS SET OR TIED.
MM INDICATES DATA IS MISSING.
T  INDICATES TRACE AMOUNT.




$$
