000
CDUS44 KMOB 202231
CLIMOB


CLIMATE REPORT
NATIONAL WEATHER SERVICE MOBILE AL
531 PM CDT THU JUL 20 2017


...................................

...THE MOBILE CLIMATE SUMMARY FOR JULY 20 2017...
VALID TODAY AS OF 0500 PM LOCAL TIME.

CLIMATE NORMAL PERIOD 1981 TO 2010
CLIMATE RECORD PERIOD 1842 TO 2017


WEATHER ITEM   OBSERVED TIME   RECORD YEAR NORMAL DEPARTURE LAST
                VALUE   (LST)  VALUE       VALUE  FROM      YEAR
                                                  NORMAL
..................................................................
TEMPERATURE (F)
 TODAY
  MAXIMUM         96    349 PM 101    2000  91      5       95
  MINIMUM         76    250 AM  64    2009  73      3       74
                                      1923
  AVERAGE         86                        82      4       85

PRECIPITATION (IN)
  TODAY            0.00          1.49 1879   0.24  -0.24     0.62
  MONTH TO DATE    1.41                      4.66  -3.25     3.54
  SINCE MAR 1     35.55                     26.84   8.71    29.72
  SINCE JAN 1     47.76                     37.61  10.15    39.17

DEGREE DAYS
 COOLING
  TODAY           21                        17      4       20
  MONTH TO DATE  350                       338     12      365
  SINCE JUN 1    769                       782    -13      845
  SINCE JAN 1   1370                      1227    143     1304
..................................................................


WIND (MPH)
  HIGHEST WIND SPEED    12   HIGHEST WIND DIRECTION     N (10)
  HIGHEST GUST SPEED    15   HIGHEST GUST DIRECTION     N (20)
  AVERAGE WIND SPEED     4.8


SKY COVER
  POSSIBLE SUNSHINE  MM
  AVERAGE SKY COVER 0.3


WEATHER CONDITIONS
 THE FOLLOWING WEATHER WAS RECORDED TODAY.
  NO SIGNIFICANT WEATHER WAS OBSERVED.


RELATIVE HUMIDITY (PERCENT)
 HIGHEST    94           100 AM
 LOWEST     45           100 PM
 AVERAGE    70

..........................................................


THE MOBILE CLIMATE NORMALS FOR TOMORROW
                         NORMAL    RECORD    YEAR
 MAXIMUM TEMPERATURE (F)   91        98      1942
                                             1907
 MINIMUM TEMPERATURE (F)   73        67      1939


SUNRISE AND SUNSET
JULY 20 2017..........SUNRISE   604 AM CDT   SUNSET   755 PM CDT
JULY 21 2017..........SUNRISE   604 AM CDT   SUNSET   754 PM CDT


-  INDICATES NEGATIVE NUMBERS.
R  INDICATES RECORD WAS SET OR TIED.
MM INDICATES DATA IS MISSING.
T  INDICATES TRACE AMOUNT.




$$
