000
CDUS46 KSTO 220041
CLIMOD


CLIMATE REPORT
NATIONAL WEATHER SERVICE SACRAMENTO, CA
440 PM PST TUE NOV 21 2017


...................................

...THE MODESTO CA CLIMATE SUMMARY FOR NOVEMBER 21 2017...
VALID TODAY AS OF 0400 PM LOCAL TIME.

CLIMATE NORMAL PERIOD 1981 TO 2010
CLIMATE RECORD PERIOD 1931 TO 2017


WEATHER ITEM   OBSERVED TIME   RECORD YEAR NORMAL DEPARTURE LAST
                VALUE   (LST)  VALUE       VALUE  FROM      YEAR
                                                  NORMAL
..................................................................
TEMPERATURE (F)
 TODAY
  MAXIMUM         66    354 PM  72    1936  63      3       64
  MINIMUM         52    736 AM  27    1964  43      9       47
  AVERAGE         59

PRECIPITATION (IN)
  TODAY            0.00          0.77 1978   0.05  -0.05     0.01
  MONTH TO DATE    0.60                      0.90  -0.30     0.43
  SINCE OCT 1      0.72                      1.58  -0.86     2.48
  SINCE JAN 1     12.62                     10.61   2.01    13.68

SNOWFALL (IN)
  TODAY            0.0           0.0  2002
                                      2001
  MONTH TO DATE    0.0
  SINCE SEP 1      0.0
  SINCE JUL 1      0.0

DEGREE DAYS
 HEATING
  TODAY            6                        12     -6        9
  MONTH TO DATE  155                       178    -23       67
  SINCE SEP 1    202                       241    -39       91
  SINCE JUL 1    202                       241    -39       91

 COOLING
  TODAY            0                         0      0        0
  MONTH TO DATE    0                         0      0        7
  SINCE SEP 1    383                       360     23      365
  SINCE JAN 1   2118                      1696    422     1982
..................................................................


WIND (MPH)
  RESULTANT WIND SPEED   5   RESULTANT WIND DIRECTION  NW (310)
  HIGHEST WIND SPEED    13   HIGHEST WIND DIRECTION    NW (300)
  HIGHEST GUST SPEED    16   HIGHEST GUST DIRECTION     W (290)


SKY COVER
  POSSIBLE SUNSHINE  MM
  AVERAGE SKY COVER 0.7


WEATHER CONDITIONS
 THE FOLLOWING WEATHER WAS RECORDED TODAY.
  FOG
  HAZE


RELATIVE HUMIDITY (PERCENT)
 HIGHEST   100           200 AM
 LOWEST     63           300 PM
 AVERAGE    82

..........................................................


THE MODESTO CA CLIMATE NORMALS FOR TOMORROW
                         NORMAL    RECORD    YEAR
 MAXIMUM TEMPERATURE (F)   63        73      1933
 MINIMUM TEMPERATURE (F)   43        29      1931


SUNRISE AND SUNSET
NOVEMBER 21 2017......SUNRISE   650 AM PST   SUNSET   449 PM PST
NOVEMBER 22 2017......SUNRISE   651 AM PST   SUNSET   448 PM PST


-  INDICATES NEGATIVE NUMBERS.
R  INDICATES RECORD WAS SET OR TIED.
MM INDICATES DATA IS MISSING.
T  INDICATES TRACE AMOUNT.




$$
