000
CDUS46 KSTO 200839
CLIMOD


CLIMATE REPORT
NATIONAL WEATHER SERVICE SACRAMENTO, CA
1238 AM PST SAT DEC 20 2014


...................................

...THE MODESTO CA CLIMATE SUMMARY FOR DECEMBER 19 2014...

CLIMATE NORMAL PERIOD 1981 TO 2010
CLIMATE RECORD PERIOD 1931 TO 2014


WEATHER ITEM   OBSERVED TIME   RECORD YEAR NORMAL DEPARTURE LAST
                VALUE   (LST)  VALUE       VALUE  FROM      YEAR
                                                  NORMAL
..................................................................
TEMPERATURE (F)
 YESTERDAY
  MAXIMUM         56   1247 PM  65    2005  55      1       60
                                      1981
  MINIMUM         48    315 AM  24    1965  39      9       39
  AVERAGE         52

PRECIPITATION (IN)
  YESTERDAY        0.19          0.69 1952   0.07   0.12     0.00
  MONTH TO DATE    5.47                      1.14   4.33     0.25
  SINCE JUL 1      7.50                      3.46   4.04     1.49
  SINCE JAN 1     13.01                     12.21   0.80     4.70

SNOWFALL (IN)
  YESTERDAY       MM            MM      MM
  MONTH TO DATE    0.0
  SINCE DEC 1      0.0
  SINCE JUL 1      0.0
  SNOW DEPTH       0

DEGREE DAYS
 HEATING
  YESTERDAY       13                        18     -5       15
  MONTH TO DATE  187                       317   -130      395
  SINCE DEC 1    187                       317   -130      395
  SINCE JUL 1    485                       678   -193      766

 COOLING
  YESTERDAY        0                         0      0        0
  MONTH TO DATE    0                         0      0        0
  SINCE DEC 1      0                         0      0        0
  SINCE JAN 1   1855                      1699    156     1718
..................................................................


WIND (MPH)
  RESULTANT WIND SPEED   6   RESULTANT WIND DIRECTION  SE (140)
  HIGHEST WIND SPEED    14   HIGHEST WIND DIRECTION    SE (150)
  HIGHEST GUST SPEED    19   HIGHEST GUST DIRECTION    SE (140)


SKY COVER
  POSSIBLE SUNSHINE  MM
  AVERAGE SKY COVER 0.8


WEATHER CONDITIONS
 THE FOLLOWING WEATHER WAS RECORDED YESTERDAY.
  RAIN
  LIGHT RAIN
  FOG


RELATIVE HUMIDITY (PERCENT)
 HIGHEST    93           100 AM
 LOWEST     71          1100 AM
 AVERAGE    82

..........................................................


THE MODESTO CA CLIMATE NORMALS FOR TODAY
                         NORMAL    RECORD    YEAR
 MAXIMUM TEMPERATURE (F)   55        71      1969
 MINIMUM TEMPERATURE (F)   39        26      1965


SUNRISE AND SUNSET
DECEMBER 20 2014......SUNRISE   715 AM PST   SUNSET   448 PM PST
DECEMBER 21 2014......SUNRISE   715 AM PST   SUNSET   449 PM PST


-  INDICATES NEGATIVE NUMBERS.
R  INDICATES RECORD WAS SET OR TIED.
MM INDICATES DATA IS MISSING.
T  INDICATES TRACE AMOUNT.




$$
