000
CDUS46 KSTO 211437
CLIMOD


CLIMATE REPORT
NATIONAL WEATHER SERVICE SACRAMENTO, CA
737 AM PDT SUN SEP 21 2014


...................................

...THE MODESTO CA CLIMATE SUMMARY FOR SEPTEMBER 20 2014...

CLIMATE NORMAL PERIOD 1981 TO 2010
CLIMATE RECORD PERIOD 1931 TO 2014


WEATHER ITEM   OBSERVED TIME   RECORD YEAR NORMAL DEPARTURE LAST
                VALUE   (LST)  VALUE       VALUE  FROM      YEAR
                                                  NORMAL
..................................................................
TEMPERATURE (F)
 YESTERDAY
  MAXIMUM         89    359 PM 104    1939  88      1       82
  MINIMUM         64    615 AM  43    1965  59      5       55
  AVERAGE         77

PRECIPITATION (IN)
  YESTERDAY        0.00          0.28 2005   0.01  -0.01     0.00
  MONTH TO DATE    0.00                      0.12  -0.12     0.00
  SINCE JUL 1      0.00                      0.14  -0.14     0.00
  SINCE JAN 1      5.51                      8.89  -3.38     3.21

SNOWFALL (IN)
  YESTERDAY        0.0          MM      MM
  MONTH TO DATE    0.0
  SINCE SEP 1      0.0
  SINCE JUL 1      0.0
  SNOW DEPTH       0

DEGREE DAYS
 HEATING
  YESTERDAY        0                         0      0        0
  MONTH TO DATE    0                         0      0        0
  SINCE SEP 1      0                         0      0        0
  SINCE JUL 1      0                         0      0        0

 COOLING
  YESTERDAY       12                         9      3        4
  MONTH TO DATE  249                       202     47      216
  SINCE SEP 1    249                       202     47      216
  SINCE JAN 1   1678                      1538    140     1688
..................................................................


WIND (MPH)
  RESULTANT WIND SPEED   7   RESULTANT WIND DIRECTION  NW (320)
  HIGHEST WIND SPEED    18   HIGHEST WIND DIRECTION    NW (320)
  HIGHEST GUST SPEED    22   HIGHEST GUST DIRECTION    NW (330)


SKY COVER
  POSSIBLE SUNSHINE  MM
  AVERAGE SKY COVER 0.0


WEATHER CONDITIONS
 THE FOLLOWING WEATHER WAS RECORDED YESTERDAY.
  THUNDERSTORM


RELATIVE HUMIDITY (PERCENT)
 HIGHEST    73           600 AM
 LOWEST     26           300 PM
 AVERAGE    50

..........................................................


THE MODESTO CA CLIMATE NORMALS FOR TODAY
                         NORMAL    RECORD    YEAR
 MAXIMUM TEMPERATURE (F)   88       104      1939
 MINIMUM TEMPERATURE (F)   58        45      1960


SUNRISE AND SUNSET
SEPTEMBER 21 2014.....SUNRISE   651 AM PDT   SUNSET   702 PM PDT
SEPTEMBER 22 2014.....SUNRISE   652 AM PDT   SUNSET   701 PM PDT


-  INDICATES NEGATIVE NUMBERS.
R  INDICATES RECORD WAS SET OR TIED.
MM INDICATES DATA IS MISSING.
T  INDICATES TRACE AMOUNT.




$$
