000
CDUS46 KSTO 210840
CLIMOD


CLIMATE REPORT
NATIONAL WEATHER SERVICE SACRAMENTO, CA
1240 AM PST WED FEB 21 2018


...................................

...THE MODESTO CA CLIMATE SUMMARY FOR FEBRUARY 20 2018...

CLIMATE NORMAL PERIOD 1981 TO 2010
CLIMATE RECORD PERIOD 1931 TO 2018


WEATHER ITEM   OBSERVED TIME   RECORD YEAR NORMAL DEPARTURE LAST
                VALUE   (LST)  VALUE       VALUE  FROM      YEAR
                                                  NORMAL
..................................................................
TEMPERATURE (F)
 YESTERDAY
  MAXIMUM         55    412 PM  73    1995  64     -9       66
  MINIMUM         33    710 AM  28    1955  44    -11       53
  AVERAGE         44

PRECIPITATION (IN)
  YESTERDAY        0.00          1.10 1934   0.09  -0.09     0.99
  MONTH TO DATE    0.00                      1.72  -1.72     3.48
  SINCE OCT 1      3.55                      8.41  -4.86    14.03
  SINCE JAN 1      2.52                      4.33  -1.81     9.00

SNOWFALL (IN)
  YESTERDAY        0.0          MM      MM
  MONTH TO DATE    0.0
  SINCE DEC 1      0.0
  SINCE JUL 1      0.0
  SNOW DEPTH       0

DEGREE DAYS
 HEATING
  YESTERDAY       21                        11     10        5
  MONTH TO DATE  223                       256    -33      163
  SINCE DEC 1   1161                      1327   -166     1181
  SINCE JUL 1   1428                      1688   -260     1394

 COOLING
  YESTERDAY        0                         0      0        0
  MONTH TO DATE    0                         0      0        0
  SINCE DEC 1      0                         0      0        0
  SINCE JAN 1      0                         0      0        0
..................................................................


WIND (MPH)
  RESULTANT WIND SPEED   5   RESULTANT WIND DIRECTION  NW (310)
  HIGHEST WIND SPEED    13   HIGHEST WIND DIRECTION     W (290)
  HIGHEST GUST SPEED    16   HIGHEST GUST DIRECTION    NW (300)


SKY COVER
  POSSIBLE SUNSHINE  MM
  AVERAGE SKY COVER 0.0


WEATHER CONDITIONS
 THE FOLLOWING WEATHER WAS RECORDED YESTERDAY.
  NO SIGNIFICANT WEATHER WAS OBSERVED.


RELATIVE HUMIDITY (PERCENT)
 HIGHEST    82           300 AM
 LOWEST     22           400 PM
 AVERAGE    52

..........................................................


THE MODESTO CA CLIMATE NORMALS FOR TODAY
                         NORMAL    RECORD    YEAR
 MAXIMUM TEMPERATURE (F)   65        75      1991
 MINIMUM TEMPERATURE (F)   44        29      1955


SUNRISE AND SUNSET
FEBRUARY 21 2018......SUNRISE   646 AM PST   SUNSET   550 PM PST
FEBRUARY 22 2018......SUNRISE   644 AM PST   SUNSET   551 PM PST


-  INDICATES NEGATIVE NUMBERS.
R  INDICATES RECORD WAS SET OR TIED.
MM INDICATES DATA IS MISSING.
T  INDICATES TRACE AMOUNT.




$$
