000
CDUS46 KSTO 260837
CLIMOD


CLIMATE REPORT
NATIONAL WEATHER SERVICE SACRAMENTO, CA
1236 AM PST MON JAN 26 2015


...................................

...THE MODESTO CA CLIMATE SUMMARY FOR JANUARY 25 2015...

CLIMATE NORMAL PERIOD 1981 TO 2010
CLIMATE RECORD PERIOD 1931 TO 2015


WEATHER ITEM   OBSERVED TIME   RECORD YEAR NORMAL DEPARTURE LAST
                VALUE   (LST)  VALUE       VALUE  FROM      YEAR
                                                  NORMAL
..................................................................
TEMPERATURE (F)
 YESTERDAY
  MAXIMUM         52    229 PM  73    2014  57     -5       73
  MINIMUM         39    956 PM  24    1937  41     -2       41
  AVERAGE         46

PRECIPITATION (IN)
  YESTERDAY        0.00          0.66 1933   0.09  -0.09     0.00
  MONTH TO DATE    0.00                      2.08  -2.08      T
  SINCE OCT 1      7.40                      6.16   1.24     1.36
  SINCE JAN 1      0.00                      2.08  -2.08      T

SNOWFALL (IN)
  YESTERDAY        0.0           0.0  2002
  MONTH TO DATE    0.0
  SINCE DEC 1      0.0
  SINCE JUL 1      0.0
  SNOW DEPTH       0

DEGREE DAYS
 HEATING
  YESTERDAY       19                        16      3        8
  MONTH TO DATE  438                       440     -2      374
  SINCE DEC 1    808                       976   -168      980
  SINCE JUL 1   1106                      1337   -231     1351

 COOLING
  YESTERDAY        0                         0      0        0
  MONTH TO DATE    0                         0      0        0
  SINCE DEC 1      0                         0      0        0
  SINCE JAN 1      0                         0      0        0
..................................................................


WIND (MPH)
  RESULTANT WIND SPEED   3   RESULTANT WIND DIRECTION  SE (150)
  HIGHEST WIND SPEED    10   HIGHEST WIND DIRECTION    SE (150)
  HIGHEST GUST SPEED    14   HIGHEST GUST DIRECTION     S (160)


SKY COVER
  POSSIBLE SUNSHINE  MM
  AVERAGE SKY COVER 0.6


WEATHER CONDITIONS
 THE FOLLOWING WEATHER WAS RECORDED YESTERDAY.
  FOG
  HAZE


RELATIVE HUMIDITY (PERCENT)
 HIGHEST   100           400 AM
 LOWEST     71           200 PM
 AVERAGE    86

..........................................................


THE MODESTO CA CLIMATE NORMALS FOR TODAY
                         NORMAL    RECORD    YEAR
 MAXIMUM TEMPERATURE (F)   57        69      2014
 MINIMUM TEMPERATURE (F)   41        24      1950


SUNRISE AND SUNSET
JANUARY 26 2015.......SUNRISE   712 AM PST   SUNSET   521 PM PST
JANUARY 27 2015.......SUNRISE   711 AM PST   SUNSET   522 PM PST


-  INDICATES NEGATIVE NUMBERS.
R  INDICATES RECORD WAS SET OR TIED.
MM INDICATES DATA IS MISSING.
T  INDICATES TRACE AMOUNT.




$$
