811
CDUS43 KBIS 060751
CLIMOT


CLIMATE REPORT
NATIONAL WEATHER SERVICE BISMARCK ND
150 AM CST TUE DEC 6 2016


...................................

...THE MINOT ND CLIMATE SUMMARY FOR DECEMBER 5 2016...

CLIMATE NORMAL PERIOD 1981 TO 2010
CLIMATE RECORD PERIOD 1897 TO 2016


WEATHER ITEM   OBSERVED TIME   RECORD YEAR NORMAL DEPARTURE LAST
                VALUE   (LST)  VALUE       VALUE  FROM      YEAR
                                                  NORMAL
..................................................................
TEMPERATURE (F)
 YESTERDAY
  MAXIMUM         29   1152 AM  60    1913  27      2       49
  MINIMUM         12    133 AM -20    1922  11      1       30
  AVERAGE         21                        19      2       40

PRECIPITATION (IN)
  YESTERDAY        0.03          0.30 1926   0.02   0.01     0.00
  MONTH TO DATE    0.05                      0.07  -0.02     0.00
  SINCE DEC 1      0.05                      0.07  -0.02     0.00
  SINCE JAN 1     18.16                     16.88   1.28    14.35

DEGREE DAYS
 HEATING
  YESTERDAY       44                        46     -2       25
  MONTH TO DATE  197                       228    -31      143
  SINCE DEC 1    197                       228    -31      143
  SINCE JUL 1   1712                      2286   -574     1844
..................................................................


WIND (MPH)
  HIGHEST WIND SPEED    32   HIGHEST WIND DIRECTION    NW (300)
  HIGHEST GUST SPEED    39   HIGHEST GUST DIRECTION    NW (300)
  AVERAGE WIND SPEED    14.1


SKY COVER
  POSSIBLE SUNSHINE  MM
  AVERAGE SKY COVER 0.9


WEATHER CONDITIONS
 THE FOLLOWING WEATHER WAS RECORDED YESTERDAY.
  LT FREEZING RAIN
  SNOW
  LIGHT SNOW
  FOG
  HAZE


RELATIVE HUMIDITY (PERCENT)
 HIGHEST    96          1100 PM
 LOWEST     74           100 PM
 AVERAGE    85

..........................................................


THE MINOT ND CLIMATE NORMALS FOR TODAY
                         NORMAL    RECORD    YEAR
 MAXIMUM TEMPERATURE (F)   26        66      1939
 MINIMUM TEMPERATURE (F)   10       -23      1994
                                             1908


SUNRISE AND SUNSET
DECEMBER  6 2016......SUNRISE   821 AM CST   SUNSET   451 PM CST
DECEMBER  7 2016......SUNRISE   822 AM CST   SUNSET   451 PM CST


-  INDICATES NEGATIVE NUMBERS.
R  INDICATES RECORD WAS SET OR TIED.
MM INDICATES DATA IS MISSING.
T  INDICATES TRACE AMOUNT.




$$
