000
CDUS43 KBIS 240729
CLIMOT


CLIMATE REPORT
NATIONAL WEATHER SERVICE BISMARCK ND
228 AM CDT SUN SEP 24 2017


...................................

...THE MINOT ND CLIMATE SUMMARY FOR SEPTEMBER 23 2017...

CLIMATE NORMAL PERIOD 1981 TO 2010
CLIMATE RECORD PERIOD 1897 TO 2017


WEATHER ITEM   OBSERVED TIME   RECORD YEAR NORMAL DEPARTURE LAST
                VALUE   (LST)  VALUE       VALUE  FROM      YEAR
                                                  NORMAL
..................................................................
TEMPERATURE (F)
 YESTERDAY
  MAXIMUM         55    220 PM  96    1917  66    -11       59
  MINIMUM         47   1159 PM  28    1976  43      4       50
                                      1951
  AVERAGE         51                        54     -3       55

PRECIPITATION (IN)
  YESTERDAY        0.17          1.21 1977   0.05   0.12     0.74
  MONTH TO DATE    1.71                      1.13   0.58     2.83
  SINCE SEP 1      1.71                      1.13   0.58     2.83
  SINCE JAN 1      7.04                     14.57  -7.53    14.69

DEGREE DAYS
 HEATING
  YESTERDAY       14                        11      3       10
  MONTH TO DATE  116                       163    -47      139
  SINCE SEP 1    116                       163    -47      139
  SINCE JUL 1    126                       234   -108      150

 COOLING
  YESTERDAY        0                         0      0        0
  MONTH TO DATE   62                        30     32       26
  SINCE SEP 1     62                        30     32       26
  SINCE JAN 1    580                       441    139      679
..................................................................


WIND (MPH)
  HIGHEST WIND SPEED    16   HIGHEST WIND DIRECTION    NW (320)
  HIGHEST GUST SPEED    19   HIGHEST GUST DIRECTION    NW (320)
  AVERAGE WIND SPEED     8.9


SKY COVER
  POSSIBLE SUNSHINE  MM
  AVERAGE SKY COVER 1.0


WEATHER CONDITIONS
 THE FOLLOWING WEATHER WAS RECORDED YESTERDAY.
  LIGHT RAIN
  FOG


RELATIVE HUMIDITY (PERCENT)
 HIGHEST    93           500 AM
 LOWEST     66          1200 PM
 AVERAGE    80

..........................................................


THE MINOT ND CLIMATE NORMALS FOR TODAY
                         NORMAL    RECORD    YEAR
 MAXIMUM TEMPERATURE (F)   66        92      1917
 MINIMUM TEMPERATURE (F)   43        23      1922


SUNRISE AND SUNSET
SEPTEMBER 24 2017.....SUNRISE   735 AM CDT   SUNSET   738 PM CDT
SEPTEMBER 25 2017.....SUNRISE   736 AM CDT   SUNSET   736 PM CDT


-  INDICATES NEGATIVE NUMBERS.
R  INDICATES RECORD WAS SET OR TIED.
MM INDICATES DATA IS MISSING.
T  INDICATES TRACE AMOUNT.




$$
