000
CDUS43 KBIS 040750
CLIMOT


CLIMATE REPORT
NATIONAL WEATHER SERVICE BISMARCK ND
150 AM CST WED MAR 4 2015


...................................

...THE MINOT ND CLIMATE SUMMARY FOR MARCH 3 2015...

CLIMATE NORMAL PERIOD 1981 TO 2010
CLIMATE RECORD PERIOD 1905 TO 2015


WEATHER ITEM   OBSERVED TIME   RECORD YEAR NORMAL DEPARTURE LAST
                VALUE   (LST)  VALUE       VALUE  FROM      YEAR
                                                  NORMAL
..................................................................
TEMPERATURE (F)
 YESTERDAY
  MAXIMUM         15    104 AM  57    2000  30    -15        7
  MINIMUM         -2   1022 PM -23    1917  14    -16       -9
  AVERAGE          7                        22    -15       -1

PRECIPITATION (IN)
  YESTERDAY        T             0.37 1985   0.02  -0.02     0.02
  MONTH TO DATE    T                         0.05  -0.05     0.02
  SINCE MAR 1      T                         0.05  -0.05     0.02
  SINCE JAN 1      0.47                      0.96  -0.49     0.38

DEGREE DAYS
 HEATING
  YESTERDAY       58                        43     15       66
  MONTH TO DATE  155                       129     26      222
  SINCE MAR 1    155                       129     26      222
  SINCE JUL 1   6843                      6705    138     7455

 COOLING
  YESTERDAY        0                         0      0        0
  MONTH TO DATE    0                         0      0        0
  SINCE MAR 1      0                         0      0        0
  SINCE JAN 1      0                         0      0        0
..................................................................


WIND (MPH)
  HIGHEST WIND SPEED    38   HIGHEST WIND DIRECTION     W (280)
  HIGHEST GUST SPEED    45   HIGHEST GUST DIRECTION     W (280)
  AVERAGE WIND SPEED    23.2


SKY COVER
  POSSIBLE SUNSHINE  MM
  AVERAGE SKY COVER 0.5


WEATHER CONDITIONS
 THE FOLLOWING WEATHER WAS RECORDED YESTERDAY.
  LIGHT SNOW
  HAZE
  BLOWING SNOW


RELATIVE HUMIDITY (PERCENT)
 HIGHEST    76           200 AM
 LOWEST     62           600 PM
 AVERAGE    69

..........................................................


THE MINOT ND CLIMATE NORMALS FOR TODAY
                         NORMAL    RECORD    YEAR
 MAXIMUM TEMPERATURE (F)   31        65      2000
 MINIMUM TEMPERATURE (F)   15       -26      1917


SUNRISE AND SUNSET
MARCH  4 2015.........SUNRISE   721 AM CST   SUNSET   634 PM CST
MARCH  5 2015.........SUNRISE   719 AM CST   SUNSET   635 PM CST


-  INDICATES NEGATIVE NUMBERS.
R  INDICATES RECORD WAS SET OR TIED.
MM INDICATES DATA IS MISSING.
T  INDICATES TRACE AMOUNT.




$$
