000
CDUS43 KBIS 220722
CLIMOT


CLIMATE REPORT
NATIONAL WEATHER SERVICE BISMARCK ND
221 AM CDT WED OCT 22 2014


...................................

...THE MINOT ND CLIMATE SUMMARY FOR OCTOBER 21 2014...

CLIMATE NORMAL PERIOD 1981 TO 2010
CLIMATE RECORD PERIOD 1905 TO 2014


WEATHER ITEM   OBSERVED TIME   RECORD YEAR NORMAL DEPARTURE LAST
                VALUE   (LST)  VALUE       VALUE  FROM      YEAR
                                                  NORMAL
..................................................................
TEMPERATURE (F)
 YESTERDAY
  MAXIMUM         73    444 PM  84    1927  53     20       35
  MINIMUM         41    716 AM  10    1930  32      9       24
  AVERAGE         57                        42     15       30

PRECIPITATION (IN)
  YESTERDAY        0.00          0.53 2008   0.03  -0.03      T
  MONTH TO DATE    0.27                      0.86  -0.59     2.25
  SINCE SEP 1      1.12                      2.32  -1.20     4.41
  SINCE JAN 1     15.76                     15.76   0.00    24.59

DEGREE DAYS
 HEATING
  YESTERDAY        8                        23    -15       35
  MONTH TO DATE  348                       384    -36      406
  SINCE SEP 1    560                       633    -73      528
  SINCE JUL 1    628                       704    -76      597

 COOLING
  YESTERDAY        0                         0      0        0
  MONTH TO DATE    0                         0      0        0
  SINCE SEP 1     36                        33      3       50
  SINCE JAN 1    341                       444   -103      421
..................................................................


WIND (MPH)
  HIGHEST WIND SPEED    28   HIGHEST WIND DIRECTION     S (160)
  HIGHEST GUST SPEED    35   HIGHEST GUST DIRECTION     S (170)
  AVERAGE WIND SPEED    10.7


SKY COVER
  POSSIBLE SUNSHINE  MM
  AVERAGE SKY COVER 0.0


WEATHER CONDITIONS
 THE FOLLOWING WEATHER WAS RECORDED YESTERDAY.
  NO SIGNIFICANT WEATHER WAS OBSERVED.


RELATIVE HUMIDITY (PERCENT)
 HIGHEST    70           700 AM
 LOWEST     33           400 PM
 AVERAGE    52

..........................................................


THE MINOT ND CLIMATE NORMALS FOR TODAY
                         NORMAL    RECORD    YEAR
 MAXIMUM TEMPERATURE (F)   52        79      1992
 MINIMUM TEMPERATURE (F)   32        11      1935


SUNRISE AND SUNSET
OCTOBER 22 2014.......SUNRISE   815 AM CDT   SUNSET   643 PM CDT
OCTOBER 23 2014.......SUNRISE   817 AM CDT   SUNSET   641 PM CDT


-  INDICATES NEGATIVE NUMBERS.
R  INDICATES RECORD WAS SET OR TIED.
MM INDICATES DATA IS MISSING.
T  INDICATES TRACE AMOUNT.




$$
