000
CDUS43 KBIS 270044
CLIMOT


CLIMATE REPORT
NATIONAL WEATHER SERVICE BISMARCK ND
743 PM CDT WED JUL 26 2017


...................................

...THE MINOT ND CLIMATE SUMMARY FOR JULY 26 2017...
VALID TODAY AS OF 0700 PM LOCAL TIME.

CLIMATE NORMAL PERIOD 1981 TO 2010
CLIMATE RECORD PERIOD 1897 TO 2017


WEATHER ITEM   OBSERVED TIME   RECORD YEAR NORMAL DEPARTURE LAST
                VALUE   (LST)  VALUE       VALUE  FROM      YEAR
                                                  NORMAL
..................................................................
TEMPERATURE (F)
 TODAY
  MAXIMUM         86    443 PM 104    1929  83      3       84
  MINIMUM         58    537 AM  39    1918  58      0       61
  AVERAGE         72                        71      1       73

PRECIPITATION (IN)
  TODAY            0.00          1.11 2011   0.06  -0.06     0.00
  MONTH TO DATE    0.36                      2.13  -1.77     2.72
  SINCE JUN 1      1.68                      5.71  -4.03     5.46
  SINCE JAN 1      3.04                     11.10  -8.06    10.61

DEGREE DAYS
 HEATING
  TODAY            0                         1     -1        0
  MONTH TO DATE    0                        22    -22        7
  SINCE JUN 1     51                       128    -77       22
  SINCE JUL 1      0                        22    -22        7

 COOLING
  TODAY            7                         6      1        8
  MONTH TO DATE  241                       138    103      205
  SINCE JUN 1    336                       211    125      336
  SINCE JAN 1    339                       227    112      376
..................................................................


WIND (MPH)
  RESULTANT WIND SPEED   3   RESULTANT WIND DIRECTION  NW (330)
  HIGHEST WIND SPEED    13   HIGHEST WIND DIRECTION     N (20)
  HIGHEST GUST SPEED    17   HIGHEST GUST DIRECTION    NE (30)
  AVERAGE WIND SPEED     6.4


SKY COVER
  POSSIBLE SUNSHINE  MM
  AVERAGE SKY COVER 0.0


WEATHER CONDITIONS
 THE FOLLOWING WEATHER WAS RECORDED TODAY.
  NO SIGNIFICANT WEATHER WAS OBSERVED.


RELATIVE HUMIDITY (PERCENT)
 HIGHEST    86           500 AM
 LOWEST     32           300 PM
 AVERAGE    59

..........................................................


THE MINOT ND CLIMATE NORMALS FOR TOMORROW
                         NORMAL    RECORD    YEAR
 MAXIMUM TEMPERATURE (F)   83       108      1931
 MINIMUM TEMPERATURE (F)   58        40      1925


SUNRISE AND SUNSET
JULY 26 2017..........SUNRISE   613 AM CDT   SUNSET   929 PM CDT
JULY 27 2017..........SUNRISE   614 AM CDT   SUNSET   928 PM CDT


-  INDICATES NEGATIVE NUMBERS.
R  INDICATES RECORD WAS SET OR TIED.
MM INDICATES DATA IS MISSING.
T  INDICATES TRACE AMOUNT.




$$
