000
CDUS43 KBIS 230035
CLIMOT


CLIMATE REPORT
NATIONAL WEATHER SERVICE BISMARCK ND
735 PM CDT WED MAR 22 2017


...................................

...THE MINOT ND CLIMATE SUMMARY FOR MARCH 22 2017...
VALID TODAY AS OF 0700 PM LOCAL TIME.

CLIMATE NORMAL PERIOD 1981 TO 2010
CLIMATE RECORD PERIOD 1897 TO 2017


WEATHER ITEM   OBSERVED TIME   RECORD YEAR NORMAL DEPARTURE LAST
                VALUE   (LST)  VALUE       VALUE  FROM      YEAR
                                                  NORMAL
..................................................................
TEMPERATURE (F)
 TODAY
  MAXIMUM         42    430 PM  80    1910  40      2       37
  MINIMUM         19    134 AM -10    1913  22     -3       26
  AVERAGE         31                        31      0       32

PRECIPITATION (IN)
  TODAY            0.00          0.62 1995   0.03  -0.03      T
  MONTH TO DATE    0.29                      0.54  -0.25     0.06
  SINCE MAR 1      0.29                      0.54  -0.25     0.06
  SINCE JAN 1      0.42                      1.45  -1.03     0.64

DEGREE DAYS
 HEATING
  TODAY           34                        34      0       33
  MONTH TO DATE  960                       854    106      570
  SINCE MAR 1    960                       854    106      570
  SINCE JUL 1   6896                      7430   -534     6002

 COOLING
  TODAY            0                         0      0        0
  MONTH TO DATE    0                         0      0        0
  SINCE MAR 1      0                         0      0        0
  SINCE JAN 1      0                         0      0        0
..................................................................


WIND (MPH)
  RESULTANT WIND SPEED  17   RESULTANT WIND DIRECTION  SE (130)
  HIGHEST WIND SPEED    24   HIGHEST WIND DIRECTION    SE (150)
  HIGHEST GUST SPEED    33   HIGHEST GUST DIRECTION     S (160)
  AVERAGE WIND SPEED    17.4


SKY COVER
  POSSIBLE SUNSHINE  MM
  AVERAGE SKY COVER 0.8


WEATHER CONDITIONS
 THE FOLLOWING WEATHER WAS RECORDED TODAY.
  NO SIGNIFICANT WEATHER WAS OBSERVED.


RELATIVE HUMIDITY (PERCENT)
 HIGHEST    84           200 AM
 LOWEST     60           400 PM
 AVERAGE    72

..........................................................


THE MINOT ND CLIMATE NORMALS FOR TOMORROW
                         NORMAL    RECORD    YEAR
 MAXIMUM TEMPERATURE (F)   41        79      1910
 MINIMUM TEMPERATURE (F)   22       -14      1974


SUNRISE AND SUNSET
MARCH 22 2017.........SUNRISE   743 AM CDT   SUNSET   801 PM CDT
MARCH 23 2017.........SUNRISE   741 AM CDT   SUNSET   803 PM CDT


-  INDICATES NEGATIVE NUMBERS.
R  INDICATES RECORD WAS SET OR TIED.
MM INDICATES DATA IS MISSING.
T  INDICATES TRACE AMOUNT.




$$
