000
CDUS43 KBIS 230722
CLIMOT


CLIMATE REPORT
NATIONAL WEATHER SERVICE BISMARCK ND
221 AM CDT WED JUL 23 2014


...................................

...THE MINOT ND CLIMATE SUMMARY FOR JULY 22 2014...

CLIMATE NORMAL PERIOD 1981 TO 2010
CLIMATE RECORD PERIOD 1905 TO 2014


WEATHER ITEM   OBSERVED TIME   RECORD YEAR NORMAL DEPARTURE LAST
                VALUE   (LST)  VALUE       VALUE  FROM      YEAR
                                                  NORMAL
..................................................................
TEMPERATURE (F)
 YESTERDAY
  MAXIMUM         79    429 PM  99    1919  83     -4       72
  MINIMUM         58    550 AM  40    1918  58      0       58
  AVERAGE         69                        70     -1       65

PRECIPITATION (IN)
  YESTERDAY        0.00          1.56 1965   0.07  -0.07     0.00
  MONTH TO DATE    0.84                      1.87  -1.03     4.14
  SINCE JUN 1      6.18                      5.45   0.73     8.74
  SINCE JAN 1      9.99                     10.84  -0.85    17.11

DEGREE DAYS
 COOLING
  YESTERDAY        4                         6     -2        0
  MONTH TO DATE   84                       114    -30      119
  SINCE JUN 1    106                       187    -81      183
  SINCE JAN 1    147                       203    -56      193
..................................................................


WIND (MPH)
  HIGHEST WIND SPEED     9   HIGHEST WIND DIRECTION     W (270)
  HIGHEST GUST SPEED    12   HIGHEST GUST DIRECTION    NE (60)
  AVERAGE WIND SPEED     4.4


SKY COVER
  POSSIBLE SUNSHINE  MM
  AVERAGE SKY COVER 0.4


WEATHER CONDITIONS
 THE FOLLOWING WEATHER WAS RECORDED YESTERDAY.
  FOG


RELATIVE HUMIDITY (PERCENT)
 HIGHEST    97           200 AM
 LOWEST     54           200 PM
 AVERAGE    76

..........................................................


THE MINOT ND CLIMATE NORMALS FOR TODAY
                         NORMAL    RECORD    YEAR
 MAXIMUM TEMPERATURE (F)   83       103      2007
 MINIMUM TEMPERATURE (F)   58        42      1918


SUNRISE AND SUNSET
JULY 23 2014..........SUNRISE   609 AM CDT   SUNSET   933 PM CDT
JULY 24 2014..........SUNRISE   610 AM CDT   SUNSET   932 PM CDT


-  INDICATES NEGATIVE NUMBERS.
R  INDICATES RECORD WAS SET OR TIED.
MM INDICATES DATA IS MISSING.
T  INDICATES TRACE AMOUNT.




$$
