000
CDUS43 KBIS 240751
CLIMOT


CLIMATE REPORT
NATIONAL WEATHER SERVICE BISMARCK ND
150 AM CST SAT FEB 24 2018


...................................

...THE MINOT ND CLIMATE SUMMARY FOR FEBRUARY 23 2018...

CLIMATE NORMAL PERIOD 1981 TO 2010
CLIMATE RECORD PERIOD 1897 TO 2018


WEATHER ITEM   OBSERVED TIME   RECORD YEAR NORMAL DEPARTURE LAST
                VALUE   (LST)  VALUE       VALUE  FROM      YEAR
                                                  NORMAL
..................................................................
TEMPERATURE (F)
 YESTERDAY
  MAXIMUM         18    351 PM  58    1931  28    -10       33
  MINIMUM          0    802 AM -26    1910  11    -11       18
  AVERAGE          9                        19    -10       26

PRECIPITATION (IN)
  YESTERDAY        T             0.51 1949   0.02  -0.02      T
  MONTH TO DATE    0.04                      0.32  -0.28     0.02
  SINCE DEC 1      0.16                      1.21  -1.05     0.72
  SINCE JAN 1      0.11                      0.83  -0.72     0.10

DEGREE DAYS
 HEATING
  YESTERDAY       56                        46     10       39
  MONTH TO DATE 1382                      1122    260      950
  SINCE DEC 1   4432                      4296    136     4166
  SINCE JUL 1   6310                      6354    -44     5681
..................................................................


WIND (MPH)
  HIGHEST WIND SPEED    20   HIGHEST WIND DIRECTION    SW (240)
  HIGHEST GUST SPEED    23   HIGHEST GUST DIRECTION    SW (230)
  AVERAGE WIND SPEED    10.7


SKY COVER
  POSSIBLE SUNSHINE  MM
  AVERAGE SKY COVER 0.2


WEATHER CONDITIONS
 THE FOLLOWING WEATHER WAS RECORDED YESTERDAY.
  LIGHT SNOW
  FOG


RELATIVE HUMIDITY (PERCENT)
 HIGHEST    87           600 AM
 LOWEST     61           200 PM
 AVERAGE    74

..........................................................


THE MINOT ND CLIMATE NORMALS FOR TODAY
                         NORMAL    RECORD    YEAR
 MAXIMUM TEMPERATURE (F)   28        51      1958
 MINIMUM TEMPERATURE (F)   12       -24      1900


SUNRISE AND SUNSET
FEBRUARY 24 2018......SUNRISE   736 AM CST   SUNSET   622 PM CST
FEBRUARY 25 2018......SUNRISE   734 AM CST   SUNSET   623 PM CST


-  INDICATES NEGATIVE NUMBERS.
R  INDICATES RECORD WAS SET OR TIED.
MM INDICATES DATA IS MISSING.
T  INDICATES TRACE AMOUNT.




$$
