364
CDUS43 KBIS 250035
CLIMOT


CLIMATE REPORT
NATIONAL WEATHER SERVICE BISMARCK ND
634 PM CST TUE JAN 24 2017


...................................

...THE MINOT ND CLIMATE SUMMARY FOR JANUARY 24 2017...
VALID TODAY AS OF 0600 PM LOCAL TIME.

CLIMATE NORMAL PERIOD 1981 TO 2010
CLIMATE RECORD PERIOD 1897 TO 2017


WEATHER ITEM   OBSERVED TIME   RECORD YEAR NORMAL DEPARTURE LAST
                VALUE   (LST)  VALUE       VALUE  FROM      YEAR
                                                  NORMAL
..................................................................
TEMPERATURE (F)
 TODAY
  MAXIMUM         25    406 AM  52    1942  21      4       28
  MINIMUM         21    559 PM -42    1920   4     17       24
  AVERAGE         23                        12     11       26

PRECIPITATION (IN)
  TODAY            T             0.28 1972   0.01  -0.01      T
  MONTH TO DATE    0.05                      0.41  -0.36     0.21
  SINCE DEC 1      0.67                      0.79  -0.12     0.52
  SINCE JAN 1      0.05                      0.41  -0.36     0.21

DEGREE DAYS
 HEATING
  TODAY           42                        52    -10       39
  MONTH TO DATE 1308                      1271     37     1223
  SINCE DEC 1   2952                      2808    144     2468
  SINCE JUL 1   4467                      4866   -399     4169

 COOLING
  TODAY            0                         0      0        0
  MONTH TO DATE    0                         0      0        0
  SINCE DEC 1      0                         0      0        0
  SINCE JAN 1      0                         0      0        0
..................................................................


WIND (MPH)
  RESULTANT WIND SPEED  12   RESULTANT WIND DIRECTION   W (280)
  HIGHEST WIND SPEED    21   HIGHEST WIND DIRECTION    NW (300)
  HIGHEST GUST SPEED    23   HIGHEST GUST DIRECTION    NW (300)
  AVERAGE WIND SPEED    13.0


SKY COVER
  POSSIBLE SUNSHINE  MM
  AVERAGE SKY COVER 1.0


WEATHER CONDITIONS
 THE FOLLOWING WEATHER WAS RECORDED TODAY.
  NO SIGNIFICANT WEATHER WAS OBSERVED.


RELATIVE HUMIDITY (PERCENT)
 HIGHEST    84           400 PM
 LOWEST     74          1200 AM
 AVERAGE    79

..........................................................


THE MINOT ND CLIMATE NORMALS FOR TOMORROW
                         NORMAL    RECORD    YEAR
 MAXIMUM TEMPERATURE (F)   21        54      1906
 MINIMUM TEMPERATURE (F)    4       -34      1929
                                             1915


SUNRISE AND SUNSET
JANUARY 24 2017.......SUNRISE   823 AM CST   SUNSET   532 PM CST
JANUARY 25 2017.......SUNRISE   822 AM CST   SUNSET   534 PM CST


-  INDICATES NEGATIVE NUMBERS.
R  INDICATES RECORD WAS SET OR TIED.
MM INDICATES DATA IS MISSING.
T  INDICATES TRACE AMOUNT.




$$
