000
CDUS41 KPHI 212132
CLIMPO


CLIMATE REPORT
NATIONAL WEATHER SERVICE MOUNT HOLLY NJ
529 PM EDT MON AUG 21 2017


...................................

...THE MOUNT POCONO PA CLIMATE SUMMARY FOR AUGUST 21 2017...
VALID TODAY AS OF 0500 PM LOCAL TIME.

CLIMATE NORMAL PERIOD 1981 TO 2010
CLIMATE RECORD PERIOD 1901 TO 2017


WEATHER ITEM   OBSERVED TIME   RECORD YEAR NORMAL DEPARTURE LAST
                VALUE   (LST)  VALUE       VALUE  FROM      YEAR
                                                  NORMAL
..................................................................
TEMPERATURE (F)
 TODAY
  MAXIMUM         79   1220 PM  88    1955  76      3       76
  MINIMUM         54    521 AM  34    1908  57     -3       61
  AVERAGE         67                        66      1       69

PRECIPITATION (IN)
  TODAY            0.00          1.99 1997   0.16  -0.16     0.85
  MONTH TO DATE    4.08                      3.24   0.84     3.92
  SINCE JUN 1     13.52                     12.26   1.26    12.15
  SINCE JAN 1     30.42                     29.76   0.66    29.58

DEGREE DAYS
 HEATING
  TODAY            0                         1     -1        0
  MONTH TO DATE   30                        21      9        1
  SINCE JUN 1    169                       143     26      109
  SINCE JUL 1     42                        43     -1       17

 COOLING
  TODAY            2                         3     -1        4
  MONTH TO DATE   38                        77    -39      107
  SINCE JUN 1    203                       260    -57      294
  SINCE JAN 1    221                       279    -58      323
..................................................................


WIND (MPH)
  HIGHEST WIND SPEED    14   HIGHEST WIND DIRECTION     S (200)
  HIGHEST GUST SPEED    18   HIGHEST GUST DIRECTION    SW (220)
  AVERAGE WIND SPEED     5.9


SKY COVER
  POSSIBLE SUNSHINE  MM
  AVERAGE SKY COVER 0.2


WEATHER CONDITIONS
 THE FOLLOWING WEATHER WAS RECORDED TODAY.
  NO SIGNIFICANT WEATHER WAS OBSERVED.


RELATIVE HUMIDITY (PERCENT)
 HIGHEST   100          1200 AM
 LOWEST     64           900 AM
 AVERAGE    82

..........................................................


THE MOUNT POCONO PA CLIMATE NORMALS FOR TOMORROW
                         NORMAL    RECORD    YEAR
 MAXIMUM TEMPERATURE (F)   76        87      1968
 MINIMUM TEMPERATURE (F)   57        34      1982


SUNRISE AND SUNSET
AUGUST 21 2017........SUNRISE   617 AM EDT   SUNSET   751 PM EDT
AUGUST 22 2017........SUNRISE   618 AM EDT   SUNSET   750 PM EDT


-  INDICATES NEGATIVE NUMBERS.
R  INDICATES RECORD WAS SET OR TIED.
MM INDICATES DATA IS MISSING.
T  INDICATES TRACE AMOUNT.




$$
