000
CDUS41 KPHI 130634
CLIMPO


CLIMATE REPORT
NATIONAL WEATHER SERVICE MOUNT HOLLY NJ
128 AM EST SAT FEB 13 2016


...................................

...THE MOUNT POCONO PA CLIMATE SUMMARY FOR FEBRUARY 12 2016...

CLIMATE NORMAL PERIOD 1981 TO 2010
CLIMATE RECORD PERIOD 1901 TO 2016


WEATHER ITEM   OBSERVED TIME   RECORD YEAR NORMAL DEPARTURE LAST
                VALUE   (LST)  VALUE       VALUE  FROM      YEAR
                                                  NORMAL
..................................................................
TEMPERATURE (F)
 YESTERDAY
  MAXIMUM         17    117 PM  52    1984  34    -17       29
  MINIMUM          2    731 AM -20    1979  17    -15        2
  AVERAGE         10                        25    -15       16

PRECIPITATION (IN)
  YESTERDAY        0.01          1.93 1981   0.08  -0.07     0.01
  MONTH TO DATE    0.80                      0.92  -0.12     1.14
  SINCE DEC 1      7.86                      7.64   0.22     5.66
  SINCE JAN 1      4.03                      3.77   0.26     2.86

SNOWFALL (IN)
  YESTERDAY       MM            MM      MM  MM     MM       MM
  MONTH TO DATE   MM                        MM     MM       MM
  SINCE DEC 1     MM                        MM     MM       MM
  SINCE JUL 1     MM                        MM     MM       MM
  SNOW DEPTH      MM

DEGREE DAYS
 HEATING
  YESTERDAY       55                        40     15       49
  MONTH TO DATE  433                       486    -53      534
  SINCE DEC 1   2397                      2938   -541     2968
  SINCE JUL 1   3664                      4517   -853     4535

 COOLING
  YESTERDAY        0                         0      0        0
  MONTH TO DATE    0                         0      0        0
  SINCE DEC 1      0                         0      0        0
  SINCE JAN 1      0                         0      0        0
..................................................................


WIND (MPH)
  HIGHEST WIND SPEED    17   HIGHEST WIND DIRECTION    NW (310)
  HIGHEST GUST SPEED    26   HIGHEST GUST DIRECTION    NW (310)
  AVERAGE WIND SPEED     8.6


SKY COVER
  POSSIBLE SUNSHINE  MM
  AVERAGE SKY COVER 0.5


WEATHER CONDITIONS
 THE FOLLOWING WEATHER WAS RECORDED YESTERDAY.
  LIGHT SNOW


RELATIVE HUMIDITY (PERCENT)
 HIGHEST    79           800 AM
 LOWEST     51           200 PM
 AVERAGE    65

..........................................................


THE MOUNT POCONO PA CLIMATE NORMALS FOR TODAY
                         NORMAL    RECORD    YEAR
 MAXIMUM TEMPERATURE (F)   34        55      1951
 MINIMUM TEMPERATURE (F)   18       -20      1967


SUNRISE AND SUNSET
FEBRUARY 13 2016......SUNRISE   659 AM EST   SUNSET   533 PM EST
FEBRUARY 14 2016......SUNRISE   658 AM EST   SUNSET   534 PM EST


-  INDICATES NEGATIVE NUMBERS.
R  INDICATES RECORD WAS SET OR TIED.
MM INDICATES DATA IS MISSING.
T  INDICATES TRACE AMOUNT.




$$
