000
CDUS41 KPHI 312128
CLIMPO


CLIMATE REPORT
NATIONAL WEATHER SERVICE MOUNT HOLLY NJ
527 PM EDT MON AUG 31 2015


...................................

...THE MOUNT POCONO PA CLIMATE SUMMARY FOR AUGUST 31 2015...
VALID TODAY AS OF 0500 PM LOCAL TIME.

CLIMATE NORMAL PERIOD 1981 TO 2010
CLIMATE RECORD PERIOD 1901 TO 2015


WEATHER ITEM   OBSERVED TIME   RECORD YEAR NORMAL DEPARTURE LAST
                VALUE   (LST)  VALUE       VALUE  FROM      YEAR
                                                  NORMAL
..................................................................
TEMPERATURE (F)
 TODAY
  MAXIMUM         82    348 PM  92    1953  73      9       79
  MINIMUM         65    518 AM  33    1965  55     10       66
  AVERAGE         74                        64     10       73

PRECIPITATION (IN)
  TODAY            0.04          4.25 1940   0.11  -0.07      T
  MONTH TO DATE    5.19                      4.46   0.73     2.52
  SINCE JUN 1     17.02                     13.48   3.54     9.66
  SINCE JAN 1     28.02                     30.98  -2.96    28.42

SNOWFALL (IN)
  TODAY           MM            MM      MM  MM     MM       MM
  MONTH TO DATE   MM                        MM     MM       MM
  SINCE JUN 1     MM                        MM     MM       MM
  SINCE JUL 1     MM                        MM     MM       MM
  SNOW DEPTH      MM

DEGREE DAYS
 HEATING
  TODAY            0                         2     -2        0
  MONTH TO DATE   28                        39    -11       52
  SINCE JUN 1    125                       163    -38      131
  SINCE JUL 1     41                        63    -22       76

 COOLING
  TODAY            9                         2      7        8
  MONTH TO DATE   90                        94     -4       43
  SINCE JUN 1    284                       277      7      211
  SINCE JAN 1    341                       296     45      218
..................................................................


WIND (MPH)
  HIGHEST WIND SPEED    16   HIGHEST WIND DIRECTION     W (290)
  HIGHEST GUST SPEED    24   HIGHEST GUST DIRECTION    NW (320)
  AVERAGE WIND SPEED     8.0


SKY COVER
  POSSIBLE SUNSHINE  MM
  AVERAGE SKY COVER 0.3


WEATHER CONDITIONS
 THE FOLLOWING WEATHER WAS RECORDED TODAY.
  LIGHT RAIN
  FOG


RELATIVE HUMIDITY (PERCENT)
 HIGHEST    93           100 AM
 LOWEST     54           300 PM
 AVERAGE    74

..........................................................


THE MOUNT POCONO PA CLIMATE NORMALS FOR TOMORROW
                         NORMAL    RECORD    YEAR
 MAXIMUM TEMPERATURE (F)   73        92      1953
 MINIMUM TEMPERATURE (F)   55        37      1926


SUNRISE AND SUNSET
AUGUST 31 2015........SUNRISE   627 AM EDT   SUNSET   736 PM EDT
SEPTEMBER  1 2015.....SUNRISE   628 AM EDT   SUNSET   735 PM EDT


-  INDICATES NEGATIVE NUMBERS.
R  INDICATES RECORD WAS SET OR TIED.
MM INDICATES DATA IS MISSING.
T  INDICATES TRACE AMOUNT.




$$
