000
CDUS41 KPHI 220548
CLIMPO


CLIMATE REPORT
NATIONAL WEATHER SERVICE MOUNT HOLLY NJ
1247 AM EST MON JAN 22 2018


...................................

...THE MOUNT POCONO PA CLIMATE SUMMARY FOR JANUARY 21 2018...

CLIMATE NORMAL PERIOD 1981 TO 2010
CLIMATE RECORD PERIOD 1901 TO 2018


WEATHER ITEM   OBSERVED TIME   RECORD YEAR NORMAL DEPARTURE LAST
                VALUE   (LST)  VALUE       VALUE  FROM      YEAR
                                                  NORMAL
..................................................................
TEMPERATURE (F)
 YESTERDAY
  MAXIMUM         41    232 PM  66    1906  31     10       55
  MINIMUM         31    805 AM -20    1985  16     15       35
  AVERAGE         36                        23     13       45

PRECIPITATION (IN)
  YESTERDAY        T             1.37 1979   0.09  -0.09     0.00
  MONTH TO DATE    3.24                      2.12   1.12     1.79
  SINCE DEC 1      4.48                      5.99  -1.51     3.98
  SINCE JAN 1      3.24                      2.12   1.12     1.79

DEGREE DAYS
 HEATING
  YESTERDAY       29                        42    -13       20
  MONTH TO DATE  979                       878    101      807
  SINCE DEC 1   2239                      2036    203     1957
  SINCE JUL 1   3677                      3615     62     3350

 COOLING
  YESTERDAY        0                         0      0        0
  MONTH TO DATE    0                         0      0        0
  SINCE DEC 1      0                         0      0        0
  SINCE JAN 1      0                         0      0        0
..................................................................


WIND (MPH)
  HIGHEST WIND SPEED    21   HIGHEST WIND DIRECTION     W (280)
  HIGHEST GUST SPEED    27   HIGHEST GUST DIRECTION     W (290)
  AVERAGE WIND SPEED     7.8


SKY COVER
  POSSIBLE SUNSHINE  MM
  AVERAGE SKY COVER 0.5


WEATHER CONDITIONS
 THE FOLLOWING WEATHER WAS RECORDED YESTERDAY.
  LIGHT RAIN


RELATIVE HUMIDITY (PERCENT)
 HIGHEST    92           800 AM
 LOWEST     70          1200 AM
 AVERAGE    81

..........................................................


THE MOUNT POCONO PA CLIMATE NORMALS FOR TODAY
                         NORMAL    RECORD    YEAR
 MAXIMUM TEMPERATURE (F)   31        58      1909
 MINIMUM TEMPERATURE (F)   16       -23      1984


SUNRISE AND SUNSET
JANUARY 22 2018.......SUNRISE   721 AM EST   SUNSET   506 PM EST
JANUARY 23 2018.......SUNRISE   720 AM EST   SUNSET   507 PM EST


-  INDICATES NEGATIVE NUMBERS.
R  INDICATES RECORD WAS SET OR TIED.
MM INDICATES DATA IS MISSING.
T  INDICATES TRACE AMOUNT.




$$
