000
CDUS41 KPHI 152127
CLIMPO


CLIMATE REPORT
NATIONAL WEATHER SERVICE MOUNT HOLLY NJ
526 PM EDT MON SEP 15 2014


...................................

...THE MOUNT POCONO PA CLIMATE SUMMARY FOR SEPTEMBER 15 2014...
VALID TODAY AS OF 0500 PM LOCAL TIME.

CLIMATE NORMAL PERIOD 1981 TO 2010
CLIMATE RECORD PERIOD 1901 TO 2014


WEATHER ITEM   OBSERVED TIME   RECORD YEAR NORMAL DEPARTURE LAST
                VALUE   (LST)  VALUE       VALUE  FROM      YEAR
                                                  NORMAL
..................................................................
TEMPERATURE (F)
 TODAY
  MAXIMUM         65    255 PM  88    1927  68     -3       66
  MINIMUM         38    517 AM  30    1975  50    -12       36
  AVERAGE         52                        59     -7       51

PRECIPITATION (IN)
  TODAY            0.00          4.00 1916   0.19  -0.19     0.00
  MONTH TO DATE    0.85                      2.51  -1.66     1.17
  SINCE SEP 1      0.85                      2.51  -1.66     1.17
  SINCE JAN 1     29.27                     33.49  -4.22    36.82

SNOWFALL (IN)
  TODAY           MM            MM      MM  MM     MM       MM
  MONTH TO DATE   MM                        MM     MM       MM
  SINCE SEP 1     MM                        MM     MM       MM
  SINCE JUL 1     MM                        MM     MM       MM
  SNOW DEPTH      MM

DEGREE DAYS
 HEATING
  TODAY           13                         6      7       14
  MONTH TO DATE   55                        65    -10       84
  SINCE SEP 1     55                        65    -10       84
  SINCE JUL 1    131                       128      3      148

 COOLING
  TODAY            0                         0      0        0
  MONTH TO DATE   33                        13     20       40
  SINCE SEP 1     33                        13     20       40
  SINCE JAN 1    251                       309    -58      459
..................................................................


WIND (MPH)
  HIGHEST WIND SPEED    12   HIGHEST WIND DIRECTION    SW (230)
  HIGHEST GUST SPEED    15   HIGHEST GUST DIRECTION     W (290)
  AVERAGE WIND SPEED     2.8


SKY COVER
  POSSIBLE SUNSHINE  MM
  AVERAGE SKY COVER 0.1


WEATHER CONDITIONS
 THE FOLLOWING WEATHER WAS RECORDED TODAY.
  NO SIGNIFICANT WEATHER WAS OBSERVED.


RELATIVE HUMIDITY (PERCENT)
 HIGHEST    92           400 AM
 LOWEST     48           100 PM
 AVERAGE    70

..........................................................


THE MOUNT POCONO PA CLIMATE NORMALS FOR TOMORROW
                         NORMAL    RECORD    YEAR
 MAXIMUM TEMPERATURE (F)   68        86      1942
 MINIMUM TEMPERATURE (F)   50        31      1964


SUNRISE AND SUNSET
SEPTEMBER 15 2014.....SUNRISE   642 AM EDT   SUNSET   711 PM EDT
SEPTEMBER 16 2014.....SUNRISE   643 AM EDT   SUNSET   709 PM EDT


-  INDICATES NEGATIVE NUMBERS.
R  INDICATES RECORD WAS SET OR TIED.
MM INDICATES DATA IS MISSING.
T  INDICATES TRACE AMOUNT.




$$
