000
CDUS41 KPHI 170547
CLIMPO


CLIMATE REPORT
NATIONAL WEATHER SERVICE MOUNT HOLLY NJ
146 AM EDT TUE OCT 17 2017


...................................

...THE MOUNT POCONO PA CLIMATE SUMMARY FOR OCTOBER 16 2017...

CLIMATE NORMAL PERIOD 1981 TO 2010
CLIMATE RECORD PERIOD 1901 TO 2017


WEATHER ITEM   OBSERVED TIME   RECORD YEAR NORMAL DEPARTURE LAST
                VALUE   (LST)  VALUE       VALUE  FROM      YEAR
                                                  NORMAL
..................................................................
TEMPERATURE (F)
 YESTERDAY
  MAXIMUM         58   1208 AM  79    1947  58      0       66
  MINIMUM         34   1159 PM  20    1907  39     -5       45
  AVERAGE         46                        48     -2       56

PRECIPITATION (IN)
  YESTERDAY        0.02          1.73 2002   0.13  -0.11     0.01
  MONTH TO DATE    3.08                      2.31   0.77     0.33
  SINCE SEP 1      5.90                      7.67  -1.77     3.93
  SINCE JAN 1     36.51                     38.65  -2.14    33.52

DEGREE DAYS
 HEATING
  YESTERDAY       19                        17      2        9
  MONTH TO DATE  119                       236   -117      219
  SINCE SEP 1    271                       441   -170      369
  SINCE JUL 1    369                       504   -135      401

 COOLING
  YESTERDAY        0                         0      0        0
  MONTH TO DATE   12                         0     12        0
  SINCE SEP 1     58                        17     41       51
  SINCE JAN 1    287                       313    -26      397
..................................................................


WIND (MPH)
  HIGHEST WIND SPEED    26   HIGHEST WIND DIRECTION    NW (330)
  HIGHEST GUST SPEED    38   HIGHEST GUST DIRECTION    NW (310)
  AVERAGE WIND SPEED    13.0


SKY COVER
  POSSIBLE SUNSHINE  MM
  AVERAGE SKY COVER 0.4


WEATHER CONDITIONS
 THE FOLLOWING WEATHER WAS RECORDED YESTERDAY.
  LIGHT RAIN


RELATIVE HUMIDITY (PERCENT)
 HIGHEST    86           500 AM
 LOWEST     53           400 PM
 AVERAGE    70

..........................................................


THE MOUNT POCONO PA CLIMATE NORMALS FOR TODAY
                         NORMAL    RECORD    YEAR
 MAXIMUM TEMPERATURE (F)   57        82      1908
 MINIMUM TEMPERATURE (F)   38        16      1916


SUNRISE AND SUNSET
OCTOBER 17 2017.......SUNRISE   716 AM EDT   SUNSET   617 PM EDT
OCTOBER 18 2017.......SUNRISE   717 AM EDT   SUNSET   616 PM EDT


-  INDICATES NEGATIVE NUMBERS.
R  INDICATES RECORD WAS SET OR TIED.
MM INDICATES DATA IS MISSING.
T  INDICATES TRACE AMOUNT.




$$
