000
CDUS41 KPHI 040631
CLIMPO


CLIMATE REPORT
NATIONAL WEATHER SERVICE MOUNT HOLLY NJ
230 AM EDT SAT JUL 4 2015


...................................

...THE MOUNT POCONO PA CLIMATE SUMMARY FOR JULY 3 2015...

CLIMATE NORMAL PERIOD 1981 TO 2010
CLIMATE RECORD PERIOD 1901 TO 2015


WEATHER ITEM   OBSERVED TIME   RECORD YEAR NORMAL DEPARTURE LAST
                VALUE   (LST)  VALUE       VALUE  FROM      YEAR
                                                  NORMAL
..................................................................
TEMPERATURE (F)
 YESTERDAY
  MAXIMUM         75    410 PM 103    1911  78     -3       83
  MINIMUM         53    457 AM  35    1918  58     -5       65
  AVERAGE         64                        68     -4       74

PRECIPITATION (IN)
  YESTERDAY        0.00          2.55 2011   0.13  -0.13     0.39
  MONTH TO DATE    0.54                      0.38   0.16     1.50
  SINCE JUN 1      9.31                      4.76   4.55     4.95
  SINCE JAN 1     20.31                     22.26  -1.95    23.71

SNOWFALL (IN)
  YESTERDAY       MM            MM      MM  MM     MM       MM
  MONTH TO DATE   MM                        MM     MM       MM
  SINCE JUN 1     MM                        MM     MM       MM
  SINCE JUL 1     MM                        MM     MM       MM
  SNOW DEPTH      MM

DEGREE DAYS
 HEATING
  YESTERDAY        1                         1      0        0
  MONTH TO DATE    2                         3     -1        0
  SINCE JUN 1     86                       103    -17       55
  SINCE JUL 1      2                         3     -1        0

 COOLING
  YESTERDAY        0                         4     -4        9
  MONTH TO DATE    1                        11    -10       30
  SINCE JUN 1     67                        73     -6       90
  SINCE JAN 1    124                        92     32       97
..................................................................


WIND (MPH)
  HIGHEST WIND SPEED    12   HIGHEST WIND DIRECTION    SW (210)
  HIGHEST GUST SPEED    17   HIGHEST GUST DIRECTION    SW (220)
  AVERAGE WIND SPEED     4.5


SKY COVER
  POSSIBLE SUNSHINE  MM
  AVERAGE SKY COVER 0.2


WEATHER CONDITIONS
 THE FOLLOWING WEATHER WAS RECORDED YESTERDAY.
  FOG


RELATIVE HUMIDITY (PERCENT)
 HIGHEST    90          1000 PM
 LOWEST     44          1200 PM
 AVERAGE    67

..........................................................


THE MOUNT POCONO PA CLIMATE NORMALS FOR TODAY
                         NORMAL    RECORD    YEAR
 MAXIMUM TEMPERATURE (F)   78        99      1911
 MINIMUM TEMPERATURE (F)   58        34      1907


SUNRISE AND SUNSET
JULY  4 2015..........SUNRISE   534 AM EDT   SUNSET   837 PM EDT
JULY  5 2015..........SUNRISE   535 AM EDT   SUNSET   837 PM EDT


-  INDICATES NEGATIVE NUMBERS.
R  INDICATES RECORD WAS SET OR TIED.
MM INDICATES DATA IS MISSING.
T  INDICATES TRACE AMOUNT.




$$
