000
CDUS41 KPHI 310630
CLIMPO


CLIMATE REPORT
NATIONAL WEATHER SERVICE MOUNT HOLLY NJ
230 AM EDT SUN AUG 31 2014


...................................

...THE MOUNT POCONO PA CLIMATE SUMMARY FOR AUGUST 30 2014...

CLIMATE NORMAL PERIOD 1981 TO 2010
CLIMATE RECORD PERIOD 1901 TO 2014


WEATHER ITEM   OBSERVED TIME   RECORD YEAR NORMAL DEPARTURE LAST
                VALUE   (LST)  VALUE       VALUE  FROM      YEAR
                                                  NORMAL
..................................................................
TEMPERATURE (F)
 YESTERDAY
  MAXIMUM         70    259 PM  91    1953  74     -4       81
  MINIMUM         53    546 AM  31    1986  55     -2       66
  AVERAGE         62                        64     -2       74

PRECIPITATION (IN)
  YESTERDAY        0.00          1.27 1975   0.10  -0.10     0.00
  MONTH TO DATE    2.52                      4.35  -1.83     5.64
  SINCE JUN 1      9.66                     13.37  -3.71    21.64
  SINCE JAN 1     28.42                     30.87  -2.45    35.65

SNOWFALL (IN)
  YESTERDAY       MM            MM      MM  MM     MM       MM
  MONTH TO DATE   MM                        MM     MM       MM
  SINCE JUN 1     MM                        MM     MM       MM
  SINCE JUL 1     MM                        MM     MM       MM
  SNOW DEPTH      MM

DEGREE DAYS
 HEATING
  YESTERDAY        3                         2      1        0
  MONTH TO DATE   52                        37     15       53
  SINCE JUN 1    131                       159    -28      140
  SINCE JUL 1     76                        59     17       64

 COOLING
  YESTERDAY        0                         2     -2        9
  MONTH TO DATE   35                        96    -61       71
  SINCE JUN 1    203                       279    -76      378
  SINCE JAN 1    210                       298    -88      410
..................................................................


WIND (MPH)
  HIGHEST WIND SPEED    15   HIGHEST WIND DIRECTION     S (190)
  HIGHEST GUST SPEED    20   HIGHEST GUST DIRECTION    SW (220)
  AVERAGE WIND SPEED     7.7


SKY COVER
  POSSIBLE SUNSHINE  MM
  AVERAGE SKY COVER 0.8


WEATHER CONDITIONS
 THE FOLLOWING WEATHER WAS RECORDED YESTERDAY.
  FOG


RELATIVE HUMIDITY (PERCENT)
 HIGHEST    93           500 AM
 LOWEST     72           100 AM
 AVERAGE    83

..........................................................


THE MOUNT POCONO PA CLIMATE NORMALS FOR TODAY
                         NORMAL    RECORD    YEAR
 MAXIMUM TEMPERATURE (F)   73        92      1953
 MINIMUM TEMPERATURE (F)   55        33      1965


SUNRISE AND SUNSET
AUGUST 31 2014........SUNRISE   627 AM EDT   SUNSET   736 PM EDT
SEPTEMBER  1 2014.....SUNRISE   628 AM EDT   SUNSET   734 PM EDT


-  INDICATES NEGATIVE NUMBERS.
R  INDICATES RECORD WAS SET OR TIED.
MM INDICATES DATA IS MISSING.
T  INDICATES TRACE AMOUNT.




$$
