000
CDUS41 KBTV 140523
CLIMPV


CLIMATE REPORT
NATIONAL WEATHER SERVICE BURLINGTON VT
121 AM EDT MON JUL 14 2014


...................................

...THE MONTPELIER VT CLIMATE SUMMARY FOR JULY 13 2014...

CLIMATE NORMAL PERIOD 1981 TO 2010
CLIMATE RECORD PERIOD 1948 TO 2014


WEATHER ITEM   OBSERVED TIME   RECORD YEAR NORMAL DEPARTURE LAST
                VALUE   (LST)  VALUE       VALUE  FROM      YEAR
                                                  NORMAL
..................................................................
TEMPERATURE (F)
 YESTERDAY
  MAXIMUM         80   1032 AM  89    1995  79      1       77
  MINIMUM         65    320 AM  43    1955  56      9       56
  AVERAGE         73                        67      6       67

PRECIPITATION (IN)
  YESTERDAY        0.49          0.95        0.12   0.37      T
  MONTH TO DATE    1.19                      1.58  -0.39     3.48
  SINCE JUN 1      5.21                      5.38  -0.17    11.83
  SINCE JAN 1     17.81                     18.29  -0.48    21.10

DEGREE DAYS
 COOLING
  YESTERDAY        8                         4      4        2
  MONTH TO DATE   66                        42     24       78
  SINCE JUN 1     96                        95      1      146
  SINCE JAN 1     97                       105     -8      157
..................................................................


WIND (MPH)
  HIGHEST WIND SPEED    17   HIGHEST WIND DIRECTION     S (170)
  HIGHEST GUST SPEED    23   HIGHEST GUST DIRECTION     S (170)
  AVERAGE WIND SPEED     9.0


SKY COVER
  AVERAGE SKY COVER 0.6


WEATHER CONDITIONS
 THE FOLLOWING WEATHER WAS RECORDED YESTERDAY.
  HEAVY RAIN
  LIGHT RAIN
  FOG


RELATIVE HUMIDITY (PERCENT)
 HIGHEST    97           900 PM
 LOWEST     67           900 AM
 AVERAGE    82

..........................................................


THE MONTPELIER VT CLIMATE NORMALS FOR TODAY
                         NORMAL    RECORD    YEAR
 MAXIMUM TEMPERATURE (F)   79        94      1952
 MINIMUM TEMPERATURE (F)   56        47      1990


SUNRISE AND SUNSET
JULY 14 2014..........SUNRISE   520 AM EDT   SUNSET   832 PM EDT
JULY 15 2014..........SUNRISE   521 AM EDT   SUNSET   831 PM EDT


-  INDICATES NEGATIVE NUMBERS.
R  INDICATES RECORD WAS SET OR TIED.
MM INDICATES DATA IS MISSING.
T  INDICATES TRACE AMOUNT.




$$
