082
CDUS41 KBTV 250708
CLIMPV


CLIMATE REPORT
NATIONAL WEATHER SERVICE BURLINGTON VT
307 AM EDT MON SEP 25 2017


...................................

...THE MONTPELIER VT CLIMATE SUMMARY FOR SEPTEMBER 24 2017...

CLIMATE NORMAL PERIOD 1981 TO 2010
CLIMATE RECORD PERIOD 1948 TO 2017


WEATHER ITEM   OBSERVED TIME   RECORD YEAR NORMAL DEPARTURE LAST
                VALUE   (LST)  VALUE       VALUE  FROM      YEAR
                                                  NORMAL
..................................................................
TEMPERATURE (F)
 YESTERDAY
  MAXIMUM         85R   156 PM  83    1961  65     20       59
  MINIMUM         54    407 AM  20    1963  43     11       41
  AVERAGE         70                        54     16       50

PRECIPITATION (IN)
  YESTERDAY        0.00          1.08        0.12  -0.12     0.00
  MONTH TO DATE    2.47                      2.42   0.05     1.71
  SINCE SEP 1      2.47                      2.42   0.05     1.71
  SINCE JAN 1     34.09                     27.22   6.87    26.27

DEGREE DAYS
 HEATING
  YESTERDAY        0                        11    -11       15
  MONTH TO DATE  117                       171    -54       80
  SINCE SEP 1    117                       171    -54       80
  SINCE JUL 1    263                       279    -16      134

 COOLING
  YESTERDAY        5                         0      5        0
  MONTH TO DATE   23                        16      7       28
  SINCE SEP 1     23                        16      7       28
  SINCE JAN 1    219                       260    -41      300
..................................................................


WIND (MPH)
  HIGHEST WIND SPEED    10   HIGHEST WIND DIRECTION    NW (330)
  HIGHEST GUST SPEED    14   HIGHEST GUST DIRECTION     N (340)
  AVERAGE WIND SPEED     2.0


SKY COVER
  AVERAGE SKY COVER 0.3


WEATHER CONDITIONS
 THE FOLLOWING WEATHER WAS RECORDED YESTERDAY.
  FOG
  FOG W/VISIBILITY <= 1/4 MILE


RELATIVE HUMIDITY (PERCENT)
 HIGHEST   100          1200 AM
 LOWEST     55           100 PM
 AVERAGE    78

..........................................................


THE MONTPELIER VT CLIMATE NORMALS FOR TODAY
                         NORMAL    RECORD    YEAR
 MAXIMUM TEMPERATURE (F)   65        85      2007
 MINIMUM TEMPERATURE (F)   43        24      1963


SUNRISE AND SUNSET
SEPTEMBER 25 2017.....SUNRISE   641 AM EDT   SUNSET   642 PM EDT
SEPTEMBER 26 2017.....SUNRISE   642 AM EDT   SUNSET   640 PM EDT


-  INDICATES NEGATIVE NUMBERS.
R  INDICATES RECORD WAS SET OR TIED.
MM INDICATES DATA IS MISSING.
T  INDICATES TRACE AMOUNT.




$$
