000
CDUS41 KBTV 280546
CLIMPV


CLIMATE REPORT
NATIONAL WEATHER SERVICE BURLINGTON VT
144 AM EDT MON JUL 28 2014


...................................

...THE MONTPELIER VT CLIMATE SUMMARY FOR JULY 27 2014...

CLIMATE NORMAL PERIOD 1981 TO 2010
CLIMATE RECORD PERIOD 1948 TO 2014


WEATHER ITEM   OBSERVED TIME   RECORD YEAR NORMAL DEPARTURE LAST
                VALUE   (LST)  VALUE       VALUE  FROM      YEAR
                                                  NORMAL
..................................................................
TEMPERATURE (F)
 YESTERDAY
  MAXIMUM         77    402 PM  92    1949  78     -1       81
  MINIMUM         58   1136 PM  40    2001  56      2       50
  AVERAGE         68                        67      1       66

PRECIPITATION (IN)
  YESTERDAY        0.57          1.69        0.14   0.43     0.01
  MONTH TO DATE    3.72                      3.48   0.24     5.00
  SINCE JUN 1      7.74                      7.28   0.46    13.35
  SINCE JAN 1     20.34                     20.19   0.15    22.62

DEGREE DAYS
 HEATING
  YESTERDAY        0                         1     -1        0
  MONTH TO DATE   27                        33     -6       14
  SINCE JUN 1    127                       154    -27      162
  SINCE JUL 1     27                        33     -6       14

 COOLING
  YESTERDAY        3                         3      0        1
  MONTH TO DATE  101                        85     16      154
  SINCE JUN 1    131                       138     -7      222
  SINCE JAN 1    132                       148    -16      233
..................................................................


WIND (MPH)
  HIGHEST WIND SPEED    16   HIGHEST WIND DIRECTION     S (170)
  HIGHEST GUST SPEED    19   HIGHEST GUST DIRECTION     S (170)
  AVERAGE WIND SPEED     5.0


SKY COVER
  AVERAGE SKY COVER 0.7


WEATHER CONDITIONS
 THE FOLLOWING WEATHER WAS RECORDED YESTERDAY.
  THUNDERSTORM
  HEAVY RAIN
  RAIN
  LIGHT RAIN
  FOG


RELATIVE HUMIDITY (PERCENT)
 HIGHEST    97           400 AM
 LOWEST     69           300 PM
 AVERAGE    83

..........................................................


THE MONTPELIER VT CLIMATE NORMALS FOR TODAY
                         NORMAL    RECORD    YEAR
 MAXIMUM TEMPERATURE (F)   78        92      1949
 MINIMUM TEMPERATURE (F)   56        39      2001


SUNRISE AND SUNSET
JULY 28 2014..........SUNRISE   533 AM EDT   SUNSET   819 PM EDT
JULY 29 2014..........SUNRISE   535 AM EDT   SUNSET   818 PM EDT


-  INDICATES NEGATIVE NUMBERS.
R  INDICATES RECORD WAS SET OR TIED.
MM INDICATES DATA IS MISSING.
T  INDICATES TRACE AMOUNT.




$$
