000
CDUS41 KBTV 280538
CLIMPV


CLIMATE REPORT
NATIONAL WEATHER SERVICE BURLINGTON VT
138 AM EDT THU APR 28 2016


...................................

...THE MONTPELIER VT CLIMATE SUMMARY FOR APRIL 27 2016...

CLIMATE NORMAL PERIOD 1981 TO 2010
CLIMATE RECORD PERIOD 1948 TO 2016


WEATHER ITEM   OBSERVED TIME   RECORD YEAR NORMAL DEPARTURE LAST
                VALUE   (LST)  VALUE       VALUE  FROM      YEAR
                                                  NORMAL
..................................................................
TEMPERATURE (F)
 YESTERDAY
  MAXIMUM         47    504 PM  86    2009  59    -12       46
                                      1962
  MINIMUM         22    458 AM  17    1966  36    -14       38
  AVERAGE         35                        47    -12       42

PRECIPITATION (IN)
  YESTERDAY        0.00          0.69        0.09  -0.09     0.06
  MONTH TO DATE    2.27                      2.37  -0.10     2.06
  SINCE MAR 1      4.77                      4.76   0.01     2.90
  SINCE JAN 1      9.94                      9.25   0.69     5.77

DEGREE DAYS
 HEATING
  YESTERDAY       30                        18     12       23
  MONTH TO DATE  726                       627     99      700
  SINCE MAR 1   1689                      1744    -55     2021
  SINCE JUL 1   6843                      7652   -809     8359

 COOLING
  YESTERDAY        0                         0      0        0
  MONTH TO DATE    0                         0      0        0
  SINCE MAR 1      0                         0      0        0
  SINCE JAN 1      0                         0      0        0
..................................................................


WIND (MPH)
  HIGHEST WIND SPEED    16   HIGHEST WIND DIRECTION     N (340)
  HIGHEST GUST SPEED    22   HIGHEST GUST DIRECTION     W (290)
  AVERAGE WIND SPEED     5.5


SKY COVER
  AVERAGE SKY COVER 0.1


WEATHER CONDITIONS
 THE FOLLOWING WEATHER WAS RECORDED YESTERDAY.
  FOG
  FOG W/VISIBILITY <= 1/4 MILE
  HAZE


RELATIVE HUMIDITY (PERCENT)
 HIGHEST   100           300 AM
 LOWEST     26           500 PM
 AVERAGE    63

..........................................................


THE MONTPELIER VT CLIMATE NORMALS FOR TODAY
                         NORMAL    RECORD    YEAR
 MAXIMUM TEMPERATURE (F)   60        90      1990
 MINIMUM TEMPERATURE (F)   36        24      2006


SUNRISE AND SUNSET
APRIL 28 2016.........SUNRISE   545 AM EDT   SUNSET   751 PM EDT
APRIL 29 2016.........SUNRISE   544 AM EDT   SUNSET   752 PM EDT


-  INDICATES NEGATIVE NUMBERS.
R  INDICATES RECORD WAS SET OR TIED.
MM INDICATES DATA IS MISSING.
T  INDICATES TRACE AMOUNT.




$$
