000
CDUS41 KBTV 280543
CLIMPV


CLIMATE REPORT
NATIONAL WEATHER SERVICE BURLINGTON VT
137 AM EDT TUE MAR 28 2017


...................................

...THE MONTPELIER VT CLIMATE SUMMARY FOR MARCH 27 2017...

CLIMATE NORMAL PERIOD 1981 TO 2010
CLIMATE RECORD PERIOD 1948 TO 2017


WEATHER ITEM   OBSERVED TIME   RECORD YEAR NORMAL DEPARTURE LAST
                VALUE   (LST)  VALUE       VALUE  FROM      YEAR
                                                  NORMAL
..................................................................
TEMPERATURE (F)
 YESTERDAY
  MAXIMUM         36    334 PM  69    1993  43     -7       57
  MINIMUM         31    516 AM   2    1990  24      7       25
  AVERAGE         34                        33      1       41

PRECIPITATION (IN)
  YESTERDAY        0.28          0.76        0.08   0.20     0.00
  MONTH TO DATE    2.10                      2.06   0.04     2.18
  SINCE MAR 1      2.10                      2.06   0.04     2.18
  SINCE JAN 1      6.02                      6.55  -0.53     7.35

DEGREE DAYS
 HEATING
  YESTERDAY       31                        32     -1       24
  MONTH TO DATE 1160                       996    164      867
  SINCE MAR 1   1160                       996    164      867
  SINCE JUL 1   6381                      6904   -523     6021

 COOLING
  YESTERDAY        0                         0      0        0
  MONTH TO DATE    0                         0      0        0
  SINCE MAR 1      0                         0      0        0
  SINCE JAN 1      0                         0      0        0
..................................................................


WIND (MPH)
  HIGHEST WIND SPEED    18   HIGHEST WIND DIRECTION     S (170)
  HIGHEST GUST SPEED    25   HIGHEST GUST DIRECTION     S (170)
  AVERAGE WIND SPEED     9.0


SKY COVER
  AVERAGE SKY COVER 1.0


WEATHER CONDITIONS
 THE FOLLOWING WEATHER WAS RECORDED YESTERDAY.
  LIGHT RAIN
  FREEZING RAIN
  LT FREEZING RAIN
  FOG


RELATIVE HUMIDITY (PERCENT)
 HIGHEST    96          1000 AM
 LOWEST     78          1200 AM
 AVERAGE    87

..........................................................


THE MONTPELIER VT CLIMATE NORMALS FOR TODAY
                         NORMAL    RECORD    YEAR
 MAXIMUM TEMPERATURE (F)   44        72      1998
 MINIMUM TEMPERATURE (F)   24         3      1974


SUNRISE AND SUNSET
MARCH 28 2017.........SUNRISE   638 AM EDT   SUNSET   713 PM EDT
MARCH 29 2017.........SUNRISE   637 AM EDT   SUNSET   714 PM EDT


-  INDICATES NEGATIVE NUMBERS.
R  INDICATES RECORD WAS SET OR TIED.
MM INDICATES DATA IS MISSING.
T  INDICATES TRACE AMOUNT.




$$
