000
CDUS41 KBTV 080553
CLIMPV


CLIMATE REPORT
NATIONAL WEATHER SERVICE BURLINGTON VT
1253 AM EST THU DEC 8 2016


...................................

...THE MONTPELIER VT CLIMATE SUMMARY FOR DECEMBER 7 2016...

CLIMATE NORMAL PERIOD 1981 TO 2010
CLIMATE RECORD PERIOD 1948 TO 2016


WEATHER ITEM   OBSERVED TIME   RECORD YEAR NORMAL DEPARTURE LAST
                VALUE   (LST)  VALUE       VALUE  FROM      YEAR
                                                  NORMAL
..................................................................
TEMPERATURE (F)
 YESTERDAY
  MAXIMUM         35    808 PM  67    1998  35      0       41
  MINIMUM         24   1245 AM  -6    1964  18      6       18
  AVERAGE         30                        26      4       30

PRECIPITATION (IN)
  YESTERDAY        0.09          1.19        0.10  -0.01     0.00
  MONTH TO DATE    0.71                      0.70   0.01     0.84
  SINCE DEC 1      0.71                      0.70   0.01     0.84
  SINCE JAN 1     32.62                     35.23  -2.61    35.74

DEGREE DAYS
 HEATING
  YESTERDAY       35                        39     -4       35
  MONTH TO DATE  243                       261    -18      228
  SINCE DEC 1    243                       261    -18      228
  SINCE JUL 1   1832                      2107   -275     1871

 COOLING
  YESTERDAY        0                         0      0        0
  MONTH TO DATE    0                         0      0        0
  SINCE DEC 1      0                         0      0        0
  SINCE JAN 1    300                       264     36      290
..................................................................


WIND (MPH)
  HIGHEST WIND SPEED    12   HIGHEST WIND DIRECTION     S (200)
  HIGHEST GUST SPEED    17   HIGHEST GUST DIRECTION     S (180)
  AVERAGE WIND SPEED     3.7


SKY COVER
  AVERAGE SKY COVER 0.9


WEATHER CONDITIONS
 THE FOLLOWING WEATHER WAS RECORDED YESTERDAY.
  LIGHT SNOW
  FOG


RELATIVE HUMIDITY (PERCENT)
 HIGHEST   100           200 AM
 LOWEST     75          1000 PM
 AVERAGE    88

..........................................................


THE MONTPELIER VT CLIMATE NORMALS FOR TODAY
                         NORMAL    RECORD    YEAR
 MAXIMUM TEMPERATURE (F)   34        61      1951
 MINIMUM TEMPERATURE (F)   18       -10      1989


SUNRISE AND SUNSET
DECEMBER  8 2016......SUNRISE   713 AM EST   SUNSET   411 PM EST
DECEMBER  9 2016......SUNRISE   714 AM EST   SUNSET   411 PM EST


-  INDICATES NEGATIVE NUMBERS.
R  INDICATES RECORD WAS SET OR TIED.
MM INDICATES DATA IS MISSING.
T  INDICATES TRACE AMOUNT.




$$
