000
CDUS41 KBTV 060531
CLIMPV


CLIMATE REPORT
NATIONAL WEATHER SERVICE BURLINGTON VT
1228 AM EST SAT FEB 6 2016


...................................

...THE MONTPELIER VT CLIMATE SUMMARY FOR FEBRUARY 5 2016...

CLIMATE NORMAL PERIOD 1981 TO 2010
CLIMATE RECORD PERIOD 1948 TO 2016


WEATHER ITEM   OBSERVED TIME   RECORD YEAR NORMAL DEPARTURE LAST
                VALUE   (LST)  VALUE       VALUE  FROM      YEAR
                                                  NORMAL
..................................................................
TEMPERATURE (F)
 YESTERDAY
  MAXIMUM         30    533 AM  54    1991  28      2       26
  MINIMUM         19   1159 PM -21    1978   8     11       -4
  AVERAGE         25                        18      7       11

PRECIPITATION (IN)
  YESTERDAY        0.00          0.79        0.08  -0.08     0.05
  MONTH TO DATE    0.30                      0.39  -0.09     0.33
  SINCE DEC 1      5.25                      5.58  -0.33     5.68
  SINCE JAN 1      1.56                      2.84  -1.28     2.11

DEGREE DAYS
 HEATING
  YESTERDAY       40                        47     -7       54
  MONTH TO DATE  157                       237    -80      297
  SINCE DEC 1   2461                      3036   -575     3147
  SINCE JUL 1   4104                      4882   -778     4965

 COOLING
  YESTERDAY        0                         0      0        0
  MONTH TO DATE    0                         0      0        0
  SINCE DEC 1      0                         0      0        0
  SINCE JAN 1      0                         0      0        0
..................................................................


WIND (MPH)
  HIGHEST WIND SPEED    18   HIGHEST WIND DIRECTION    NW (310)
  HIGHEST GUST SPEED    28   HIGHEST GUST DIRECTION    NW (310)
  AVERAGE WIND SPEED     7.2


SKY COVER
  AVERAGE SKY COVER 0.8


WEATHER CONDITIONS
 THE FOLLOWING WEATHER WAS RECORDED YESTERDAY.
  NO SIGNIFICANT WEATHER WAS OBSERVED.


RELATIVE HUMIDITY (PERCENT)
 HIGHEST    85          1200 AM
 LOWEST     58          1100 AM
 AVERAGE    72

..........................................................


THE MONTPELIER VT CLIMATE NORMALS FOR TODAY
                         NORMAL    RECORD    YEAR
 MAXIMUM TEMPERATURE (F)   28        47      2005
 MINIMUM TEMPERATURE (F)    8       -20      1993


SUNRISE AND SUNSET
FEBRUARY  6 2016......SUNRISE   703 AM EST   SUNSET   506 PM EST
FEBRUARY  7 2016......SUNRISE   701 AM EST   SUNSET   508 PM EST


-  INDICATES NEGATIVE NUMBERS.
R  INDICATES RECORD WAS SET OR TIED.
MM INDICATES DATA IS MISSING.
T  INDICATES TRACE AMOUNT.




$$
