000
CDUS41 KBTV 300534
CLIMPV


CLIMATE REPORT
NATIONAL WEATHER SERVICE BURLINGTON VT
133 AM EDT TUE JUN 30 2015


...................................

...THE MONTPELIER VT CLIMATE SUMMARY FOR JUNE 29 2015...

CLIMATE NORMAL PERIOD 1981 TO 2010
CLIMATE RECORD PERIOD 1948 TO 2015


WEATHER ITEM   OBSERVED TIME   RECORD YEAR NORMAL DEPARTURE LAST
                VALUE   (LST)  VALUE       VALUE  FROM      YEAR
                                                  NORMAL
..................................................................
TEMPERATURE (F)
 YESTERDAY
  MAXIMUM         65        MM  92    1995  78    -13       84
  MINIMUM         51        MM  34    1988  54     -3       51
  AVERAGE         58                        66     -8       68

PRECIPITATION (IN)
  YESTERDAY        0.01          2.43        0.12  -0.11     0.00
  MONTH TO DATE    8.93                      3.68   5.25     4.02
  SINCE JUN 1      8.93                      3.68   5.25     4.02
  SINCE JAN 1     19.63                     16.59   3.04    16.62

DEGREE DAYS
 HEATING
  YESTERDAY        7                         2      5        0
  MONTH TO DATE  160                       118     42      100
  SINCE JUN 1    160                       118     42      100
  SINCE JUL 1   8784                      8178    606     8763

 COOLING
  YESTERDAY        0                         3     -3        3
  MONTH TO DATE   12                        51    -39       23
  SINCE JUN 1     12                        51    -39       23
  SINCE JAN 1     46                        61    -15       24
..................................................................


WIND (MPH)
  HIGHEST WIND SPEED     9   HIGHEST WIND DIRECTION    NW (310)
  HIGHEST GUST SPEED    MM   HIGHEST GUST DIRECTION    MM
  AVERAGE WIND SPEED     4.4


SKY COVER
  AVERAGE SKY COVER 1.0


WEATHER CONDITIONS
 THE FOLLOWING WEATHER WAS RECORDED YESTERDAY.
  LIGHT RAIN
  FOG


RELATIVE HUMIDITY (PERCENT)
 HIGHEST    96           600 AM
 LOWEST     72           500 PM
 AVERAGE    84

..........................................................


THE MONTPELIER VT CLIMATE NORMALS FOR TODAY
                         NORMAL    RECORD    YEAR
 MAXIMUM TEMPERATURE (F)   78        94      1995
 MINIMUM TEMPERATURE (F)   55        43      1956


SUNRISE AND SUNSET
JUNE 30 2015..........SUNRISE   510 AM EDT   SUNSET   838 PM EDT
JULY  1 2015..........SUNRISE   510 AM EDT   SUNSET   838 PM EDT


-  INDICATES NEGATIVE NUMBERS.
R  INDICATES RECORD WAS SET OR TIED.
MM INDICATES DATA IS MISSING.
T  INDICATES TRACE AMOUNT.




$$
