000
CDUS41 KBTV 280531
CLIMPV


CLIMATE REPORT
NATIONAL WEATHER SERVICE BURLINGTON VT
1229 AM EST SAT FEB 28 2015


...................................

...THE MONTPELIER VT CLIMATE SUMMARY FOR FEBRUARY 27 2015...

CLIMATE NORMAL PERIOD 1981 TO 2010
CLIMATE RECORD PERIOD 1948 TO 2015


WEATHER ITEM   OBSERVED TIME   RECORD YEAR NORMAL DEPARTURE LAST
                VALUE   (LST)  VALUE       VALUE  FROM      YEAR
                                                  NORMAL
..................................................................
TEMPERATURE (F)
 YESTERDAY
  MAXIMUM         16    405 PM  52    2000  33    -17       18
  MINIMUM         -8    714 AM -22    1963  12    -20       -2
  AVERAGE          4                        23    -19        8

PRECIPITATION (IN)
  YESTERDAY        0.00          0.49        0.08  -0.08      T
  MONTH TO DATE    1.09                      1.97  -0.88     2.48
  SINCE DEC 1      6.44                      7.16  -0.72     6.36
  SINCE JAN 1      2.87                      4.42  -1.55     4.31

DEGREE DAYS
 HEATING
  YESTERDAY       61                        42     19       57
  MONTH TO DATE 1610                      1220    390     1296
  SINCE DEC 1   4460                      4019    441     4199
  SINCE JUL 1   6278                      5865    413     6103

 COOLING
  YESTERDAY        0                         0      0        0
  MONTH TO DATE    0                         0      0        0
  SINCE DEC 1      0                         0      0        0
  SINCE JAN 1      0                         0      0        0
..................................................................


WIND (MPH)
  HIGHEST WIND SPEED    16   HIGHEST WIND DIRECTION     N (360)
  HIGHEST GUST SPEED    21   HIGHEST GUST DIRECTION     N (340)
  AVERAGE WIND SPEED     3.8


SKY COVER
  AVERAGE SKY COVER 0.1


WEATHER CONDITIONS
 THE FOLLOWING WEATHER WAS RECORDED YESTERDAY.
  HAZE


RELATIVE HUMIDITY (PERCENT)
 HIGHEST    75           600 AM
 LOWEST     36           300 PM
 AVERAGE    56

..........................................................


THE MONTPELIER VT CLIMATE NORMALS FOR TODAY
                         NORMAL    RECORD    YEAR
 MAXIMUM TEMPERATURE (F)   34        49      1998
                                             1954
 MINIMUM TEMPERATURE (F)   13       -14      1964


SUNRISE AND SUNSET
FEBRUARY 28 2015......SUNRISE   630 AM EST   SUNSET   537 PM EST
MARCH  1 2015.........SUNRISE   628 AM EST   SUNSET   538 PM EST


-  INDICATES NEGATIVE NUMBERS.
R  INDICATES RECORD WAS SET OR TIED.
MM INDICATES DATA IS MISSING.
T  INDICATES TRACE AMOUNT.




$$
