000
CDUS43 KMPX 240131
CLIMPX


CLIMATE REPORT
NATIONAL WEATHER SERVICE CHANHASSEN MN
804 PM CDT TUE SEP 23 2014


...................................

...THE CHANHASSEN MN CLIMATE SUMMARY FOR SEPTEMBER 23 2014...
VALID TODAY AS OF 0800 PM LOCAL TIME.

CLIMATE NORMAL PERIOD 1981 TO 2010
CLIMATE RECORD PERIOD 1995 TO 2014


WEATHER ITEM   OBSERVED NORMAL DEPARTURE LAST
                VALUE   VALUE  FROM      YEAR
                               NORMAL
...............................................
TEMPERATURE (F)
 TODAY
  MAXIMUM         73     68      5       72
  MINIMUM         46     47     -1       53
  AVERAGE         60     57      3       63

PRECIPITATION (IN)
  TODAY            0.00   0.11  -0.11     0.00
  MONTH TO DATE    1.01   2.72  -1.71     1.38
  SINCE SEP 1      1.01   2.72  -1.71     1.38
  SINCE JAN 1     33.52  24.72   8.80    29.59

SNOWFALL (IN)
  TODAY            0.0    0.0    0.0      0.0
  MONTH TO DATE    0.0    0.0    0.0      0.0
  SINCE SEP 1      0.0    0.0    0.0      0.0
  SINCE JUL 1      0.0    0.0    0.0      0.0
  SNOW DEPTH       0

DEGREE DAYS
 HEATING
  TODAY            5      8     -3        2
  MONTH TO DATE  134    106     28       87
  SINCE SEP 1    134    106     28       87
  SINCE JUL 1    150    129     21      108

 COOLING
  TODAY            0      1     -1        0
  MONTH TO DATE   22     44    -22       73
  SINCE SEP 1     22     44    -22       73
  SINCE JAN 1    501    597    -96      652
...............................................







THE CHANHASSEN MN CLIMATE NORMALS FOR TOMORROW
                         NORMAL
 MAXIMUM TEMPERATURE (F)   67
 MINIMUM TEMPERATURE (F)   47



-  INDICATES NEGATIVE NUMBERS.
R  INDICATES RECORD WAS SET OR TIED.
MM INDICATES DATA IS MISSING.
T  INDICATES TRACE AMOUNT.




$$
