000
CDUS43 KMPX 250738
CLIMPX


CLIMATE REPORT
NATIONAL WEATHER SERVICE CHANHASSEN MN
238 AM CDT SAT OCT 25 2014


...................................

...THE CHANHASSEN MN CLIMATE SUMMARY FOR OCTOBER 24 2014...

CLIMATE NORMAL PERIOD 1981 TO 2010
CLIMATE RECORD PERIOD 1995 TO 2014


WEATHER ITEM   OBSERVED NORMAL DEPARTURE LAST
                VALUE   VALUE  FROM      YEAR
                               NORMAL
...............................................
TEMPERATURE (F)
 YESTERDAY
  MAXIMUM         68     54     14       42
  MINIMUM         43     35      8       31
  AVERAGE         56     45     11       37

PRECIPITATION (IN)
  YESTERDAY        0.00   0.07  -0.07     0.00
  MONTH TO DATE    1.06   2.07  -1.01     3.40
  SINCE SEP 1      2.21   5.50  -3.29     4.97
  SINCE JAN 1     34.72  27.50   7.22    33.18

SNOWFALL (IN)
  YESTERDAY        0.0    0.0    0.0      0.0
  MONTH TO DATE    T      0.2   -0.2       T
  SINCE SEP 1      T      0.2   -0.2       T
  SINCE JUL 1      T      0.2   -0.2       T
  SNOW DEPTH       0

DEGREE DAYS
 HEATING
  YESTERDAY        9     20    -11       28
  MONTH TO DATE  382    381      1      400
  SINCE SEP 1    549    557     -8      507
  SINCE JUL 1    565    580    -15      528

 COOLING
  YESTERDAY        0      0      0        0
  MONTH TO DATE    0      0      0        0
  SINCE SEP 1     35     47    -12       88
  SINCE JAN 1    514    600    -86      667
...............................................







THE CHANHASSEN MN CLIMATE NORMALS FOR TODAY
                         NORMAL
 MAXIMUM TEMPERATURE (F)   54
 MINIMUM TEMPERATURE (F)   35



-  INDICATES NEGATIVE NUMBERS.
R  INDICATES RECORD WAS SET OR TIED.
MM INDICATES DATA IS MISSING.
T  INDICATES TRACE AMOUNT.




$$
