000
CDUS43 KMQT 280511
CLIMQT


CLIMATE REPORT
NATIONAL WEATHER SERVICE MARQUETTE MI
110 AM EDT FRI APR 28 2017


...................................

...THE MARQUETTE MI CLIMATE SUMMARY FOR APRIL 27 2017...

CLIMATE NORMAL PERIOD 1981 TO 2010
CLIMATE RECORD PERIOD 1961 TO 2017


WEATHER ITEM   OBSERVED RECORD YEAR NORMAL DEPARTURE LAST
                VALUE   VALUE       VALUE  FROM      YEAR
                                           NORMAL
...........................................................
TEMPERATURE (F)
 YESTERDAY
  MAXIMUM         35     82    1986  54    -19       43
  MINIMUM         27     15    2004  33     -6       29
  AVERAGE         31                 44    -13       36

PRECIPITATION (IN)
  YESTERDAY        0.72   0.90 1969   0.10   0.62     0.00
  MONTH TO DATE    5.40               2.73   2.67     3.83
  SINCE MAR 1      7.24               5.76   1.48     7.17
  SINCE JAN 1     11.82              10.31   1.51    11.79

SNOWFALL (IN)
  YESTERDAY        0.5    2.1  2005   0.2    0.3      0.0
  MONTH TO DATE   12.1               13.9   -1.8     40.9
  SINCE MAR 1     32.0               48.8  -16.8     59.7
  SINCE JUL 1    153.1              201.2  -48.1    159.8
  SNOW DEPTH       0

DEGREE DAYS
 HEATING
  YESTERDAY       34                 22     12       29
  MONTH TO DATE  660                751    -91      851
  SINCE MAR 1   1912               2014   -102     1947
  SINCE JUL 1   7596               8638  -1042     7714

 COOLING
  YESTERDAY        0                  0      0        0
  MONTH TO DATE    0                  0      0        0
  SINCE MAR 1      0                  0      0        0
  SINCE JAN 1      0                  0      0        0
...........................................................

WIND (MPH)
  RESULTANT WIND SPEED  MM   RESULTANT WIND DIRECTION  MM
  HIGHEST WIND SPEED    MM   HIGHEST WIND DIRECTION    MM
  HIGHEST GUST SPEED    MM   HIGHEST GUST DIRECTION    MM
  AVERAGE WIND SPEED    MM

SKY COVER
  POSSIBLE SUNSHINE  MM
  AVERAGE SKY COVER  MM

WEATHER CONDITIONS
 THE FOLLOWING WEATHER WAS RECORDED YESTERDAY.
  LIGHT RAIN
  LT FREEZING RAIN
  LIGHT SNOW
  SLEET

RELATIVE HUMIDITY (PERCENT)
 HIGHEST    MM
 LOWEST     MM
 AVERAGE    MM
..........................................................

THE MARQUETTE MI CLIMATE NORMALS FOR TODAY
                         NORMAL    RECORD    YEAR
 MAXIMUM TEMPERATURE (F)   54        77      1990
 MINIMUM TEMPERATURE (F)   34        17      1965


SUNRISE AND SUNSET
APRIL 28 2017.........SUNRISE   640 AM EDT   SUNSET   856 PM EDT
APRIL 29 2017.........SUNRISE   639 AM EDT   SUNSET   857 PM EDT


-  INDICATES NEGATIVE NUMBERS.
R  INDICATES RECORD WAS SET OR TIED.
MM INDICATES DATA IS MISSING.
T  INDICATES TRACE AMOUNT.




$$
