000
CDUS41 KLWX 190540
CLIMRB


CLIMATE REPORT
NATIONAL WEATHER SERVICE BALTIMORE MD/WASHINGTON DC
1240 AM EST SUN NOV 19 2017


...................................

...THE MARTINSBURG WV CLIMATE SUMMARY FOR NOVEMBER 18 2017...

CLIMATE NORMAL PERIOD 1981 TO 2010
CLIMATE RECORD PERIOD 1926 TO 2017


WEATHER ITEM   OBSERVED TIME   RECORD YEAR NORMAL DEPARTURE LAST
                VALUE   (LST)  VALUE       VALUE  FROM      YEAR
                                                  NORMAL
..................................................................
TEMPERATURE (F)
 YESTERDAY
  MAXIMUM         56   1159 PM  76    1979  53      3       71
  MINIMUM         26    238 AM  16    1959  34     -8       29
  AVERAGE         41                        44     -3       50

PRECIPITATION (IN)
  YESTERDAY        0.09          1.80 1929   0.11  -0.02     0.00
  MONTH TO DATE    1.07                      1.83  -0.76     0.25
  SINCE SEP 1      7.69                      8.45  -0.76     5.45
  SINCE JAN 1     34.63                     34.69  -0.06    22.30

DEGREE DAYS
 HEATING
  YESTERDAY       24                        22      2       15
  MONTH TO DATE  365                       336     29      272
  SINCE SEP 1    634                       775   -141      531
  SINCE JUL 1    636                       782   -146      531

 COOLING
  YESTERDAY        0                         0      0        0
  MONTH TO DATE    0                         0      0        0
  SINCE SEP 1    178                       103     75      224
  SINCE JAN 1   1074                       895    179     1296
..................................................................


WIND (MPH)
  HIGHEST WIND SPEED     9   HIGHEST WIND DIRECTION     S (170)
  HIGHEST GUST SPEED    13   HIGHEST GUST DIRECTION     S (170)
  AVERAGE WIND SPEED     2.9


SKY COVER
  POSSIBLE SUNSHINE  MM
  AVERAGE SKY COVER 0.3


WEATHER CONDITIONS
 THE FOLLOWING WEATHER WAS RECORDED YESTERDAY.
  LIGHT RAIN
  FOG


RELATIVE HUMIDITY (PERCENT)
 HIGHEST   100           800 PM
 LOWEST     78          1200 AM
 AVERAGE    89

..........................................................


THE MARTINSBURG WV CLIMATE NORMALS FOR TODAY
                         NORMAL    RECORD    YEAR
 MAXIMUM TEMPERATURE (F)   53        81      1928
 MINIMUM TEMPERATURE (F)   33        15      2014


SUNRISE AND SUNSET
NOVEMBER 19 2017......SUNRISE   700 AM EST   SUNSET   454 PM EST
NOVEMBER 20 2017......SUNRISE   702 AM EST   SUNSET   453 PM EST


-  INDICATES NEGATIVE NUMBERS.
R  INDICATES RECORD WAS SET OR TIED.
MM INDICATES DATA IS MISSING.
T  INDICATES TRACE AMOUNT.




$$
