000
CDUS41 KLWX 060538
CLIMRB


CLIMATE REPORT
NATIONAL WEATHER SERVICE BALTIMORE MD/WASHINGTON DC
137 AM EDT MON JUL 6 2015


...................................

...THE MARTINSBURG WV CLIMATE SUMMARY FOR JULY 5 2015...

CLIMATE NORMAL PERIOD 1981 TO 2010
CLIMATE RECORD PERIOD 1926 TO 2015


WEATHER ITEM   OBSERVED TIME   RECORD YEAR NORMAL DEPARTURE LAST
                VALUE   (LST)  VALUE       VALUE  FROM      YEAR
                                                  NORMAL
..................................................................
TEMPERATURE (F)
 YESTERDAY
  MAXIMUM         83    231 PM 103    1999  86     -3       82
  MINIMUM         62    430 AM  48    1971  63     -1       59
  AVERAGE         73                        75     -2       71

PRECIPITATION (IN)
  YESTERDAY        0.00          1.22 2006   0.11  -0.11     0.00
  MONTH TO DATE    0.40                      0.56  -0.16     0.85
  SINCE JUN 1      4.66                      4.32   0.34     3.53
  SINCE JAN 1     15.60                     20.05  -4.45    18.40

DEGREE DAYS
 HEATING
  YESTERDAY        0                         0      0        0
  MONTH TO DATE    0                         0      0        0
  SINCE JUN 1     15                        24     -9        2
  SINCE JUL 1      0                         0      0        0

 COOLING
  YESTERDAY        8                        10     -2        6
  MONTH TO DATE   35                        46    -11       62
  SINCE JUN 1    284                       229     55      298
  SINCE JAN 1    432                       286    146      379
..................................................................


WIND (MPH)
  HIGHEST WIND SPEED     9   HIGHEST WIND DIRECTION    SE (150)
  HIGHEST GUST SPEED    12   HIGHEST GUST DIRECTION    SE (140)
  AVERAGE WIND SPEED     1.9


SKY COVER
  POSSIBLE SUNSHINE  MM
  AVERAGE SKY COVER 0.5


WEATHER CONDITIONS
 THE FOLLOWING WEATHER WAS RECORDED YESTERDAY.
  FOG
  FOG W/VISIBILITY <= 1/4 MILE
  HAZE


RELATIVE HUMIDITY (PERCENT)
 HIGHEST    93           100 AM
 LOWEST     55           200 PM
 AVERAGE    74

..........................................................


THE MARTINSBURG WV CLIMATE NORMALS FOR TODAY
                         NORMAL    RECORD    YEAR
 MAXIMUM TEMPERATURE (F)   86       103      1999
 MINIMUM TEMPERATURE (F)   63        48      1979


SUNRISE AND SUNSET
JULY  6 2015..........SUNRISE   551 AM EDT   SUNSET   842 PM EDT
JULY  7 2015..........SUNRISE   552 AM EDT   SUNSET   842 PM EDT


-  INDICATES NEGATIVE NUMBERS.
R  INDICATES RECORD WAS SET OR TIED.
MM INDICATES DATA IS MISSING.
T  INDICATES TRACE AMOUNT.




$$
