477
CDUS41 KLWX 240540
CLIMRB


CLIMATE REPORT
NATIONAL WEATHER SERVICE BALTIMORE MD/WASHINGTON DC
140 AM EDT MON JUL 24 2017


...................................

...THE MARTINSBURG WV CLIMATE SUMMARY FOR JULY 23 2017...

CLIMATE NORMAL PERIOD 1981 TO 2010
CLIMATE RECORD PERIOD 1926 TO 2017


WEATHER ITEM   OBSERVED TIME   RECORD YEAR NORMAL DEPARTURE LAST
                VALUE   (LST)  VALUE       VALUE  FROM      YEAR
                                                  NORMAL
..................................................................
TEMPERATURE (F)
 YESTERDAY
  MAXIMUM         88    131 PM 106    1926  86      2       98
  MINIMUM         70    407 AM  51    1983  64      6       74
  AVERAGE         79                        75      4       86

PRECIPITATION (IN)
  YESTERDAY        0.16          1.71 2008   0.13   0.03     0.00
  MONTH TO DATE    4.13                      2.69   1.44     0.84
  SINCE JUN 1      5.24                      6.45  -1.21     2.94
  SINCE JAN 1     22.46                     22.18   0.28    14.53

DEGREE DAYS
 HEATING
  YESTERDAY        0                         0      0        0
  MONTH TO DATE    0                         0      0        0
  SINCE JUN 1     10                        24    -14        5
  SINCE JUL 1      0                         0      0        0

 COOLING
  YESTERDAY       14                        10      4       21
  MONTH TO DATE  299                       226     73      275
  SINCE JUN 1    528                       409    119      491
  SINCE JAN 1    635                       466    169      564
..................................................................


WIND (MPH)
  HIGHEST WIND SPEED    17   HIGHEST WIND DIRECTION     W (260)
  HIGHEST GUST SPEED    25   HIGHEST GUST DIRECTION     W (270)
  AVERAGE WIND SPEED     5.4


SKY COVER
  POSSIBLE SUNSHINE  MM
  AVERAGE SKY COVER 0.4


WEATHER CONDITIONS
 THE FOLLOWING WEATHER WAS RECORDED YESTERDAY.
  HEAVY RAIN
  LIGHT RAIN
  FOG
  HAZE


RELATIVE HUMIDITY (PERCENT)
 HIGHEST   100           400 AM
 LOWEST     59           200 PM
 AVERAGE    80

..........................................................


THE MARTINSBURG WV CLIMATE NORMALS FOR TODAY
                         NORMAL    RECORD    YEAR
 MAXIMUM TEMPERATURE (F)   86       101      2010
 MINIMUM TEMPERATURE (F)   64        49      1947


SUNRISE AND SUNSET
JULY 24 2017..........SUNRISE   605 AM EDT   SUNSET   831 PM EDT
JULY 25 2017..........SUNRISE   606 AM EDT   SUNSET   831 PM EDT


-  INDICATES NEGATIVE NUMBERS.
R  INDICATES RECORD WAS SET OR TIED.
MM INDICATES DATA IS MISSING.
T  INDICATES TRACE AMOUNT.




$$
