000
CDUS41 KLWX 200529
CLIMRB


CLIMATE REPORT
NATIONAL WEATHER SERVICE BALTIMORE MD/WASHINGTON DC
1227 AM EST MON FEB 20 2017


...................................

...THE MARTINSBURG WV CLIMATE SUMMARY FOR FEBRUARY 19 2017...

CLIMATE NORMAL PERIOD 1981 TO 2010
CLIMATE RECORD PERIOD 1926 TO 2017


WEATHER ITEM   OBSERVED TIME   RECORD YEAR NORMAL DEPARTURE LAST
                VALUE   (LST)  VALUE       VALUE  FROM      YEAR
                                                  NORMAL
..................................................................
TEMPERATURE (F)
 YESTERDAY
  MAXIMUM         67    233 PM  71    1948  44     23       40
  MINIMUM         53   1148 PM   5    1936  25     28       16
  AVERAGE         60                        34     26       28

PRECIPITATION (IN)
  YESTERDAY        0.00          0.95 1940   0.08  -0.08     0.00
  MONTH TO DATE    0.66                      1.56  -0.90     1.68
  SINCE DEC 1      5.92                      6.71  -0.79     5.70
  SINCE JAN 1      4.13                      4.00   0.13     3.04

DEGREE DAYS
 HEATING
  YESTERDAY        5                        30    -25       37
  MONTH TO DATE  456                       610   -154      654
  SINCE DEC 1   2147                      2623   -476     2338
  SINCE JUL 1   2951                      3693   -742     3196

 COOLING
  YESTERDAY        0                         0      0        0
  MONTH TO DATE    0                         0      0        0
  SINCE DEC 1      0                         0      0        0
  SINCE JAN 1      0                         0      0        0
..................................................................


WIND (MPH)
  HIGHEST WIND SPEED    22   HIGHEST WIND DIRECTION     W (280)
  HIGHEST GUST SPEED    27   HIGHEST GUST DIRECTION     W (270)
  AVERAGE WIND SPEED    10.9


SKY COVER
  POSSIBLE SUNSHINE  MM
  AVERAGE SKY COVER 0.4


WEATHER CONDITIONS
 THE FOLLOWING WEATHER WAS RECORDED YESTERDAY.
  NO SIGNIFICANT WEATHER WAS OBSERVED.


RELATIVE HUMIDITY (PERCENT)
 HIGHEST    61           500 AM
 LOWEST     37           200 PM
 AVERAGE    49

..........................................................


THE MARTINSBURG WV CLIMATE NORMALS FOR TODAY
                         NORMAL    RECORD    YEAR
 MAXIMUM TEMPERATURE (F)   44        70      1939
 MINIMUM TEMPERATURE (F)   25         0      1979


SUNRISE AND SUNSET
FEBRUARY 20 2017......SUNRISE   657 AM EST   SUNSET   555 PM EST
FEBRUARY 21 2017......SUNRISE   656 AM EST   SUNSET   556 PM EST


-  INDICATES NEGATIVE NUMBERS.
R  INDICATES RECORD WAS SET OR TIED.
MM INDICATES DATA IS MISSING.
T  INDICATES TRACE AMOUNT.




$$
