000
CDUS41 KLWX 010525
CLIMRB


CLIMATE REPORT
NATIONAL WEATHER SERVICE BALTIMORE MD/WASHINGTON DC
124 AM EDT FRI AUG 1 2014


...................................

...THE MARTINSBURG WV CLIMATE SUMMARY FOR JULY 31 2014...

CLIMATE NORMAL PERIOD 1981 TO 2010
CLIMATE RECORD PERIOD 1926 TO 2014


WEATHER ITEM   OBSERVED TIME   RECORD YEAR NORMAL DEPARTURE LAST
                VALUE   (LST)  VALUE       VALUE  FROM      YEAR
                                                  NORMAL
..................................................................
TEMPERATURE (F)
 YESTERDAY
  MAXIMUM         84    206 PM 102    1954  85     -1       79
  MINIMUM         57    444 AM  46    1966  64     -7       61
  AVERAGE         71                        74     -3       70

PRECIPITATION (IN)
  YESTERDAY        0.00          1.20 1978   0.12  -0.12      T
  MONTH TO DATE    4.69                      3.67   1.02     3.14
  SINCE JUN 1      7.37                      7.43  -0.06     7.14
  SINCE JAN 1     22.24                     23.16  -0.92    18.40

DEGREE DAYS
 HEATING
  YESTERDAY        0                         0      0        0
  MONTH TO DATE    3                         0      3        0
  SINCE JUN 1      5                        25    -20        2
  SINCE JUL 1      3                         1      2        0

 COOLING
  YESTERDAY        6                         9     -3        5
  MONTH TO DATE  301                       303     -2      359
  SINCE JUN 1    537                       486     51      587
  SINCE JAN 1    618                       543     75      698
..................................................................


WIND (MPH)
  HIGHEST WIND SPEED    10   HIGHEST WIND DIRECTION     S (160)
  HIGHEST GUST SPEED    13   HIGHEST GUST DIRECTION    SE (150)
  AVERAGE WIND SPEED     2.4


SKY COVER
  POSSIBLE SUNSHINE  MM
  AVERAGE SKY COVER 0.4


WEATHER CONDITIONS
 THE FOLLOWING WEATHER WAS RECORDED YESTERDAY.
  FOG
  HAZE


RELATIVE HUMIDITY (PERCENT)
 HIGHEST    93           500 AM
 LOWEST     37           100 PM
 AVERAGE    65

..........................................................


THE MARTINSBURG WV CLIMATE NORMALS FOR TODAY
                         NORMAL    RECORD    YEAR
 MAXIMUM TEMPERATURE (F)   85       102      1933
 MINIMUM TEMPERATURE (F)   64        51      1966


SUNRISE AND SUNSET
AUGUST  1 2014........SUNRISE   612 AM EDT   SUNSET   824 PM EDT
AUGUST  2 2014........SUNRISE   613 AM EDT   SUNSET   823 PM EDT


-  INDICATES NEGATIVE NUMBERS.
R  INDICATES RECORD WAS SET OR TIED.
MM INDICATES DATA IS MISSING.
T  INDICATES TRACE AMOUNT.




$$
