030
CDUS41 KLWX 242126
CLIMRB


CLIMATE REPORT
NATIONAL WEATHER SERVICE BALTIMORE MD/WASHINGTON DC
524 PM EDT SUN SEP 24 2017


...................................

...THE MARTINSBURG WV CLIMATE SUMMARY FOR SEPTEMBER 24 2017...
VALID TODAY AS OF 0500 PM LOCAL TIME.

CLIMATE NORMAL PERIOD 1981 TO 2010
CLIMATE RECORD PERIOD 1926 TO 2017


WEATHER ITEM   OBSERVED TIME   RECORD YEAR NORMAL DEPARTURE LAST
                VALUE   (LST)  VALUE       VALUE  FROM      YEAR
                                                  NORMAL
..................................................................
TEMPERATURE (F)
 TODAY
  MAXIMUM         90    323 PM  96    1970  74     16       77
  MINIMUM         55    610 AM  29    1963  51      4       55
  AVERAGE         73                        62     11       66

PRECIPITATION (IN)
  TODAY            0.00          2.60 1926   0.12  -0.12     0.00
  MONTH TO DATE    1.46                      2.86  -1.40     1.02
  SINCE SEP 1      1.46                      2.86  -1.40     1.02
  SINCE JAN 1     28.40                     29.10  -0.70    17.87

DEGREE DAYS
 HEATING
  TODAY            0                         5     -5        0
  MONTH TO DATE   45                        52     -7        0
  SINCE SEP 1     45                        52     -7        0
  SINCE JUL 1     47                        59    -12        0

 COOLING
  TODAY            8                         2      6        1
  MONTH TO DATE   89                        87      2      199
  SINCE SEP 1     89                        87      2      199
  SINCE JAN 1    985                       879    106     1271
..................................................................


WIND (MPH)
  HIGHEST WIND SPEED    14   HIGHEST WIND DIRECTION    NE (30)
  HIGHEST GUST SPEED    18   HIGHEST GUST DIRECTION     N (360)
  AVERAGE WIND SPEED     2.8


SKY COVER
  POSSIBLE SUNSHINE  MM
  AVERAGE SKY COVER 0.1


WEATHER CONDITIONS
 THE FOLLOWING WEATHER WAS RECORDED TODAY.
  FOG


RELATIVE HUMIDITY (PERCENT)
 HIGHEST    93           100 AM
 LOWEST     41           200 PM
 AVERAGE    67

..........................................................


THE MARTINSBURG WV CLIMATE NORMALS FOR TOMORROW
                         NORMAL    RECORD    YEAR
 MAXIMUM TEMPERATURE (F)   73        95      2010
 MINIMUM TEMPERATURE (F)   50        29      1963


SUNRISE AND SUNSET
SEPTEMBER 24 2017.....SUNRISE   702 AM EDT   SUNSET   705 PM EDT
SEPTEMBER 25 2017.....SUNRISE   703 AM EDT   SUNSET   704 PM EDT


-  INDICATES NEGATIVE NUMBERS.
R  INDICATES RECORD WAS SET OR TIED.
MM INDICATES DATA IS MISSING.
T  INDICATES TRACE AMOUNT.




$$
