000
CDUS41 KLWX 182124
CLIMRB


CLIMATE REPORT
NATIONAL WEATHER SERVICE BALTIMORE MD/WASHINGTON DC
524 PM EDT THU SEP 18 2014


...................................

...THE MARTINSBURG WV CLIMATE SUMMARY FOR SEPTEMBER 18 2014...
VALID TODAY AS OF 0500 PM LOCAL TIME.

CLIMATE NORMAL PERIOD 1981 TO 2010
CLIMATE RECORD PERIOD 1926 TO 2014


WEATHER ITEM   OBSERVED TIME   RECORD YEAR NORMAL DEPARTURE LAST
                VALUE   (LST)  VALUE       VALUE  FROM      YEAR
                                                  NORMAL
..................................................................
TEMPERATURE (F)
 TODAY
  MAXIMUM         78    130 PM  95    1931  76      2       72
  MINIMUM         51    631 AM  34    1959  53     -2       38
  AVERAGE         65                        64      1       55

PRECIPITATION (IN)
  TODAY            0.00          2.07 2012   0.13  -0.13     0.00
  MONTH TO DATE    1.83                      2.14  -0.31     0.58
  SINCE SEP 1      1.83                      2.14  -0.31     0.58
  SINCE JAN 1     26.30                     28.38  -2.08    22.96

DEGREE DAYS
 HEATING
  TODAY            0                         3     -3       10
  MONTH TO DATE   21                        28     -7       37
  SINCE SEP 1     21                        28     -7       37
  SINCE JUL 1     24                        35    -11       41

 COOLING
  TODAY            0                         3     -3        0
  MONTH TO DATE  112                        75     37       98
  SINCE SEP 1    112                        75     37       98
  SINCE JAN 1    940                       867     73     1016
..................................................................


WIND (MPH)
  HIGHEST WIND SPEED    12   HIGHEST WIND DIRECTION     N (360)
  HIGHEST GUST SPEED    16   HIGHEST GUST DIRECTION     N (350)
  AVERAGE WIND SPEED     2.3


SKY COVER
  POSSIBLE SUNSHINE  MM
  AVERAGE SKY COVER 0.4


WEATHER CONDITIONS
 THE FOLLOWING WEATHER WAS RECORDED TODAY.
  FOG
  HAZE


RELATIVE HUMIDITY (PERCENT)
 HIGHEST    89           700 AM
 LOWEST     33           300 PM
 AVERAGE    61

..........................................................


THE MARTINSBURG WV CLIMATE NORMALS FOR TOMORROW
                         NORMAL    RECORD    YEAR
 MAXIMUM TEMPERATURE (F)   76        95      1983
 MINIMUM TEMPERATURE (F)   53        35      1959


SUNRISE AND SUNSET
SEPTEMBER 18 2014.....SUNRISE   656 AM EDT   SUNSET   715 PM EDT
SEPTEMBER 19 2014.....SUNRISE   657 AM EDT   SUNSET   714 PM EDT


-  INDICATES NEGATIVE NUMBERS.
R  INDICATES RECORD WAS SET OR TIED.
MM INDICATES DATA IS MISSING.
T  INDICATES TRACE AMOUNT.




$$
