000
CDUS41 KLWX 200520
CLIMRB


CLIMATE REPORT
NATIONAL WEATHER SERVICE BALTIMORE MD/WASHINGTON DC
119 AM EDT SUN APR 20 2014


...................................

...THE MARTINSBURG WV CLIMATE SUMMARY FOR APRIL 19 2014...

CLIMATE NORMAL PERIOD 1981 TO 2010
CLIMATE RECORD PERIOD 1926 TO 2014


WEATHER ITEM   OBSERVED TIME   RECORD YEAR NORMAL DEPARTURE LAST
                VALUE   (LST)  VALUE       VALUE  FROM      YEAR
                                                  NORMAL
..................................................................
TEMPERATURE (F)
 YESTERDAY
  MAXIMUM         69    325 PM  91    1976  65      4       75
  MINIMUM         38    529 AM  25    1928  42     -4       52
  AVERAGE         54                        54      0       64

PRECIPITATION (IN)
  YESTERDAY        0.00          1.53 1998   0.10  -0.10     0.83
  MONTH TO DATE    1.23                      2.09  -0.86     1.62
  SINCE MAR 1      3.35                      5.61  -2.26     3.84
  SINCE JAN 1      7.10                     10.39  -3.29     8.66

DEGREE DAYS
 HEATING
  YESTERDAY       11                        12     -1        1
  MONTH TO DATE  241                       275    -34      185
  SINCE MAR 1   1076                       989     87      963
  SINCE JUL 1   5169                      4945    224     4598

 COOLING
  YESTERDAY        0                         0      0        0
  MONTH TO DATE    7                         0      7       31
  SINCE MAR 1      7                         1      6       31
  SINCE JAN 1      7                         1      6       31
..................................................................


WIND (MPH)
  HIGHEST WIND SPEED    17   HIGHEST WIND DIRECTION     N (20)
  HIGHEST GUST SPEED    23   HIGHEST GUST DIRECTION    NE (30)
  AVERAGE WIND SPEED     4.6


SKY COVER
  POSSIBLE SUNSHINE  MM
  AVERAGE SKY COVER 0.0


WEATHER CONDITIONS
 THE FOLLOWING WEATHER WAS RECORDED YESTERDAY.
  NO SIGNIFICANT WEATHER WAS OBSERVED.


RELATIVE HUMIDITY (PERCENT)
 HIGHEST    79           500 AM
 LOWEST     22           200 PM
 AVERAGE    51

..........................................................


THE MARTINSBURG WV CLIMATE NORMALS FOR TODAY
                         NORMAL    RECORD    YEAR
 MAXIMUM TEMPERATURE (F)   66        91      1941
 MINIMUM TEMPERATURE (F)   42        26      1926


SUNRISE AND SUNSET
APRIL 20 2014.........SUNRISE   628 AM EDT   SUNSET   755 PM EDT
APRIL 21 2014.........SUNRISE   626 AM EDT   SUNSET   756 PM EDT


-  INDICATES NEGATIVE NUMBERS.
R  INDICATES RECORD WAS SET OR TIED.
MM INDICATES DATA IS MISSING.
T  INDICATES TRACE AMOUNT.




$$
