000
CDUS41 KLWX 300539
CLIMRB


CLIMATE REPORT
NATIONAL WEATHER SERVICE BALTIMORE MD/WASHINGTON DC
128 AM EDT SAT MAY 30 2015


...................................

...THE MARTINSBURG WV CLIMATE SUMMARY FOR MAY 29 2015...

CLIMATE NORMAL PERIOD 1981 TO 2010
CLIMATE RECORD PERIOD 1926 TO 2015


WEATHER ITEM   OBSERVED TIME   RECORD YEAR NORMAL DEPARTURE LAST
                VALUE   (LST)  VALUE       VALUE  FROM      YEAR
                                                  NORMAL
..................................................................
TEMPERATURE (F)
 YESTERDAY
  MAXIMUM         84    446 PM  98    1941  76      8       62
  MINIMUM         67   1045 PM  38    1936  54     13       56
  AVERAGE         76                        65     11       59

PRECIPITATION (IN)
  YESTERDAY        0.00          1.31 1948   0.13  -0.13     0.16
  MONTH TO DATE    2.23                      3.83  -1.60     5.29
  SINCE MAR 1      7.85                     10.69  -2.84    11.12
  SINCE JAN 1     10.14                     15.47  -5.33    14.87

DEGREE DAYS
 HEATING
  YESTERDAY        0                         3     -3        6
  MONTH TO DATE   65                       164    -99       96
  SINCE MAR 1   1092                      1265   -173     1293
  SINCE JUL 1   5015                      5221   -206     5386

 COOLING
  YESTERDAY       11                         3      8        0
  MONTH TO DATE  125                        46     79       72
  SINCE MAR 1    126                        55     71       79
  SINCE JAN 1    126                        55     71       79
..................................................................


WIND (MPH)
  HIGHEST WIND SPEED    12   HIGHEST WIND DIRECTION     S (170)
  HIGHEST GUST SPEED    16   HIGHEST GUST DIRECTION     S (180)
  AVERAGE WIND SPEED     4.6


SKY COVER
  POSSIBLE SUNSHINE  MM
  AVERAGE SKY COVER 0.3


WEATHER CONDITIONS
 THE FOLLOWING WEATHER WAS RECORDED YESTERDAY.
  FOG


RELATIVE HUMIDITY (PERCENT)
 HIGHEST    90          1100 PM
 LOWEST     53           800 AM
 AVERAGE    72

..........................................................


THE MARTINSBURG WV CLIMATE NORMALS FOR TODAY
                         NORMAL    RECORD    YEAR
 MAXIMUM TEMPERATURE (F)   77        96      1941
 MINIMUM TEMPERATURE (F)   54        37      1996


SUNRISE AND SUNSET
MAY 30 2015...........SUNRISE   548 AM EDT   SUNSET   831 PM EDT
MAY 31 2015...........SUNRISE   547 AM EDT   SUNSET   832 PM EDT


-  INDICATES NEGATIVE NUMBERS.
R  INDICATES RECORD WAS SET OR TIED.
MM INDICATES DATA IS MISSING.
T  INDICATES TRACE AMOUNT.




$$
