000
CDUS41 KLWX 290525
CLIMRB


CLIMATE REPORT
NATIONAL WEATHER SERVICE BALTIMORE MD/WASHINGTON DC
125 AM EDT WED MAR 29 2017


...................................

...THE MARTINSBURG WV CLIMATE SUMMARY FOR MARCH 28 2017...

CLIMATE NORMAL PERIOD 1981 TO 2010
CLIMATE RECORD PERIOD 1926 TO 2017


WEATHER ITEM   OBSERVED TIME   RECORD YEAR NORMAL DEPARTURE LAST
                VALUE   (LST)  VALUE       VALUE  FROM      YEAR
                                                  NORMAL
..................................................................
TEMPERATURE (F)
 YESTERDAY
  MAXIMUM         70    436 PM  86    1989  57     13       64
  MINIMUM         52    631 AM  20    1982  35     17       48
  AVERAGE         61                        46     15       56

PRECIPITATION (IN)
  YESTERDAY        0.46          2.22 1984   0.13   0.33     0.31
  MONTH TO DATE    1.98                      3.15  -1.17     1.75
  SINCE MAR 1      1.98                      3.15  -1.17     1.75
  SINCE JAN 1      6.36                      7.93  -1.57     5.84

DEGREE DAYS
 HEATING
  YESTERDAY        4                        19    -15        9
  MONTH TO DATE  633                       660    -27      452
  SINCE MAR 1    633                       660    -27      452
  SINCE JUL 1   3711                      4616   -905     3867

 COOLING
  YESTERDAY        0                         0      0        0
  MONTH TO DATE    3                         0      3        2
  SINCE MAR 1      3                         0      3        2
  SINCE JAN 1      3                         0      3        2
..................................................................


WIND (MPH)
  HIGHEST WIND SPEED    15   HIGHEST WIND DIRECTION    NW (330)
  HIGHEST GUST SPEED    20   HIGHEST GUST DIRECTION     N (340)
  AVERAGE WIND SPEED     3.4


SKY COVER
  POSSIBLE SUNSHINE  MM
  AVERAGE SKY COVER 0.8


WEATHER CONDITIONS
 THE FOLLOWING WEATHER WAS RECORDED YESTERDAY.
  HEAVY RAIN
  RAIN
  LIGHT RAIN
  FOG
  HAZE


RELATIVE HUMIDITY (PERCENT)
 HIGHEST   100           500 AM
 LOWEST     59           300 PM
 AVERAGE    80

..........................................................


THE MARTINSBURG WV CLIMATE NORMALS FOR TODAY
                         NORMAL    RECORD    YEAR
 MAXIMUM TEMPERATURE (F)   58        87      1945
 MINIMUM TEMPERATURE (F)   36        17      1959


SUNRISE AND SUNSET
MARCH 29 2017.........SUNRISE   701 AM EDT   SUNSET   733 PM EDT
MARCH 30 2017.........SUNRISE   659 AM EDT   SUNSET   734 PM EDT


-  INDICATES NEGATIVE NUMBERS.
R  INDICATES RECORD WAS SET OR TIED.
MM INDICATES DATA IS MISSING.
T  INDICATES TRACE AMOUNT.




$$
