000
CDUS41 KLWX 222129
CLIMRB


CLIMATE REPORT
NATIONAL WEATHER SERVICE BALTIMORE MD/WASHINGTON DC
429 PM EST MON JAN 22 2018


...................................

...THE MARTINSBURG WV CLIMATE SUMMARY FOR JANUARY 22 2018...
VALID TODAY AS OF 0400 PM LOCAL TIME.

CLIMATE NORMAL PERIOD 1981 TO 2010
CLIMATE RECORD PERIOD 1926 TO 2018


WEATHER ITEM   OBSERVED TIME   NORMAL DEPARTURE LAST
                VALUE   (LST)  VALUE  FROM      YEAR
                                      NORMAL
......................................................
TEMPERATURE (F)
 TODAY
  MAXIMUM         64    337 PM  40     24       47
  MINIMUM         42    634 AM  22     20       44
  AVERAGE         53            31     22       46

PRECIPITATION (IN)
  TODAY            0.00          0.09  -0.09     0.11
  MONTH TO DATE    1.58          1.70  -0.12     2.16
  SINCE DEC 1      2.54          4.41  -1.87     3.95
  SINCE JAN 1      1.58          1.70  -0.12     2.16

DEGREE DAYS
 HEATING
  TODAY           12            34    -22       19
  MONTH TO DATE  796           748     48      612
  SINCE DEC 1   1743          1704     39     1492
  SINCE JUL 1   2629          2774   -145     2296

 COOLING
  TODAY            0             0      0        0
  MONTH TO DATE    0             0      0        0
  SINCE DEC 1      0             0      0        0
  SINCE JAN 1      0             0      0        0
......................................................


WIND (MPH)
  HIGHEST WIND SPEED    14   HIGHEST WIND DIRECTION     S (190)
  HIGHEST GUST SPEED    18   HIGHEST GUST DIRECTION     S (180)
  AVERAGE WIND SPEED     2.8


SKY COVER
  POSSIBLE SUNSHINE  MM
  AVERAGE SKY COVER 0.8


WEATHER CONDITIONS
 THE FOLLOWING WEATHER WAS RECORDED TODAY.
  FOG
  HAZE


RELATIVE HUMIDITY (PERCENT)
 HIGHEST    89           600 AM
 LOWEST     44           300 PM
 AVERAGE    67

..........................................................


THE MARTINSBURG WV CLIMATE NORMALS FOR TOMORROW
                         NORMAL    RECORD    YEAR
 MAXIMUM TEMPERATURE (F)   40        72      1927
 MINIMUM TEMPERATURE (F)   22        -6      2014
                                             1936


SUNRISE AND SUNSET
JANUARY 22 2018.......SUNRISE   727 AM EST   SUNSET   521 PM EST
JANUARY 23 2018.......SUNRISE   726 AM EST   SUNSET   522 PM EST


-  INDICATES NEGATIVE NUMBERS.
R  INDICATES RECORD WAS SET OR TIED.
MM INDICATES DATA IS MISSING.
T  INDICATES TRACE AMOUNT.




$$
