000
CDUS41 KLWX 282123
CLIMRB


CLIMATE REPORT
NATIONAL WEATHER SERVICE BALTIMORE MD/WASHINGTON DC
523 PM EDT SUN MAY 28 2017


...................................

...THE MARTINSBURG WV CLIMATE SUMMARY FOR MAY 28 2017...
VALID TODAY AS OF 0500 PM LOCAL TIME.

CLIMATE NORMAL PERIOD 1981 TO 2010
CLIMATE RECORD PERIOD 1926 TO 2017


WEATHER ITEM   OBSERVED TIME   RECORD YEAR NORMAL DEPARTURE LAST
                VALUE   (LST)  VALUE       VALUE  FROM      YEAR
                                                  NORMAL
..................................................................
TEMPERATURE (F)
 TODAY
  MAXIMUM         73   1254 PM  96    1941  76     -3       88
  MINIMUM         57    255 AM  36    1994  53      4       63
  AVERAGE         65                        65      0       76

PRECIPITATION (IN)
  TODAY            0.37          1.50 1960   0.13   0.24     0.00
  MONTH TO DATE    7.09                      3.70   3.39     4.48
  SINCE MAR 1     12.59                     10.56   2.03     7.32
  SINCE JAN 1     16.97                     15.34   1.63    11.41

DEGREE DAYS
 HEATING
  TODAY            0                         3     -3        0
  MONTH TO DATE  164                       161      3      182
  SINCE MAR 1   1048                      1262   -214     1058
  SINCE JUL 1   4126                      5218  -1092     4473

 COOLING
  TODAY            0                         3     -3       11
  MONTH TO DATE   38                        43     -5       37
  SINCE MAR 1     93                        52     41       49
  SINCE JAN 1     93                        52     41       49
..................................................................


WIND (MPH)
  HIGHEST WIND SPEED    10   HIGHEST WIND DIRECTION    SE (140)
  HIGHEST GUST SPEED    22   HIGHEST GUST DIRECTION     E (80)
  AVERAGE WIND SPEED     2.4


SKY COVER
  POSSIBLE SUNSHINE  MM
  AVERAGE SKY COVER 1.0


WEATHER CONDITIONS
 THE FOLLOWING WEATHER WAS RECORDED TODAY.
  HEAVY RAIN
  LIGHT RAIN
  FOG
  FOG W/VISIBILITY <= 1/4 MILE
  HAZE


RELATIVE HUMIDITY (PERCENT)
 HIGHEST   100          1200 AM
 LOWEST     68          1200 PM
 AVERAGE    84

..........................................................


THE MARTINSBURG WV CLIMATE NORMALS FOR TOMORROW
                         NORMAL    RECORD    YEAR
 MAXIMUM TEMPERATURE (F)   76        98      1941
 MINIMUM TEMPERATURE (F)   54        38      1936


SUNRISE AND SUNSET
MAY 28 2017...........SUNRISE   549 AM EDT   SUNSET   830 PM EDT
MAY 29 2017...........SUNRISE   548 AM EDT   SUNSET   831 PM EDT


-  INDICATES NEGATIVE NUMBERS.
R  INDICATES RECORD WAS SET OR TIED.
MM INDICATES DATA IS MISSING.
T  INDICATES TRACE AMOUNT.




$$
