410
CDUS41 KLWX 312129
CLIMRB


CLIMATE REPORT
NATIONAL WEATHER SERVICE BALTIMORE MD/WASHINGTON DC
528 PM EDT TUE MAY 31 2016


...................................

...THE MARTINSBURG WV CLIMATE SUMMARY FOR MAY 31 2016...
VALID TODAY AS OF 0500 PM LOCAL TIME.

CLIMATE NORMAL PERIOD 1981 TO 2010
CLIMATE RECORD PERIOD 1926 TO 2016


WEATHER ITEM   OBSERVED TIME   RECORD YEAR NORMAL DEPARTURE LAST
                VALUE   (LST)  VALUE       VALUE  FROM      YEAR
                                                  NORMAL
..................................................................
TEMPERATURE (F)
 TODAY
  MAXIMUM         86    219 PM  94    2011  77      9       88
                                      1939
  MINIMUM         60    440 AM  36    2001  54      6       65
  AVERAGE         73                        66      7       77

PRECIPITATION (IN)
  TODAY            0.00          3.55 1975   0.13  -0.13     0.79
  MONTH TO DATE    4.66                      4.09   0.57     3.03
  SINCE MAR 1      7.50                     10.95  -3.45     8.65
  SINCE JAN 1     11.59                     15.73  -4.14    10.94

DEGREE DAYS
 HEATING
  TODAY            0                         3     -3        0
  MONTH TO DATE  182                       170     12       65
  SINCE MAR 1   1058                      1269   -211     1092
  SINCE JUL 1   4473                      5225   -752     5015

 COOLING
  TODAY            8                         3      5       12
  MONTH TO DATE   61                        48     13      147
  SINCE MAR 1     73                        57     16      148
  SINCE JAN 1     73                        57     16      148
..................................................................


WIND (MPH)
  HIGHEST WIND SPEED     9   HIGHEST WIND DIRECTION     N (10)
  HIGHEST GUST SPEED    12   HIGHEST GUST DIRECTION     N (20)
  AVERAGE WIND SPEED     1.6


SKY COVER
  POSSIBLE SUNSHINE  MM
  AVERAGE SKY COVER 0.4


WEATHER CONDITIONS
 THE FOLLOWING WEATHER WAS RECORDED TODAY.
  FOG
  FOG W/VISIBILITY <= 1/4 MILE


RELATIVE HUMIDITY (PERCENT)
 HIGHEST   100          1200 AM
 LOWEST     34           200 PM
 AVERAGE    67

..........................................................


THE MARTINSBURG WV CLIMATE NORMALS FOR TOMORROW
                         NORMAL    RECORD    YEAR
 MAXIMUM TEMPERATURE (F)   77       100      1939
 MINIMUM TEMPERATURE (F)   55        36      1966


SUNRISE AND SUNSET
MAY 31 2016...........SUNRISE   547 AM EDT   SUNSET   833 PM EDT
JUNE  1 2016..........SUNRISE   547 AM EDT   SUNSET   833 PM EDT


-  INDICATES NEGATIVE NUMBERS.
R  INDICATES RECORD WAS SET OR TIED.
MM INDICATES DATA IS MISSING.
T  INDICATES TRACE AMOUNT.




$$
