000
CDUS44 KHUN 310706
CLIMSL


CLIMATE REPORT
NATIONAL WEATHER SERVICE HUNTSVILLE AL
205 AM CDT TUE MAY 31 2016


...................................

...THE MUSCLE SHOALS CLIMATE SUMMARY FOR MAY 30 2016...

CLIMATE NORMAL PERIOD 1981 TO 2010
CLIMATE RECORD PERIOD 1893 TO 2016


WEATHER ITEM   OBSERVED TIME   RECORD YEAR NORMAL DEPARTURE LAST
                VALUE   (LST)  VALUE       VALUE  FROM      YEAR
                                                  NORMAL
..................................................................
TEMPERATURE (F)
 YESTERDAY
  MAXIMUM         92    223 PM  98    1921  84      8       86
  MINIMUM         66    506 AM  42    1984  63      3       66
  AVERAGE         79                        73      6       76

PRECIPITATION (IN)
  YESTERDAY        0.00          2.07 1939   0.17  -0.17     0.01
  MONTH TO DATE    1.16                      4.94  -3.78     4.21
  SINCE MAR 1      9.35                     14.05  -4.70    15.81
  SINCE JAN 1     16.48                     23.32  -6.84    23.09

SNOWFALL (IN)
  YESTERDAY        0.0
  MONTH TO DATE    0.0
  SINCE MAR 1      0.0
  SINCE JUL 1      T
  SNOW DEPTH       0

DEGREE DAYS
 HEATING
  YESTERDAY        0                         0      0        0
  MONTH TO DATE   26                        29     -3       19
  SINCE MAR 1    359                       567   -208      462
  SINCE JUL 1   2360                      3102   -742     3233

 COOLING
  YESTERDAY       14                         9      5       11
  MONTH TO DATE  170                       171     -1      189
  SINCE MAR 1    254                       235     19      245
  SINCE JAN 1    254                       236     18      245
..................................................................


WIND (MPH)
  HIGHEST WIND SPEED     9   HIGHEST WIND DIRECTION    NW (330)
  HIGHEST GUST SPEED    13   HIGHEST GUST DIRECTION    NE (60)
  AVERAGE WIND SPEED     2.8


SKY COVER
  POSSIBLE SUNSHINE  MM
  AVERAGE SKY COVER 0.1


WEATHER CONDITIONS
 THE FOLLOWING WEATHER WAS RECORDED YESTERDAY.
  FOG


RELATIVE HUMIDITY (PERCENT)
 HIGHEST    93           200 AM
 LOWEST     34           100 PM
 AVERAGE    64

..........................................................


THE MUSCLE SHOALS CLIMATE NORMALS FOR TODAY
                         NORMAL    RECORD    YEAR
 MAXIMUM TEMPERATURE (F)   85        98      1925
 MINIMUM TEMPERATURE (F)   63        44      1984


SUNRISE AND SUNSET
MAY 31 2016...........SUNRISE   539 AM CDT   SUNSET   758 PM CDT
JUNE  1 2016..........SUNRISE   538 AM CDT   SUNSET   759 PM CDT


-  INDICATES NEGATIVE NUMBERS.
R  INDICATES RECORD WAS SET OR TIED.
MM INDICATES DATA IS MISSING.
T  INDICATES TRACE AMOUNT.




$$
