000
CDUS44 KHUN 012241
CLIMSL


CLIMATE REPORT
NATIONAL WEATHER SERVICE HUNTSVILLE AL
440 PM CST SUN FEB 1 2015


...................................

...THE MUSCLE SHOALS CLIMATE SUMMARY FOR FEBRUARY 1 2015...
VALID TODAY AS OF 0400 PM LOCAL TIME.

CLIMATE NORMAL PERIOD 1981 TO 2010
CLIMATE RECORD PERIOD 1893 TO 2015


WEATHER ITEM   OBSERVED TIME   RECORD YEAR NORMAL DEPARTURE LAST
                VALUE   (LST)  VALUE       VALUE  FROM      YEAR
                                                  NORMAL
..................................................................
TEMPERATURE (F)
 TODAY
  MAXIMUM         58    431 PM  78    1989  52      6       68
  MINIMUM         43   1200 AM   5    1951  32     11       35
  AVERAGE         51                        42      9       52

PRECIPITATION (IN)
  TODAY            0.08          3.31 1896   0.16  -0.08     0.00
  MONTH TO DATE    0.08                      0.16  -0.08     0.00
  SINCE DEC 1      9.38                     10.45  -1.07     6.47
  SINCE JAN 1      4.25                      4.77  -0.52     1.70

SNOWFALL (IN)
  TODAY            0.0
  MONTH TO DATE    0.0
  SINCE DEC 1      T
  SINCE JUL 1      T
  SNOW DEPTH       0

DEGREE DAYS
 HEATING
  TODAY           14                        23     -9       13
  MONTH TO DATE   14                        23     -9       13
  SINCE DEC 1   1337                      1441   -104     1569
  SINCE JUL 1   1989                      2003    -14     2186

 COOLING
  TODAY            0                         0      0        0
  MONTH TO DATE    0                         0      0        0
  SINCE DEC 1      0                         1     -1        8
  SINCE JAN 1      0                         0      0        0
..................................................................


WIND (MPH)
  HIGHEST WIND SPEED    22   HIGHEST WIND DIRECTION     S (190)
  HIGHEST GUST SPEED    29   HIGHEST GUST DIRECTION    SW (210)
  AVERAGE WIND SPEED    10.6


SKY COVER
  POSSIBLE SUNSHINE  MM
  AVERAGE SKY COVER 0.9


WEATHER CONDITIONS
 THE FOLLOWING WEATHER WAS RECORDED TODAY.
  LIGHT RAIN


RELATIVE HUMIDITY (PERCENT)
 HIGHEST    89          1200 PM
 LOWEST     35           500 AM
 AVERAGE    62

..........................................................


THE MUSCLE SHOALS CLIMATE NORMALS FOR TOMORROW
                         NORMAL    RECORD    YEAR
 MAXIMUM TEMPERATURE (F)   53        75      1989
 MINIMUM TEMPERATURE (F)   32         1      1951


SUNRISE AND SUNSET
FEBRUARY  1 2015......SUNRISE   649 AM CST   SUNSET   519 PM CST
FEBRUARY  2 2015......SUNRISE   648 AM CST   SUNSET   520 PM CST


-  INDICATES NEGATIVE NUMBERS.
R  INDICATES RECORD WAS SET OR TIED.
MM INDICATES DATA IS MISSING.
T  INDICATES TRACE AMOUNT.




$$
