000
CDUS44 KHUN 280720
CLIMSL


CLIMATE REPORT
NATIONAL WEATHER SERVICE HUNTSVILLE AL
219 AM CDT THU MAY 28 2015


...................................

...THE MUSCLE SHOALS CLIMATE SUMMARY FOR MAY 27 2015...

CLIMATE NORMAL PERIOD 1981 TO 2010
CLIMATE RECORD PERIOD 1893 TO 2015


WEATHER ITEM   OBSERVED TIME   RECORD YEAR NORMAL DEPARTURE LAST
                VALUE   (LST)  VALUE       VALUE  FROM      YEAR
                                                  NORMAL
..................................................................
TEMPERATURE (F)
 YESTERDAY
  MAXIMUM         82    144 PM  97    2012  84     -2       87
  MINIMUM         67   1159 PM  39    1961  62      5       64
  AVERAGE         75                        73      2       76

PRECIPITATION (IN)
  YESTERDAY        1.16          2.32 1924   0.16   1.00     0.00
  MONTH TO DATE    4.18                      4.44  -0.26     1.76
  SINCE MAR 1     15.78                     13.55   2.23    10.98
  SINCE JAN 1     23.06                     22.82   0.24    16.67

SNOWFALL (IN)
  YESTERDAY        0.0
  MONTH TO DATE    0.0
  SINCE MAR 1      0.7
  SINCE JUL 1      4.2
  SNOW DEPTH       0

DEGREE DAYS
 HEATING
  YESTERDAY        0                         0      0        0
  MONTH TO DATE   19                        29    -10       42
  SINCE MAR 1    462                       567   -105      624
  SINCE JUL 1   3233                      3102    131     3395

 COOLING
  YESTERDAY       10                         8      2       11
  MONTH TO DATE  158                       146     12      167
  SINCE MAR 1    214                       210      4      212
  SINCE JAN 1    214                       211      3      212
..................................................................


WIND (MPH)
  HIGHEST WIND SPEED    18   HIGHEST WIND DIRECTION    NW (300)
  HIGHEST GUST SPEED    24   HIGHEST GUST DIRECTION     W (290)
  AVERAGE WIND SPEED     5.8


SKY COVER
  POSSIBLE SUNSHINE  MM
  AVERAGE SKY COVER 0.6


WEATHER CONDITIONS
 THE FOLLOWING WEATHER WAS RECORDED YESTERDAY.
  THUNDERSTORM
  HEAVY RAIN
  RAIN
  LIGHT RAIN
  FOG


RELATIVE HUMIDITY (PERCENT)
 HIGHEST    97           300 AM
 LOWEST     62          1000 AM
 AVERAGE    80

..........................................................


THE MUSCLE SHOALS CLIMATE NORMALS FOR TODAY
                         NORMAL    RECORD    YEAR
 MAXIMUM TEMPERATURE (F)   84        97      1962
 MINIMUM TEMPERATURE (F)   62        39      1961


SUNRISE AND SUNSET
MAY 28 2015...........SUNRISE   540 AM CDT   SUNSET   756 PM CDT
MAY 29 2015...........SUNRISE   540 AM CDT   SUNSET   756 PM CDT


-  INDICATES NEGATIVE NUMBERS.
R  INDICATES RECORD WAS SET OR TIED.
MM INDICATES DATA IS MISSING.
T  INDICATES TRACE AMOUNT.




$$
