618
CDUS44 KHUN 230800
CLIMSL


CLIMATE REPORT
NATIONAL WEATHER SERVICE HUNTSVILLE AL
200 AM CST MON JAN 23 2017


...................................

...THE MUSCLE SHOALS CLIMATE SUMMARY FOR JANUARY 22 2017...

CLIMATE NORMAL PERIOD 1981 TO 2010
CLIMATE RECORD PERIOD 1893 TO 2017


WEATHER ITEM   OBSERVED TIME   RECORD YEAR NORMAL DEPARTURE LAST
                VALUE   (LST)  VALUE       VALUE  FROM      YEAR
                                                  NORMAL
..................................................................
TEMPERATURE (F)
 YESTERDAY
  MAXIMUM         63   1133 AM  75    1937  51     12       45
                                      1927
  MINIMUM         52    837 PM   9    1961  31     21       30
  AVERAGE         58                        41     17       38

PRECIPITATION (IN)
  YESTERDAY        1.67          2.46 2006   0.15   1.52     0.23
  MONTH TO DATE    4.61                      3.22   1.39     2.82
  SINCE DEC 1      9.95                      8.90   1.05     9.76
  SINCE JAN 1      4.61                      3.22   1.39     2.82

SNOWFALL (IN)
  YESTERDAY        0.0
  MONTH TO DATE    T
  SINCE DEC 1      T
  SINCE JUL 1      T
  SNOW DEPTH       0

DEGREE DAYS
 HEATING
  YESTERDAY        7                        24    -17       27
  MONTH TO DATE  287                       528   -241      571
  SINCE DEC 1    855                      1202   -347      924
  SINCE JUL 1   1183                      1764   -581     1289

 COOLING
  YESTERDAY        0                         0      0        0
  MONTH TO DATE    4                         0      4        0
  SINCE DEC 1      6                         1      5       22
  SINCE JAN 1      4                         0      4        0
..................................................................


WIND (MPH)
  HIGHEST WIND SPEED    20   HIGHEST WIND DIRECTION     W (270)
  HIGHEST GUST SPEED    24   HIGHEST GUST DIRECTION     W (260)
  AVERAGE WIND SPEED     7.8


SKY COVER
  POSSIBLE SUNSHINE  MM
  AVERAGE SKY COVER 0.9


WEATHER CONDITIONS
 THE FOLLOWING WEATHER WAS RECORDED YESTERDAY.
  THUNDERSTORM
  HEAVY RAIN
  RAIN
  LIGHT RAIN
  FOG
  HAZE


RELATIVE HUMIDITY (PERCENT)
 HIGHEST    93           500 AM
 LOWEST     78          1200 PM
 AVERAGE    86

..........................................................


THE MUSCLE SHOALS CLIMATE NORMALS FOR TODAY
                         NORMAL    RECORD    YEAR
 MAXIMUM TEMPERATURE (F)   51        75      1943
                                             1909
 MINIMUM TEMPERATURE (F)   31        -1      1963


SUNRISE AND SUNSET
JANUARY 23 2017.......SUNRISE   654 AM CST   SUNSET   511 PM CST
JANUARY 24 2017.......SUNRISE   654 AM CST   SUNSET   512 PM CST


-  INDICATES NEGATIVE NUMBERS.
R  INDICATES RECORD WAS SET OR TIED.
MM INDICATES DATA IS MISSING.
T  INDICATES TRACE AMOUNT.




$$
