000
CDUS44 KHUN 052125
CLIMSL


CLIMATE REPORT
NATIONAL WEATHER SERVICE HUNTSVILLE AL
424 PM CDT THU MAY 5 2016


...................................

...THE MUSCLE SHOALS CLIMATE SUMMARY FOR MAY 5 2016...
VALID TODAY AS OF 0400 PM LOCAL TIME.

CLIMATE NORMAL PERIOD 1981 TO 2010
CLIMATE RECORD PERIOD 1893 TO 2016


WEATHER ITEM   OBSERVED TIME   RECORD YEAR NORMAL DEPARTURE LAST
                VALUE   (LST)  VALUE       VALUE  FROM      YEAR
                                                  NORMAL
..................................................................
TEMPERATURE (F)
 TODAY
  MAXIMUM         70    246 PM  93    1952  78     -8       84
                                      1902
  MINIMUM         46    521 AM  39    1973  56    -10       54
                                      1903
  AVERAGE         58                        67     -9       69

PRECIPITATION (IN)
  TODAY            0.00          2.49 1908   0.16  -0.16     0.00
  MONTH TO DATE    0.06                      0.78  -0.72     0.00
  SINCE MAR 1      8.25                      9.89  -1.64    11.60
  SINCE JAN 1     15.38                     19.16  -3.78    18.88

SNOWFALL (IN)
  TODAY            0.0
  MONTH TO DATE    0.0
  SINCE MAR 1      0.0
  SINCE JUL 1      T
  SNOW DEPTH       0

DEGREE DAYS
 HEATING
  TODAY            7                         2      5        0
  MONTH TO DATE   11                        10      1       10
  SINCE MAR 1    344                       548   -204      453
  SINCE JUL 1   2345                      3083   -738     3224

 COOLING
  TODAY            0                         4     -4        4
  MONTH TO DATE    8                        16     -8        8
  SINCE MAR 1     92                        80     12       64
  SINCE JAN 1     92                        81     11       64
..................................................................


WIND (MPH)
  HIGHEST WIND SPEED    24   HIGHEST WIND DIRECTION    NW (320)
  HIGHEST GUST SPEED    34   HIGHEST GUST DIRECTION    NW (330)
  AVERAGE WIND SPEED     9.1


SKY COVER
  POSSIBLE SUNSHINE  MM
  AVERAGE SKY COVER 0.0


WEATHER CONDITIONS
 THE FOLLOWING WEATHER WAS RECORDED TODAY.
  NO SIGNIFICANT WEATHER WAS OBSERVED.


RELATIVE HUMIDITY (PERCENT)
 HIGHEST    86           400 AM
 LOWEST     26          1200 PM
 AVERAGE    56

..........................................................


THE MUSCLE SHOALS CLIMATE NORMALS FOR TOMORROW
                         NORMAL    RECORD    YEAR
 MAXIMUM TEMPERATURE (F)   78        92      1952
                                             1949
 MINIMUM TEMPERATURE (F)   56        39      1968


SUNRISE AND SUNSET
MAY  5 2016...........SUNRISE   556 AM CDT   SUNSET   739 PM CDT
MAY  6 2016...........SUNRISE   555 AM CDT   SUNSET   740 PM CDT


-  INDICATES NEGATIVE NUMBERS.
R  INDICATES RECORD WAS SET OR TIED.
MM INDICATES DATA IS MISSING.
T  INDICATES TRACE AMOUNT.




$$
