000
CDUS44 KHUN 300702
CLIMSL


CLIMATE REPORT
NATIONAL WEATHER SERVICE HUNTSVILLE AL
202 AM CDT TUE MAY 30 2017


...................................

...THE MUSCLE SHOALS CLIMATE SUMMARY FOR MAY 29 2017...

CLIMATE NORMAL PERIOD 1981 TO 2010
CLIMATE RECORD PERIOD 1893 TO 2017


WEATHER ITEM   OBSERVED TIME   RECORD YEAR NORMAL DEPARTURE LAST
                VALUE   (LST)  VALUE       VALUE  FROM      YEAR
                                                  NORMAL
..................................................................
TEMPERATURE (F)
 YESTERDAY
  MAXIMUM         81    155 PM  99    1941  84     -3       92
  MINIMUM         64   1154 PM  34    1893  62      2       66
  AVERAGE         73                        73      0       79

PRECIPITATION (IN)
  YESTERDAY        0.37          0.90 2012   0.16   0.21     0.00
  MONTH TO DATE    4.96                      4.77   0.19     1.16
  SINCE MAR 1     13.73                     13.88  -0.15     9.35
  SINCE JAN 1     20.97                     23.15  -2.18    16.48

SNOWFALL (IN)
  YESTERDAY        0.0
  MONTH TO DATE    0.0
  SINCE MAR 1      T
  SINCE JUL 1      T
  SNOW DEPTH       0

DEGREE DAYS
 HEATING
  YESTERDAY        0                         0      0        0
  MONTH TO DATE   34                        29      5       26
  SINCE MAR 1    414                       567   -153      359
  SINCE JUL 1   2094                      3102  -1008     2360

 COOLING
  YESTERDAY        8                         8      0       14
  MONTH TO DATE  161                       162     -1      156
  SINCE MAR 1    301                       226     75      240
  SINCE JAN 1    309                       227     82      240
..................................................................


WIND (MPH)
  HIGHEST WIND SPEED    21   HIGHEST WIND DIRECTION    NW (330)
  HIGHEST GUST SPEED    28   HIGHEST GUST DIRECTION    NW (320)
  AVERAGE WIND SPEED     2.9


SKY COVER
  POSSIBLE SUNSHINE  MM
  AVERAGE SKY COVER 0.4


WEATHER CONDITIONS
 THE FOLLOWING WEATHER WAS RECORDED YESTERDAY.
  THUNDERSTORM
  HEAVY RAIN
  RAIN
  LIGHT RAIN
  FOG


RELATIVE HUMIDITY (PERCENT)
 HIGHEST    93          1000 PM
 LOWEST     62           200 PM
 AVERAGE    78

..........................................................


THE MUSCLE SHOALS CLIMATE NORMALS FOR TODAY
                         NORMAL    RECORD    YEAR
 MAXIMUM TEMPERATURE (F)   84        98      1921
 MINIMUM TEMPERATURE (F)   63        42      1984


SUNRISE AND SUNSET
MAY 30 2017...........SUNRISE   539 AM CDT   SUNSET   757 PM CDT
MAY 31 2017...........SUNRISE   539 AM CDT   SUNSET   758 PM CDT


-  INDICATES NEGATIVE NUMBERS.
R  INDICATES RECORD WAS SET OR TIED.
MM INDICATES DATA IS MISSING.
T  INDICATES TRACE AMOUNT.




$$
