000
CDUS44 KHUN 282123
CLIMSL


CLIMATE REPORT
NATIONAL WEATHER SERVICE HUNTSVILLE AL
422 PM CDT FRI AUG 28 2015


...................................

...THE MUSCLE SHOALS CLIMATE SUMMARY FOR AUGUST 28 2015...
VALID TODAY AS OF 0400 PM LOCAL TIME.

CLIMATE NORMAL PERIOD 1981 TO 2010
CLIMATE RECORD PERIOD 1893 TO 2015


WEATHER ITEM   OBSERVED TIME   RECORD YEAR NORMAL DEPARTURE LAST
                VALUE   (LST)  VALUE       VALUE  FROM      YEAR
                                                  NORMAL
..................................................................
TEMPERATURE (F)
 TODAY
  MAXIMUM         89    253 PM 104    1909  90     -1       95
  MINIMUM         61    543 AM  54    1967  67     -6       67
                                      1927
                                      1917
  AVERAGE         75                        79     -4       81

PRECIPITATION (IN)
  TODAY            0.00          1.10 1923   0.09  -0.09     0.00
  MONTH TO DATE    4.71                      2.84   1.87     3.62
  SINCE JUN 1     11.80                     11.90  -0.10    16.11
  SINCE JAN 1     35.69                     35.40   0.29    32.90

SNOWFALL (IN)
  TODAY            0.0
  MONTH TO DATE    0.0
  SINCE JUN 1      0.0
  SINCE JUL 1      0.0
  SNOW DEPTH       0

DEGREE DAYS
 HEATING
  TODAY            0                         0      0        0
  MONTH TO DATE    0                         0      0        0
  SINCE JUN 1      0                         1     -1        0
  SINCE JUL 1      0                         0      0        0

 COOLING
  TODAY           10                        14     -4       16
  MONTH TO DATE  372                       421    -49      386
  SINCE JUN 1   1372                      1260    112     1154
  SINCE JAN 1   1626                      1504    122     1411
..................................................................


WIND (MPH)
  HIGHEST WIND SPEED    13   HIGHEST WIND DIRECTION    SE (140)
  HIGHEST GUST SPEED    18   HIGHEST GUST DIRECTION    SE (120)
  AVERAGE WIND SPEED     4.5


SKY COVER
  POSSIBLE SUNSHINE  MM
  AVERAGE SKY COVER 0.1


WEATHER CONDITIONS
 THE FOLLOWING WEATHER WAS RECORDED TODAY.
  FOG


RELATIVE HUMIDITY (PERCENT)
 HIGHEST    90           200 AM
 LOWEST     43           100 PM
 AVERAGE    67

..........................................................


THE MUSCLE SHOALS CLIMATE NORMALS FOR TOMORROW
                         NORMAL    RECORD    YEAR
 MAXIMUM TEMPERATURE (F)   90       104      2000
 MINIMUM TEMPERATURE (F)   67        53      1992


SUNRISE AND SUNSET
AUGUST 28 2015........SUNRISE   620 AM CDT   SUNSET   723 PM CDT
AUGUST 29 2015........SUNRISE   621 AM CDT   SUNSET   721 PM CDT


-  INDICATES NEGATIVE NUMBERS.
R  INDICATES RECORD WAS SET OR TIED.
MM INDICATES DATA IS MISSING.
T  INDICATES TRACE AMOUNT.




$$
