000
CDUS44 KHUN 300701
CLIMSL


CLIMATE REPORT
NATIONAL WEATHER SERVICE HUNTSVILLE AL
201 AM CDT MON MAR 30 2015


...................................

...THE MUSCLE SHOALS CLIMATE SUMMARY FOR MARCH 29 2015...

CLIMATE NORMAL PERIOD 1981 TO 2010
CLIMATE RECORD PERIOD 1893 TO 2015


WEATHER ITEM   OBSERVED TIME   RECORD YEAR NORMAL DEPARTURE LAST
                VALUE   (LST)  VALUE       VALUE  FROM      YEAR
                                                  NORMAL
..................................................................
TEMPERATURE (F)
 YESTERDAY
  MAXIMUM         63    439 PM  86    2007  69     -6       62
  MINIMUM         28    558 AM  26    1937  45    -17       45
  AVERAGE         46                        57    -11       54

PRECIPITATION (IN)
  YESTERDAY        T             2.96 1975   0.15  -0.15     0.62
  MONTH TO DATE    5.01                      4.45   0.56     2.62
  SINCE MAR 1      5.01                      4.45   0.56     2.62
  SINCE JAN 1     12.29                     13.72  -1.43     8.31

SNOWFALL (IN)
  YESTERDAY        0.0
  MONTH TO DATE    0.7
  SINCE MAR 1      0.7
  SINCE JUL 1      4.2
  SNOW DEPTH       0

DEGREE DAYS
 HEATING
  YESTERDAY       19                         9     10       11
  MONTH TO DATE  337                       360    -23      423
  SINCE MAR 1    337                       360    -23      423
  SINCE JUL 1   3108                      2895    213     3194

 COOLING
  YESTERDAY        0                         1     -1        0
  MONTH TO DATE    2                         6     -4        0
  SINCE MAR 1      2                         6     -4        0
  SINCE JAN 1      2                         7     -5        0
..................................................................


WIND (MPH)
  HIGHEST WIND SPEED    16   HIGHEST WIND DIRECTION     S (160)
  HIGHEST GUST SPEED    22   HIGHEST GUST DIRECTION     S (180)
  AVERAGE WIND SPEED     8.0


SKY COVER
  POSSIBLE SUNSHINE  MM
  AVERAGE SKY COVER 0.3


WEATHER CONDITIONS
 THE FOLLOWING WEATHER WAS RECORDED YESTERDAY.
  THUNDERSTORM


RELATIVE HUMIDITY (PERCENT)
 HIGHEST    85           100 AM
 LOWEST     26          1100 AM
 AVERAGE    56

..........................................................


THE MUSCLE SHOALS CLIMATE NORMALS FOR TODAY
                         NORMAL    RECORD    YEAR
 MAXIMUM TEMPERATURE (F)   69        85      1998
                                             1977
                                             1963
 MINIMUM TEMPERATURE (F)   45        24      1964


SUNRISE AND SUNSET
MARCH 30 2015.........SUNRISE   641 AM CDT   SUNSET   710 PM CDT
MARCH 31 2015.........SUNRISE   639 AM CDT   SUNSET   711 PM CDT


-  INDICATES NEGATIVE NUMBERS.
R  INDICATES RECORD WAS SET OR TIED.
MM INDICATES DATA IS MISSING.
T  INDICATES TRACE AMOUNT.




$$
