000
CDUS45 KMSO 272230
CLIMSO


CLIMATE REPORT
NATIONAL WEATHER SERVICE MISSOULA, MT
430 PM MDT WED JUL 27 2016


...................................

...THE MISSOULA MT CLIMATE SUMMARY FOR JULY 27 2016...
VALID TODAY AS OF 0400 PM LOCAL TIME.

CLIMATE NORMAL PERIOD 1981 TO 2010
CLIMATE RECORD PERIOD 1893 TO 2016


WEATHER ITEM   OBSERVED TIME   RECORD YEAR NORMAL DEPARTURE LAST
                VALUE   (LST)  VALUE       VALUE  FROM      YEAR
                                                  NORMAL
..................................................................
TEMPERATURE (F)
 TODAY
  MAXIMUM         91    236 PM 103    1939  88      3       62
  MINIMUM         54    524 AM  43    1983  53      1       47
                                      1969
                                      1964
  AVERAGE         73                        70      3       55

PRECIPITATION (IN)
  TODAY            0.00          1.31 1909   0.02  -0.02     0.43
  MONTH TO DATE    2.06                      0.87   1.19     1.52
  SINCE OCT 1     11.31                     11.65  -0.34    11.26
  SINCE JAN 1      7.92                      8.72  -0.80     5.95

SNOWFALL (IN)
  TODAY            0.0
  MONTH TO DATE    0.0
  SINCE JAN 1     13.1
  SINCE JUL 1      0.0
  SNOW DEPTH       0

DEGREE DAYS
 HEATING
  TODAY            0                         1     -1       10
  MONTH TO DATE   57                        38     19       18
  SINCE JUN 1    176                       198    -22       65
  SINCE JUL 1     57                        38     19       18

 COOLING
  TODAY            8                         6      2        0
  MONTH TO DATE   82                       128    -46      130
  SINCE JUN 1    153                       165    -12      272
  SINCE JAN 1    153                       171    -18      272
..................................................................


WIND (MPH)
  HIGHEST WIND SPEED    13   HIGHEST WIND DIRECTION    NW (330)
  HIGHEST GUST SPEED    17   HIGHEST GUST DIRECTION    NW (330)
  AVERAGE WIND SPEED     1.2


SKY COVER
  POSSIBLE SUNSHINE  MM
  AVERAGE SKY COVER 0.0


WEATHER CONDITIONS
 THE FOLLOWING WEATHER WAS RECORDED TODAY.
  NO SIGNIFICANT WEATHER WAS OBSERVED.


RELATIVE HUMIDITY (PERCENT)
 HIGHEST    83           600 AM
 LOWEST     20           200 PM
 AVERAGE    52

..........................................................


THE MISSOULA MT CLIMATE NORMALS FOR TOMORROW
                         NORMAL    RECORD    YEAR
 MAXIMUM TEMPERATURE (F)   89       101      1968
 MINIMUM TEMPERATURE (F)   53        37      1949


SUNRISE AND SUNSET
JULY 27 2016..........SUNRISE   611 AM MDT   SUNSET   914 PM MDT
JULY 28 2016..........SUNRISE   612 AM MDT   SUNSET   913 PM MDT


-  INDICATES NEGATIVE NUMBERS.
R  INDICATES RECORD WAS SET OR TIED.
MM INDICATES DATA IS MISSING.
T  INDICATES TRACE AMOUNT.




$$
