000
CDUS45 KMSO 200746
CLIMSO


CLIMATE REPORT
NATIONAL WEATHER SERVICE MISSOULA, MT
1246 AM MST SAT DEC 20 2014


...................................

...THE MISSOULA MT CLIMATE SUMMARY FOR DECEMBER 19 2014...

CLIMATE NORMAL PERIOD 1981 TO 2010
CLIMATE RECORD PERIOD 1893 TO 2014


WEATHER ITEM   OBSERVED TIME   RECORD YEAR NORMAL DEPARTURE LAST
                VALUE   (LST)  VALUE       VALUE  FROM      YEAR
                                                  NORMAL
..................................................................
TEMPERATURE (F)
 YESTERDAY
  MAXIMUM         33    223 PM  56    1936  30      3       34
                                      1917
  MINIMUM         28   1154 PM -19    1924  16     12       19
  AVERAGE         31                        23      8       27

PRECIPITATION (IN)
  YESTERDAY        0.07          0.20 1944   0.03   0.04      T
  MONTH TO DATE    0.43                      0.64  -0.21     0.55
  SINCE OCT 1      4.48                      2.53   1.95     1.14
  SINCE JAN 1     14.78                     13.73   1.05     8.87

SNOWFALL (IN)
  YESTERDAY        T
  MONTH TO DATE    2.5
  SINCE JAN 1     64.4
  SINCE JUL 1     12.5
  SNOW DEPTH       0

DEGREE DAYS
 HEATING
  YESTERDAY       34                        42     -8       38
  MONTH TO DATE  686                       772    -86      877
  SINCE DEC 1    686                       772    -86      877
  SINCE JUL 1   2442                      2668   -226     2732

 COOLING
  YESTERDAY        0                         0      0        0
  MONTH TO DATE    0                         0      0        0
  SINCE DEC 1      0                         0      0        0
  SINCE JAN 1    390                       332     58      579
..................................................................


WIND (MPH)
  HIGHEST WIND SPEED     7   HIGHEST WIND DIRECTION     N (360)
  HIGHEST GUST SPEED     9   HIGHEST GUST DIRECTION     N (360)
  AVERAGE WIND SPEED     1.7


SKY COVER
  POSSIBLE SUNSHINE  MM
  AVERAGE SKY COVER 1.0


WEATHER CONDITIONS
 THE FOLLOWING WEATHER WAS RECORDED YESTERDAY.
  LIGHT RAIN
  FOG
  FOG W/VISIBILITY <= 1/4 MILE


RELATIVE HUMIDITY (PERCENT)
 HIGHEST   100           400 AM
 LOWEST     82          1100 AM
 AVERAGE    91

..........................................................


THE MISSOULA MT CLIMATE NORMALS FOR TODAY
                         NORMAL    RECORD    YEAR
 MAXIMUM TEMPERATURE (F)   30        49      1933
 MINIMUM TEMPERATURE (F)   16       -20      1998


SUNRISE AND SUNSET
DECEMBER 20 2014......SUNRISE   818 AM MST   SUNSET   450 PM MST
DECEMBER 21 2014......SUNRISE   819 AM MST   SUNSET   450 PM MST


-  INDICATES NEGATIVE NUMBERS.
R  INDICATES RECORD WAS SET OR TIED.
MM INDICATES DATA IS MISSING.
T  INDICATES TRACE AMOUNT.




$$
