135
CDUS45 KMSO 240738
CLIMSO


CLIMATE REPORT
NATIONAL WEATHER SERVICE MISSOULA, MT
1237 AM MST FRI NOV 24 2017


...................................

...THE MISSOULA MT CLIMATE SUMMARY FOR NOVEMBER 23 2017...

CLIMATE NORMAL PERIOD 1981 TO 2010
CLIMATE RECORD PERIOD 1893 TO 2017


WEATHER ITEM   OBSERVED TIME   RECORD YEAR NORMAL DEPARTURE LAST
                VALUE   (LST)  VALUE       VALUE  FROM      YEAR
                                                  NORMAL
..................................................................
TEMPERATURE (F)
 YESTERDAY
  MAXIMUM         57    149 PM  59    1954  37     20       40
                                      1933
  MINIMUM         38    613 AM  -8    1985  23     15       24
                                      1931
  AVERAGE         48                        30     18       32

PRECIPITATION (IN)
  YESTERDAY        0.26          0.56 1998   0.03   0.23      T
  MONTH TO DATE    1.61                      0.76   0.85     0.27
  SINCE OCT 1      2.20                      1.64   0.56     3.10
  SINCE JAN 1     13.62                     12.84   0.78    12.43

SNOWFALL (IN)
  YESTERDAY        0.0
  MONTH TO DATE    5.7
  SINCE JAN 1     44.3
  SINCE JUL 1      6.1
  SNOW DEPTH       0

DEGREE DAYS
 HEATING
  YESTERDAY       17                        35    -18       33
  MONTH TO DATE  717                       698     19      579
  SINCE SEP 1   1681                      1556    125     1428
  SINCE JUL 1   1682                      1640     42     1526

 COOLING
  YESTERDAY        0                         0      0        0
  MONTH TO DATE    0                         0      0        0
  SINCE SEP 1     34                        15     19        5
  SINCE JAN 1    509                       332    177      287
..................................................................


WIND (MPH)
  HIGHEST WIND SPEED    29   HIGHEST WIND DIRECTION    NW (300)
  HIGHEST GUST SPEED    38   HIGHEST GUST DIRECTION    NW (300)
  AVERAGE WIND SPEED     6.8


SKY COVER
  POSSIBLE SUNSHINE  MM
  AVERAGE SKY COVER 1.0


WEATHER CONDITIONS
 THE FOLLOWING WEATHER WAS RECORDED YESTERDAY.
  LIGHT RAIN
  FOG
  FOG W/VISIBILITY <= 1/4 MILE


RELATIVE HUMIDITY (PERCENT)
 HIGHEST   100          1200 AM
 LOWEST     72          1200 PM
 AVERAGE    86

..........................................................


THE MISSOULA MT CLIMATE NORMALS FOR TODAY
                         NORMAL    RECORD    YEAR
 MAXIMUM TEMPERATURE (F)   37        58      1960
 MINIMUM TEMPERATURE (F)   22       -11      2010


SUNRISE AND SUNSET
NOVEMBER 24 2017......SUNRISE   752 AM MST   SUNSET   453 PM MST
NOVEMBER 25 2017......SUNRISE   754 AM MST   SUNSET   453 PM MST


-  INDICATES NEGATIVE NUMBERS.
R  INDICATES RECORD WAS SET OR TIED.
MM INDICATES DATA IS MISSING.
T  INDICATES TRACE AMOUNT.




$$
