000
CDUS45 KMSO 190739
CLIMSO


CLIMATE REPORT
NATIONAL WEATHER SERVICE MISSOULA, MT
139 AM MDT SAT APR 19 2014


...................................

...THE MISSOULA MT CLIMATE SUMMARY FOR APRIL 18 2014...

CLIMATE NORMAL PERIOD 1981 TO 2010
CLIMATE RECORD PERIOD 1893 TO 2014


WEATHER ITEM   OBSERVED TIME   RECORD YEAR NORMAL DEPARTURE LAST
                VALUE   (LST)  VALUE       VALUE  FROM      YEAR
                                                  NORMAL
..................................................................
TEMPERATURE (F)
 YESTERDAY
  MAXIMUM         53    141 PM  88    1936  59     -6       54
  MINIMUM         31   1159 PM  18    1977  33     -2       23
  AVERAGE         42                        46     -4       39

PRECIPITATION (IN)
  YESTERDAY        0.03          1.39 1912   0.04  -0.01     0.00
  MONTH TO DATE    0.27                      0.72  -0.45     0.22
  SINCE OCT 1      7.09                      6.20   0.89     7.07
  SINCE JAN 1      5.38                      3.27   2.11     2.28

SNOWFALL (IN)
  YESTERDAY        0.0
  MONTH TO DATE    T
  SINCE JAN 1     51.8
  SINCE JUL 1     65.7
  SNOW DEPTH       0

DEGREE DAYS
 HEATING
  YESTERDAY       23                        19      4       26
  MONTH TO DATE  384                       371     13      416
  SINCE MAR 1   1252                      1185     67     1241
  SINCE JUL 1   6762                      6554    208     6232

 COOLING
  YESTERDAY        0                         0      0        0
  MONTH TO DATE    0                         0      0        0
  SINCE MAR 1      0                         0      0        0
  SINCE JAN 1      0                         0      0        0
..................................................................


WIND (MPH)
  HIGHEST WIND SPEED    35   HIGHEST WIND DIRECTION     W (280)
  HIGHEST GUST SPEED    43   HIGHEST GUST DIRECTION     W (270)
  AVERAGE WIND SPEED    10.5


SKY COVER
  POSSIBLE SUNSHINE  MM
  AVERAGE SKY COVER 0.6


WEATHER CONDITIONS
 THE FOLLOWING WEATHER WAS RECORDED YESTERDAY.
  LIGHT RAIN
  FOG


RELATIVE HUMIDITY (PERCENT)
 HIGHEST    92           300 AM
 LOWEST     31           300 PM
 AVERAGE    62

..........................................................


THE MISSOULA MT CLIMATE NORMALS FOR TODAY
                         NORMAL    RECORD    YEAR
 MAXIMUM TEMPERATURE (F)   59        83      1910
 MINIMUM TEMPERATURE (F)   33        14      1951


SUNRISE AND SUNSET
APRIL 19 2014.........SUNRISE   641 AM MDT   SUNSET   830 PM MDT
APRIL 20 2014.........SUNRISE   639 AM MDT   SUNSET   832 PM MDT


-  INDICATES NEGATIVE NUMBERS.
R  INDICATES RECORD WAS SET OR TIED.
MM INDICATES DATA IS MISSING.
T  INDICATES TRACE AMOUNT.




$$
