000
CDUS45 KMSO 250738
CLIMSO


CLIMATE REPORT
NATIONAL WEATHER SERVICE MISSOULA, MT
138 AM MDT THU MAY 25 2017


...................................

...THE MISSOULA MT CLIMATE SUMMARY FOR MAY 24 2017...

CLIMATE NORMAL PERIOD 1981 TO 2010
CLIMATE RECORD PERIOD 1893 TO 2017


WEATHER ITEM   OBSERVED TIME   RECORD YEAR NORMAL DEPARTURE LAST
                VALUE   (LST)  VALUE       VALUE  FROM      YEAR
                                                  NORMAL
..................................................................
TEMPERATURE (F)
 YESTERDAY
  MAXIMUM         69    223 AM  93    1934  70     -1       61
  MINIMUM         47   1159 PM  29    1964  42      5       40
  AVERAGE         58                        56      2       51

PRECIPITATION (IN)
  YESTERDAY        0.00          1.31 1953   0.08  -0.08     0.16
  MONTH TO DATE    1.33                      1.42  -0.09     1.46
  SINCE OCT 1     12.63                      8.12   4.51     8.13
  SINCE JAN 1      7.97                      5.19   2.78     4.74

SNOWFALL (IN)
  YESTERDAY        0.0
  MONTH TO DATE    2.7
  SINCE JAN 1     38.2
  SINCE JUL 1     67.3
  SNOW DEPTH       0

DEGREE DAYS
 HEATING
  YESTERDAY        7                         9     -2       14
  MONTH TO DATE  304                       299      5      254
  SINCE MAR 1   1676                      1693    -17     1468
  SINCE JUL 1   7452                      7062    390     6652

 COOLING
  YESTERDAY        0                         0      0        0
  MONTH TO DATE    0                         0      0        0
  SINCE MAR 1      0                         0      0        0
  SINCE JAN 1      0                         0      0        0
..................................................................


WIND (MPH)
  HIGHEST WIND SPEED    32   HIGHEST WIND DIRECTION     W (260)
  HIGHEST GUST SPEED    42   HIGHEST GUST DIRECTION     W (260)
  AVERAGE WIND SPEED    17.3


SKY COVER
  POSSIBLE SUNSHINE  MM
  AVERAGE SKY COVER 0.5


WEATHER CONDITIONS
 THE FOLLOWING WEATHER WAS RECORDED YESTERDAY.
  NO SIGNIFICANT WEATHER WAS OBSERVED.


RELATIVE HUMIDITY (PERCENT)
 HIGHEST    72           100 AM
 LOWEST     20           100 PM
 AVERAGE    46

..........................................................


THE MISSOULA MT CLIMATE NORMALS FOR TODAY
                         NORMAL    RECORD    YEAR
 MAXIMUM TEMPERATURE (F)   70        94      1928
 MINIMUM TEMPERATURE (F)   42        26      1964


SUNRISE AND SUNSET
MAY 25 2017...........SUNRISE   550 AM MDT   SUNSET   917 PM MDT
MAY 26 2017...........SUNRISE   550 AM MDT   SUNSET   918 PM MDT


-  INDICATES NEGATIVE NUMBERS.
R  INDICATES RECORD WAS SET OR TIED.
MM INDICATES DATA IS MISSING.
T  INDICATES TRACE AMOUNT.




$$
