000
CDUS43 KMPX 160630
CLIMSP


CLIMATE REPORT
NATIONAL WEATHER SERVICE CHANHASSEN MN
125 AM CDT TUE SEP 16 2014


...................................

...THE TWIN CITIES MN CLIMATE SUMMARY FOR SEPTEMBER 15 2014...

CLIMATE NORMAL PERIOD 1981 TO 2010
CLIMATE RECORD PERIOD 1871 TO 2014


WEATHER ITEM   OBSERVED TIME   RECORD YEAR NORMAL DEPARTURE LAST
                VALUE   (LST)  VALUE       VALUE  FROM      YEAR
                                                  NORMAL
..................................................................
TEMPERATURE (F)
 YESTERDAY
  MAXIMUM         62    332 PM  98    1939  72    -10       67
  MINIMUM         48   1159 PM  36    2011  53     -5       50
                                      2007
                                      1964
  AVERAGE         55                        62     -7       59

PRECIPITATION (IN)
  YESTERDAY        0.06          2.59 1992   0.09  -0.03     0.33
  MONTH TO DATE    0.57                      1.59  -1.02     0.82
  SINCE SEP 1      0.57                      1.59  -1.02     0.82
  SINCE JAN 1     31.57                     23.76   7.81    27.26

SNOWFALL (IN)
  YESTERDAY        0.0           T    1916   0.0    0.0      0.0
  MONTH TO DATE    0.0                       0.0    0.0      0.0
  SINCE SEP 1      0.0                       0.0    0.0      0.0
  SINCE JUL 1      0.0                       0.0    0.0       T
  SNOW DEPTH       0

DEGREE DAYS
 HEATING
  YESTERDAY       10                         5      5        6
  MONTH TO DATE   73                        44     29       17
  SINCE SEP 1     73                        44     29       17
  SINCE JUL 1     80                        63     17       25

 COOLING
  YESTERDAY        0                         2     -2        0
  MONTH TO DATE   34                        48    -14      104
  SINCE SEP 1     34                        48    -14      104
  SINCE JAN 1    730                       729      1      953
..................................................................


WIND (MPH)
  HIGHEST WIND SPEED    16   HIGHEST WIND DIRECTION    NW (310)
  HIGHEST GUST SPEED    24   HIGHEST GUST DIRECTION     N (340)
  AVERAGE WIND SPEED     5.9


SKY COVER
  POSSIBLE SUNSHINE  MM
  AVERAGE SKY COVER 0.6


WEATHER CONDITIONS
 THE FOLLOWING WEATHER WAS RECORDED YESTERDAY.
  LIGHT RAIN
  FOG


RELATIVE HUMIDITY (PERCENT)
 HIGHEST    93           600 AM
 LOWEST     39           300 PM
 AVERAGE    66

..........................................................


THE TWIN CITIES MN CLIMATE NORMALS FOR TODAY
                         NORMAL    RECORD    YEAR
 MAXIMUM TEMPERATURE (F)   72        94      1955
 MINIMUM TEMPERATURE (F)   52        38      1873


SUNRISE AND SUNSET
SEPTEMBER 16 2014.....SUNRISE   653 AM CDT   SUNSET   722 PM CDT
SEPTEMBER 17 2014.....SUNRISE   654 AM CDT   SUNSET   720 PM CDT


-  INDICATES NEGATIVE NUMBERS.
R  INDICATES RECORD WAS SET OR TIED.
MM INDICATES DATA IS MISSING.
T  INDICATES TRACE AMOUNT.




$$
