000
CDUS43 KMPX 170802
CLIMSP


CLIMATE REPORT
NATIONAL WEATHER SERVICE CHANHASSEN MN
201 AM CST SAT FEB 17 2018


...................................

...THE TWIN CITIES MN CLIMATE SUMMARY FOR FEBRUARY 16 2018...

CLIMATE NORMAL PERIOD 1981 TO 2010
CLIMATE RECORD PERIOD 1871 TO 2018


WEATHER ITEM   OBSERVED TIME   RECORD YEAR NORMAL DEPARTURE LAST
                VALUE   (LST)  VALUE       VALUE  FROM      YEAR
                                                  NORMAL
..................................................................
TEMPERATURE (F)
 YESTERDAY
  MAXIMUM         20   1159 PM  60    1981  29     -9       42
  MINIMUM          0    627 AM -26    1936  13    -13       27
  AVERAGE         10                        21    -11       35

PRECIPITATION (IN)
  YESTERDAY        0.00          0.40 1878   0.03  -0.03     0.00
  MONTH TO DATE    0.18                      0.38  -0.20     0.03
  SINCE DEC 1      2.52                      2.44   0.08     3.15
  SINCE JAN 1      1.73                      1.28   0.45     1.01

SNOWFALL (IN)
  YESTERDAY        0.0           3.2  1938   0.2   -0.2      0.0
  MONTH TO DATE    3.2                       4.1   -0.9      0.3
  SINCE DEC 1     30.0                      28.2    1.8     24.5
  SINCE JUL 1     30.7                      38.1   -7.4     26.8
  SNOW DEPTH       3

DEGREE DAYS
 HEATING
  YESTERDAY       55                        44     11       30
  MONTH TO DATE  879                       740    139      629
  SINCE DEC 1   3793                      3675    118     3347
  SINCE JUL 1   5203                      5294    -91     4391

 COOLING
  YESTERDAY        0                         0      0        0
  MONTH TO DATE    0                         0      0        0
  SINCE DEC 1      0                         0      0        0
  SINCE JAN 1      0                         0      0        0
..................................................................


WIND (MPH)
  HIGHEST WIND SPEED    23   HIGHEST WIND DIRECTION    NW (320)
  HIGHEST GUST SPEED    30   HIGHEST GUST DIRECTION    NW (310)
  AVERAGE WIND SPEED    10.7


SKY COVER
  POSSIBLE SUNSHINE  MM
  AVERAGE SKY COVER 0.2


WEATHER CONDITIONS
 THE FOLLOWING WEATHER WAS RECORDED YESTERDAY.
  NO SIGNIFICANT WEATHER WAS OBSERVED.


RELATIVE HUMIDITY (PERCENT)
 HIGHEST    76           900 PM
 LOWEST     47           400 PM
 AVERAGE    62

..........................................................


THE TWIN CITIES MN CLIMATE NORMALS FOR TODAY
                         NORMAL    RECORD    YEAR
 MAXIMUM TEMPERATURE (F)   30        63      2017
 MINIMUM TEMPERATURE (F)   14       -20      1936
                                             1903


SUNRISE AND SUNSET
FEBRUARY 17 2018......SUNRISE   710 AM CST   SUNSET   544 PM CST
FEBRUARY 18 2018......SUNRISE   709 AM CST   SUNSET   545 PM CST


-  INDICATES NEGATIVE NUMBERS.
R  INDICATES RECORD WAS SET OR TIED.
MM INDICATES DATA IS MISSING.
T  INDICATES TRACE AMOUNT.




$$
