000
CDUS43 KMPX 290627
CLIMSP


CLIMATE REPORT
NATIONAL WEATHER SERVICE CHANHASSEN MN
126 AM CDT SAT APR 29 2017


...................................

...THE TWIN CITIES MN CLIMATE SUMMARY FOR APRIL 28 2017...

CLIMATE NORMAL PERIOD 1981 TO 2010
CLIMATE RECORD PERIOD 1871 TO 2017


WEATHER ITEM   OBSERVED TIME   RECORD YEAR NORMAL DEPARTURE LAST
                VALUE   (LST)  VALUE       VALUE  FROM      YEAR
                                                  NORMAL
..................................................................
TEMPERATURE (F)
 YESTERDAY
  MAXIMUM         51    508 PM  91    2004  64    -13       43
  MINIMUM         35    145 AM  26    1965  43     -8       37
                                      1958
                                      1907
  AVERAGE         43                        53    -10       40

PRECIPITATION (IN)
  YESTERDAY        0.00          1.21 1888   0.11  -0.11     0.65
  MONTH TO DATE    3.74                      2.44   1.30     2.84
  SINCE MAR 1      4.42                      4.33   0.09     5.10
  SINCE JAN 1      6.04                      6.00   0.04     6.50

SNOWFALL (IN)
  YESTERDAY        0.0           4.5  1907   0.0    0.0      0.0
                                      1994
  MONTH TO DATE    0.5                       2.3   -1.8      0.5
  SINCE MAR 1      5.2                      12.6   -7.4      5.9
  SINCE JUL 1     32.0                      54.3  -22.3     36.7
  SNOW DEPTH       0

DEGREE DAYS
 HEATING
  YESTERDAY       22                        12     10       25
  MONTH TO DATE  389                       508   -119      476
  SINCE MAR 1   1344                      1506   -162     1204
  SINCE JUL 1   6045                      7296  -1251     6069

 COOLING
  YESTERDAY        0                         0      0        0
  MONTH TO DATE    0                         0      0        8
  SINCE MAR 1      0                         0      0        8
  SINCE JAN 1      0                         0      0        8
..................................................................


WIND (MPH)
  HIGHEST WIND SPEED    17   HIGHEST WIND DIRECTION    NE (30)
  HIGHEST GUST SPEED    23   HIGHEST GUST DIRECTION     N (20)
  AVERAGE WIND SPEED     7.6


SKY COVER
  POSSIBLE SUNSHINE  MM
  AVERAGE SKY COVER 0.7


WEATHER CONDITIONS
 THE FOLLOWING WEATHER WAS RECORDED YESTERDAY.
  NO SIGNIFICANT WEATHER WAS OBSERVED.


RELATIVE HUMIDITY (PERCENT)
 HIGHEST    75           500 AM
 LOWEST     41           300 PM
 AVERAGE    58

..........................................................


THE TWIN CITIES MN CLIMATE NORMALS FOR TODAY
                         NORMAL    RECORD    YEAR
 MAXIMUM TEMPERATURE (F)   64        92      1952
 MINIMUM TEMPERATURE (F)   43        22      1958


SUNRISE AND SUNSET
APRIL 29 2017.........SUNRISE   605 AM CDT   SUNSET   816 PM CDT
APRIL 30 2017.........SUNRISE   604 AM CDT   SUNSET   817 PM CDT


-  INDICATES NEGATIVE NUMBERS.
R  INDICATES RECORD WAS SET OR TIED.
MM INDICATES DATA IS MISSING.
T  INDICATES TRACE AMOUNT.




$$
