000
CDUS43 KMPX 211125
CLIMSP


CLIMATE REPORT
NATIONAL WEATHER SERVICE CHANHASSEN MN
524 AM CST SUN DEC 21 2014


...................................

...THE TWIN CITIES MN CLIMATE SUMMARY FOR DECEMBER 20 2014...

CLIMATE NORMAL PERIOD 1981 TO 2010
CLIMATE RECORD PERIOD 1871 TO 2014


WEATHER ITEM   OBSERVED TIME   RECORD YEAR NORMAL DEPARTURE LAST
                VALUE   (LST)  VALUE       VALUE  FROM      YEAR
                                                  NORMAL
..................................................................
TEMPERATURE (F)
 YESTERDAY
  MAXIMUM         32    819 PM  51    1967  26      6       20
  MINIMUM         29    704 AM -24    1916  11     18       15
  AVERAGE         31                        18     13       18

PRECIPITATION (IN)
  YESTERDAY        0.00          0.74 1902   0.04  -0.04     0.02
  MONTH TO DATE    0.28                      0.78  -0.50     1.08
  SINCE DEC 1      0.28                      0.78  -0.50     1.08
  SINCE JAN 1     34.82                     30.23   4.59    32.39

SNOWFALL (IN)
  YESTERDAY        0.0           4.6  2010   0.3   -0.3      0.3
  MONTH TO DATE    1.3                       7.9   -6.6     10.7
  SINCE DEC 1      1.3                       7.9   -6.6     10.7
  SINCE JUL 1     10.7                      17.8   -7.1     11.8
  SNOW DEPTH       1

DEGREE DAYS
 HEATING
  YESTERDAY       34                        47    -13       47
  MONTH TO DATE  784                       876    -92     1033
  SINCE DEC 1    784                       876    -92     1033
  SINCE JUL 1   2577                      2495     82     2534

 COOLING
  YESTERDAY        0                         0      0        0
  MONTH TO DATE    0                         0      0        0
  SINCE DEC 1      0                         0      0        0
  SINCE JAN 1    759                       753      6      983
..................................................................


WIND (MPH)
  HIGHEST WIND SPEED    16   HIGHEST WIND DIRECTION     S (170)
  HIGHEST GUST SPEED    19   HIGHEST GUST DIRECTION     S (160)
  AVERAGE WIND SPEED     9.0


SKY COVER
  POSSIBLE SUNSHINE  MM
  AVERAGE SKY COVER 1.0


WEATHER CONDITIONS
 THE FOLLOWING WEATHER WAS RECORDED YESTERDAY.
  FOG
  HAZE


RELATIVE HUMIDITY (PERCENT)
 HIGHEST    85          1200 AM
 LOWEST     78          1200 PM
 AVERAGE    82

..........................................................


THE TWIN CITIES MN CLIMATE NORMALS FOR TODAY
                         NORMAL    RECORD    YEAR
 MAXIMUM TEMPERATURE (F)   25        56      1877
 MINIMUM TEMPERATURE (F)   11       -24      1916


SUNRISE AND SUNSET
DECEMBER 21 2014......SUNRISE   748 AM CST   SUNSET   434 PM CST
DECEMBER 22 2014......SUNRISE   748 AM CST   SUNSET   435 PM CST


-  INDICATES NEGATIVE NUMBERS.
R  INDICATES RECORD WAS SET OR TIED.
MM INDICATES DATA IS MISSING.
T  INDICATES TRACE AMOUNT.




$$
