000
CDUS43 KMPX 030756
CLIMSP


CLIMATE REPORT
NATIONAL WEATHER SERVICE CHANHASSEN MN
256 AM CDT WED JUN 3 2015


...................................

...THE TWIN CITIES MN CLIMATE SUMMARY FOR JUNE 2 2015...

CLIMATE NORMAL PERIOD 1981 TO 2010
CLIMATE RECORD PERIOD 1871 TO 2015


WEATHER ITEM   OBSERVED TIME   RECORD YEAR NORMAL DEPARTURE LAST
                VALUE   (LST)  VALUE       VALUE  FROM      YEAR
                                                  NORMAL
..................................................................
TEMPERATURE (F)
 YESTERDAY
  MAXIMUM         76    458 PM  93    1940  74      2       80
  MINIMUM         54    512 AM  35    1946  54      0       60
  AVERAGE         65                        64      1       70

PRECIPITATION (IN)
  YESTERDAY        0.00          2.00 1897   0.12  -0.12     0.02
  MONTH TO DATE    0.00                      0.24  -0.24     2.39
  SINCE JUN 1      0.00                      0.24  -0.24     2.39
  SINCE JAN 1      7.33                      9.82  -2.49    16.86

SNOWFALL (IN)
  YESTERDAY        0.0           0.0    MM   0.0    0.0      0.0
  MONTH TO DATE    0.0                       0.0    0.0      0.0
  SINCE JUN 1      0.0                       0.0    0.0      0.0
  SINCE JUL 1     32.4                      54.4  -22.0     69.8
  SNOW DEPTH       0

DEGREE DAYS
 HEATING
  YESTERDAY        0                         3     -3        0
  MONTH TO DATE    4                         7     -3        0
  SINCE JUN 1      4                         7     -3        0
  SINCE JUL 1   7525                      7543    -18     8576

 COOLING
  YESTERDAY        0                         3     -3        5
  MONTH TO DATE    0                         6     -6        9
  SINCE JUN 1      0                         6     -6        9
  SINCE JAN 1     27                        48    -21       61
..................................................................


WIND (MPH)
  HIGHEST WIND SPEED    22   HIGHEST WIND DIRECTION     S (160)
  HIGHEST GUST SPEED    29   HIGHEST GUST DIRECTION    SE (150)
  AVERAGE WIND SPEED    12.4


SKY COVER
  POSSIBLE SUNSHINE  MM
  AVERAGE SKY COVER 0.5


WEATHER CONDITIONS
 THE FOLLOWING WEATHER WAS RECORDED YESTERDAY.
  NO SIGNIFICANT WEATHER WAS OBSERVED.


RELATIVE HUMIDITY (PERCENT)
 HIGHEST    64           400 AM
 LOWEST     43           500 PM
 AVERAGE    54

..........................................................


THE TWIN CITIES MN CLIMATE NORMALS FOR TODAY
                         NORMAL    RECORD    YEAR
 MAXIMUM TEMPERATURE (F)   75        92      1923
 MINIMUM TEMPERATURE (F)   55        34      1945


SUNRISE AND SUNSET
JUNE  3 2015..........SUNRISE   529 AM CDT   SUNSET   853 PM CDT
JUNE  4 2015..........SUNRISE   529 AM CDT   SUNSET   854 PM CDT


-  INDICATES NEGATIVE NUMBERS.
R  INDICATES RECORD WAS SET OR TIED.
MM INDICATES DATA IS MISSING.
T  INDICATES TRACE AMOUNT.




$$
