000
CDUS43 KMPX 010648
CLIMSP


CLIMATE REPORT
NATIONAL WEATHER SERVICE CHANHASSEN MN
146 AM CDT FRI AUG 1 2014


...................................

...THE TWIN CITIES MN CLIMATE SUMMARY FOR JULY 31 2014...

CLIMATE NORMAL PERIOD 1981 TO 2010
CLIMATE RECORD PERIOD 1871 TO 2014


WEATHER ITEM   OBSERVED TIME   RECORD YEAR NORMAL DEPARTURE LAST
                VALUE   (LST)  VALUE       VALUE  FROM      YEAR
                                                  NORMAL
..................................................................
TEMPERATURE (F)
 YESTERDAY
  MAXIMUM         84    234 PM 105    1988  83      1       83
  MINIMUM         63    628 AM  47    1924  64     -1       63
  AVERAGE         74                        73      1       73

PRECIPITATION (IN)
  YESTERDAY        0.00          0.79 1911   0.14  -0.14      T
  MONTH TO DATE    2.27                      4.04  -1.77     3.51
  SINCE JUN 1     13.63                      8.29   5.34     8.68
  SINCE JAN 1     28.10                     17.87  10.23    24.37

SNOWFALL (IN)
  YESTERDAY        0.0           0.0    MM   0.0    0.0      0.0
  MONTH TO DATE    0.0                       0.0    0.0      0.0
  SINCE JUN 1      0.0                       0.0    0.0       T
  SINCE JUL 1      0.0                       0.0    0.0      0.0
  SNOW DEPTH       0

DEGREE DAYS
 HEATING
  YESTERDAY        0                         0      0        0
  MONTH TO DATE    7                         0      7        8
  SINCE JUN 1     28                        49    -21       50
  SINCE JUL 1      7                         5      2        8

 COOLING
  YESTERDAY        9                         8      1        8
  MONTH TO DATE  217                       276    -59      322
  SINCE JUN 1    379                       434    -55      486
  SINCE JAN 1    431                       476    -45      539
..................................................................


WIND (MPH)
  HIGHEST WIND SPEED    13   HIGHEST WIND DIRECTION     W (260)
  HIGHEST GUST SPEED    19   HIGHEST GUST DIRECTION     N (360)
  AVERAGE WIND SPEED     4.9


SKY COVER
  POSSIBLE SUNSHINE  MM
  AVERAGE SKY COVER 0.2


WEATHER CONDITIONS
 THE FOLLOWING WEATHER WAS RECORDED YESTERDAY.
  NO SIGNIFICANT WEATHER WAS OBSERVED.


RELATIVE HUMIDITY (PERCENT)
 HIGHEST    90           500 AM
 LOWEST     33           200 PM
 AVERAGE    62

..........................................................


THE TWIN CITIES MN CLIMATE NORMALS FOR TODAY
                         NORMAL    RECORD    YEAR
 MAXIMUM TEMPERATURE (F)   83       101      1988
 MINIMUM TEMPERATURE (F)   64        49      1962


SUNRISE AND SUNSET
AUGUST  1 2014........SUNRISE   559 AM CDT   SUNSET   839 PM CDT
AUGUST  2 2014........SUNRISE   600 AM CDT   SUNSET   838 PM CDT


-  INDICATES NEGATIVE NUMBERS.
R  INDICATES RECORD WAS SET OR TIED.
MM INDICATES DATA IS MISSING.
T  INDICATES TRACE AMOUNT.




$$
