000
CDUS43 KMPX 260627
CLIMSP


CLIMATE REPORT
NATIONAL WEATHER SERVICE CHANHASSEN MN
123 AM CDT MON SEP 26 2016


...................................

...THE TWIN CITIES MN CLIMATE SUMMARY FOR SEPTEMBER 25 2016...

CLIMATE NORMAL PERIOD 1981 TO 2010
CLIMATE RECORD PERIOD 1871 TO 2016


WEATHER ITEM   OBSERVED TIME   RECORD YEAR NORMAL DEPARTURE LAST
                VALUE   (LST)  VALUE       VALUE  FROM      YEAR
                                                  NORMAL
..................................................................
TEMPERATURE (F)
 YESTERDAY
  MAXIMUM         69    607 AM  91    1920  68      1       78
  MINIMUM         55   1134 PM  31    1926  48      7       61
  AVERAGE         62                        58      4       70

PRECIPITATION (IN)
  YESTERDAY        0.23          1.34 1934   0.11   0.12     0.00
  MONTH TO DATE    5.43                      2.60   2.83     4.65
  SINCE SEP 1      5.43                      2.60   2.83     4.65
  SINCE JAN 1     31.75                     24.77   6.98    26.69

SNOWFALL (IN)
  YESTERDAY        0.0           0.0    MM   0.0    0.0      0.0
  MONTH TO DATE    0.0                       0.0    0.0      0.0
  SINCE SEP 1      0.0                       0.0    0.0      0.0
  SINCE JUL 1      0.0                       0.0    0.0      0.0
  SNOW DEPTH       0

DEGREE DAYS
 HEATING
  YESTERDAY        3                         8     -5        0
  MONTH TO DATE   13                       109    -96       38
  SINCE SEP 1     13                       109    -96       38
  SINCE JUL 1     16                       128   -112       53

 COOLING
  YESTERDAY        0                         1     -1        5
  MONTH TO DATE   91                        62     29      140
  SINCE SEP 1     91                        62     29      140
  SINCE JAN 1    962                       743    219      789
..................................................................


WIND (MPH)
  HIGHEST WIND SPEED    25   HIGHEST WIND DIRECTION     W (260)
  HIGHEST GUST SPEED    35   HIGHEST GUST DIRECTION     W (260)
  AVERAGE WIND SPEED    11.8


SKY COVER
  POSSIBLE SUNSHINE  MM
  AVERAGE SKY COVER 0.8


WEATHER CONDITIONS
 THE FOLLOWING WEATHER WAS RECORDED YESTERDAY.
  HEAVY RAIN
  RAIN
  LIGHT RAIN
  FOG


RELATIVE HUMIDITY (PERCENT)
 HIGHEST    93           500 AM
 LOWEST     63          1200 PM
 AVERAGE    78

..........................................................


THE TWIN CITIES MN CLIMATE NORMALS FOR TODAY
                         NORMAL    RECORD    YEAR
 MAXIMUM TEMPERATURE (F)   67        87      1923
 MINIMUM TEMPERATURE (F)   48        27      1965


SUNRISE AND SUNSET
SEPTEMBER 26 2016.....SUNRISE   705 AM CDT   SUNSET   702 PM CDT
SEPTEMBER 27 2016.....SUNRISE   707 AM CDT   SUNSET   700 PM CDT


-  INDICATES NEGATIVE NUMBERS.
R  INDICATES RECORD WAS SET OR TIED.
MM INDICATES DATA IS MISSING.
T  INDICATES TRACE AMOUNT.




$$
