000
CDUS43 KMPX 190633
CLIMSP


CLIMATE REPORT
NATIONAL WEATHER SERVICE CHANHASSEN MN
131 AM CDT THU OCT 19 2017


...................................

...THE TWIN CITIES MN CLIMATE SUMMARY FOR OCTOBER 18 2017...

CLIMATE NORMAL PERIOD 1981 TO 2010
CLIMATE RECORD PERIOD 1871 TO 2017


WEATHER ITEM   OBSERVED TIME   RECORD YEAR NORMAL DEPARTURE LAST
                VALUE   (LST)  VALUE       VALUE  FROM      YEAR
                                                  NORMAL
..................................................................
TEMPERATURE (F)
 YESTERDAY
  MAXIMUM         73    307 PM  87    1950  57     16       66
  MINIMUM         48    535 AM  18    1972  39      9       51
  AVERAGE         61                        48     13       59

PRECIPITATION (IN)
  YESTERDAY        0.00          1.05 1979   0.09  -0.09     0.01
  MONTH TO DATE    3.76                      1.59   2.17     2.46
  SINCE SEP 1      4.80                      4.67   0.13     7.93
  SINCE JAN 1     30.45                     26.84   3.61    34.25

SNOWFALL (IN)
  YESTERDAY        0.0           1.3  1976   0.0    0.0      0.0
  MONTH TO DATE    0.0                       0.1   -0.1      0.0
  SINCE SEP 1      0.0                       0.1   -0.1       T
  SINCE JUL 1      0.0                       0.1   -0.1       T
  SNOW DEPTH       0

DEGREE DAYS
 HEATING
  YESTERDAY        4                        17    -13        6
  MONTH TO DATE  176                       247    -71      156
  SINCE SEP 1    241                       401   -160      206
  SINCE JUL 1    248                       420   -172      209

 COOLING
  YESTERDAY        0                         0      0        0
  MONTH TO DATE    0                         3     -3        2
  SINCE SEP 1    141                        69     72       93
  SINCE JAN 1    829                       750     79      964
..................................................................


WIND (MPH)
  HIGHEST WIND SPEED    25   HIGHEST WIND DIRECTION    NW (300)
  HIGHEST GUST SPEED    33   HIGHEST GUST DIRECTION    NW (300)
  AVERAGE WIND SPEED    10.4


SKY COVER
  POSSIBLE SUNSHINE  MM
  AVERAGE SKY COVER 0.4


WEATHER CONDITIONS
 THE FOLLOWING WEATHER WAS RECORDED YESTERDAY.
  NO SIGNIFICANT WEATHER WAS OBSERVED.


RELATIVE HUMIDITY (PERCENT)
 HIGHEST    86           600 AM
 LOWEST     17           600 PM
 AVERAGE    52

..........................................................


THE TWIN CITIES MN CLIMATE NORMALS FOR TODAY
                         NORMAL    RECORD    YEAR
 MAXIMUM TEMPERATURE (F)   57        84      2000
 MINIMUM TEMPERATURE (F)   39        15      1972


SUNRISE AND SUNSET
OCTOBER 19 2017.......SUNRISE   734 AM CDT   SUNSET   621 PM CDT
OCTOBER 20 2017.......SUNRISE   735 AM CDT   SUNSET   619 PM CDT


-  INDICATES NEGATIVE NUMBERS.
R  INDICATES RECORD WAS SET OR TIED.
MM INDICATES DATA IS MISSING.
T  INDICATES TRACE AMOUNT.




$$
