000
CDUS41 KBTV 280545
CLIMSS


CLIMATE REPORT
NATIONAL WEATHER SERVICE BURLINGTON VT
142 AM EDT WED JUN 28 2017


...................................

...THE MASSENA NY CLIMATE SUMMARY FOR JUNE 27 2017...

CLIMATE NORMAL PERIOD 1981 TO 2010
CLIMATE RECORD PERIOD 1948 TO 2017


WEATHER ITEM   OBSERVED TIME   RECORD YEAR NORMAL DEPARTURE LAST
                VALUE   (LST)  VALUE       VALUE  FROM      YEAR
                                                  NORMAL
..................................................................
TEMPERATURE (F)
 YESTERDAY
  MAXIMUM         69    310 PM  92    2007  79    -10       83
  MINIMUM         48    323 AM  43    1982  56     -8       68
  AVERAGE         59                        67     -8       76

PRECIPITATION (IN)
  YESTERDAY        0.08          1.04        0.13  -0.05     0.08
  MONTH TO DATE    3.89                      3.17   0.72     2.88
  SINCE JUN 1      3.89                      3.17   0.72     2.88
  SINCE JAN 1     18.54                     15.10   3.44    12.22

DEGREE DAYS
 HEATING
  YESTERDAY        6                         1      5        0
  MONTH TO DATE   87                        92     -5       65
  SINCE JUN 1     87                        92     -5       65
  SINCE JUL 1   7104                      8193  -1089     7163

 COOLING
  YESTERDAY        0                         4     -4       11
  MONTH TO DATE   74                        62     12       58
  SINCE JUN 1     74                        62     12       58
  SINCE JAN 1     90                        76     14      104
..................................................................


WIND (MPH)
  HIGHEST WIND SPEED    16   HIGHEST WIND DIRECTION    SW (230)
  HIGHEST GUST SPEED    23   HIGHEST GUST DIRECTION     W (250)
  AVERAGE WIND SPEED     5.8


SKY COVER
  AVERAGE SKY COVER 0.4


WEATHER CONDITIONS
 THE FOLLOWING WEATHER WAS RECORDED YESTERDAY.
  THUNDERSTORM
  RAIN
  LIGHT RAIN
  FOG


RELATIVE HUMIDITY (PERCENT)
 HIGHEST   100          1200 AM
 LOWEST     52           400 PM
 AVERAGE    76

..........................................................


THE MASSENA NY CLIMATE NORMALS FOR TODAY
                         NORMAL    RECORD    YEAR
 MAXIMUM TEMPERATURE (F)   79        93      1991
 MINIMUM TEMPERATURE (F)   56        40      1970


SUNRISE AND SUNSET
JUNE 28 2017..........SUNRISE   515 AM EDT   SUNSET   850 PM EDT
JUNE 29 2017..........SUNRISE   516 AM EDT   SUNSET   850 PM EDT


-  INDICATES NEGATIVE NUMBERS.
R  INDICATES RECORD WAS SET OR TIED.
MM INDICATES DATA IS MISSING.
T  INDICATES TRACE AMOUNT.




$$
