000
CDUS41 KBTV 220533
CLIMSS


CLIMATE REPORT
NATIONAL WEATHER SERVICE BURLINGTON VT
130 AM EDT MON SEP 22 2014


...................................

...THE MASSENA NY CLIMATE SUMMARY FOR SEPTEMBER 21 2014...

CLIMATE NORMAL PERIOD 1981 TO 2010
CLIMATE RECORD PERIOD 1948 TO 2014


WEATHER ITEM   OBSERVED TIME   RECORD YEAR NORMAL DEPARTURE LAST
                VALUE   (LST)  VALUE       VALUE  FROM      YEAR
                                                  NORMAL
..................................................................
TEMPERATURE (F)
 YESTERDAY
  MAXIMUM         77    433 PM  85    1965  67     10       72
  MINIMUM         54   1159 PM  30    1962  45      9       59
  AVERAGE         66                        56     10       66

PRECIPITATION (IN)
  YESTERDAY        0.15          1.51        0.13   0.02     1.35
  MONTH TO DATE    1.19                      2.50  -1.31     5.08
  SINCE SEP 1      1.19                      2.50  -1.31     5.08
  SINCE JAN 1     26.65                     25.04   1.61    28.20

DEGREE DAYS
 HEATING
  YESTERDAY        0                         9     -9        0
  MONTH TO DATE  148                       124     24      142
  SINCE SEP 1    148                       124     24      142
  SINCE JUL 1    208                       199      9      198

 COOLING
  YESTERDAY        1                         0      1        1
  MONTH TO DATE   40                        24     16       31
  SINCE SEP 1     40                        24     16       31
  SINCE JAN 1    328                       360    -32      418
..................................................................


WIND (MPH)
  HIGHEST WIND SPEED    22   HIGHEST WIND DIRECTION     S (200)
  HIGHEST GUST SPEED    31   HIGHEST GUST DIRECTION     S (180)
  AVERAGE WIND SPEED    11.9


SKY COVER
  AVERAGE SKY COVER 0.6


WEATHER CONDITIONS
 THE FOLLOWING WEATHER WAS RECORDED YESTERDAY.
  THUNDERSTORM
  LIGHT RAIN
  FOG


RELATIVE HUMIDITY (PERCENT)
 HIGHEST   100          1000 PM
 LOWEST     66          1200 AM
 AVERAGE    83

..........................................................


THE MASSENA NY CLIMATE NORMALS FOR TODAY
                         NORMAL    RECORD    YEAR
 MAXIMUM TEMPERATURE (F)   67        88      1965
 MINIMUM TEMPERATURE (F)   45        31      1962


SUNRISE AND SUNSET
SEPTEMBER 22 2014.....SUNRISE   646 AM EDT   SUNSET   657 PM EDT
SEPTEMBER 23 2014.....SUNRISE   648 AM EDT   SUNSET   655 PM EDT


-  INDICATES NEGATIVE NUMBERS.
R  INDICATES RECORD WAS SET OR TIED.
MM INDICATES DATA IS MISSING.
T  INDICATES TRACE AMOUNT.




$$
