000
CDUS41 KBTV 250546
CLIMSS


CLIMATE REPORT
NATIONAL WEATHER SERVICE BURLINGTON VT
1242 AM EST SAT FEB 25 2017


...................................

...THE MASSENA NY CLIMATE SUMMARY FOR FEBRUARY 24 2017...

CLIMATE NORMAL PERIOD 1981 TO 2010
CLIMATE RECORD PERIOD 1948 TO 2017


WEATHER ITEM   OBSERVED TIME   RECORD YEAR NORMAL DEPARTURE LAST
                VALUE   (LST)  VALUE       VALUE  FROM      YEAR
                                                  NORMAL
..................................................................
TEMPERATURE (F)
 YESTERDAY
  MAXIMUM         42   1212 AM  55    1984  30     12       33
  MINIMUM         34   1159 PM -21    2015  10     24       22
  AVERAGE         38                        20     18       28

PRECIPITATION (IN)
  YESTERDAY        0.05          1.47        0.06  -0.01     1.47
  MONTH TO DATE    1.35                      1.48  -0.13     3.77
  SINCE DEC 1      5.25                      6.09  -0.84     6.95
  SINCE JAN 1      2.92                      3.66  -0.74     4.30

DEGREE DAYS
 HEATING
  YESTERDAY       27                        45    -18       37
  MONTH TO DATE  960                      1148   -188     1090
  SINCE DEC 1   3403                      4042   -639     3375
  SINCE JUL 1   4809                      5811  -1002     4849

 COOLING
  YESTERDAY        0                         0      0        0
  MONTH TO DATE    0                         0      0        0
  SINCE DEC 1      0                         0      0        0
  SINCE JAN 1      0                         0      0        0
..................................................................


WIND (MPH)
  HIGHEST WIND SPEED    22   HIGHEST WIND DIRECTION    NE (50)
  HIGHEST GUST SPEED    28   HIGHEST GUST DIRECTION    NE (40)
  AVERAGE WIND SPEED     9.5


SKY COVER
  AVERAGE SKY COVER 1.0


WEATHER CONDITIONS
 THE FOLLOWING WEATHER WAS RECORDED YESTERDAY.
  LIGHT RAIN
  FOG


RELATIVE HUMIDITY (PERCENT)
 HIGHEST   100           400 PM
 LOWEST     79           100 AM
 AVERAGE    90

..........................................................


THE MASSENA NY CLIMATE NORMALS FOR TODAY
                         NORMAL    RECORD    YEAR
 MAXIMUM TEMPERATURE (F)   31        50      1956
 MINIMUM TEMPERATURE (F)   10       -21      1972


SUNRISE AND SUNSET
FEBRUARY 25 2017......SUNRISE   644 AM EST   SUNSET   542 PM EST
FEBRUARY 26 2017......SUNRISE   642 AM EST   SUNSET   543 PM EST


-  INDICATES NEGATIVE NUMBERS.
R  INDICATES RECORD WAS SET OR TIED.
MM INDICATES DATA IS MISSING.
T  INDICATES TRACE AMOUNT.




$$
