365
CDUS41 KBTV 260535
CLIMSS


CLIMATE REPORT
NATIONAL WEATHER SERVICE BURLINGTON VT
135 AM EDT WED APR 26 2017


...................................

...THE MASSENA NY CLIMATE SUMMARY FOR APRIL 25 2017...

CLIMATE NORMAL PERIOD 1981 TO 2010
CLIMATE RECORD PERIOD 1948 TO 2017


WEATHER ITEM   OBSERVED TIME   RECORD YEAR NORMAL DEPARTURE LAST
                VALUE   (LST)  VALUE       VALUE  FROM      YEAR
                                                  NORMAL
..................................................................
TEMPERATURE (F)
 YESTERDAY
  MAXIMUM         53    528 PM  83    2009  59     -6       50
  MINIMUM         39    557 AM  21    1974  37      2       30
  AVERAGE         46                        48     -2       40

PRECIPITATION (IN)
  YESTERDAY        0.11          0.96        0.09   0.02     0.00
  MONTH TO DATE    3.42                      2.33   1.09     1.63
  SINCE MAR 1      5.54                      4.42   1.12     3.86
  SINCE JAN 1      8.97                      8.37   0.60     8.52

DEGREE DAYS
 HEATING
  YESTERDAY       19                        17      2       25
  MONTH TO DATE  472                       570    -98      633
  SINCE MAR 1   1728                      1714     14     1639
  SINCE JUL 1   6654                      7701  -1047     6685

 COOLING
  YESTERDAY        0                         0      0        0
  MONTH TO DATE    0                         0      0        0
  SINCE MAR 1      0                         0      0        0
  SINCE JAN 1      0                         0      0        0
..................................................................


WIND (MPH)
  HIGHEST WIND SPEED    23   HIGHEST WIND DIRECTION     E (70)
  HIGHEST GUST SPEED    29   HIGHEST GUST DIRECTION    NE (50)
  AVERAGE WIND SPEED    10.4


SKY COVER
  AVERAGE SKY COVER 0.5


WEATHER CONDITIONS
 THE FOLLOWING WEATHER WAS RECORDED YESTERDAY.
  LIGHT RAIN
  FOG


RELATIVE HUMIDITY (PERCENT)
 HIGHEST   100           600 PM
 LOWEST     42          1000 AM
 AVERAGE    71

..........................................................


THE MASSENA NY CLIMATE NORMALS FOR TODAY
                         NORMAL    RECORD    YEAR
 MAXIMUM TEMPERATURE (F)   60        85      1990
 MINIMUM TEMPERATURE (F)   37        22      1972


SUNRISE AND SUNSET
APRIL 26 2017.........SUNRISE   556 AM EDT   SUNSET   759 PM EDT
APRIL 27 2017.........SUNRISE   555 AM EDT   SUNSET   800 PM EDT


-  INDICATES NEGATIVE NUMBERS.
R  INDICATES RECORD WAS SET OR TIED.
MM INDICATES DATA IS MISSING.
T  INDICATES TRACE AMOUNT.




$$
