872
CDUS41 KBTV 210520
CLIMSS


CLIMATE REPORT
NATIONAL WEATHER SERVICE BURLINGTON VT
119 AM EDT SAT OCT 21 2017


...................................

...THE MASSENA NY CLIMATE SUMMARY FOR OCTOBER 20 2017...

CLIMATE NORMAL PERIOD 1981 TO 2010
CLIMATE RECORD PERIOD 1948 TO 2017


WEATHER ITEM   OBSERVED TIME   RECORD YEAR NORMAL DEPARTURE LAST
                VALUE   (LST)  VALUE       VALUE  FROM      YEAR
                                                  NORMAL
..................................................................
TEMPERATURE (F)
 YESTERDAY
  MAXIMUM         66    327 PM  78    1995  55     11       55
  MINIMUM         45    503 AM  16    1972  35     10       40
  AVERAGE         56                        45     11       48

PRECIPITATION (IN)
  YESTERDAY        0.00          1.67        0.10  -0.10     1.11
  MONTH TO DATE    2.74                      2.17   0.57     2.36
  SINCE SEP 1      3.53                      5.82  -2.29     3.74
  SINCE JAN 1     32.90                     28.36   4.54    24.85

DEGREE DAYS
 HEATING
  YESTERDAY        9                        20    -11       17
  MONTH TO DATE  183                       337   -154      214
  SINCE SEP 1    308                       562   -254      353
  SINCE JUL 1    360                       637   -277      364

 COOLING
  YESTERDAY        0                         0      0        0
  MONTH TO DATE    4                         0      4        0
  SINCE SEP 1     73                        25     48       47
  SINCE JAN 1    399                       361     38      527
..................................................................


WIND (MPH)
  HIGHEST WIND SPEED    16   HIGHEST WIND DIRECTION     W (260)
  HIGHEST GUST SPEED    22   HIGHEST GUST DIRECTION     W (270)
  AVERAGE WIND SPEED     9.8


SKY COVER
  AVERAGE SKY COVER 0.0


WEATHER CONDITIONS
 THE FOLLOWING WEATHER WAS RECORDED YESTERDAY.
  NO SIGNIFICANT WEATHER WAS OBSERVED.


RELATIVE HUMIDITY (PERCENT)
 HIGHEST    76           300 AM
 LOWEST     34           300 PM
 AVERAGE    55

..........................................................


THE MASSENA NY CLIMATE NORMALS FOR TODAY
                         NORMAL    RECORD    YEAR
 MAXIMUM TEMPERATURE (F)   54        77      1979
 MINIMUM TEMPERATURE (F)   35        20      1948


SUNRISE AND SUNSET
OCTOBER 21 2017.......SUNRISE   723 AM EDT   SUNSET   604 PM EDT
OCTOBER 22 2017.......SUNRISE   724 AM EDT   SUNSET   602 PM EDT


-  INDICATES NEGATIVE NUMBERS.
R  INDICATES RECORD WAS SET OR TIED.
MM INDICATES DATA IS MISSING.
T  INDICATES TRACE AMOUNT.




$$
