000
CDUS41 KBTV 050535
CLIMSS


CLIMATE REPORT
NATIONAL WEATHER SERVICE BURLINGTON VT
134 AM EDT SUN JUL 5 2015


...................................

...THE MASSENA NY CLIMATE SUMMARY FOR JULY 4 2015...

CLIMATE NORMAL PERIOD 1981 TO 2010
CLIMATE RECORD PERIOD 1948 TO 2015


WEATHER ITEM   OBSERVED TIME   RECORD YEAR NORMAL DEPARTURE LAST
                VALUE   (LST)  VALUE       VALUE  FROM      YEAR
                                                  NORMAL
..................................................................
TEMPERATURE (F)
 YESTERDAY
  MAXIMUM         77    439 PM  93    1949  80     -3       75
  MINIMUM         50    519 AM  41    1982  57     -7       59
  AVERAGE         64                        68     -4       67

PRECIPITATION (IN)
  YESTERDAY        0.00          2.25        0.11  -0.11      T
  MONTH TO DATE    0.39                      0.46  -0.07     0.04
  SINCE JUN 1      5.51                      3.98   1.53     4.97
  SINCE JAN 1     11.50                     15.91  -4.41    14.90

DEGREE DAYS
 HEATING
  YESTERDAY        1                         1      0        0
  MONTH TO DATE    6                         4      2        0
  SINCE JUN 1    107                       100      7       38
  SINCE JUL 1      6                         4      2        0

 COOLING
  YESTERDAY        0                         5     -5        2
  MONTH TO DATE    1                        17    -16       30
  SINCE JUN 1     48                        92    -44      114
  SINCE JAN 1     93                       106    -13      129
..................................................................


WIND (MPH)
  HIGHEST WIND SPEED     9   HIGHEST WIND DIRECTION     W (270)
  HIGHEST GUST SPEED    14   HIGHEST GUST DIRECTION     W (260)
  AVERAGE WIND SPEED     2.1


SKY COVER
  AVERAGE SKY COVER 0.2


WEATHER CONDITIONS
 THE FOLLOWING WEATHER WAS RECORDED YESTERDAY.
  FOG


RELATIVE HUMIDITY (PERCENT)
 HIGHEST    96           400 AM
 LOWEST     44          1200 PM
 AVERAGE    70

..........................................................


THE MASSENA NY CLIMATE NORMALS FOR TODAY
                         NORMAL    RECORD    YEAR
 MAXIMUM TEMPERATURE (F)   80        94      1993
 MINIMUM TEMPERATURE (F)   57        43      1982


SUNRISE AND SUNSET
JULY  5 2015..........SUNRISE   519 AM EDT   SUNSET   848 PM EDT
JULY  6 2015..........SUNRISE   520 AM EDT   SUNSET   848 PM EDT


-  INDICATES NEGATIVE NUMBERS.
R  INDICATES RECORD WAS SET OR TIED.
MM INDICATES DATA IS MISSING.
T  INDICATES TRACE AMOUNT.




$$
