000
CDUS41 KBTV 160532
CLIMSS


CLIMATE REPORT
NATIONAL WEATHER SERVICE BURLINGTON VT
129 AM EDT WED APR 16 2014


...................................

...THE MASSENA NY CLIMATE SUMMARY FOR APRIL 15 2014...

CLIMATE NORMAL PERIOD 1981 TO 2010
CLIMATE RECORD PERIOD 1948 TO 2014


WEATHER ITEM   OBSERVED TIME   RECORD YEAR NORMAL DEPARTURE LAST
                VALUE   (LST)  VALUE       VALUE  FROM      YEAR
                                                  NORMAL
..................................................................
TEMPERATURE (F)
 YESTERDAY
  MAXIMUM         59    706 AM  77    2003  54      5       60
  MINIMUM         24   1159 PM  21    1997  33     -9       24
  AVERAGE         42                        43     -1       42

PRECIPITATION (IN)
  YESTERDAY        0.44          0.79        0.10   0.34     0.00
  MONTH TO DATE    2.30                      1.40   0.90     1.10
  SINCE MAR 1      3.21                      3.49  -0.28     1.57
  SINCE JAN 1      5.95                      7.44  -1.49     3.82

DEGREE DAYS
 HEATING
  YESTERDAY       23                        22      1       23
  MONTH TO DATE  377                       379     -2      412
  SINCE MAR 1   1805                      1523    282     1494
  SINCE JUL 1   7974                      7510    464     6944

 COOLING
  YESTERDAY        0                         0      0        0
  MONTH TO DATE    0                         0      0        0
  SINCE MAR 1      0                         0      0        0
  SINCE JAN 1      0                         0      0        0
..................................................................


WIND (MPH)
  HIGHEST WIND SPEED    29   HIGHEST WIND DIRECTION     W (280)
  HIGHEST GUST SPEED    39   HIGHEST GUST DIRECTION     W (290)
  AVERAGE WIND SPEED    12.2


SKY COVER
  AVERAGE SKY COVER 1.0


WEATHER CONDITIONS
 THE FOLLOWING WEATHER WAS RECORDED YESTERDAY.
  HEAVY RAIN
  RAIN
  LIGHT RAIN
  LIGHT SNOW
  FOG
  FOG W/VISIBILITY <= 1/4 MILE


RELATIVE HUMIDITY (PERCENT)
 HIGHEST   100          1200 AM
 LOWEST     68           800 PM
 AVERAGE    84

..........................................................


THE MASSENA NY CLIMATE NORMALS FOR TODAY
                         NORMAL    RECORD    YEAR
 MAXIMUM TEMPERATURE (F)   54        86      2012
 MINIMUM TEMPERATURE (F)   33        23      2005


SUNRISE AND SUNSET
APRIL 16 2014.........SUNRISE   613 AM EDT   SUNSET   746 PM EDT
APRIL 17 2014.........SUNRISE   611 AM EDT   SUNSET   747 PM EDT


-  INDICATES NEGATIVE NUMBERS.
R  INDICATES RECORD WAS SET OR TIED.
MM INDICATES DATA IS MISSING.
T  INDICATES TRACE AMOUNT.




$$
