964
CDUS41 KBTV 010524
CLIMSS


CLIMATE REPORT
NATIONAL WEATHER SERVICE BURLINGTON VT
123 AM EDT SAT OCT 1 2016


...................................

...THE MASSENA NY CLIMATE SUMMARY FOR SEPTEMBER 30 2016...

CLIMATE NORMAL PERIOD 1981 TO 2010
CLIMATE RECORD PERIOD 1948 TO 2016


WEATHER ITEM   OBSERVED TIME   RECORD YEAR NORMAL DEPARTURE LAST
                VALUE   (LST)  VALUE       VALUE  FROM      YEAR
                                                  NORMAL
..................................................................
TEMPERATURE (F)
 YESTERDAY
  MAXIMUM         65    122 PM  82    1953  63      2       56
  MINIMUM         50    514 AM  26    1991  42      8       42
  AVERAGE         58                        52      6       49

PRECIPITATION (IN)
  YESTERDAY        T             3.41        0.12  -0.12     0.35
  MONTH TO DATE    1.38                      3.65  -2.27     3.82
  SINCE SEP 1      1.38                      3.65  -2.27     3.82
  SINCE JAN 1     22.49                     26.19  -3.70    21.59

DEGREE DAYS
 HEATING
  YESTERDAY        7                        13     -6       16
  MONTH TO DATE  139                       223    -84      105
  SINCE SEP 1    139                       225    -86      105
  SINCE JUL 1    150                       300   -150      139

 COOLING
  YESTERDAY        0                         0      0        0
  MONTH TO DATE   47                        25     22       80
  SINCE SEP 1     47                        25     22       80
  SINCE JAN 1    527                       361    166      453
..................................................................


WIND (MPH)
  HIGHEST WIND SPEED    18   HIGHEST WIND DIRECTION    NE (50)
  HIGHEST GUST SPEED    23   HIGHEST GUST DIRECTION    NE (50)
  AVERAGE WIND SPEED     8.3


SKY COVER
  AVERAGE SKY COVER 0.3


WEATHER CONDITIONS
 THE FOLLOWING WEATHER WAS RECORDED YESTERDAY.
  NO SIGNIFICANT WEATHER WAS OBSERVED.


RELATIVE HUMIDITY (PERCENT)
 HIGHEST    77           200 AM
 LOWEST     56           100 PM
 AVERAGE    67

..........................................................


THE MASSENA NY CLIMATE NORMALS FOR TODAY
                         NORMAL    RECORD    YEAR
 MAXIMUM TEMPERATURE (F)   63        80      1971
 MINIMUM TEMPERATURE (F)   42        26      1963


SUNRISE AND SUNSET
OCTOBER  1 2016.......SUNRISE   658 AM EDT   SUNSET   639 PM EDT
OCTOBER  2 2016.......SUNRISE   659 AM EDT   SUNSET   637 PM EDT


-  INDICATES NEGATIVE NUMBERS.
R  INDICATES RECORD WAS SET OR TIED.
MM INDICATES DATA IS MISSING.
T  INDICATES TRACE AMOUNT.




$$
