000
CDUS41 KBTV 220520
CLIMSS


CLIMATE REPORT
NATIONAL WEATHER SERVICE BURLINGTON VT
118 AM EDT TUE AUG 22 2017


...................................

...THE MASSENA NY CLIMATE SUMMARY FOR AUGUST 21 2017...

CLIMATE NORMAL PERIOD 1981 TO 2010
CLIMATE RECORD PERIOD 1948 TO 2017


WEATHER ITEM   OBSERVED TIME   RECORD YEAR NORMAL DEPARTURE LAST
                VALUE   (LST)  VALUE       VALUE  FROM      YEAR
                                                  NORMAL
..................................................................
TEMPERATURE (F)
 YESTERDAY
  MAXIMUM         83    356 PM  91    1995  77      6       79
  MINIMUM         63    443 AM  41    1957  55      8       64
  AVERAGE         73                        66      7       72

PRECIPITATION (IN)
  YESTERDAY        0.00          1.20        0.11  -0.11     0.57
  MONTH TO DATE    2.89                      2.45   0.44     2.20
  SINCE JUN 1     14.23                      9.54   4.69     9.86
  SINCE JAN 1     28.88                     21.47   7.41    19.20

DEGREE DAYS
 HEATING
  YESTERDAY        0                         2     -2        0
  MONTH TO DATE    4                        26    -22        0
  SINCE JUN 1    109                       145    -36       74
  SINCE JUL 1     15                        49    -34        9

 COOLING
  YESTERDAY        8                         3      5        7
  MONTH TO DATE   98                        77     21      155
  SINCE JUN 1    301                       297      4      383
  SINCE JAN 1    317                       311      6      429
..................................................................


WIND (MPH)
  HIGHEST WIND SPEED    20   HIGHEST WIND DIRECTION    SW (220)
  HIGHEST GUST SPEED    24   HIGHEST GUST DIRECTION    SW (210)
  AVERAGE WIND SPEED     9.0


SKY COVER
  AVERAGE SKY COVER 0.0


WEATHER CONDITIONS
 THE FOLLOWING WEATHER WAS RECORDED YESTERDAY.
  NO SIGNIFICANT WEATHER WAS OBSERVED.


RELATIVE HUMIDITY (PERCENT)
 HIGHEST    93          1200 AM
 LOWEST     51           100 PM
 AVERAGE    72

..........................................................


THE MASSENA NY CLIMATE NORMALS FOR TODAY
                         NORMAL    RECORD    YEAR
 MAXIMUM TEMPERATURE (F)   77        87      2008
                                             1974
 MINIMUM TEMPERATURE (F)   55        36      1957


SUNRISE AND SUNSET
AUGUST 22 2017........SUNRISE   610 AM EDT   SUNSET   754 PM EDT
AUGUST 23 2017........SUNRISE   611 AM EDT   SUNSET   752 PM EDT


-  INDICATES NEGATIVE NUMBERS.
R  INDICATES RECORD WAS SET OR TIED.
MM INDICATES DATA IS MISSING.
T  INDICATES TRACE AMOUNT.




$$
