000
CDUS41 KBTV 280531
CLIMSS


CLIMATE REPORT
NATIONAL WEATHER SERVICE BURLINGTON VT
1229 AM EST SAT FEB 28 2015


...................................

...THE MASSENA NY CLIMATE SUMMARY FOR FEBRUARY 27 2015...

CLIMATE NORMAL PERIOD 1981 TO 2010
CLIMATE RECORD PERIOD 1948 TO 2015


WEATHER ITEM   OBSERVED TIME   RECORD YEAR NORMAL DEPARTURE LAST
                VALUE   (LST)  VALUE       VALUE  FROM      YEAR
                                                  NORMAL
..................................................................
TEMPERATURE (F)
 YESTERDAY
  MAXIMUM         16    402 PM  62    2000  31    -15       18
  MINIMUM        -19R   630 AM -16    2003  11    -30        4
  AVERAGE         -1                        21    -22       11

PRECIPITATION (IN)
  YESTERDAY        0.00          0.38        0.07  -0.07      T
  MONTH TO DATE    0.14                      1.70  -1.56     1.28
  SINCE DEC 1      2.40                      6.31  -3.91     4.37
  SINCE JAN 1      1.42                      3.88  -2.46     2.74

DEGREE DAYS
 HEATING
  YESTERDAY       66                        44     22       54
  MONTH TO DATE 1693                      1281    412     1325
  SINCE DEC 1   4552                      4175    377     4356
  SINCE JUL 1   6113                      5944    169     6107

 COOLING
  YESTERDAY        0                         0      0        0
  MONTH TO DATE    0                         0      0        0
  SINCE DEC 1      0                         0      0        0
  SINCE JAN 1      0                         0      0        0
..................................................................


WIND (MPH)
  HIGHEST WIND SPEED    18   HIGHEST WIND DIRECTION    SW (220)
  HIGHEST GUST SPEED    22   HIGHEST GUST DIRECTION    SW (220)
  AVERAGE WIND SPEED     8.1


SKY COVER
  AVERAGE SKY COVER 0.0


WEATHER CONDITIONS
 THE FOLLOWING WEATHER WAS RECORDED YESTERDAY.
  FOG
  HAZE


RELATIVE HUMIDITY (PERCENT)
 HIGHEST    81           500 AM
 LOWEST     36           200 PM
 AVERAGE    59

..........................................................


THE MASSENA NY CLIMATE NORMALS FOR TODAY
                         NORMAL    RECORD    YEAR
 MAXIMUM TEMPERATURE (F)   32        51      1983
 MINIMUM TEMPERATURE (F)   11       -22      1993


SUNRISE AND SUNSET
FEBRUARY 28 2015......SUNRISE   639 AM EST   SUNSET   545 PM EST
MARCH  1 2015.........SUNRISE   638 AM EST   SUNSET   547 PM EST


-  INDICATES NEGATIVE NUMBERS.
R  INDICATES RECORD WAS SET OR TIED.
MM INDICATES DATA IS MISSING.
T  INDICATES TRACE AMOUNT.




$$
