000
CDUS41 KBTV 300543
CLIMSS


CLIMATE REPORT
NATIONAL WEATHER SERVICE BURLINGTON VT
143 AM EDT TUE SEP 30 2014


...................................

...THE MASSENA NY CLIMATE SUMMARY FOR SEPTEMBER 29 2014...

CLIMATE NORMAL PERIOD 1981 TO 2010
CLIMATE RECORD PERIOD 1948 TO 2014


WEATHER ITEM   OBSERVED TIME   RECORD YEAR NORMAL DEPARTURE LAST
                VALUE   (LST)  VALUE       VALUE  FROM      YEAR
                                                  NORMAL
..................................................................
TEMPERATURE (F)
 YESTERDAY
  MAXIMUM         74    152 PM  84    1959  64     10       74
  MINIMUM         48   1151 PM  26    1995  42      6       41
  AVERAGE         61                        53      8       58

PRECIPITATION (IN)
  YESTERDAY        0.00          1.06        0.13  -0.13     0.00
  MONTH TO DATE    1.21                      3.53  -2.32     5.44
  SINCE SEP 1      1.21                      3.53  -2.32     5.44
  SINCE JAN 1     26.67                     26.07   0.60    28.56

DEGREE DAYS
 HEATING
  YESTERDAY        4                        12     -8        7
  MONTH TO DATE  198                       210    -12      239
  SINCE SEP 1    198                       210    -12      239
  SINCE JUL 1    258                       285    -27      295

 COOLING
  YESTERDAY        0                         0      0        0
  MONTH TO DATE   41                        24     17       31
  SINCE SEP 1     41                        24     17       31
  SINCE JAN 1    329                       360    -31      418
..................................................................


WIND (MPH)
  HIGHEST WIND SPEED    18   HIGHEST WIND DIRECTION    NE (60)
  HIGHEST GUST SPEED    23   HIGHEST GUST DIRECTION     E (70)
  AVERAGE WIND SPEED     7.2


SKY COVER
  AVERAGE SKY COVER 0.1


WEATHER CONDITIONS
 THE FOLLOWING WEATHER WAS RECORDED YESTERDAY.
  HAZE


RELATIVE HUMIDITY (PERCENT)
 HIGHEST    93           400 AM
 LOWEST     61           100 PM
 AVERAGE    77

..........................................................


THE MASSENA NY CLIMATE NORMALS FOR TODAY
                         NORMAL    RECORD    YEAR
 MAXIMUM TEMPERATURE (F)   63        82      1953
 MINIMUM TEMPERATURE (F)   42        26      1991


SUNRISE AND SUNSET
SEPTEMBER 30 2014.....SUNRISE   656 AM EDT   SUNSET   642 PM EDT
OCTOBER  1 2014.......SUNRISE   657 AM EDT   SUNSET   640 PM EDT


-  INDICATES NEGATIVE NUMBERS.
R  INDICATES RECORD WAS SET OR TIED.
MM INDICATES DATA IS MISSING.
T  INDICATES TRACE AMOUNT.




$$
