000
CDUS41 KBTV 280539
CLIMSS


CLIMATE REPORT
NATIONAL WEATHER SERVICE BURLINGTON VT
136 AM EDT FRI AUG 28 2015


...................................

...THE MASSENA NY CLIMATE SUMMARY FOR AUGUST 27 2015...

CLIMATE NORMAL PERIOD 1981 TO 2010
CLIMATE RECORD PERIOD 1948 TO 2015


WEATHER ITEM   OBSERVED TIME   RECORD YEAR NORMAL DEPARTURE LAST
                VALUE   (LST)  VALUE       VALUE  FROM      YEAR
                                                  NORMAL
..................................................................
TEMPERATURE (F)
 YESTERDAY
  MAXIMUM         72    325 PM  93    1949  76     -4       78
  MINIMUM         54   1159 PM  38    1989  54      0       63
  AVERAGE         63                        65     -2       71

PRECIPITATION (IN)
  YESTERDAY        0.00          0.90        0.11  -0.11      T
  MONTH TO DATE    3.24                      3.08   0.16     3.35
  SINCE JUN 1     11.78                     10.17   1.61    13.75
  SINCE JAN 1     17.77                     22.10  -4.33    23.68

DEGREE DAYS
 HEATING
  YESTERDAY        2                         3     -1        0
  MONTH TO DATE    9                        39    -30       30
  SINCE JUN 1    132                       158    -26       90
  SINCE JUL 1     31                        62    -31       52

 COOLING
  YESTERDAY        0                         2     -2        6
  MONTH TO DATE  118                        92     26       72
  SINCE JUN 1    321                       312      9      263
  SINCE JAN 1    366                       326     40      278
..................................................................


WIND (MPH)
  HIGHEST WIND SPEED    15   HIGHEST WIND DIRECTION     W (270)
  HIGHEST GUST SPEED    19   HIGHEST GUST DIRECTION     W (290)
  AVERAGE WIND SPEED     7.5


SKY COVER
  AVERAGE SKY COVER 0.7


WEATHER CONDITIONS
 THE FOLLOWING WEATHER WAS RECORDED YESTERDAY.
  FOG


RELATIVE HUMIDITY (PERCENT)
 HIGHEST    93          1100 PM
 LOWEST     57           400 PM
 AVERAGE    75

..........................................................


THE MASSENA NY CLIMATE NORMALS FOR TODAY
                         NORMAL    RECORD    YEAR
 MAXIMUM TEMPERATURE (F)   76        92      1953
 MINIMUM TEMPERATURE (F)   53        36      1957


SUNRISE AND SUNSET
AUGUST 28 2015........SUNRISE   616 AM EDT   SUNSET   744 PM EDT
AUGUST 29 2015........SUNRISE   618 AM EDT   SUNSET   742 PM EDT


-  INDICATES NEGATIVE NUMBERS.
R  INDICATES RECORD WAS SET OR TIED.
MM INDICATES DATA IS MISSING.
T  INDICATES TRACE AMOUNT.




$$
