000
CDUS41 KBTV 210558
CLIMSS


CLIMATE REPORT
NATIONAL WEATHER SERVICE BURLINGTON VT
157 AM EDT THU AUG 21 2014


...................................

...THE MASSENA NY CLIMATE SUMMARY FOR AUGUST 20 2014...

CLIMATE NORMAL PERIOD 1981 TO 2010
CLIMATE RECORD PERIOD 1948 TO 2014


WEATHER ITEM   OBSERVED TIME   RECORD YEAR NORMAL DEPARTURE LAST
                VALUE   (LST)  VALUE       VALUE  FROM      YEAR
                                                  NORMAL
..................................................................
TEMPERATURE (F)
 YESTERDAY
  MAXIMUM         80    402 PM  91    1955  77      3       84
  MINIMUM         51    417 AM  41    1953  55     -4       61
  AVERAGE         66                        66      0       73

PRECIPITATION (IN)
  YESTERDAY        0.57          1.60        0.10   0.47     0.00
  MONTH TO DATE    2.52                      2.34   0.18     1.57
  SINCE JUN 1     12.92                      9.43   3.49    12.78
  SINCE JAN 1     22.85                     21.36   1.49    21.08

DEGREE DAYS
 HEATING
  YESTERDAY        0                         2     -2        0
  MONTH TO DATE   30                        24      6       24
  SINCE JUN 1     90                       143    -53      162
  SINCE JUL 1     52                        47      5       46

 COOLING
  YESTERDAY        1                         3     -2        8
  MONTH TO DATE   39                        74    -35       46
  SINCE JUN 1    230                       294    -64      318
  SINCE JAN 1    245                       308    -63      341
..................................................................


WIND (MPH)
  HIGHEST WIND SPEED    15   HIGHEST WIND DIRECTION     S (200)
  HIGHEST GUST SPEED    18   HIGHEST GUST DIRECTION     S (200)
  AVERAGE WIND SPEED     5.9


SKY COVER
  AVERAGE SKY COVER 0.2


WEATHER CONDITIONS
 THE FOLLOWING WEATHER WAS RECORDED YESTERDAY.
  THUNDERSTORM
  HEAVY RAIN
  RAIN
  LIGHT RAIN
  FOG


RELATIVE HUMIDITY (PERCENT)
 HIGHEST   100           100 AM
 LOWEST     58           100 PM
 AVERAGE    79

..........................................................


THE MASSENA NY CLIMATE NORMALS FOR TODAY
                         NORMAL    RECORD    YEAR
 MAXIMUM TEMPERATURE (F)   77        91      1995
 MINIMUM TEMPERATURE (F)   55        41      1957


SUNRISE AND SUNSET
AUGUST 21 2014........SUNRISE   608 AM EDT   SUNSET   756 PM EDT
AUGUST 22 2014........SUNRISE   610 AM EDT   SUNSET   754 PM EDT


-  INDICATES NEGATIVE NUMBERS.
R  INDICATES RECORD WAS SET OR TIED.
MM INDICATES DATA IS MISSING.
T  INDICATES TRACE AMOUNT.




$$
