000
CDUS42 KKEY 290537
CLIMTH

CLIMATE REPORT
NATIONAL WEATHER SERVICE KEY WEST, FL
1236 AM EST MON DEC 29 2014

...................................

...THE MARATHON CLIMATE SUMMARY FOR DECEMBER 28 2014...

CLIMATE NORMAL PERIOD 1981 TO 2010

WEATHER ITEM   OBSERVED TIME   NORMAL DEPARTURE LAST
               VALUE    (LST)  VALUE  FROM      YEAR
                                      NORMAL
......................................................
TEMPERATURE (F)
 YESTERDAY
  MAXIMUM         82    217 PM  75      7       83
  MINIMUM         74    700 AM  65      9       77
  AVERAGE         78            70      8       80

PRECIPITATION (IN)
  YESTERDAY        0.00          0.06  -0.06      T
  MONTH TO DATE    1.54          1.85  -0.31     2.73
  SINCE DEC 1      1.54          1.85  -0.31     2.73
  SINCE JAN 1     36.41         46.00  -9.59    52.30

SNOWFALL (IN)
  YESTERDAY        0.0
  MONTH TO DATE    0.0
  SINCE DEC 1      0.0
  SINCE JUL 1      0.0
  SNOW DEPTH       0

DEGREE DAYS
 HEATING
  YESTERDAY        0             1     -1        0
  MONTH TO DATE   15            21     -6        0
  SINCE DEC 1     15            21     -6        0
  SINCE JUL 1     21            22     -1        1

 COOLING
  YESTERDAY       13             6      7       15
  MONTH TO DATE  205           211     -6      329
  SINCE DEC 1    205           211     -6      329
  SINCE JAN 1   5191          4975    216     5585
......................................................

WIND (MPH)
  HIGHEST WIND SPEED     9   HIGHEST WIND DIRECTION    SE (130)
  HIGHEST GUST SPEED    16   HIGHEST GUST DIRECTION     E (80)
  AVERAGE WIND SPEED     5.3

SKY COVER
  POSSIBLE SUNSHINE  MM
  AVERAGE SKY COVER 0.2

WEATHER CONDITIONS
 THE FOLLOWING WEATHER WAS RECORDED YESTERDAY.
  NO SIGNIFICANT WEATHER WAS OBSERVED.

RELATIVE HUMIDITY (PERCENT)
 HIGHEST    87
 LOWEST     74
 AVERAGE    81

..........................................................

THE MARATHON CLIMATE NORMALS FOR TODAY
                         NORMAL
 MAXIMUM TEMPERATURE (F)   75
 MINIMUM TEMPERATURE (F)   65

SUNRISE AND SUNSET
DECEMBER 29 2014......SUNRISE   708 AM EST   SUNSET   545 PM EST
DECEMBER 30 2014......SUNRISE   708 AM EST   SUNSET   546 PM EST

-  INDICATES NEGATIVE NUMBERS.
R  INDICATES RECORD WAS SET OR TIED.
MM INDICATES DATA IS MISSING.
T  INDICATES TRACE AMOUNT.

$$
