000
CDUS42 KKEY 230608
CLIMTH


CLIMATE REPORT
NATIONAL WEATHER SERVICE KEY WEST, FL
207 AM EDT FRI JUN 23 2017


...................................

...THE MARATHON CLIMATE SUMMARY FOR JUNE 22 2017...

CLIMATE NORMAL PERIOD 1981 TO 2010


WEATHER ITEM   OBSERVED TIME   NORMAL DEPARTURE LAST
                VALUE   (LST)  VALUE  FROM      YEAR
                                      NORMAL
......................................................
TEMPERATURE (F)
 YESTERDAY
  MAXIMUM         89    324 PM  91     -2       89
  MINIMUM         83   1159 PM  79      4       76
  AVERAGE         86            85      1       83

PRECIPITATION (IN)
  YESTERDAY        0.00          0.20  -0.20     0.00
  MONTH TO DATE    6.62          3.98   2.64     2.28
  SINCE JUN 1      6.62          3.98   2.64     2.28
  SINCE JAN 1     12.78         15.92  -3.14    15.08

SNOWFALL (IN)
  YESTERDAY        0.0
  MONTH TO DATE    0.0
  SINCE JUN 1      0.0
  SINCE JUL 1      0.0
  SNOW DEPTH       0

DEGREE DAYS
 HEATING
  YESTERDAY        0             0      0        0
  MONTH TO DATE    0             0      0        0
  SINCE JUN 1      0             0      0        0
  SINCE JUL 1      3            81    -78       49

 COOLING
  YESTERDAY       21            20      1       18
  MONTH TO DATE  427           435     -8      427
  SINCE JUN 1    427           435     -8      427
  SINCE JAN 1   2423          1978    445     2042
......................................................


WIND (MPH)
  HIGHEST WIND SPEED    15   HIGHEST WIND DIRECTION     E (80)
  HIGHEST GUST SPEED    22   HIGHEST GUST DIRECTION     E (100)
  AVERAGE WIND SPEED    10.3


SKY COVER
  POSSIBLE SUNSHINE  MM
  AVERAGE SKY COVER 0.2


WEATHER CONDITIONS
 THE FOLLOWING WEATHER WAS RECORDED YESTERDAY.
  NO SIGNIFICANT WEATHER WAS OBSERVED.


RELATIVE HUMIDITY (PERCENT)
 HIGHEST    94
 LOWEST     63
 AVERAGE    79

..........................................................


THE MARATHON CLIMATE NORMALS FOR TODAY
                         NORMAL
 MAXIMUM TEMPERATURE (F)   91
 MINIMUM TEMPERATURE (F)   79


SUNRISE AND SUNSET
JUNE 23 2017..........SUNRISE   637 AM EDT   SUNSET   817 PM EDT
JUNE 24 2017..........SUNRISE   637 AM EDT   SUNSET   817 PM EDT


-  INDICATES NEGATIVE NUMBERS.
R  INDICATES RECORD WAS SET OR TIED.
MM INDICATES DATA IS MISSING.
T  INDICATES TRACE AMOUNT.




$$
