000
CDUS42 KKEY 242031
CLIMTH

CLIMATE REPORT
NATIONAL WEATHER SERVICE KEY WEST, FL
426 PM EDT SAT SEP 24 2016

...................................

...THE MARATHON CLIMATE SUMMARY FOR SEPTEMBER 24 2016...
VALID TODAY AS OF 0400 PM LOCAL TIME.

CLIMATE NORMAL PERIOD 1981 TO 2010

WEATHER ITEM   OBSERVED TIME   NORMAL DEPARTURE LAST
                VALUE   (LST)  VALUE  FROM      YEAR
                                      NORMAL
......................................................
TEMPERATURE (F)
 TODAY
  MAXIMUM         93   1208 PM  89      4       87
  MINIMUM         80    623 AM  78      2       79
  AVERAGE         87            84      3       83

PRECIPITATION (IN)
  TODAY            T             0.22  -0.22     0.01
  MONTH TO DATE    0.61          6.53  -5.92     5.13
  SINCE SEP 1      0.61          6.53  -5.92     5.13
  SINCE JAN 1     29.80         35.35  -5.55    19.24

SNOWFALL (IN)
  TODAY            0.0
  MONTH TO DATE    0.0
  SINCE SEP 1      0.0
  SINCE JUL 1      0.0
  SNOW DEPTH       0

DEGREE DAYS
 HEATING
  TODAY            0             0      0        0
  MONTH TO DATE    0             0      0        0
  SINCE SEP 1      0             0      0        0
  SINCE JUL 1      0             0      0        0

 COOLING
  TODAY           22            19      3       18
  MONTH TO DATE  497           459     38      487
  SINCE SEP 1    497           459     38      487
  SINCE JAN 1   3977          3845    132     4303
......................................................

WIND (MPH)
  HIGHEST WIND SPEED    10   HIGHEST WIND DIRECTION     S (160)
  HIGHEST GUST SPEED    16   HIGHEST GUST DIRECTION    NW (330)
  AVERAGE WIND SPEED     3.0

SKY COVER
  POSSIBLE SUNSHINE  MM
  AVERAGE SKY COVER 0.2

WEATHER CONDITIONS
 THE FOLLOWING WEATHER WAS RECORDED TODAY.
  THUNDERSTORM
  LIGHT RAIN

RELATIVE HUMIDITY (PERCENT)
 HIGHEST    85
 LOWEST     60
 AVERAGE    73

..........................................................

THE MARATHON CLIMATE NORMALS FOR TOMORROW
                         NORMAL
 MAXIMUM TEMPERATURE (F)   89
 MINIMUM TEMPERATURE (F)   78

SUNRISE AND SUNSET
SEPTEMBER 24 2016.....SUNRISE   714 AM EDT   SUNSET   718 PM EDT
SEPTEMBER 25 2016.....SUNRISE   714 AM EDT   SUNSET   717 PM EDT

-  INDICATES NEGATIVE NUMBERS.
R  INDICATES RECORD WAS SET OR TIED.
MM INDICATES DATA IS MISSING.
T  INDICATES TRACE AMOUNT.


$$

FLING
