000
CDUS45 KGJT 300746
CLIMTJ


CLIMATE REPORT
NATIONAL WEATHER SERVICE GRAND JUNCTION CO
130 AM MDT TUE SEP 30 2014


...................................

...THE MONTROSE CO CLIMATE SUMMARY FOR SEPTEMBER 29 2014...

CLIMATE NORMAL PERIOD 1981 TO 2010
CLIMATE RECORD PERIOD 9999 TO 9999


WEATHER ITEM   OBSERVED TIME   RECORD YEAR NORMAL DEPARTURE LAST
                VALUE   (LST)  VALUE       VALUE  FROM      YEAR
                                                  NORMAL
..................................................................
TEMPERATURE (F)
 YESTERDAY
  MAXIMUM         58   1053 AM  MM      MM  72    -14       71
  MINIMUM         40   1153 PM  MM      MM  42     -2       33
  AVERAGE         49                        57     -8       52

PRECIPITATION (IN)
  YESTERDAY        0.12         MM      MM   0.04   0.08     0.00
  MONTH TO DATE    2.07                      1.27   0.80     2.25
  SINCE SEP 1      2.07                      1.27   0.80     2.25
  SINCE JAN 1      7.64                      8.60  -0.96     8.27

SNOWFALL (IN)
  YESTERDAY       MM            MM      MM  MM     MM       MM
  MONTH TO DATE   MM                        MM     MM       MM
  SINCE SEP 1     MM                        MM     MM       MM
  SINCE JUL 1     MM                        MM     MM       MM
  SNOW DEPTH      MM

DEGREE DAYS
 HEATING
  YESTERDAY       16                         8      8       13
  MONTH TO DATE   35                       112    -77       86
  SINCE SEP 1     35                       112    -77       86
  SINCE JUL 1     42                       117    -75       88

 COOLING
  YESTERDAY        0                         0      0        0
  MONTH TO DATE   84                        37     47       90
  SINCE SEP 1     84                        37     47       90
  SINCE JAN 1    782                       642    140      891
..................................................................


WIND (MPH)
  HIGHEST WIND SPEED    29   HIGHEST WIND DIRECTION     W (250)
  HIGHEST GUST SPEED    41   HIGHEST GUST DIRECTION    SW (240)
  AVERAGE WIND SPEED     4.3


SKY COVER
  POSSIBLE SUNSHINE  MM
  AVERAGE SKY COVER 0.4


WEATHER CONDITIONS
 THE FOLLOWING WEATHER WAS RECORDED YESTERDAY.
  THUNDERSTORM
  RAIN
  LIGHT RAIN
  FOG


RELATIVE HUMIDITY (PERCENT)
 HIGHEST   100           100 AM
 LOWEST     62          1200 PM
 AVERAGE    81

..........................................................


THE MONTROSE CO CLIMATE NORMALS FOR TODAY
                         NORMAL    RECORD    YEAR
 MAXIMUM TEMPERATURE (F)   72        MM        MM
 MINIMUM TEMPERATURE (F)   41        MM        MM


SUNRISE AND SUNSET
SEPTEMBER 30 2014.....SUNRISE   706 AM MDT   SUNSET   656 PM MDT
OCTOBER  1 2014.......SUNRISE   707 AM MDT   SUNSET   654 PM MDT


-  INDICATES NEGATIVE NUMBERS.
R  INDICATES RECORD WAS SET OR TIED.
MM INDICATES DATA IS MISSING.
T  INDICATES TRACE AMOUNT.




$$
