000
CDUS43 KILX 250635
CLIMTO


CLIMATE REPORT
NATIONAL WEATHER SERVICE LINCOLN IL
134 AM CDT THU AUG 25 2016


...................................

...THE MATTOON IL AIRPORT CLIMATE SUMMARY FOR AUGUST 24 2016...

CLIMATE NORMAL PERIOD 1981 TO 2010
CLIMATE RECORD PERIOD 9999 TO 9999


WEATHER ITEM   OBSERVED TIME   RECORD YEAR NORMAL DEPARTURE LAST
                VALUE   (LST)  VALUE       VALUE  FROM      YEAR
                                                  NORMAL
..................................................................
TEMPERATURE (F)
 YESTERDAY
  MAXIMUM         86    357 PM  MM      MM  85      1       78
  MINIMUM         69    320 AM  MM      MM  62      7       53
  AVERAGE         78                        73      5       66

PRECIPITATION (IN)
  YESTERDAY        0.10         MM      MM   0.10   0.00     0.00
  MONTH TO DATE    3.88                      2.33   1.55     1.28
  SINCE JUN 1     11.10                     10.82   0.28    13.60
  SINCE JAN 1     22.84                     25.17  -2.33    24.15

DEGREE DAYS
 HEATING
  YESTERDAY        0                         0      0        0
  MONTH TO DATE    0                         0      0        0
  SINCE JUN 1      5                        18    -13        8
  SINCE JUL 1      5                         1      4        0

 COOLING
  YESTERDAY       13                         8      5        1
  MONTH TO DATE  253                       226     27      204
  SINCE JUN 1    899                       779    120      737
  SINCE JAN 1    974                       867    107      864
..................................................................


WIND (MPH)
  HIGHEST WIND SPEED    20   HIGHEST WIND DIRECTION     S (190)
  HIGHEST GUST SPEED    28   HIGHEST GUST DIRECTION    SW (210)
  AVERAGE WIND SPEED     9.4


SKY COVER
  POSSIBLE SUNSHINE  MM
  AVERAGE SKY COVER 0.3


WEATHER CONDITIONS
 THE FOLLOWING WEATHER WAS RECORDED YESTERDAY.
  THUNDERSTORM
  LIGHT RAIN
  FOG


RELATIVE HUMIDITY (PERCENT)
 HIGHEST    97           400 AM
 LOWEST     65           300 PM
 AVERAGE    81

..........................................................


THE MATTOON IL AIRPORT CLIMATE NORMALS FOR TODAY
                         NORMAL    RECORD    YEAR
 MAXIMUM TEMPERATURE (F)   84        MM        MM
 MINIMUM TEMPERATURE (F)   62        MM        MM


SUNRISE AND SUNSET
AUGUST 25 2016........SUNRISE   615 AM CDT   SUNSET   734 PM CDT
AUGUST 26 2016........SUNRISE   616 AM CDT   SUNSET   732 PM CDT


-  INDICATES NEGATIVE NUMBERS.
R  INDICATES RECORD WAS SET OR TIED.
MM INDICATES DATA IS MISSING.
T  INDICATES TRACE AMOUNT.




$$
