000
CDUS43 KILX 170642
CLIMTO


CLIMATE REPORT
NATIONAL WEATHER SERVICE LINCOLN IL
142 AM CDT WED SEP 17 2014


...................................

...THE MATTOON IL AIRPORT CLIMATE SUMMARY FOR SEPTEMBER 16 2014...

CLIMATE NORMAL PERIOD 1981 TO 2010
CLIMATE RECORD PERIOD 9999 TO 9999


WEATHER ITEM   OBSERVED TIME   RECORD YEAR NORMAL DEPARTURE LAST
                VALUE   (LST)  VALUE       VALUE  FROM      YEAR
                                                  NORMAL
..................................................................
TEMPERATURE (F)
 YESTERDAY
  MAXIMUM         66    304 PM  MM      MM  78    -12       67
  MINIMUM         48   1042 PM  MM      MM  55     -7       53
  AVERAGE         57                        67    -10       60

PRECIPITATION (IN)
  YESTERDAY        0.00         MM      MM   0.09  -0.09     0.00
  MONTH TO DATE    3.28                      1.73   1.55     0.12
  SINCE SEP 1      3.28                      1.73   1.55     0.12
  SINCE JAN 1     24.72                     27.63  -2.91    38.37

DEGREE DAYS
 HEATING
  YESTERDAY        8                         2      6        5
  MONTH TO DATE   60                        12     48       19
  SINCE SEP 1     60                        12     48       19
  SINCE JUL 1     65                        17     48       29

 COOLING
  YESTERDAY        0                         4     -4        0
  MONTH TO DATE   62                        85    -23      130
  SINCE SEP 1     62                        85    -23      130
  SINCE JAN 1    896                      1005   -109      934
..................................................................


WIND (MPH)
  HIGHEST WIND SPEED    15   HIGHEST WIND DIRECTION     N (360)
  HIGHEST GUST SPEED    20   HIGHEST GUST DIRECTION     N (20)
  AVERAGE WIND SPEED     5.1


SKY COVER
  POSSIBLE SUNSHINE  MM
  AVERAGE SKY COVER 0.7


WEATHER CONDITIONS
 THE FOLLOWING WEATHER WAS RECORDED YESTERDAY.
  FOG


RELATIVE HUMIDITY (PERCENT)
 HIGHEST   100           600 AM
 LOWEST     52           300 PM
 AVERAGE    76

..........................................................


THE MATTOON IL AIRPORT CLIMATE NORMALS FOR TODAY
                         NORMAL    RECORD    YEAR
 MAXIMUM TEMPERATURE (F)   78        MM        MM
 MINIMUM TEMPERATURE (F)   55        MM        MM


SUNRISE AND SUNSET
SEPTEMBER 17 2014.....SUNRISE   636 AM CDT   SUNSET   658 PM CDT
SEPTEMBER 18 2014.....SUNRISE   637 AM CDT   SUNSET   657 PM CDT


-  INDICATES NEGATIVE NUMBERS.
R  INDICATES RECORD WAS SET OR TIED.
MM INDICATES DATA IS MISSING.
T  INDICATES TRACE AMOUNT.




$$
