000
CDUS43 KILX 312202
CLIMTO


CLIMATE REPORT
NATIONAL WEATHER SERVICE LINCOLN IL
502 PM CDT TUE MAY 31 2016


...................................

...THE MATTOON IL AIRPORT CLIMATE SUMMARY FOR MAY 31 2016...
VALID TODAY AS OF 0400 PM LOCAL TIME.

CLIMATE NORMAL PERIOD 1981 TO 2010
CLIMATE RECORD PERIOD 9999 TO 9999


WEATHER ITEM   OBSERVED TIME   RECORD YEAR NORMAL DEPARTURE LAST
                VALUE   (LST)  VALUE       VALUE  FROM      YEAR
                                                  NORMAL
..................................................................
TEMPERATURE (F)
 TODAY
  MAXIMUM         86    139 PM  MM      MM  78      8       58
  MINIMUM         64    415 AM  MM      MM  57      7       50
  AVERAGE         75                        68      7       54

PRECIPITATION (IN)
  TODAY            0.00         MM      MM   0.11  -0.11     0.01
  MONTH TO DATE    2.53                      4.37  -1.84     2.89
  SINCE MAR 1     11.01                     10.37   0.64     9.20
  SINCE JAN 1     11.74                     14.35  -2.61    10.55

DEGREE DAYS
 HEATING
  TODAY            0                         2     -2       11
  MONTH TO DATE  156                       129     27       91
  SINCE MAR 1   1012                      1186   -174     1211
  SINCE JUL 1   4534                      5390   -856     5904

 COOLING
  TODAY           10                         4      6        0
  MONTH TO DATE   68                        74     -6      125
  SINCE MAR 1     75                        88    -13      127
  SINCE JAN 1     75                        88    -13      127
..................................................................


WIND (MPH)
  HIGHEST WIND SPEED    14   HIGHEST WIND DIRECTION     S (190)
  HIGHEST GUST SPEED    19   HIGHEST GUST DIRECTION    SE (140)
  AVERAGE WIND SPEED     3.5


SKY COVER
  POSSIBLE SUNSHINE  MM
  AVERAGE SKY COVER 0.1


WEATHER CONDITIONS
 THE FOLLOWING WEATHER WAS RECORDED TODAY.
  NO SIGNIFICANT WEATHER WAS OBSERVED.


RELATIVE HUMIDITY (PERCENT)
 HIGHEST    87           100 AM
 LOWEST     37           200 PM
 AVERAGE    62

..........................................................


THE MATTOON IL AIRPORT CLIMATE NORMALS FOR TOMORROW
                         NORMAL    RECORD    YEAR
 MAXIMUM TEMPERATURE (F)   78        MM        MM
 MINIMUM TEMPERATURE (F)   58        MM        MM


SUNRISE AND SUNSET
MAY 31 2016...........SUNRISE   528 AM CDT   SUNSET   814 PM CDT
JUNE  1 2016..........SUNRISE   528 AM CDT   SUNSET   815 PM CDT


-  INDICATES NEGATIVE NUMBERS.
R  INDICATES RECORD WAS SET OR TIED.
MM INDICATES DATA IS MISSING.
T  INDICATES TRACE AMOUNT.




$$
