000
CDUS43 KILX 212232
CLIMTO


CLIMATE REPORT
NATIONAL WEATHER SERVICE LINCOLN IL
432 PM CST SUN JAN 21 2018


...................................

...THE MATTOON IL AIRPORT CLIMATE SUMMARY FOR JANUARY 21 2018...
VALID TODAY AS OF 0400 PM LOCAL TIME.

CLIMATE NORMAL PERIOD 1981 TO 2010
CLIMATE RECORD PERIOD 9999 TO 9999


WEATHER ITEM   OBSERVED TIME   RECORD YEAR NORMAL DEPARTURE LAST
                VALUE   (LST)  VALUE       VALUE  FROM      YEAR
                                                  NORMAL
..................................................................
TEMPERATURE (F)
 TODAY
  MAXIMUM         49    359 PM  MM      MM  35     14       64
  MINIMUM         40   1213 AM  MM      MM  19     21       47
  AVERAGE         45                        27     18       56

PRECIPITATION (IN)
  TODAY            T            MM      MM   0.05  -0.05     0.00
  MONTH TO DATE    0.16                      1.66  -1.50     1.72
  SINCE DEC 1      0.45                      4.43  -3.98     2.25
  SINCE JAN 1      0.16                      1.66  -1.50     1.72

DEGREE DAYS
 HEATING
  TODAY           20                        38    -18        9
  MONTH TO DATE  961                       795    166      672
  SINCE DEC 1   2024                      1839    185     1765
  SINCE JUL 1   2954                      2898     56     2476

 COOLING
  TODAY            0                         0      0        0
  MONTH TO DATE    0                         0      0        0
  SINCE DEC 1      0                         0      0        0
  SINCE JAN 1      0                         0      0        0
..................................................................


WIND (MPH)
  HIGHEST WIND SPEED    16   HIGHEST WIND DIRECTION     S (170)
  HIGHEST GUST SPEED    21   HIGHEST GUST DIRECTION     S (170)
  AVERAGE WIND SPEED     9.4


SKY COVER
  POSSIBLE SUNSHINE  MM
  AVERAGE SKY COVER 1.0


WEATHER CONDITIONS
 THE FOLLOWING WEATHER WAS RECORDED TODAY.
  LIGHT RAIN
  FOG
  FOG W/VISIBILITY <= 1/4 MILE


RELATIVE HUMIDITY (PERCENT)
 HIGHEST   100          1200 AM
 LOWEST     96           400 AM
 AVERAGE    98

..........................................................


THE MATTOON IL AIRPORT CLIMATE NORMALS FOR TOMORROW
                         NORMAL    RECORD    YEAR
 MAXIMUM TEMPERATURE (F)   35        MM        MM
 MINIMUM TEMPERATURE (F)   19        MM        MM


SUNRISE AND SUNSET
JANUARY 21 2018.......SUNRISE   709 AM CST   SUNSET   501 PM CST
JANUARY 22 2018.......SUNRISE   708 AM CST   SUNSET   502 PM CST


-  INDICATES NEGATIVE NUMBERS.
R  INDICATES RECORD WAS SET OR TIED.
MM INDICATES DATA IS MISSING.
T  INDICATES TRACE AMOUNT.




$$
