000
CDUS43 KILX 260645
CLIMTO


CLIMATE REPORT
NATIONAL WEATHER SERVICE LINCOLN IL
1235 AM CST MON JAN 26 2015


...................................

...THE MATTOON IL AIRPORT CLIMATE SUMMARY FOR JANUARY 25 2015...

CLIMATE NORMAL PERIOD 1981 TO 2010
CLIMATE RECORD PERIOD 9999 TO 9999


WEATHER ITEM   OBSERVED TIME   RECORD YEAR NORMAL DEPARTURE LAST
                VALUE   (LST)  VALUE       VALUE  FROM      YEAR
                                                  NORMAL
..................................................................
TEMPERATURE (F)
 YESTERDAY
  MAXIMUM         40    149 PM  MM      MM  35      5       35
  MINIMUM         28   1159 PM  MM      MM  20      8       10
  AVERAGE         34                        27      7       23

PRECIPITATION (IN)
  YESTERDAY        0.04         MM      MM   0.05  -0.01      T
  MONTH TO DATE    0.52                      1.86  -1.34     0.28
  SINCE DEC 1      1.60                      4.63  -3.03     1.87
  SINCE JAN 1      0.52                      1.86  -1.34     0.28

DEGREE DAYS
 HEATING
  YESTERDAY       31                        38     -7       42
  MONTH TO DATE  958                       947     11     1091
  SINCE DEC 1   1919                      1991    -72     2215
  SINCE JUL 1   3215                      3050    165     3332

 COOLING
  YESTERDAY        0                         0      0        0
  MONTH TO DATE    0                         0      0        0
  SINCE DEC 1      0                         0      0        0
  SINCE JAN 1      0                         0      0        0
..................................................................


WIND (MPH)
  HIGHEST WIND SPEED    28   HIGHEST WIND DIRECTION    NE (30)
  HIGHEST GUST SPEED    35   HIGHEST GUST DIRECTION     N (20)
  AVERAGE WIND SPEED    11.6


SKY COVER
  POSSIBLE SUNSHINE  MM
  AVERAGE SKY COVER 0.8


WEATHER CONDITIONS
 THE FOLLOWING WEATHER WAS RECORDED YESTERDAY.
  LIGHT RAIN
  FOG


RELATIVE HUMIDITY (PERCENT)
 HIGHEST   100          1000 AM
 LOWEST     70          1200 AM
 AVERAGE    85

..........................................................


THE MATTOON IL AIRPORT CLIMATE NORMALS FOR TODAY
                         NORMAL    RECORD    YEAR
 MAXIMUM TEMPERATURE (F)   35        MM        MM
 MINIMUM TEMPERATURE (F)   20        MM        MM


SUNRISE AND SUNSET
JANUARY 26 2015.......SUNRISE   706 AM CST   SUNSET   506 PM CST
JANUARY 27 2015.......SUNRISE   705 AM CST   SUNSET   507 PM CST


-  INDICATES NEGATIVE NUMBERS.
R  INDICATES RECORD WAS SET OR TIED.
MM INDICATES DATA IS MISSING.
T  INDICATES TRACE AMOUNT.




$$
