000
CDUS43 KILX 290646
CLIMTO


CLIMATE REPORT
NATIONAL WEATHER SERVICE LINCOLN IL
144 AM CDT FRI AUG 29 2014


...................................

...THE MATTOON IL AIRPORT CLIMATE SUMMARY FOR AUGUST 28 2014...

CLIMATE NORMAL PERIOD 1981 TO 2010
CLIMATE RECORD PERIOD 9999 TO 9999


WEATHER ITEM   OBSERVED TIME   RECORD YEAR NORMAL DEPARTURE LAST
                VALUE   (LST)  VALUE       VALUE  FROM      YEAR
                                                  NORMAL
..................................................................
TEMPERATURE (F)
 YESTERDAY
  MAXIMUM         86    400 PM  MM      MM  84      2       93
  MINIMUM         66    542 AM  MM      MM  61      5       73
  AVERAGE         76                        73      3       83

PRECIPITATION (IN)
  YESTERDAY        T            MM      MM   0.10  -0.10     0.00
  MONTH TO DATE    2.73                      2.76  -0.03     0.34
  SINCE JUN 1     11.27                     11.25   0.02    15.57
  SINCE JAN 1     21.44                     25.60  -4.16    38.22

DEGREE DAYS
 HEATING
  YESTERDAY        0                         0      0        0
  MONTH TO DATE    1                         0      1        8
  SINCE JUN 1      8                        18    -10       21
  SINCE JUL 1      5                         1      4       10

 COOLING
  YESTERDAY       11                         8      3       18
  MONTH TO DATE  238                       258    -20      187
  SINCE JUN 1    666                       811   -145      648
  SINCE JAN 1    796                       899   -103      757
..................................................................


WIND (MPH)
  HIGHEST WIND SPEED    13   HIGHEST WIND DIRECTION    NW (320)
  HIGHEST GUST SPEED    16   HIGHEST GUST DIRECTION    NW (320)
  AVERAGE WIND SPEED     4.4


SKY COVER
  POSSIBLE SUNSHINE  MM
  AVERAGE SKY COVER 0.3


WEATHER CONDITIONS
 THE FOLLOWING WEATHER WAS RECORDED YESTERDAY.
  FOG


RELATIVE HUMIDITY (PERCENT)
 HIGHEST    93          1200 AM
 LOWEST     61           300 PM
 AVERAGE    77

..........................................................


THE MATTOON IL AIRPORT CLIMATE NORMALS FOR TODAY
                         NORMAL    RECORD    YEAR
 MAXIMUM TEMPERATURE (F)   84        MM        MM
 MINIMUM TEMPERATURE (F)   61        MM        MM


SUNRISE AND SUNSET
AUGUST 29 2014........SUNRISE   619 AM CDT   SUNSET   729 PM CDT
AUGUST 30 2014........SUNRISE   620 AM CDT   SUNSET   727 PM CDT


-  INDICATES NEGATIVE NUMBERS.
R  INDICATES RECORD WAS SET OR TIED.
MM INDICATES DATA IS MISSING.
T  INDICATES TRACE AMOUNT.




$$
