000
CDUS41 KBTV 240617
CLIMVL


CLIMATE REPORT
NATIONAL WEATHER SERVICE BURLINGTON VT
117 AM EST WED DEC 24 2014


...................................

...THE MORRISVILLE VT CLIMATE SUMMARY FOR DECEMBER 23 2014...

CLIMATE NORMAL PERIOD 1981 TO 2010
CLIMATE RECORD PERIOD 9999 TO 9999


WEATHER ITEM   OBSERVED TIME   NORMAL DEPARTURE LAST
                VALUE   (LST)  VALUE  FROM      YEAR
                                      NORMAL
......................................................
TEMPERATURE (F)
 YESTERDAY
  MAXIMUM         38   1159 PM  30      8       34
  MINIMUM         31    250 AM  11     20       23
  AVERAGE         35            20     15       29

PRECIPITATION (IN)
  YESTERDAY        0.03          0.09  -0.06     0.17
  MONTH TO DATE    0.66          2.06  -1.40     2.70
  SINCE DEC 1      0.66          2.06  -1.40     2.70
  SINCE JAN 1     34.15         35.42  -1.27    41.47

DEGREE DAYS
 HEATING
  YESTERDAY       30            45    -15       36
  MONTH TO DATE  825           941   -116      983
  SINCE DEC 1    825           941   -116      983
  SINCE JUL 1   2168          2769   -601     2766

 COOLING
  YESTERDAY        0             0      0        0
  MONTH TO DATE    0             0      0        0
  SINCE DEC 1      0             0      0        0
  SINCE JAN 1    249           265    -16      401
......................................................


WIND (MPH)
  HIGHEST WIND SPEED     8   HIGHEST WIND DIRECTION     S (190)
  HIGHEST GUST SPEED    13   HIGHEST GUST DIRECTION    SW (220)
  AVERAGE WIND SPEED     2.8


SKY COVER
  AVERAGE SKY COVER 1.0


WEATHER CONDITIONS
 THE FOLLOWING WEATHER WAS RECORDED YESTERDAY.
  LIGHT RAIN
  LIGHT SNOW
  FOG


RELATIVE HUMIDITY (PERCENT)
 HIGHEST    92           100 AM
 LOWEST     85          1200 AM
 AVERAGE    89

..........................................................


THE MORRISVILLE VT CLIMATE NORMALS FOR TODAY
                         NORMAL    RECORD    YEAR
 MAXIMUM TEMPERATURE (F)   29        MM        MM
 MINIMUM TEMPERATURE (F)   10        MM        MM


SUNRISE AND SUNSET
DECEMBER 24 2014......SUNRISE   725 AM EST   SUNSET   415 PM EST
DECEMBER 25 2014......SUNRISE   726 AM EST   SUNSET   416 PM EST


-  INDICATES NEGATIVE NUMBERS.
R  INDICATES RECORD WAS SET OR TIED.
MM INDICATES DATA IS MISSING.
T  INDICATES TRACE AMOUNT.




$$
