000
CDUS41 KBTV 270521
CLIMVL


CLIMATE REPORT
NATIONAL WEATHER SERVICE BURLINGTON VT
119 AM EDT MON MAR 27 2017


...................................

...THE MORRISVILLE VT CLIMATE SUMMARY FOR MARCH 26 2017...

CLIMATE NORMAL PERIOD 1981 TO 2010
CLIMATE RECORD PERIOD 9999 TO 9999


WEATHER ITEM   OBSERVED TIME   NORMAL DEPARTURE LAST
                VALUE   (LST)  VALUE  FROM      YEAR
                                      NORMAL
......................................................
TEMPERATURE (F)
 YESTERDAY
  MAXIMUM         41    144 PM  43     -2       50
  MINIMUM         -2    554 AM  22    -24       24
  AVERAGE         20            33    -13       37

PRECIPITATION (IN)
  YESTERDAY        0.09          0.07   0.02     0.00
  MONTH TO DATE    0.64          1.35  -0.71     0.87
  SINCE MAR 1      0.64          1.35  -0.71     0.87
  SINCE JAN 1      3.71          5.63  -1.92     4.02

DEGREE DAYS
 HEATING
  YESTERDAY       45            32     13       28
  MONTH TO DATE 1161           970    191      836
  SINCE MAR 1   1161           970    191      836
  SINCE JUL 1   6384          6930   -546     5409

 COOLING
  YESTERDAY        0             0      0        0
  MONTH TO DATE    0             0      0        0
  SINCE MAR 1      0             0      0        0
  SINCE JAN 1      0             0      0        0
......................................................


WIND (MPH)
  HIGHEST WIND SPEED    12   HIGHEST WIND DIRECTION     S (200)
  HIGHEST GUST SPEED    16   HIGHEST GUST DIRECTION    SW (210)
  AVERAGE WIND SPEED     4.0


SKY COVER
  AVERAGE SKY COVER 0.5


WEATHER CONDITIONS
 THE FOLLOWING WEATHER WAS RECORDED YESTERDAY.
  LIGHT RAIN
  FOG


RELATIVE HUMIDITY (PERCENT)
 HIGHEST    92          1200 AM
 LOWEST     29          1200 PM
 AVERAGE    61

..........................................................


THE MORRISVILLE VT CLIMATE NORMALS FOR TODAY
                         NORMAL    RECORD    YEAR
 MAXIMUM TEMPERATURE (F)   44        62      1998
 MINIMUM TEMPERATURE (F)   22        -3      2014


SUNRISE AND SUNSET
MARCH 27 2017.........SUNRISE   640 AM EDT   SUNSET   712 PM EDT
MARCH 28 2017.........SUNRISE   638 AM EDT   SUNSET   713 PM EDT


-  INDICATES NEGATIVE NUMBERS.
R  INDICATES RECORD WAS SET OR TIED.
MM INDICATES DATA IS MISSING.
T  INDICATES TRACE AMOUNT.




$$
