000
CDUS41 KBTV 280523
CLIMVL


CLIMATE REPORT
NATIONAL WEATHER SERVICE BURLINGTON VT
121 AM EDT WED SEP 28 2016


...................................

...THE MORRISVILLE VT CLIMATE SUMMARY FOR SEPTEMBER 27 2016...

CLIMATE NORMAL PERIOD 1981 TO 2010
CLIMATE RECORD PERIOD 9999 TO 9999


WEATHER ITEM   OBSERVED TIME   NORMAL DEPARTURE LAST
                VALUE   (LST)  VALUE  FROM      YEAR
                                      NORMAL
......................................................
TEMPERATURE (F)
 YESTERDAY
  MAXIMUM         71    226 PM  65      6       75
  MINIMUM         44   1159 PM  41      3       34
  AVERAGE         58            53      5       55

PRECIPITATION (IN)
  YESTERDAY        T             0.12  -0.12     0.00
  MONTH TO DATE    0.89          3.03  -2.14     0.97
  SINCE SEP 1      0.89          3.03  -2.14     0.97
  SINCE JAN 1     16.53         26.79 -10.26    16.90

DEGREE DAYS
 HEATING
  YESTERDAY        7            12     -5       10
  MONTH TO DATE  142           199    -57       80
  SINCE SEP 1    142           199    -57       80
  SINCE JUL 1    201           294    -93      110

 COOLING
  YESTERDAY        0             0      0        0
  MONTH TO DATE   34            13     21       88
  SINCE SEP 1     34            13     21       88
  SINCE JAN 1    322           260     62      501
......................................................


WIND (MPH)
  HIGHEST WIND SPEED    13   HIGHEST WIND DIRECTION     S (200)
  HIGHEST GUST SPEED    17   HIGHEST GUST DIRECTION     S (200)
  AVERAGE WIND SPEED     2.0


SKY COVER
  AVERAGE SKY COVER 0.5


WEATHER CONDITIONS
 THE FOLLOWING WEATHER WAS RECORDED YESTERDAY.
  LIGHT RAIN
  FOG
  FOG W/VISIBILITY <= 1/4 MILE


RELATIVE HUMIDITY (PERCENT)
 HIGHEST   100           800 AM
 LOWEST     36           400 PM
 AVERAGE    68

..........................................................


THE MORRISVILLE VT CLIMATE NORMALS FOR TODAY
                         NORMAL    RECORD    YEAR
 MAXIMUM TEMPERATURE (F)   65        80      2014
 MINIMUM TEMPERATURE (F)   41        27      2000


SUNRISE AND SUNSET
SEPTEMBER 28 2016.....SUNRISE   645 AM EDT   SUNSET   636 PM EDT
SEPTEMBER 29 2016.....SUNRISE   646 AM EDT   SUNSET   634 PM EDT


-  INDICATES NEGATIVE NUMBERS.
R  INDICATES RECORD WAS SET OR TIED.
MM INDICATES DATA IS MISSING.
T  INDICATES TRACE AMOUNT.




$$
