000
CDUS41 KBTV 210546
CLIMVL


CLIMATE REPORT
NATIONAL WEATHER SERVICE BURLINGTON VT
144 AM EDT MON AUG 21 2017


...................................

...THE MORRISVILLE VT CLIMATE SUMMARY FOR AUGUST 20 2017...

CLIMATE NORMAL PERIOD 1981 TO 2010
CLIMATE RECORD PERIOD 9999 TO 9999


WEATHER ITEM   OBSERVED TIME   NORMAL DEPARTURE LAST
                VALUE   (LST)  VALUE  FROM      YEAR
                                      NORMAL
......................................................
TEMPERATURE (F)
 YESTERDAY
  MAXIMUM         76    440 PM  77     -1       83
  MINIMUM         54   1158 PM  53      1       50
  AVERAGE         65            65      0       67

PRECIPITATION (IN)
  YESTERDAY        0.01          0.14  -0.13     0.00
  MONTH TO DATE    2.97          2.78   0.19     2.37
  SINCE JUN 1     13.86         10.89   2.97     7.95
  SINCE JAN 1     26.61         22.51   4.10    15.00

DEGREE DAYS
 HEATING
  YESTERDAY        0             2     -2        0
  MONTH TO DATE   31            35     -4        8
  SINCE JUN 1    236           188     48      172
  SINCE JUL 1     85            65     20       41

 COOLING
  YESTERDAY        0             2     -2        2
  MONTH TO DATE   28            56    -28       84
  SINCE JUN 1    127           216    -89      224
  SINCE JAN 1    136           224    -88      253
......................................................


WIND (MPH)
  HIGHEST WIND SPEED    14   HIGHEST WIND DIRECTION    NW (330)
  HIGHEST GUST SPEED    21   HIGHEST GUST DIRECTION    NW (310)
  AVERAGE WIND SPEED     3.7


SKY COVER
  AVERAGE SKY COVER 0.5


WEATHER CONDITIONS
 THE FOLLOWING WEATHER WAS RECORDED YESTERDAY.
  LIGHT RAIN
  FOG


RELATIVE HUMIDITY (PERCENT)
 HIGHEST   100          1200 AM
 LOWEST     49          1200 PM
 AVERAGE    75

..........................................................


THE MORRISVILLE VT CLIMATE NORMALS FOR TODAY
                         NORMAL    RECORD    YEAR
 MAXIMUM TEMPERATURE (F)   77        85      2013
 MINIMUM TEMPERATURE (F)   53        40      2007


SUNRISE AND SUNSET
AUGUST 21 2017........SUNRISE   600 AM EDT   SUNSET   746 PM EDT
AUGUST 22 2017........SUNRISE   602 AM EDT   SUNSET   744 PM EDT


-  INDICATES NEGATIVE NUMBERS.
R  INDICATES RECORD WAS SET OR TIED.
MM INDICATES DATA IS MISSING.
T  INDICATES TRACE AMOUNT.




$$
