000
CDUS41 KBTV 270551
CLIMVL


CLIMATE REPORT
NATIONAL WEATHER SERVICE BURLINGTON VT
150 AM EDT FRI MAR 27 2015


...................................

...THE MORRISVILLE VT CLIMATE SUMMARY FOR MARCH 26 2015...

CLIMATE NORMAL PERIOD 1981 TO 2010
CLIMATE RECORD PERIOD 9999 TO 9999


WEATHER ITEM   OBSERVED TIME   NORMAL DEPARTURE LAST
                VALUE   (LST)  VALUE  FROM      YEAR
                                      NORMAL
......................................................
TEMPERATURE (F)
 YESTERDAY
  MAXIMUM         49   1058 AM  43      6       25
  MINIMUM         35   1159 PM  22     13        6
  AVERAGE         42            33      9       16

PRECIPITATION (IN)
  YESTERDAY        0.06          0.07  -0.01      T
  MONTH TO DATE    0.33          1.35  -1.02     1.43
  SINCE MAR 1      0.33          1.35  -1.02     1.43
  SINCE JAN 1      1.45          5.63  -4.18     6.03

DEGREE DAYS
 HEATING
  YESTERDAY       23            32     -9       49
  MONTH TO DATE 1109           970    139     1287
  SINCE MAR 1   1109           970    139     1287
  SINCE JUL 1   6791          6930   -139     7341

 COOLING
  YESTERDAY        0             0      0        0
  MONTH TO DATE    0             0      0        0
  SINCE MAR 1      0             0      0        0
  SINCE JAN 1      0             0      0        0
......................................................


WIND (MPH)
  HIGHEST WIND SPEED    13   HIGHEST WIND DIRECTION    SW (210)
  HIGHEST GUST SPEED    23   HIGHEST GUST DIRECTION     S (190)
  AVERAGE WIND SPEED     3.7


SKY COVER
  AVERAGE SKY COVER 0.9


WEATHER CONDITIONS
 THE FOLLOWING WEATHER WAS RECORDED YESTERDAY.
  RAIN
  LIGHT RAIN
  FOG


RELATIVE HUMIDITY (PERCENT)
 HIGHEST    92           500 PM
 LOWEST     56           900 AM
 AVERAGE    74

..........................................................


THE MORRISVILLE VT CLIMATE NORMALS FOR TODAY
                         NORMAL    RECORD    YEAR
 MAXIMUM TEMPERATURE (F)   44        62      1998
 MINIMUM TEMPERATURE (F)   22        -3      2014


SUNRISE AND SUNSET
MARCH 27 2015.........SUNRISE   641 AM EDT   SUNSET   711 PM EDT
MARCH 28 2015.........SUNRISE   639 AM EDT   SUNSET   713 PM EDT


-  INDICATES NEGATIVE NUMBERS.
R  INDICATES RECORD WAS SET OR TIED.
MM INDICATES DATA IS MISSING.
T  INDICATES TRACE AMOUNT.




$$
