000
CDUS41 KBTV 280557
CLIMVL


CLIMATE REPORT
NATIONAL WEATHER SERVICE BURLINGTON VT
1257 AM EST WED JAN 28 2015


...................................

...THE MORRISVILLE VT CLIMATE SUMMARY FOR JANUARY 27 2015...

CLIMATE NORMAL PERIOD 1981 TO 2010
CLIMATE RECORD PERIOD 9999 TO 9999


WEATHER ITEM   OBSERVED TIME   NORMAL DEPARTURE LAST
                VALUE   (LST)  VALUE  FROM      YEAR
                                      NORMAL
......................................................
TEMPERATURE (F)
 YESTERDAY
  MAXIMUM         11    601 AM  27    -16       32
  MINIMUM          7   1159 PM   4      3        8
  AVERAGE          9            15     -6       20

PRECIPITATION (IN)
  YESTERDAY        0.03          0.08  -0.05     0.04
  MONTH TO DATE    0.84          2.24  -1.40     2.41
  SINCE DEC 1      1.63          4.88  -3.25     5.42
  SINCE JAN 1      0.84          2.24  -1.40     2.41

DEGREE DAYS
 HEATING
  YESTERDAY       56            50      6       45
  MONTH TO DATE 1371          1328     43     1341
  SINCE DEC 1   2472          2638   -166     2702
  SINCE JUL 1   3815          4466   -651     4485

 COOLING
  YESTERDAY        0             0      0        0
  MONTH TO DATE    0             0      0        0
  SINCE DEC 1      0             0      0        0
  SINCE JAN 1      0             0      0        0
......................................................


WIND (MPH)
  HIGHEST WIND SPEED    21   HIGHEST WIND DIRECTION     N (340)
  HIGHEST GUST SPEED    28   HIGHEST GUST DIRECTION    NW (330)
  AVERAGE WIND SPEED    10.7


SKY COVER
  AVERAGE SKY COVER 0.8


WEATHER CONDITIONS
 THE FOLLOWING WEATHER WAS RECORDED YESTERDAY.
  HEAVY SNOW
  SNOW
  LIGHT SNOW


RELATIVE HUMIDITY (PERCENT)
 HIGHEST    80           200 PM
 LOWEST     46          1000 AM
 AVERAGE    63

..........................................................


THE MORRISVILLE VT CLIMATE NORMALS FOR TODAY
                         NORMAL    RECORD    YEAR
 MAXIMUM TEMPERATURE (F)   27        MM        MM
 MINIMUM TEMPERATURE (F)    4        MM        MM


SUNRISE AND SUNSET
JANUARY 28 2015.......SUNRISE   714 AM EST   SUNSET   454 PM EST
JANUARY 29 2015.......SUNRISE   713 AM EST   SUNSET   455 PM EST


-  INDICATES NEGATIVE NUMBERS.
R  INDICATES RECORD WAS SET OR TIED.
MM INDICATES DATA IS MISSING.
T  INDICATES TRACE AMOUNT.




$$
