000
CDUS41 KBTV 240534
CLIMVL


CLIMATE REPORT
NATIONAL WEATHER SERVICE BURLINGTON VT
1232 AM EST WED JAN 24 2018


...................................

...THE MORRISVILLE VT CLIMATE SUMMARY FOR JANUARY 23 2018...

CLIMATE NORMAL PERIOD 1981 TO 2010
CLIMATE RECORD PERIOD 9999 TO 9999


WEATHER ITEM   OBSERVED TIME   NORMAL DEPARTURE LAST
                VALUE   (LST)  VALUE  FROM      YEAR
                                      NORMAL
......................................................
TEMPERATURE (F)
 YESTERDAY
  MAXIMUM         37   1006 PM  26     11       34
  MINIMUM         30    332 AM   4     26       29
  AVERAGE         34            15     19       32

PRECIPITATION (IN)
  YESTERDAY        0.48          0.08   0.40      T
  MONTH TO DATE    3.18          1.95   1.23     0.77
  SINCE DEC 1      4.03          4.59  -0.56     3.98
  SINCE JAN 1      3.18          1.95   1.23     0.77

DEGREE DAYS
 HEATING
  YESTERDAY       31            50    -19       33
  MONTH TO DATE 1007          1128   -121      936
  SINCE DEC 1   2490          2438     52     2206
  SINCE JUL 1   4131          4266   -135     3797

 COOLING
  YESTERDAY        0             0      0        0
  MONTH TO DATE    0             0      0        0
  SINCE DEC 1      0             0      0        0
  SINCE JAN 1      0             0      0        0
......................................................


WIND (MPH)
  HIGHEST WIND SPEED    14   HIGHEST WIND DIRECTION    SW (220)
  HIGHEST GUST SPEED    20   HIGHEST GUST DIRECTION    SW (210)
  AVERAGE WIND SPEED     4.7


SKY COVER
  AVERAGE SKY COVER 1.0


WEATHER CONDITIONS
 THE FOLLOWING WEATHER WAS RECORDED YESTERDAY.
  THUNDERSTORM
  RAIN
  LIGHT RAIN
  FOG


RELATIVE HUMIDITY (PERCENT)
 HIGHEST   100          1000 AM
 LOWEST     85          1200 AM
 AVERAGE    93

..........................................................


THE MORRISVILLE VT CLIMATE NORMALS FOR TODAY
                         NORMAL    RECORD    YEAR
 MAXIMUM TEMPERATURE (F)   26        48      1999
 MINIMUM TEMPERATURE (F)    4       -26      2011


SUNRISE AND SUNSET
JANUARY 24 2018.......SUNRISE   717 AM EST   SUNSET   448 PM EST
JANUARY 25 2018.......SUNRISE   716 AM EST   SUNSET   450 PM EST


-  INDICATES NEGATIVE NUMBERS.
R  INDICATES RECORD WAS SET OR TIED.
MM INDICATES DATA IS MISSING.
T  INDICATES TRACE AMOUNT.




$$
