000
CDUS41 KBTV 240539
CLIMVL


CLIMATE REPORT
NATIONAL WEATHER SERVICE BURLINGTON VT
136 AM EDT TUE MAY 24 2016


...................................

...THE MORRISVILLE VT CLIMATE SUMMARY FOR MAY 23 2016...

CLIMATE NORMAL PERIOD 1981 TO 2010
CLIMATE RECORD PERIOD 9999 TO 9999


WEATHER ITEM   OBSERVED TIME   NORMAL DEPARTURE LAST
                VALUE   (LST)  VALUE  FROM      YEAR
                                      NORMAL
......................................................
TEMPERATURE (F)
 YESTERDAY
  MAXIMUM         77    511 PM  69      8       62
  MINIMUM         44   1158 PM  43      1       34
  AVERAGE         61            56      5       48

PRECIPITATION (IN)
  YESTERDAY        0.00          0.12  -0.12     0.00
  MONTH TO DATE    0.84          2.25  -1.41     1.46
  SINCE MAR 1      3.66          6.32  -2.66     2.96
  SINCE JAN 1      6.81         10.60  -3.79     4.08

DEGREE DAYS
 HEATING
  YESTERDAY        4             9     -5       17
  MONTH TO DATE  345           286     59      170
  SINCE MAR 1   2122          2106     16     2186
  SINCE JUL 1   6695          8066  -1371     7868

 COOLING
  YESTERDAY        0             0      0        0
  MONTH TO DATE    0             0      0       18
  SINCE MAR 1      0             1     -1       18
  SINCE JAN 1      0             1     -1       18
......................................................


WIND (MPH)
  HIGHEST WIND SPEED    13   HIGHEST WIND DIRECTION     N (10)
  HIGHEST GUST SPEED    18   HIGHEST GUST DIRECTION     N (10)
  AVERAGE WIND SPEED     2.0


SKY COVER
  AVERAGE SKY COVER 0.4


WEATHER CONDITIONS
 THE FOLLOWING WEATHER WAS RECORDED YESTERDAY.
  FOG
  FOG W/VISIBILITY <= 1/4 MILE


RELATIVE HUMIDITY (PERCENT)
 HIGHEST   100           100 AM
 LOWEST     22           500 PM
 AVERAGE    61

..........................................................


THE MORRISVILLE VT CLIMATE NORMALS FOR TODAY
                         NORMAL    RECORD    YEAR
 MAXIMUM TEMPERATURE (F)   69        87      2007
 MINIMUM TEMPERATURE (F)   44        40      2006


SUNRISE AND SUNSET
MAY 24 2016...........SUNRISE   514 AM EDT   SUNSET   821 PM EDT
MAY 25 2016...........SUNRISE   513 AM EDT   SUNSET   822 PM EDT


-  INDICATES NEGATIVE NUMBERS.
R  INDICATES RECORD WAS SET OR TIED.
MM INDICATES DATA IS MISSING.
T  INDICATES TRACE AMOUNT.




$$
