000
CDUS46 KOTX 220826
CLIMWH


CLIMATE REPORT
NATIONAL WEATHER SERVICE SPOKANE, WA
126 AM PDT MON MAY 22 2017


...................................

...THE MOSES LAKE WA AIRPORT CLIMATE SUMMARY FOR MAY 21 2017...

CLIMATE NORMAL PERIOD 1981 TO 2010
CLIMATE RECORD PERIOD 9999 TO 9999


WEATHER ITEM   OBSERVED TIME   RECORD YEAR NORMAL DEPARTURE LAST
                VALUE   (LST)  VALUE       VALUE  FROM      YEAR
                                                  NORMAL
..................................................................
TEMPERATURE (F)
 YESTERDAY
  MAXIMUM         84    357 PM  MM      MM  75      9       68
  MINIMUM         46    419 AM  MM      MM  46      0       52
  AVERAGE         65                        61      4       60

PRECIPITATION (IN)
  YESTERDAY        0.00         MM      MM   0.02  -0.02     0.09
  MONTH TO DATE    0.44                      0.40   0.04     0.48
  SINCE OCT 1      9.28                      7.11   2.17     7.65
  SINCE JAN 1      5.39                      3.82   1.57     4.39

SNOWFALL (IN)
  YESTERDAY       MM

DEGREE DAYS
 HEATING
  YESTERDAY        0                         5     -5        5
  MONTH TO DATE  180                       167     13       68
  SINCE MAR 1   1263                      1279    -16      884
  SINCE JUL 1   6114                      5784    330     4917

 COOLING
  YESTERDAY        0                         1     -1        0
  MONTH TO DATE    4                        11     -7       18
  SINCE MAR 1      4                        12     -8       19
  SINCE JAN 1      4                        12     -8       19
..................................................................


WIND (MPH)
  HIGHEST WIND SPEED    10   HIGHEST WIND DIRECTION    NE (40)
  HIGHEST GUST SPEED    16   HIGHEST GUST DIRECTION    SW (210)
  AVERAGE WIND SPEED     4.6


SKY COVER
  POSSIBLE SUNSHINE  MM
  AVERAGE SKY COVER 0.0


WEATHER CONDITIONS
 THE FOLLOWING WEATHER WAS RECORDED YESTERDAY.
  NO SIGNIFICANT WEATHER WAS OBSERVED.


RELATIVE HUMIDITY (PERCENT)
 HIGHEST    93           400 AM
 LOWEST     22           300 PM
 AVERAGE    58

..........................................................


THE MOSES LAKE WA AIRPORT CLIMATE NORMALS FOR TODAY
                         NORMAL    RECORD    YEAR
 MAXIMUM TEMPERATURE (F)   75        MM        MM
 MINIMUM TEMPERATURE (F)   47        MM        MM


SUNRISE AND SUNSET
MAY 22 2017...........SUNRISE   513 AM PDT   SUNSET   835 PM PDT
MAY 23 2017...........SUNRISE   512 AM PDT   SUNSET   837 PM PDT


-  INDICATES NEGATIVE NUMBERS.
R  INDICATES RECORD WAS SET OR TIED.
MM INDICATES DATA IS MISSING.
T  INDICATES TRACE AMOUNT.




$$
