000
CDUS46 KOTX 210825
CLIMWH


CLIMATE REPORT
NATIONAL WEATHER SERVICE SPOKANE, WA
120 AM PDT MON JUL 21 2014


...................................

...THE MOSES LAKE WA AIRPORT CLIMATE SUMMARY FOR JULY 20 2014...

CLIMATE NORMAL PERIOD 1981 TO 2010
CLIMATE RECORD PERIOD 9999 TO 9999


WEATHER ITEM   OBSERVED TIME   RECORD YEAR NORMAL DEPARTURE LAST
                VALUE   (LST)  VALUE       VALUE  FROM      YEAR
                                                  NORMAL
..................................................................
TEMPERATURE (F)
 YESTERDAY
  MAXIMUM         86    233 PM   MM    MM   90     -4      100
  MINIMUM         62   1159 PM   MM    MM   57      5       60
  AVERAGE         74                        74      0       80

PRECIPITATION (IN)
  YESTERDAY        0.00          MM    MM   0.01  -0.01     0.00
  MONTH TO DATE    T                        0.26  -0.26      T
  SINCE OCT 1      3.85                     8.32  -4.47     7.78
  SINCE JAN 1      3.21                     5.03  -1.82     3.75

SNOWFALL (IN)
  YESTERDAY       MM             MM    MM    MM     MM       MM
  MONTH TO DATE   MM                         MM     MM       MM
  SINCE JUN 1     MM                         MM     MM       MM
  SINCE JUL 1     MM                         MM     MM       MM
  SNOW DEPTH      MM

DEGREE DAYS
 HEATING
  YESTERDAY        0                         0      0        0
  MONTH TO DATE    0                         6     -6        0
  SINCE JUN 1     24                        61    -37       49
  SINCE JUL 1      0                         6     -6        0

 COOLING
  YESTERDAY        9                         9      0       15
  MONTH TO DATE  300                       143    157      240
  SINCE JUN 1    417                       228    189      348
  SINCE JAN 1    452                       253    199      398
..................................................................


WIND (MPH)
  HIGHEST WIND SPEED    18   HIGHEST WIND DIRECTION     W (250)
  HIGHEST GUST SPEED    23   HIGHEST GUST DIRECTION     W (260)
  AVERAGE WIND SPEED     8.9


SKY COVER
  POSSIBLE SUNSHINE  MM
  AVERAGE SKY COVER 0.0


WEATHER CONDITIONS
 THE FOLLOWING WEATHER WAS RECORDED YESTERDAY.
  NO SIGNIFICANT WEATHER WAS OBSERVED.


RELATIVE HUMIDITY (PERCENT)
 HIGHEST    73           500 AM
 LOWEST     17           300 PM
 AVERAGE    45

..........................................................


THE MOSES LAKE WA AIRPORT CLIMATE NORMALS FOR TODAY
                         NORMAL    RECORD    YEAR
 MAXIMUM TEMPERATURE (F)   91        MM        MM
 MINIMUM TEMPERATURE (F)   57        MM        MM


SUNRISE AND SUNSET
JULY 21 2014..........SUNRISE   523 AM PDT   SUNSET   844 PM PDT
JULY 22 2014..........SUNRISE   524 AM PDT   SUNSET   843 PM PDT


-  INDICATES NEGATIVE NUMBERS.
R  INDICATES RECORD WAS SET OR TIED.
MM INDICATES DATA IS MISSING.
T  INDICATES TRACE AMOUNT.

$$
