000
CDUS46 KOTX 310828
CLIMWH


CLIMATE REPORT
NATIONAL WEATHER SERVICE SPOKANE, WA
1228 AM PST SAT JAN 31 2015


...................................

...THE MOSES LAKE WA AIRPORT CLIMATE SUMMARY FOR JANUARY 30 2015...

CLIMATE NORMAL PERIOD 1981 TO 2010
CLIMATE RECORD PERIOD 9999 TO 9999


WEATHER ITEM   OBSERVED TIME   RECORD YEAR NORMAL DEPARTURE LAST
                VALUE   (LST)  VALUE       VALUE  FROM      YEAR
                                                  NORMAL
..................................................................
TEMPERATURE (F)
 YESTERDAY
  MAXIMUM         38    538 PM  MM      MM  39     -1       34
  MINIMUM         34    912 AM  MM      MM  25      9       20
  AVERAGE         36                        32      4       27

PRECIPITATION (IN)
  YESTERDAY        0.00         MM      MM   0.02  -0.02     0.00
  MONTH TO DATE    0.79                      1.12  -0.33     0.40
  SINCE OCT 1      3.45                      4.41  -0.96     1.04
  SINCE JAN 1      0.79                      1.12  -0.33     0.40

SNOWFALL (IN)
  YESTERDAY       MM

DEGREE DAYS
 HEATING
  YESTERDAY       29                        33     -4       38
  MONTH TO DATE  957                      1054    -97      963
  SINCE DEC 1   1887                      2180   -293     2212
  SINCE JUL 1   3089                      3641   -552     3647

 COOLING
  YESTERDAY        0                         0      0        0
  MONTH TO DATE    0                         0      0        0
  SINCE DEC 1      0                         0      0        0
  SINCE JAN 1      0                         0      0        0
..................................................................


WIND (MPH)
  HIGHEST WIND SPEED    10   HIGHEST WIND DIRECTION     S (180)
  HIGHEST GUST SPEED    13   HIGHEST GUST DIRECTION     S (180)
  AVERAGE WIND SPEED     3.7


SKY COVER
  POSSIBLE SUNSHINE  MM
  AVERAGE SKY COVER 1.0


WEATHER CONDITIONS
 THE FOLLOWING WEATHER WAS RECORDED YESTERDAY.
  FOG


RELATIVE HUMIDITY (PERCENT)
 HIGHEST   100           200 AM
 LOWEST     82           500 PM
 AVERAGE    91

..........................................................


THE MOSES LAKE WA AIRPORT CLIMATE NORMALS FOR TODAY
                         NORMAL    RECORD    YEAR
 MAXIMUM TEMPERATURE (F)   39        MM        MM
 MINIMUM TEMPERATURE (F)   26        MM        MM


SUNRISE AND SUNSET
JANUARY 31 2015.......SUNRISE   724 AM PST   SUNSET   458 PM PST
FEBRUARY  1 2015......SUNRISE   723 AM PST   SUNSET   459 PM PST


-  INDICATES NEGATIVE NUMBERS.
R  INDICATES RECORD WAS SET OR TIED.
MM INDICATES DATA IS MISSING.
T  INDICATES TRACE AMOUNT.




$$
