044
CDUS46 KOTX 210823
CLIMWH


CLIMATE REPORT
NATIONAL WEATHER SERVICE SPOKANE, WA
1223 AM PST TUE NOV 21 2017


...................................

...THE MOSES LAKE WA AIRPORT CLIMATE SUMMARY FOR NOVEMBER 20 2017...

CLIMATE NORMAL PERIOD 1981 TO 2010
CLIMATE RECORD PERIOD 9999 TO 9999


WEATHER ITEM   OBSERVED TIME   RECORD YEAR NORMAL DEPARTURE LAST
                VALUE   (LST)  VALUE       VALUE  FROM      YEAR
                                                  NORMAL
..................................................................
TEMPERATURE (F)
 YESTERDAY
  MAXIMUM         49    308 PM  MM      MM  44      5       45
  MINIMUM         31   1159 PM  MM      MM  28      3       33
  AVERAGE         40                        36      4       39

PRECIPITATION (IN)
  YESTERDAY        0.26         MM      MM   0.04   0.22     0.02
  MONTH TO DATE    1.35                      0.77   0.58     0.70
  SINCE OCT 1      2.16                      1.42   0.74     3.17
  SINCE JAN 1      7.98                      7.24   0.74     8.95

SNOWFALL (IN)
  YESTERDAY       MM

DEGREE DAYS
 HEATING
  YESTERDAY       25                        29     -4       26
  MONTH TO DATE  535                       510     25      349
  SINCE SEP 1   1167                      1127     40      879
  SINCE JUL 1   1167                      1147     20      881

 COOLING
  YESTERDAY        0                         0      0        0
  MONTH TO DATE    0                         0      0        0
  SINCE SEP 1     91                        45     46        6
  SINCE JAN 1    886                       615    271      629
..................................................................


WIND (MPH)
  HIGHEST WIND SPEED    15   HIGHEST WIND DIRECTION    NW (330)
  HIGHEST GUST SPEED    19   HIGHEST GUST DIRECTION    NW (330)
  AVERAGE WIND SPEED     5.5


SKY COVER
  POSSIBLE SUNSHINE  MM
  AVERAGE SKY COVER 0.5


WEATHER CONDITIONS
 THE FOLLOWING WEATHER WAS RECORDED YESTERDAY.
  LIGHT RAIN
  FOG


RELATIVE HUMIDITY (PERCENT)
 HIGHEST   100           800 AM
 LOWEST     85          1200 AM
 AVERAGE    93

..........................................................


THE MOSES LAKE WA AIRPORT CLIMATE NORMALS FOR TODAY
                         NORMAL    RECORD    YEAR
 MAXIMUM TEMPERATURE (F)   43        MM        MM
 MINIMUM TEMPERATURE (F)   28        MM        MM


SUNRISE AND SUNSET
NOVEMBER 21 2017......SUNRISE   710 AM PST   SUNSET   416 PM PST
NOVEMBER 22 2017......SUNRISE   712 AM PST   SUNSET   415 PM PST


-  INDICATES NEGATIVE NUMBERS.
R  INDICATES RECORD WAS SET OR TIED.
MM INDICATES DATA IS MISSING.
T  INDICATES TRACE AMOUNT.




$$
