000
CDUS45 KBOI 010931
CLIMYL


CLIMATE REPORT
NATIONAL WEATHER SERVICE BOISE ID
330 AM MDT FRI AUG 1 2014


...................................

...THE MCCALL ID CLIMATE SUMMARY FOR JULY 31 2014...

CLIMATE NORMAL PERIOD 1981 TO 2010
CLIMATE RECORD PERIOD 1930 TO 2014


WEATHER ITEM   OBSERVED TIME   RECORD YEAR NORMAL DEPARTURE LAST
                VALUE   (LST)  VALUE       VALUE  FROM      YEAR
                                                  NORMAL
..................................................................
TEMPERATURE (F)
 YESTERDAY
  MAXIMUM         86    110 PM  99    1988  81      5       84
  MINIMUM         48    501 AM  33    1995  44      4       49
  AVERAGE         67                        62      5       67

PRECIPITATION (IN)
  YESTERDAY        0.00          0.62 1985   0.02  -0.02      T
  MONTH TO DATE    0.23                      0.72  -0.49      T
  SINCE OCT 1     19.49                     18.54   0.95    24.74
  SINCE JAN 1     15.42                     12.36   3.06    11.25

DEGREE DAYS
 HEATING
  YESTERDAY        0                         4     -4        0
  MONTH TO DATE   18                       152   -134       17
  SINCE JUN 1    332                       517   -185      280
  SINCE JUL 1     18                       150   -132       17

 COOLING
  YESTERDAY        2                         1      1        2
  MONTH TO DATE  131                        15    116      101
  SINCE JUN 1    131                        16    115      123
  SINCE JAN 1    131                        16    115      123
..................................................................


WIND (MPH)
  HIGHEST WIND SPEED    17   HIGHEST WIND DIRECTION     N (350)
  HIGHEST GUST SPEED    23   HIGHEST GUST DIRECTION     N (350)
  AVERAGE WIND SPEED     3.2


SKY COVER
  AVERAGE SKY COVER 0.0


WEATHER CONDITIONS
 THE FOLLOWING WEATHER WAS RECORDED YESTERDAY.
  THUNDERSTORM


RELATIVE HUMIDITY (PERCENT)
 HIGHEST    71           300 AM
 LOWEST     20           100 PM
 AVERAGE    46

..........................................................


THE MCCALL ID CLIMATE NORMALS FOR TODAY
                         NORMAL    RECORD    YEAR
 MAXIMUM TEMPERATURE (F)   81        96      2000
 MINIMUM TEMPERATURE (F)   44        31      1975


SUNRISE AND SUNSET
AUGUST  1 2014........SUNRISE   630 AM MDT   SUNSET   911 PM MDT
AUGUST  2 2014........SUNRISE   631 AM MDT   SUNSET   909 PM MDT


-  INDICATES NEGATIVE NUMBERS.
R  INDICATES RECORD WAS SET OR TIED.
MM INDICATES DATA IS MISSING.
T  INDICATES TRACE AMOUNT.




$$
