000
CDUS45 KBOI 170933
CLIMYL


CLIMATE REPORT
NATIONAL WEATHER SERVICE BOISE ID
233 AM MST FRI NOV 17 2017


...................................

...THE MCCALL ID CLIMATE SUMMARY FOR NOVEMBER 16 2017...

CLIMATE NORMAL PERIOD 1981 TO 2010
CLIMATE RECORD PERIOD 1930 TO 2017


WEATHER ITEM   OBSERVED TIME   RECORD YEAR NORMAL DEPARTURE LAST
                VALUE   (LST)  VALUE       VALUE  FROM      YEAR
                                                  NORMAL
..................................................................
TEMPERATURE (F)
 YESTERDAY
  MAXIMUM         44    401 AM  57    1934  37      7       38
  MINIMUM         31   1026 PM -14    1955  20     11       24
  AVERAGE         38                        28     10       31

PRECIPITATION (IN)
  YESTERDAY        0.15          1.05 1942   0.09   0.06      T
  MONTH TO DATE    2.39                      1.62   0.77     0.93
  SINCE OCT 1      3.64                      3.02   0.62     4.08
  SINCE JAN 1     26.43                     16.94   9.49    19.79

DEGREE DAYS
 HEATING
  YESTERDAY       27                        37    -10       34
  MONTH TO DATE  554                       533     21      357
  SINCE SEP 1   1638                      1748   -110     1363
  SINCE JUL 1   1668                      2076   -408     1556

 COOLING
  YESTERDAY        0                         0      0        0
  MONTH TO DATE    0                         0      0        0
  SINCE SEP 1     31                         0     31        0
  SINCE JAN 1    229                        25    204      108
..................................................................


WIND (MPH)
  HIGHEST WIND SPEED    26   HIGHEST WIND DIRECTION     S (200)
  HIGHEST GUST SPEED    36   HIGHEST GUST DIRECTION     S (190)
  AVERAGE WIND SPEED    10.1


SKY COVER
  AVERAGE SKY COVER 0.9


WEATHER CONDITIONS
 THE FOLLOWING WEATHER WAS RECORDED YESTERDAY.
  LIGHT RAIN
  LIGHT SNOW
  FOG


RELATIVE HUMIDITY (PERCENT)
 HIGHEST   100          1200 AM
 LOWEST     59          1100 AM
 AVERAGE    80

..........................................................


THE MCCALL ID CLIMATE NORMALS FOR TODAY
                         NORMAL    RECORD    YEAR
 MAXIMUM TEMPERATURE (F)   36        58      1908
 MINIMUM TEMPERATURE (F)   20        -4      1958


SUNRISE AND SUNSET
NOVEMBER 17 2017......SUNRISE   745 AM MST   SUNSET   514 PM MST
NOVEMBER 18 2017......SUNRISE   746 AM MST   SUNSET   513 PM MST


-  INDICATES NEGATIVE NUMBERS.
R  INDICATES RECORD WAS SET OR TIED.
MM INDICATES DATA IS MISSING.
T  INDICATES TRACE AMOUNT.




$$
