000
CDUS45 KBOI 260931
CLIMYL


CLIMATE REPORT
NATIONAL WEATHER SERVICE BOISE ID
330 AM MDT TUE JUL 26 2016


...................................

...THE MCCALL ID CLIMATE SUMMARY FOR JULY 25 2016...

CLIMATE NORMAL PERIOD 1981 TO 2010
CLIMATE RECORD PERIOD 1930 TO 2016


WEATHER ITEM   OBSERVED TIME   RECORD YEAR NORMAL DEPARTURE LAST
                VALUE   (LST)  VALUE       VALUE  FROM      YEAR
                                                  NORMAL
..................................................................
TEMPERATURE (F)
 YESTERDAY
  MAXIMUM         87    643 PM  94    1933  80      7       79
  MINIMUM         47    509 AM  32    1974  44      3       47
  AVERAGE         67                        62      5       63

PRECIPITATION (IN)
  YESTERDAY        0.00          0.82 1990   0.02  -0.02     0.00
  MONTH TO DATE    1.40                      0.61   0.79     2.22
  SINCE OCT 1     25.23                     18.43   6.80    20.56
  SINCE JAN 1     14.66                     12.25   2.41    11.80

DEGREE DAYS
 HEATING
  YESTERDAY        0                         4     -4        2
  MONTH TO DATE  114                       131    -17       38
  SINCE JUN 1    340                       498   -158      147
  SINCE JUL 1    114                       131    -17       38

 COOLING
  YESTERDAY        2                         1      1        0
  MONTH TO DATE   10                        10      0       43
  SINCE JUN 1     45                        11     34      109
  SINCE JAN 1     45                        11     34      109
..................................................................


WIND (MPH)
  HIGHEST WIND SPEED    13   HIGHEST WIND DIRECTION     S (170)
  HIGHEST GUST SPEED    16   HIGHEST GUST DIRECTION     S (170)
  AVERAGE WIND SPEED     3.2


SKY COVER
  AVERAGE SKY COVER 0.1


WEATHER CONDITIONS
 THE FOLLOWING WEATHER WAS RECORDED YESTERDAY.
  NO SIGNIFICANT WEATHER WAS OBSERVED.


RELATIVE HUMIDITY (PERCENT)
 HIGHEST    80           600 AM
 LOWEST     14           700 PM
 AVERAGE    47

..........................................................


THE MCCALL ID CLIMATE NORMALS FOR TODAY
                         NORMAL    RECORD    YEAR
 MAXIMUM TEMPERATURE (F)   80        94      1933
 MINIMUM TEMPERATURE (F)   44        33      1966


SUNRISE AND SUNSET
JULY 26 2016..........SUNRISE   624 AM MDT   SUNSET   917 PM MDT
JULY 27 2016..........SUNRISE   625 AM MDT   SUNSET   916 PM MDT


-  INDICATES NEGATIVE NUMBERS.
R  INDICATES RECORD WAS SET OR TIED.
MM INDICATES DATA IS MISSING.
T  INDICATES TRACE AMOUNT.




$$
