000
CDUS45 KBOI 110931
CLIMYL


CLIMATE REPORT
NATIONAL WEATHER SERVICE BOISE ID
330 AM MDT FRI JUL 11 2014


...................................

...THE MCCALL ID CLIMATE SUMMARY FOR JULY 10 2014...

CLIMATE NORMAL PERIOD 1981 TO 2010
CLIMATE RECORD PERIOD 1930 TO 2014


WEATHER ITEM   OBSERVED TIME   RECORD YEAR NORMAL DEPARTURE LAST
                VALUE   (LST)  VALUE       VALUE  FROM      YEAR
                                                  NORMAL
..................................................................
TEMPERATURE (F)
 YESTERDAY
  MAXIMUM         86    606 PM  96    1973  77      9       90
  MINIMUM         48    542 AM  33    1972  43      5       48
  AVERAGE         67                        60      7       69

PRECIPITATION (IN)
  YESTERDAY        0.00          0.72 1997   0.04  -0.04     0.00
  MONTH TO DATE    T                         0.35  -0.35     0.00
  SINCE OCT 1     19.26                     18.17   1.09    24.74
  SINCE JAN 1     15.19                     11.99   3.20    11.25

DEGREE DAYS
 HEATING
  YESTERDAY        0                         6     -6        0
  MONTH TO DATE    2                        67    -65        2
  SINCE JUN 1    316                       434   -118      265
  SINCE JUL 1      2                        67    -65        2

 COOLING
  YESTERDAY        2                         0      2        4
  MONTH TO DATE   40                         0     40       40
  SINCE JUN 1     40                         1     39       62
  SINCE JAN 1     40                         1     39       62
..................................................................


WIND (MPH)
  HIGHEST WIND SPEED    16   HIGHEST WIND DIRECTION    SW (220)
  HIGHEST GUST SPEED    20   HIGHEST GUST DIRECTION    SW (210)
  AVERAGE WIND SPEED     3.4


SKY COVER
  AVERAGE SKY COVER 0.0


WEATHER CONDITIONS
 THE FOLLOWING WEATHER WAS RECORDED YESTERDAY.
  NO SIGNIFICANT WEATHER WAS OBSERVED.


RELATIVE HUMIDITY (PERCENT)
 HIGHEST    93           600 AM
 LOWEST     14           700 PM
 AVERAGE    54

..........................................................


THE MCCALL ID CLIMATE NORMALS FOR TODAY
                         NORMAL    RECORD    YEAR
 MAXIMUM TEMPERATURE (F)   77        95      2002
 MINIMUM TEMPERATURE (F)   43        33      1997


SUNRISE AND SUNSET
JULY 11 2014..........SUNRISE   609 AM MDT   SUNSET   930 PM MDT
JULY 12 2014..........SUNRISE   610 AM MDT   SUNSET   930 PM MDT


-  INDICATES NEGATIVE NUMBERS.
R  INDICATES RECORD WAS SET OR TIED.
MM INDICATES DATA IS MISSING.
T  INDICATES TRACE AMOUNT.




$$
