000
CDUS45 KBOI 240931
CLIMYL


CLIMATE REPORT
NATIONAL WEATHER SERVICE BOISE ID
331 AM MDT SUN MAY 24 2015


...................................

...THE MCCALL ID CLIMATE SUMMARY FOR MAY 23 2015...

CLIMATE NORMAL PERIOD 1981 TO 2010
CLIMATE RECORD PERIOD 1930 TO 2015


WEATHER ITEM   OBSERVED TIME   RECORD YEAR NORMAL DEPARTURE LAST
                VALUE   (LST)  VALUE       VALUE  FROM      YEAR
                                                  NORMAL
..................................................................
TEMPERATURE (F)
 YESTERDAY
  MAXIMUM         70    321 PM  82    2001  61      9       75
  MINIMUM         44    457 AM  20    1944  35      9       39
  AVERAGE         57                        48      9       57

PRECIPITATION (IN)
  YESTERDAY        0.00          1.01 1942   0.07  -0.07     0.00
  MONTH TO DATE    2.09                      1.61   0.48     1.07
  SINCE OCT 1     17.88                     15.38   2.50    18.43
  SINCE JAN 1      9.12                      9.20  -0.08    14.36

DEGREE DAYS
 HEATING
  YESTERDAY        8                        17     -9        8
  MONTH TO DATE  354                       462   -108      385
  SINCE MAR 1   1908                      2422   -514     2185
  SINCE JUL 1   7279                      9097  -1818     8179

 COOLING
  YESTERDAY        0                         0      0        0
  MONTH TO DATE    0                         0      0        0
  SINCE MAR 1      0                         0      0        0
  SINCE JAN 1      0                         0      0        0
..................................................................


WIND (MPH)
  HIGHEST WIND SPEED    21   HIGHEST WIND DIRECTION     N (10)
  HIGHEST GUST SPEED    30   HIGHEST GUST DIRECTION     N (360)
  AVERAGE WIND SPEED     8.8


SKY COVER
  AVERAGE SKY COVER 0.5


WEATHER CONDITIONS
 THE FOLLOWING WEATHER WAS RECORDED YESTERDAY.
  FOG
  FOG W/VISIBILITY <= 1/4 MILE


RELATIVE HUMIDITY (PERCENT)
 HIGHEST   100          1200 AM
 LOWEST     31           300 PM
 AVERAGE    66

..........................................................


THE MCCALL ID CLIMATE NORMALS FOR TODAY
                         NORMAL    RECORD    YEAR
 MAXIMUM TEMPERATURE (F)   61        84      2001
 MINIMUM TEMPERATURE (F)   35        24      1989


SUNRISE AND SUNSET
MAY 24 2015...........SUNRISE   607 AM MDT   SUNSET   916 PM MDT
MAY 25 2015...........SUNRISE   606 AM MDT   SUNSET   917 PM MDT


-  INDICATES NEGATIVE NUMBERS.
R  INDICATES RECORD WAS SET OR TIED.
MM INDICATES DATA IS MISSING.
T  INDICATES TRACE AMOUNT.




$$
