000
CDUS45 KBOI 200931
CLIMYL


CLIMATE REPORT
NATIONAL WEATHER SERVICE BOISE ID
231 AM MST SAT JAN 20 2018


...................................

...THE MCCALL ID CLIMATE SUMMARY FOR JANUARY 19 2018...

CLIMATE NORMAL PERIOD 1981 TO 2010
CLIMATE RECORD PERIOD 1930 TO 2018


WEATHER ITEM   OBSERVED TIME   RECORD YEAR NORMAL DEPARTURE LAST
                VALUE   (LST)  VALUE       VALUE  FROM      YEAR
                                                  NORMAL
..................................................................
TEMPERATURE (F)
 YESTERDAY
  MAXIMUM         33    125 AM  45    2005  29      4       33
                                      1971
  MINIMUM         22    946 PM -35    1943  11     11       29
  AVERAGE         28                        20      8       31

PRECIPITATION (IN)
  YESTERDAY        0.17          0.68 1906   0.06   0.11     0.31
  MONTH TO DATE    2.30                      1.10   1.20     2.86
  SINCE OCT 1      9.15                      7.28   1.87    11.35
  SINCE JAN 1      2.30                      1.10   1.20     2.86

DEGREE DAYS
 HEATING
  YESTERDAY       37                        45     -8       34
  MONTH TO DATE  686                       864   -178     1004
  SINCE DEC 1   2077                      2300   -223     2567
  SINCE JUL 1   4203                      4938   -735     4604

 COOLING
  YESTERDAY        0                         0      0        0
  MONTH TO DATE    0                         0      0        0
  SINCE DEC 1      0                         0      0        0
  SINCE JAN 1      0                         0      0        0
..................................................................


WIND (MPH)
  HIGHEST WIND SPEED    15   HIGHEST WIND DIRECTION     S (170)
  HIGHEST GUST SPEED    19   HIGHEST GUST DIRECTION     S (170)
  AVERAGE WIND SPEED     3.8


SKY COVER
  AVERAGE SKY COVER 0.9


WEATHER CONDITIONS
 THE FOLLOWING WEATHER WAS RECORDED YESTERDAY.
  SNOW
  LIGHT SNOW
  FOG


RELATIVE HUMIDITY (PERCENT)
 HIGHEST   100           600 AM
 LOWEST     72           200 PM
 AVERAGE    86

..........................................................


THE MCCALL ID CLIMATE NORMALS FOR TODAY
                         NORMAL    RECORD    YEAR
 MAXIMUM TEMPERATURE (F)   29        45      1950
 MINIMUM TEMPERATURE (F)   11       -23      1929


SUNRISE AND SUNSET
JANUARY 20 2018.......SUNRISE   815 AM MST   SUNSET   536 PM MST
JANUARY 21 2018.......SUNRISE   815 AM MST   SUNSET   537 PM MST


-  INDICATES NEGATIVE NUMBERS.
R  INDICATES RECORD WAS SET OR TIED.
MM INDICATES DATA IS MISSING.
T  INDICATES TRACE AMOUNT.




$$
