000
CDUS45 KBOI 010933
CLIMYL


CLIMATE REPORT
NATIONAL WEATHER SERVICE BOISE ID
233 AM MST SUN MAR 1 2015


...................................

...THE MCCALL ID CLIMATE SUMMARY FOR FEBRUARY 28 2015...

CLIMATE NORMAL PERIOD 1981 TO 2010
CLIMATE RECORD PERIOD 1930 TO 2015


WEATHER ITEM   OBSERVED TIME   RECORD YEAR NORMAL DEPARTURE LAST
                VALUE   (LST)  VALUE       VALUE  FROM      YEAR
                                                  NORMAL
..................................................................
TEMPERATURE (F)
 YESTERDAY
  MAXIMUM         40    419 PM  57    1992  36      4       40
  MINIMUM         24   1144 PM -20    1960  13     11       31
  AVERAGE         32                        25      7       36

PRECIPITATION (IN)
  YESTERDAY        0.00          1.03 2006   0.06  -0.06     0.08
  MONTH TO DATE    2.41                      1.74   0.67     3.15
  SINCE OCT 1     12.95                      9.65   3.30     8.88
  SINCE JAN 1      4.19                      3.47   0.72     4.81

DEGREE DAYS
 HEATING
  YESTERDAY       33                        40     -7       29
  MONTH TO DATE  893                      1200   -307     1102
  SINCE DEC 1   3307                      4037   -730     3904
  SINCE JUL 1   5371                      6675  -1304     5994

 COOLING
  YESTERDAY        0                         0      0        0
  MONTH TO DATE    0                         0      0        0
  SINCE DEC 1      0                         0      0        0
  SINCE JAN 1      0                         0      0        0
..................................................................


WIND (MPH)
  HIGHEST WIND SPEED    18   HIGHEST WIND DIRECTION     N (360)
  HIGHEST GUST SPEED    25   HIGHEST GUST DIRECTION     N (360)
  AVERAGE WIND SPEED     9.1


SKY COVER
  AVERAGE SKY COVER 0.4


WEATHER CONDITIONS
 THE FOLLOWING WEATHER WAS RECORDED YESTERDAY.
  NO SIGNIFICANT WEATHER WAS OBSERVED.


RELATIVE HUMIDITY (PERCENT)
 HIGHEST    75          1200 AM
 LOWEST     33           400 PM
 AVERAGE    54

..........................................................


THE MCCALL ID CLIMATE NORMALS FOR TODAY
                         NORMAL    RECORD    YEAR
 MAXIMUM TEMPERATURE (F)   37        58      1986
 MINIMUM TEMPERATURE (F)   13       -11      1960


SUNRISE AND SUNSET
MARCH  1 2015.........SUNRISE   722 AM MST   SUNSET   632 PM MST
MARCH  2 2015.........SUNRISE   721 AM MST   SUNSET   633 PM MST


-  INDICATES NEGATIVE NUMBERS.
R  INDICATES RECORD WAS SET OR TIED.
MM INDICATES DATA IS MISSING.
T  INDICATES TRACE AMOUNT.




$$
