000
CDUS44 KLIX 310701
CLINEW


CLIMATE REPORT
NATIONAL WEATHER SERVICE NEW ORLEANS
200 AM CDT MON AUG 31 2015


...................................

...THE NEW ORLEANS CLIMATE SUMMARY FOR AUGUST 30 2015...

CLIMATE NORMAL PERIOD 1981 TO 2010
CLIMATE RECORD PERIOD 1946 TO 2015


WEATHER ITEM   OBSERVED TIME   RECORD YEAR NORMAL DEPARTURE LAST
                VALUE   (LST)  VALUE       VALUE  FROM      YEAR
                                                  NORMAL
..................................................................
TEMPERATURE (F)
 YESTERDAY
  MAXIMUM         91    415 PM 101    2000  90      1       87
  MINIMUM         72    553 AM  60    1968  75     -3       74
  AVERAGE         82                        83     -1       81

PRECIPITATION (IN)
  YESTERDAY        0.00          2.14 1981   0.20  -0.20     1.51
  MONTH TO DATE    3.28                      5.78  -2.50     5.50
  SINCE JUN 1     11.20                     19.77  -8.57    18.02
  SINCE JAN 1     46.37                     44.01   2.36    42.96

SNOWFALL (IN)
  YESTERDAY        0.0
  MONTH TO DATE    0.0
  SINCE JUN 1      0.0
  SINCE JUL 1      0.0
  SNOW DEPTH       0

DEGREE DAYS
 HEATING
  YESTERDAY        0                         0      0        0
  MONTH TO DATE    0                         0      0        0
  SINCE JUN 1      0                         0      0        0
  SINCE JUL 1      0                         0      0        0

 COOLING
  YESTERDAY       17                        18     -1       16
  MONTH TO DATE  606                       540     66      589
  SINCE JUN 1   1781                      1601    180     1643
  SINCE JAN 1   2610                      2220    390     2166
..................................................................


WIND (MPH)
  HIGHEST WIND SPEED    12   HIGHEST WIND DIRECTION     S (160)
  HIGHEST GUST SPEED    15   HIGHEST GUST DIRECTION    NE (50)
  AVERAGE WIND SPEED     4.8


SKY COVER
  POSSIBLE SUNSHINE  MM
  AVERAGE SKY COVER 0.3


WEATHER CONDITIONS
 THE FOLLOWING WEATHER WAS RECORDED YESTERDAY.
  NO SIGNIFICANT WEATHER WAS OBSERVED.


RELATIVE HUMIDITY (PERCENT)
 HIGHEST    84           600 AM
 LOWEST     44          1200 PM
 AVERAGE    64

..........................................................


THE NEW ORLEANS CLIMATE NORMALS FOR TODAY
                         NORMAL    RECORD    YEAR
 MAXIMUM TEMPERATURE (F)   90        98      1947
 MINIMUM TEMPERATURE (F)   75        62      1968


SUNRISE AND SUNSET
AUGUST 31 2015........SUNRISE   637 AM CDT   SUNSET   725 PM CDT
SEPTEMBER  1 2015.....SUNRISE   638 AM CDT   SUNSET   724 PM CDT


-  INDICATES NEGATIVE NUMBERS.
R  INDICATES RECORD WAS SET OR TIED.
MM INDICATES DATA IS MISSING.
T  INDICATES TRACE AMOUNT.




$$
