000
CDUS44 KLIX 010701
CLINEW


CLIMATE REPORT
NATIONAL WEATHER SERVICE NEW ORLEANS
200 AM CDT SAT OCT 1 2016


...................................

...THE NEW ORLEANS CLIMATE SUMMARY FOR SEPTEMBER 30 2016...

CLIMATE NORMAL PERIOD 1981 TO 2010
CLIMATE RECORD PERIOD 1946 TO 2016


WEATHER ITEM   OBSERVED TIME   RECORD YEAR NORMAL DEPARTURE LAST
                VALUE   (LST)  VALUE       VALUE  FROM      YEAR
                                                  NORMAL
..................................................................
TEMPERATURE (F)
 YESTERDAY
  MAXIMUM         83    227 PM  92    1981  84     -1       89
  MINIMUM         70   1159 PM  42    1967  68      2       76
  AVERAGE         77                        76      1       83

PRECIPITATION (IN)
  YESTERDAY        0.00          2.53 1956   0.12  -0.12     0.00
  MONTH TO DATE    4.63                      4.97  -0.34     2.72
  SINCE SEP 1      4.63                      4.97  -0.34     2.72
  SINCE JAN 1     60.06                     49.18  10.88    49.09

SNOWFALL (IN)
  YESTERDAY        0.0
  MONTH TO DATE    0.0
  SINCE SEP 1      0.0
  SINCE JUL 1      0.0
  SNOW DEPTH       0

DEGREE DAYS
 HEATING
  YESTERDAY        0                         0      0        0
  MONTH TO DATE    0                         0      0        0
  SINCE SEP 1      0                         0      0        0
  SINCE JUL 1      0                         0      0        0

 COOLING
  YESTERDAY       12                        11      1       18
  MONTH TO DATE  612                       443    169      473
  SINCE SEP 1    612                       443    169      473
  SINCE JAN 1   3314                      2689    625     3102
..................................................................


WIND (MPH)
  HIGHEST WIND SPEED    21   HIGHEST WIND DIRECTION     N (20)
  HIGHEST GUST SPEED    25   HIGHEST GUST DIRECTION     N (10)
  AVERAGE WIND SPEED     8.3


SKY COVER
  POSSIBLE SUNSHINE  MM
  AVERAGE SKY COVER 0.2


WEATHER CONDITIONS
 THE FOLLOWING WEATHER WAS RECORDED YESTERDAY.
  HAZE


RELATIVE HUMIDITY (PERCENT)
 HIGHEST    61           600 AM
 LOWEST     40          1200 PM
 AVERAGE    51

..........................................................


THE NEW ORLEANS CLIMATE NORMALS FOR TODAY
                         NORMAL    RECORD    YEAR
 MAXIMUM TEMPERATURE (F)   84        94      1998
 MINIMUM TEMPERATURE (F)   68        47      1967


SUNRISE AND SUNSET
OCTOBER  1 2016.......SUNRISE   655 AM CDT   SUNSET   646 PM CDT
OCTOBER  2 2016.......SUNRISE   655 AM CDT   SUNSET   645 PM CDT


-  INDICATES NEGATIVE NUMBERS.
R  INDICATES RECORD WAS SET OR TIED.
MM INDICATES DATA IS MISSING.
T  INDICATES TRACE AMOUNT.




$$
