000
CDUS44 KLIX 010820
CLINEW


CLIMATE REPORT
NATIONAL WEATHER SERVICE NEW ORLEANS
220 AM CST SUN FEB 1 2015


...................................

...THE NEW ORLEANS CLIMATE SUMMARY FOR JANUARY 31 2015...

CLIMATE NORMAL PERIOD 1981 TO 2010
CLIMATE RECORD PERIOD 1946 TO 2015


WEATHER ITEM   OBSERVED TIME   RECORD YEAR NORMAL DEPARTURE LAST
                VALUE   (LST)  VALUE       VALUE  FROM      YEAR
                                                  NORMAL
..................................................................
TEMPERATURE (F)
 YESTERDAY
  MAXIMUM         61    120 PM  83    1957  63     -2       63
  MINIMUM         45    655 AM  24    1966  46     -1       36
  AVERAGE         53                        54     -1       50

PRECIPITATION (IN)
  YESTERDAY        0.00          1.57 1976   0.17  -0.17     0.00
  MONTH TO DATE    5.67                      5.15   0.52     2.72
  SINCE DEC 1      9.63                     10.39  -0.76     5.92
  SINCE JAN 1      5.67                      5.15   0.52     2.72

SNOWFALL (IN)
  YESTERDAY        0.0
  MONTH TO DATE    0.0
  SINCE DEC 1      0.0
  SINCE JUL 1      0.0
  SNOW DEPTH       0

DEGREE DAYS
 HEATING
  YESTERDAY       12                        11      1       15
  MONTH TO DATE  403                       370     33      548
  SINCE DEC 1    616                       692    -76      887
  SINCE JUL 1    846                       856    -10     1087

 COOLING
  YESTERDAY        0                         1     -1        0
  MONTH TO DATE    8                        16     -8        0
  SINCE DEC 1     39                        43     -4       42
  SINCE JAN 1      8                        16     -8        0
..................................................................


WIND (MPH)
  HIGHEST WIND SPEED    15   HIGHEST WIND DIRECTION     E (90)
  HIGHEST GUST SPEED    20   HIGHEST GUST DIRECTION     E (90)
  AVERAGE WIND SPEED     8.6


SKY COVER
  POSSIBLE SUNSHINE  MM
  AVERAGE SKY COVER 0.6


WEATHER CONDITIONS
 THE FOLLOWING WEATHER WAS RECORDED YESTERDAY.
  NO SIGNIFICANT WEATHER WAS OBSERVED.


RELATIVE HUMIDITY (PERCENT)
 HIGHEST    80          1000 PM
 LOWEST     52           200 AM
 AVERAGE    66

..........................................................


THE NEW ORLEANS CLIMATE NORMALS FOR TODAY
                         NORMAL    RECORD    YEAR
 MAXIMUM TEMPERATURE (F)   63        82      1957
 MINIMUM TEMPERATURE (F)   46        22      1951


SUNRISE AND SUNSET
FEBRUARY  1 2015......SUNRISE   651 AM CST   SUNSET   538 PM CST
FEBRUARY  2 2015......SUNRISE   651 AM CST   SUNSET   539 PM CST


-  INDICATES NEGATIVE NUMBERS.
R  INDICATES RECORD WAS SET OR TIED.
MM INDICATES DATA IS MISSING.
T  INDICATES TRACE AMOUNT.




$$
