000
CDUS44 KLIX 050720
CLINEW


CLIMATE REPORT
NATIONAL WEATHER SERVICE NEW ORLEANS
220 AM CDT WED AUG 5 2015


...................................

...THE NEW ORLEANS CLIMATE SUMMARY FOR AUGUST 4 2015...

CLIMATE NORMAL PERIOD 1981 TO 2010
CLIMATE RECORD PERIOD 1946 TO 2015


WEATHER ITEM   OBSERVED TIME   RECORD YEAR NORMAL DEPARTURE LAST
                VALUE   (LST)  VALUE       VALUE  FROM      YEAR
                                                  NORMAL
..................................................................
TEMPERATURE (F)
 YESTERDAY
  MAXIMUM         92    331 PM  98    1951  92      0       92
  MINIMUM         79   1152 PM  67    1974  75      4       76
  AVERAGE         86                        83      3       84

PRECIPITATION (IN)
  YESTERDAY        T             1.57 1981   0.20  -0.20     0.00
  MONTH TO DATE    T                         0.79  -0.79     0.03
  SINCE JUN 1      7.92                     14.78  -6.86    12.55
  SINCE JAN 1     43.09                     39.02   4.07    37.49

SNOWFALL (IN)
  YESTERDAY        0.0
  MONTH TO DATE    0.0
  SINCE JUN 1      0.0
  SINCE JUL 1      0.0
  SNOW DEPTH       0

DEGREE DAYS
 HEATING
  YESTERDAY        0                         0      0        0
  MONTH TO DATE    0                         0      0        0
  SINCE JUN 1      0                         0      0        0
  SINCE JUL 1      0                         0      0        0

 COOLING
  YESTERDAY       21                        18      3       19
  MONTH TO DATE   85                        72     13       78
  SINCE JUN 1   1260                      1133    127     1132
  SINCE JAN 1   2089                      1752    337     1655
..................................................................


WIND (MPH)
  HIGHEST WIND SPEED    18   HIGHEST WIND DIRECTION     S (180)
  HIGHEST GUST SPEED    22   HIGHEST GUST DIRECTION     S (170)
  AVERAGE WIND SPEED     8.0


SKY COVER
  POSSIBLE SUNSHINE  MM
  AVERAGE SKY COVER 0.5


WEATHER CONDITIONS
 THE FOLLOWING WEATHER WAS RECORDED YESTERDAY.
  NO SIGNIFICANT WEATHER WAS OBSERVED.


RELATIVE HUMIDITY (PERCENT)
 HIGHEST    85           400 AM
 LOWEST     64           400 PM
 AVERAGE    75

..........................................................


THE NEW ORLEANS CLIMATE NORMALS FOR TODAY
                         NORMAL    RECORD    YEAR
 MAXIMUM TEMPERATURE (F)   92       100      1990
 MINIMUM TEMPERATURE (F)   75        67      1974


SUNRISE AND SUNSET
AUGUST  5 2015........SUNRISE   622 AM CDT   SUNSET   751 PM CDT
AUGUST  6 2015........SUNRISE   623 AM CDT   SUNSET   750 PM CDT


-  INDICATES NEGATIVE NUMBERS.
R  INDICATES RECORD WAS SET OR TIED.
MM INDICATES DATA IS MISSING.
T  INDICATES TRACE AMOUNT.




$$
