054
CDUS44 KLIX 070820
CLINEW


CLIMATE REPORT
NATIONAL WEATHER SERVICE NEW ORLEANS
220 AM CST SUN FEB 7 2016


...................................

...THE NEW ORLEANS CLIMATE SUMMARY FOR FEBRUARY 6 2016...

CLIMATE NORMAL PERIOD 1981 TO 2010
CLIMATE RECORD PERIOD 1946 TO 2016


WEATHER ITEM   OBSERVED TIME   RECORD YEAR NORMAL DEPARTURE LAST
                VALUE   (LST)  VALUE       VALUE  FROM      YEAR
                                                  NORMAL
..................................................................
TEMPERATURE (F)
 YESTERDAY
  MAXIMUM         58    208 PM  79    1974  64     -6       57
  MINIMUM         36    432 AM  28    1984  46    -10       38
  AVERAGE         47                        55     -8       48

PRECIPITATION (IN)
  YESTERDAY        0.00          4.49 1967   0.19  -0.19     0.00
  MONTH TO DATE    1.05                      1.16  -0.11     1.06
  SINCE DEC 1     11.92                     11.55   0.37    10.69
  SINCE JAN 1      5.46                      6.31  -0.85     6.73

SNOWFALL (IN)
  YESTERDAY        0.0
  MONTH TO DATE    0.0
  SINCE DEC 1      0.0
  SINCE JUL 1      0.0
  SNOW DEPTH       0

DEGREE DAYS
 HEATING
  YESTERDAY       18                        11      7       17
  MONTH TO DATE   50                        66    -16       81
  SINCE DEC 1    506                       758   -252      697
  SINCE JUL 1    564                       922   -358      927

 COOLING
  YESTERDAY        0                         1     -1        0
  MONTH TO DATE   16                         6     10        2
  SINCE DEC 1    131                        49     82       41
  SINCE JAN 1     20                        22     -2       10
..................................................................


WIND (MPH)
  HIGHEST WIND SPEED    15   HIGHEST WIND DIRECTION    NE (30)
  HIGHEST GUST SPEED    19   HIGHEST GUST DIRECTION     E (80)
  AVERAGE WIND SPEED     5.2


SKY COVER
  POSSIBLE SUNSHINE  MM
  AVERAGE SKY COVER 0.5


WEATHER CONDITIONS
 THE FOLLOWING WEATHER WAS RECORDED YESTERDAY.
  NO SIGNIFICANT WEATHER WAS OBSERVED.


RELATIVE HUMIDITY (PERCENT)
 HIGHEST    76           500 AM
 LOWEST     22           400 PM
 AVERAGE    49

..........................................................


THE NEW ORLEANS CLIMATE NORMALS FOR TODAY
                         NORMAL    RECORD    YEAR
 MAXIMUM TEMPERATURE (F)   64        80      1999
                                             1957
 MINIMUM TEMPERATURE (F)   47        25      1988


SUNRISE AND SUNSET
FEBRUARY  7 2016......SUNRISE   648 AM CST   SUNSET   543 PM CST
FEBRUARY  8 2016......SUNRISE   647 AM CST   SUNSET   544 PM CST


-  INDICATES NEGATIVE NUMBERS.
R  INDICATES RECORD WAS SET OR TIED.
MM INDICATES DATA IS MISSING.
T  INDICATES TRACE AMOUNT.




$$
