000
CDUS44 KLIX 050830
CLINEW


CLIMATE REPORT
NATIONAL WEATHER SERVICE NEW ORLEANS
229 AM CST THU MAR 5 2015


...................................

...THE NEW ORLEANS CLIMATE SUMMARY FOR MARCH 4 2015...

CLIMATE NORMAL PERIOD 1981 TO 2010
CLIMATE RECORD PERIOD 1946 TO 2015


WEATHER ITEM   OBSERVED TIME   RECORD YEAR NORMAL DEPARTURE LAST
                VALUE   (LST)  VALUE       VALUE  FROM      YEAR
                                                  NORMAL
..................................................................
TEMPERATURE (F)
 YESTERDAY
  MAXIMUM         82    218 PM  83    1955  69     13       42
  MINIMUM         67    531 AM  30    2002  51     16       35
  AVERAGE         75                        60     15       39

PRECIPITATION (IN)
  YESTERDAY        0.01          1.82 1975   0.15  -0.14     0.46
  MONTH TO DATE    1.13                      0.62   0.51     0.47
  SINCE MAR 1      1.13                      0.62   0.51     0.47
  SINCE JAN 1      8.83                     11.07  -2.24     9.50

SNOWFALL (IN)
  YESTERDAY        0.0
  MONTH TO DATE    0.0
  SINCE MAR 1      0.0
  SINCE JUL 1      0.0
  SNOW DEPTH       0

DEGREE DAYS
 HEATING
  YESTERDAY        0                         6     -6       26
  MONTH TO DATE    3                        24    -21       39
  SINCE MAR 1      3                        24    -21       39
  SINCE JUL 1   1207                      1133     74     1392

 COOLING
  YESTERDAY       10                         1      9        0
  MONTH TO DATE   21                         4     17        7
  SINCE MAR 1     21                         4     17        7
  SINCE JAN 1     39                        41     -2       31
..................................................................


WIND (MPH)
  HIGHEST WIND SPEED    24   HIGHEST WIND DIRECTION     S (180)
  HIGHEST GUST SPEED    30   HIGHEST GUST DIRECTION     S (170)
  AVERAGE WIND SPEED     9.6


SKY COVER
  POSSIBLE SUNSHINE  MM
  AVERAGE SKY COVER 0.6


WEATHER CONDITIONS
 THE FOLLOWING WEATHER WAS RECORDED YESTERDAY.
  LIGHT RAIN
  FOG


RELATIVE HUMIDITY (PERCENT)
 HIGHEST    93           200 AM
 LOWEST     62          1200 PM
 AVERAGE    78

..........................................................


THE NEW ORLEANS CLIMATE NORMALS FOR TODAY
                         NORMAL    RECORD    YEAR
 MAXIMUM TEMPERATURE (F)   69        83      1955
 MINIMUM TEMPERATURE (F)   52        29      2002


SUNRISE AND SUNSET
MARCH  5 2015.........SUNRISE   623 AM CST   SUNSET   603 PM CST
MARCH  6 2015.........SUNRISE   622 AM CST   SUNSET   603 PM CST


-  INDICATES NEGATIVE NUMBERS.
R  INDICATES RECORD WAS SET OR TIED.
MM INDICATES DATA IS MISSING.
T  INDICATES TRACE AMOUNT.




$$
