000
CDUS44 KLIX 270820
CLINEW


CLIMATE REPORT
NATIONAL WEATHER SERVICE NEW ORLEANS
220 AM CST SAT DEC 27 2014


...................................

...THE NEW ORLEANS CLIMATE SUMMARY FOR DECEMBER 26 2014...

CLIMATE NORMAL PERIOD 1981 TO 2010
CLIMATE RECORD PERIOD 1946 TO 2014


WEATHER ITEM   OBSERVED TIME   RECORD YEAR NORMAL DEPARTURE LAST
                VALUE   (LST)  VALUE       VALUE  FROM      YEAR
                                                  NORMAL
..................................................................
TEMPERATURE (F)
 YESTERDAY
  MAXIMUM         68    105 PM  80    2008  63      5       55
                                      1987
  MINIMUM         42    254 AM  18    1983  45     -3       43
  AVERAGE         55                        54      1       49

PRECIPITATION (IN)
  YESTERDAY        0.00          0.84 1973   0.19  -0.19     0.00
  MONTH TO DATE    3.24                      4.38  -1.14     1.92
  SINCE DEC 1      3.24                      4.38  -1.14     1.92
  SINCE JAN 1     54.02                     61.59  -7.57    65.09

SNOWFALL (IN)
  YESTERDAY        0.0
  MONTH TO DATE    0.0
  SINCE DEC 1      0.0
  SINCE JUL 1      0.0
  SNOW DEPTH       0

DEGREE DAYS
 HEATING
  YESTERDAY       10                        12     -2       16
  MONTH TO DATE  176                       258    -82      267
  SINCE DEC 1    176                       258    -82      267
  SINCE JUL 1    406                       422    -16      467

 COOLING
  YESTERDAY        0                         1     -1        0
  MONTH TO DATE   29                        26      3       42
  SINCE DEC 1     29                        26      3       42
  SINCE JAN 1   2995                      3004     -9     3001
..................................................................


WIND (MPH)
  HIGHEST WIND SPEED    16   HIGHEST WIND DIRECTION     E (100)
  HIGHEST GUST SPEED    21   HIGHEST GUST DIRECTION     E (110)
  AVERAGE WIND SPEED     8.1


SKY COVER
  POSSIBLE SUNSHINE  MM
  AVERAGE SKY COVER 0.7


WEATHER CONDITIONS
 THE FOLLOWING WEATHER WAS RECORDED YESTERDAY.
  NO SIGNIFICANT WEATHER WAS OBSERVED.


RELATIVE HUMIDITY (PERCENT)
 HIGHEST    89           300 AM
 LOWEST     63          1000 AM
 AVERAGE    76

..........................................................


THE NEW ORLEANS CLIMATE NORMALS FOR TODAY
                         NORMAL    RECORD    YEAR
 MAXIMUM TEMPERATURE (F)   63        80      2008
                                             1959
 MINIMUM TEMPERATURE (F)   45        25      1977


SUNRISE AND SUNSET
DECEMBER 27 2014......SUNRISE   655 AM CST   SUNSET   509 PM CST
DECEMBER 28 2014......SUNRISE   656 AM CST   SUNSET   510 PM CST


-  INDICATES NEGATIVE NUMBERS.
R  INDICATES RECORD WAS SET OR TIED.
MM INDICATES DATA IS MISSING.
T  INDICATES TRACE AMOUNT.




$$
