000
CDUS44 KLIX 230701
CLINEW


CLIMATE REPORT
NATIONAL WEATHER SERVICE NEW ORLEANS
200 AM CDT TUE MAY 23 2017


...................................

...THE NEW ORLEANS CLIMATE SUMMARY FOR MAY 22 2017...

CLIMATE NORMAL PERIOD 1981 TO 2010
CLIMATE RECORD PERIOD 1946 TO 2017


WEATHER ITEM   OBSERVED TIME   RECORD YEAR NORMAL DEPARTURE LAST
                VALUE   (LST)  VALUE       VALUE  FROM      YEAR
                                                  NORMAL
..................................................................
TEMPERATURE (F)
 YESTERDAY
  MAXIMUM         78    307 PM  93    1996  87     -9       85
                                      1956
  MINIMUM         70    205 AM  53    1954  70      0       73
  AVERAGE         74                        78     -4       79

PRECIPITATION (IN)
  YESTERDAY        0.41          2.66 2008   0.15   0.26     0.00
  MONTH TO DATE    7.32                      3.09   4.23     4.10
  SINCE MAR 1     15.65                     12.25   3.40    20.35
  SINCE JAN 1     23.29                     22.70   0.59    28.48

SNOWFALL (IN)
  YESTERDAY        0.0
  MONTH TO DATE    0.0
  SINCE MAR 1      0.0
  SINCE JUL 1      0.0
  SNOW DEPTH       0

DEGREE DAYS
 HEATING
  YESTERDAY        0                         0      0        0
  MONTH TO DATE    5                         0      5        0
  SINCE MAR 1     74                       170    -96       41
  SINCE JUL 1    635                      1279   -644      755

 COOLING
  YESTERDAY        9                        13     -4       14
  MONTH TO DATE  186                       235    -49      251
  SINCE MAR 1    533                       455     78      599
  SINCE JAN 1    653                       492    161      635
..................................................................


WIND (MPH)
  HIGHEST WIND SPEED    15   HIGHEST WIND DIRECTION     S (170)
  HIGHEST GUST SPEED    21   HIGHEST GUST DIRECTION     E (100)
  AVERAGE WIND SPEED     7.4


SKY COVER
  POSSIBLE SUNSHINE  MM
  AVERAGE SKY COVER 0.9


WEATHER CONDITIONS
 THE FOLLOWING WEATHER WAS RECORDED YESTERDAY.
  HEAVY RAIN
  RAIN
  LIGHT RAIN
  FOG


RELATIVE HUMIDITY (PERCENT)
 HIGHEST   100          1000 PM
 LOWEST     69          1100 AM
 AVERAGE    85

..........................................................


THE NEW ORLEANS CLIMATE NORMALS FOR TODAY
                         NORMAL    RECORD    YEAR
 MAXIMUM TEMPERATURE (F)   87        93      2005
                                             2000
                                             1996
 MINIMUM TEMPERATURE (F)   70        50      1993


SUNRISE AND SUNSET
MAY 23 2017...........SUNRISE   603 AM CDT   SUNSET   753 PM CDT
MAY 24 2017...........SUNRISE   603 AM CDT   SUNSET   753 PM CDT


-  INDICATES NEGATIVE NUMBERS.
R  INDICATES RECORD WAS SET OR TIED.
MM INDICATES DATA IS MISSING.
T  INDICATES TRACE AMOUNT.




$$
