951
CDUS44 KLIX 120800
CLINEW


CLIMATE REPORT
NATIONAL WEATHER SERVICE NEW ORLEANS
200 AM CST TUE DEC 12 2017


...................................

...THE NEW ORLEANS CLIMATE SUMMARY FOR DECEMBER 11 2017...

CLIMATE NORMAL PERIOD 1981 TO 2010
CLIMATE RECORD PERIOD 1946 TO 2017


WEATHER ITEM   OBSERVED TIME   RECORD YEAR NORMAL DEPARTURE LAST
                VALUE   (LST)  VALUE       VALUE  FROM      YEAR
                                                  NORMAL
..................................................................
TEMPERATURE (F)
 YESTERDAY
  MAXIMUM         70    248 PM  82    1949  65      5       69
  MINIMUM         36    654 AM  26    1995  48    -12       37
  AVERAGE         53                        56     -3       53

PRECIPITATION (IN)
  YESTERDAY        0.00          3.03 1953   0.17  -0.17     0.00
  MONTH TO DATE    1.78                      1.84  -0.06     3.29
  SINCE DEC 1      1.78                      1.84  -0.06     3.29
  SINCE JAN 1     69.04                     59.05   9.99    66.17

SNOWFALL (IN)
  YESTERDAY        0.0
  MONTH TO DATE    T
  SINCE DEC 1      T
  SINCE JUL 1      T
  SNOW DEPTH       0

DEGREE DAYS
 HEATING
  YESTERDAY       12                        10      2       12
  MONTH TO DATE  123                        96     27      102
  SINCE DEC 1    123                        96     27      102
  SINCE JUL 1    255                       260     -5      173

 COOLING
  YESTERDAY        0                         1     -1        0
  MONTH TO DATE    8                        11     -3        0
  SINCE DEC 1      8                        11     -3        0
  SINCE JAN 1   3212                      2989    223     3835
..................................................................


WIND (MPH)
  HIGHEST WIND SPEED    14   HIGHEST WIND DIRECTION    SW (240)
  HIGHEST GUST SPEED    18   HIGHEST GUST DIRECTION    SW (220)
  AVERAGE WIND SPEED     6.1


SKY COVER
  POSSIBLE SUNSHINE  MM
  AVERAGE SKY COVER 0.3


WEATHER CONDITIONS
 THE FOLLOWING WEATHER WAS RECORDED YESTERDAY.
  FOG
  HAZE


RELATIVE HUMIDITY (PERCENT)
 HIGHEST   100           400 AM
 LOWEST     31           200 PM
 AVERAGE    66

..........................................................


THE NEW ORLEANS CLIMATE NORMALS FOR TODAY
                         NORMAL    RECORD    YEAR
 MAXIMUM TEMPERATURE (F)   65        82      2016
                                             1971
                                             1949
 MINIMUM TEMPERATURE (F)   47        20      1962


SUNRISE AND SUNSET
DECEMBER 12 2017......SUNRISE   647 AM CST   SUNSET   502 PM CST
DECEMBER 13 2017......SUNRISE   648 AM CST   SUNSET   503 PM CST


-  INDICATES NEGATIVE NUMBERS.
R  INDICATES RECORD WAS SET OR TIED.
MM INDICATES DATA IS MISSING.
T  INDICATES TRACE AMOUNT.




$$
