000
CDUS44 KLIX 072127
CLINEW


CLIMATE REPORT
NATIONAL WEATHER SERVICE NEW ORLEANS
427 PM CDT TUE JUL 7 2015


...................................

...THE NEW ORLEANS CLIMATE SUMMARY FOR JULY 7 2015...
VALID TODAY AS OF 0400 PM LOCAL TIME.

CLIMATE NORMAL PERIOD 1981 TO 2010
CLIMATE RECORD PERIOD 1946 TO 2015


WEATHER ITEM   OBSERVED TIME   RECORD YEAR NORMAL DEPARTURE LAST
                VALUE   (LST)  VALUE       VALUE  FROM      YEAR
                                                  NORMAL
..................................................................
TEMPERATURE (F)
 TODAY
  MAXIMUM         92    255 PM 100    1980  91      1       91
  MINIMUM         79    422 AM  66    1974  75      4       72
  AVERAGE         86                        83      3       82

PRECIPITATION (IN)
  TODAY            0.00          3.33 1991   0.21  -0.21     0.00
  MONTH TO DATE    1.76                      1.53   0.23     0.00
  SINCE JUN 1      5.51                      9.59  -4.08     8.03
  SINCE JAN 1     40.68                     33.83   6.85    32.97

SNOWFALL (IN)
  TODAY            0.0
  MONTH TO DATE    0.0
  SINCE JUN 1      0.0
  SINCE JUL 1      0.0
  SNOW DEPTH       0

DEGREE DAYS
 HEATING
  TODAY            0                         0      0        0
  MONTH TO DATE    0                         0      0        0
  SINCE JUN 1      0                         0      0        0
  SINCE JUL 1      0                         0      0        0

 COOLING
  TODAY           21                        18      3       17
  MONTH TO DATE  133                       126      7      126
  SINCE JUN 1    663                       621     42      630
  SINCE JAN 1   1492                      1240    252     1153
..................................................................


WIND (MPH)
  HIGHEST WIND SPEED    18   HIGHEST WIND DIRECTION     S (160)
  HIGHEST GUST SPEED    24   HIGHEST GUST DIRECTION    SE (150)
  AVERAGE WIND SPEED     8.6


SKY COVER
  POSSIBLE SUNSHINE  MM
  AVERAGE SKY COVER 0.3


WEATHER CONDITIONS
 THE FOLLOWING WEATHER WAS RECORDED TODAY.
  HAZE


RELATIVE HUMIDITY (PERCENT)
 HIGHEST    85           200 AM
 LOWEST     56          1200 PM
 AVERAGE    71

..........................................................


THE NEW ORLEANS CLIMATE NORMALS FOR TOMORROW
                         NORMAL    RECORD    YEAR
 MAXIMUM TEMPERATURE (F)   91        98      2000
 MINIMUM TEMPERATURE (F)   75        64      1972


SUNRISE AND SUNSET
JULY  7 2015..........SUNRISE   606 AM CDT   SUNSET   806 PM CDT
JULY  8 2015..........SUNRISE   606 AM CDT   SUNSET   805 PM CDT


-  INDICATES NEGATIVE NUMBERS.
R  INDICATES RECORD WAS SET OR TIED.
MM INDICATES DATA IS MISSING.
T  INDICATES TRACE AMOUNT.




$$
