000
CDUS46 KMTR 160827
CLINUQ


CLIMATE REPORT
NATIONAL WEATHER SERVICE SAN FRANCISCO BAY AREA
1226 AM PST TUE JAN 16 2018


...................................

...THE MOFFETT FIELD CLIMATE SUMMARY FOR JANUARY 15 2018...

CLIMATE NORMAL PERIOD 1981 TO 2010
CLIMATE RECORD PERIOD 1945 TO 2018


WEATHER ITEM   OBSERVED TIME   RECORD YEAR NORMAL DEPARTURE LAST
                VALUE   (LST)  VALUE       VALUE  FROM      YEAR
                                                  NORMAL
..................................................................
TEMPERATURE (F)
 YESTERDAY
  MAXIMUM         59    332 PM  72    2014  59      0       53
                                      2009
  MINIMUM         43    451 AM  27    2007  43      0       38
  AVERAGE         51                        51      0       46

PRECIPITATION (IN)
  YESTERDAY        0.00          0.87 1956   0.09  -0.09     0.00
  MONTH TO DATE    2.37                      1.47   0.90     2.97
  SINCE OCT 1      4.32                      6.31  -1.99     7.54
  SINCE JAN 1      2.37                      1.47   0.90     2.97

DEGREE DAYS
 HEATING
  YESTERDAY       14                                        19
  MONTH TO DATE  174                                       220
  SINCE DEC 1    612                                       679
  SINCE JUL 1    894                                       966

 COOLING
  YESTERDAY        0                                         0
  MONTH TO DATE    0                                         0
  SINCE DEC 1      0                                         0
  SINCE JAN 1      0                                         0
..................................................................


WIND (MPH)
  RESULTANT WIND SPEED   1   RESULTANT WIND DIRECTION   N (10)
  HIGHEST WIND SPEED    10   HIGHEST WIND DIRECTION    NW (330)
  HIGHEST GUST SPEED    13   HIGHEST GUST DIRECTION    NW (330)
  AVERAGE WIND SPEED     3.0


SKY COVER
  POSSIBLE SUNSHINE  MM
  AVERAGE SKY COVER 0.1


WEATHER CONDITIONS
 THE FOLLOWING WEATHER WAS RECORDED YESTERDAY.
  FOG
  HAZE


RELATIVE HUMIDITY (PERCENT)
 HIGHEST   100           100 AM
 LOWEST     77           200 PM
 AVERAGE    89

..........................................................


THE MOFFETT FIELD CLIMATE NORMALS FOR TODAY
                         NORMAL    RECORD    YEAR
 MAXIMUM TEMPERATURE (F)   59        73      2014
 MINIMUM TEMPERATURE (F)   43        29      2007


SUNRISE AND SUNSET
JANUARY 16 2018.......SUNRISE   721 AM PST   SUNSET   515 PM PST
JANUARY 17 2018.......SUNRISE   721 AM PST   SUNSET   516 PM PST


-  INDICATES NEGATIVE NUMBERS.
R  INDICATES RECORD WAS SET OR TIED.
MM INDICATES DATA IS MISSING.
T  INDICATES TRACE AMOUNT.




$$
