000
CDUS46 KMTR 310910
CLINUQ


CLIMATE REPORT
NATIONAL WEATHER SERVICE SAN FRANCISCO BAY AREA
209 AM PDT MON AUG 31 2015


...................................

...THE MOFFETT FIELD CLIMATE SUMMARY FOR AUGUST 30 2015...

CLIMATE NORMAL PERIOD 1981 TO 2010
CLIMATE RECORD PERIOD 1945 TO 2015


WEATHER ITEM   OBSERVED TIME   RECORD YEAR NORMAL DEPARTURE LAST
                VALUE   (LST)  VALUE       VALUE  FROM      YEAR
                                                  NORMAL
..................................................................
TEMPERATURE (F)
 YESTERDAY
  MAXIMUM         79    359 PM  90    2007  78      1       81
  MINIMUM         61    420 AM  47    1955  59      2       61
  AVERAGE         70                        68      2       71

PRECIPITATION (IN)
  YESTERDAY        0.00          0.03 1966   0.00   0.00     0.00
  MONTH TO DATE    0.01                      0.01   0.00      T
  SINCE OCT 1     14.24                     14.50  -0.26     5.95
  SINCE JAN 1      4.25                      9.66  -5.41     5.19

DEGREE DAYS
 HEATING
  YESTERDAY        0                                         0
  MONTH TO DATE    0                                         0
  SINCE JUN 1     16                                         7
  SINCE JUL 1      0                                         0

 COOLING
  YESTERDAY        5                                         6
  MONTH TO DATE  172                                       122
  SINCE JUN 1    401                                       351
  SINCE JAN 1    419                                       438
..................................................................


WIND (MPH)
  RESULTANT WIND SPEED   7   RESULTANT WIND DIRECTION   N (340)
  HIGHEST WIND SPEED    22   HIGHEST WIND DIRECTION     N (350)
  HIGHEST GUST SPEED    25   HIGHEST GUST DIRECTION     N (350)
  AVERAGE WIND SPEED     7.5


SKY COVER
  POSSIBLE SUNSHINE  MM
  AVERAGE SKY COVER 0.2


WEATHER CONDITIONS
 THE FOLLOWING WEATHER WAS RECORDED YESTERDAY.
  NO SIGNIFICANT WEATHER WAS OBSERVED.


RELATIVE HUMIDITY (PERCENT)
 HIGHEST    78          1200 AM
 LOWEST     47           100 PM
 AVERAGE    63

..........................................................


THE MOFFETT FIELD CLIMATE NORMALS FOR TODAY
                         NORMAL    RECORD    YEAR
 MAXIMUM TEMPERATURE (F)   78        94      2005
 MINIMUM TEMPERATURE (F)   59        50      1955


SUNRISE AND SUNSET
AUGUST 31 2015........SUNRISE   638 AM PDT   SUNSET   739 PM PDT
SEPTEMBER  1 2015.....SUNRISE   638 AM PDT   SUNSET   737 PM PDT


-  INDICATES NEGATIVE NUMBERS.
R  INDICATES RECORD WAS SET OR TIED.
MM INDICATES DATA IS MISSING.
T  INDICATES TRACE AMOUNT.




$$
