000
CDUS46 KMTR 210836
CLINUQ


CLIMATE REPORT
NATIONAL WEATHER SERVICE SAN FRANCISCO BAY AREA
136 AM PDT SUN SEP 21 2014


...................................

...THE MOFFETT FIELD CLIMATE SUMMARY FOR SEPTEMBER 20 2014...

CLIMATE NORMAL PERIOD 1981 TO 2010
CLIMATE RECORD PERIOD 1945 TO 2014


WEATHER ITEM   OBSERVED TIME   RECORD YEAR NORMAL DEPARTURE LAST
                VALUE   (LST)  VALUE       VALUE  FROM      YEAR
                                                  NORMAL
..................................................................
TEMPERATURE (F)
 YESTERDAY
  MAXIMUM         77   1239 PM  96    1990  77      0       77
  MINIMUM         63   1109 PM  45    1947  57      6       55
  AVERAGE         70                        67      3       66

PRECIPITATION (IN)
  YESTERDAY        0.00          0.02 1973   0.01  -0.01     0.00
  MONTH TO DATE    T                         0.09  -0.09      T
  SINCE JUL 1      T                         0.12  -0.12      T
  SINCE JAN 1      5.19                      9.75  -4.56     1.82

DEGREE DAYS
 HEATING
  YESTERDAY        0                                         0
  MONTH TO DATE    2                                         0
  SINCE SEP 1      2                                         0
  SINCE JUL 1      2                                         4

 COOLING
  YESTERDAY        5                                         1
  MONTH TO DATE   96                                        94
  SINCE SEP 1     96                                        94
  SINCE JAN 1    538                                       453
..................................................................


WIND (MPH)
  RESULTANT WIND SPEED   6   RESULTANT WIND DIRECTION   N (350)
  HIGHEST WIND SPEED    20   HIGHEST WIND DIRECTION     N (350)
  HIGHEST GUST SPEED    23   HIGHEST GUST DIRECTION     N (350)
  AVERAGE WIND SPEED     5.8


SKY COVER
  POSSIBLE SUNSHINE  MM
  AVERAGE SKY COVER 0.5


WEATHER CONDITIONS
 THE FOLLOWING WEATHER WAS RECORDED YESTERDAY.
  NO SIGNIFICANT WEATHER WAS OBSERVED.


RELATIVE HUMIDITY (PERCENT)
 HIGHEST    87          1200 AM
 LOWEST     60          1200 PM
 AVERAGE    74

..........................................................


THE MOFFETT FIELD CLIMATE NORMALS FOR TODAY
                         NORMAL    RECORD    YEAR
 MAXIMUM TEMPERATURE (F)   77        97      2003
 MINIMUM TEMPERATURE (F)   57        48      1960


SUNRISE AND SUNSET
SEPTEMBER 21 2014.....SUNRISE   655 AM PDT   SUNSET   706 PM PDT
SEPTEMBER 22 2014.....SUNRISE   656 AM PDT   SUNSET   705 PM PDT


-  INDICATES NEGATIVE NUMBERS.
R  INDICATES RECORD WAS SET OR TIED.
MM INDICATES DATA IS MISSING.
T  INDICATES TRACE AMOUNT.




$$
