626
CDUS46 KMTR 230840
CLINUQ


CLIMATE REPORT
NATIONAL WEATHER SERVICE SAN FRANCISCO BAY AREA
140 AM PDT SUN APR 23 2017


...................................

...THE MOFFETT FIELD CLIMATE SUMMARY FOR APRIL 22 2017...

CLIMATE NORMAL PERIOD 1981 TO 2010
CLIMATE RECORD PERIOD 1945 TO 2017


WEATHER ITEM   OBSERVED TIME   RECORD YEAR NORMAL DEPARTURE LAST
                VALUE   (LST)  VALUE       VALUE  FROM      YEAR
                                                  NORMAL
..................................................................
TEMPERATURE (F)
 YESTERDAY
  MAXIMUM         68   1044 AM  88    2013  70     -2       63
  MINIMUM         50    608 AM  40    1945  50      0       54
  AVERAGE         59                        60     -1       59

PRECIPITATION (IN)
  YESTERDAY        0.00          0.35 2016   0.03  -0.03     0.35
  MONTH TO DATE    1.33                      0.76   0.57     1.36
  SINCE OCT 1     18.13                     13.68   4.45    12.97
  SINCE JAN 1     13.56                      8.84   4.72     8.57

DEGREE DAYS
 HEATING
  YESTERDAY        6                                         6
  MONTH TO DATE  136                                        80
  SINCE MAR 1    369                                       293
  SINCE JUL 1   1897                                      1678

 COOLING
  YESTERDAY        0                                         0
  MONTH TO DATE    0                                        22
  SINCE MAR 1      0                                        22
  SINCE JAN 1      0                                        24
..................................................................


WIND (MPH)
  RESULTANT WIND SPEED   6   RESULTANT WIND DIRECTION   N (340)
  HIGHEST WIND SPEED    21   HIGHEST WIND DIRECTION     N (350)
  HIGHEST GUST SPEED    23   HIGHEST GUST DIRECTION     N (350)
  AVERAGE WIND SPEED     8.1


SKY COVER
  POSSIBLE SUNSHINE  MM
  AVERAGE SKY COVER 0.2


WEATHER CONDITIONS
 THE FOLLOWING WEATHER WAS RECORDED YESTERDAY.
  NO SIGNIFICANT WEATHER WAS OBSERVED.


RELATIVE HUMIDITY (PERCENT)
 HIGHEST    77          1000 PM
 LOWEST     22          1000 AM
 AVERAGE    50

..........................................................


THE MOFFETT FIELD CLIMATE NORMALS FOR TODAY
                         NORMAL    RECORD    YEAR
 MAXIMUM TEMPERATURE (F)   70        86      1946
 MINIMUM TEMPERATURE (F)   50        38      1986


SUNRISE AND SUNSET
APRIL 23 2017.........SUNRISE   622 AM PDT   SUNSET   751 PM PDT
APRIL 24 2017.........SUNRISE   621 AM PDT   SUNSET   752 PM PDT


-  INDICATES NEGATIVE NUMBERS.
R  INDICATES RECORD WAS SET OR TIED.
MM INDICATES DATA IS MISSING.
T  INDICATES TRACE AMOUNT.




$$
