000
CDUS41 KOKX 300616
CLINYC


CLIMATE REPORT
NATIONAL WEATHER SERVICE NEW YORK NY
216 AM EDT FRI SEP 30 2016


...................................

...THE CENTRAL PARK NY CLIMATE SUMMARY FOR SEPTEMBER 29 2016...

CLIMATE NORMAL PERIOD 1981 TO 2010
CLIMATE RECORD PERIOD 1869 TO 2016


WEATHER ITEM   OBSERVED TIME   RECORD YEAR NORMAL DEPARTURE LAST
                VALUE   (LST)  VALUE       VALUE  FROM      YEAR
                                                  NORMAL
..................................................................
TEMPERATURE (F)
 YESTERDAY
  MAXIMUM         64    410 PM  88    1945  70     -6       83
  MINIMUM         57    104 AM  42    1942  56      1       72
                                      1914
                                      1888
  AVERAGE         61                        63     -2       78

PRECIPITATION (IN)
  YESTERDAY        0.00          2.18 1963   0.16  -0.16     0.11
  MONTH TO DATE    2.39                      4.12  -1.73     2.02
  SINCE SEP 1      2.39                      4.12  -1.73     2.02
  SINCE JAN 1     29.32                     37.36  -8.04    29.07

SNOWFALL (IN)
  YESTERDAY        0.0           0.0  2002   0.0    0.0      0.0
                                      2001
  MONTH TO DATE    0.0                       0.0    0.0      0.0
  SINCE OCT 1     32.8                      25.8    7.0     50.3
  SINCE JUL 1      0.0                       0.0    0.0      0.0
  SNOW DEPTH       0

DEGREE DAYS
 HEATING
  YESTERDAY        4                         4      0        0
  MONTH TO DATE   10                        38    -28        1
  SINCE SEP 1     10                        38    -28        1
  SINCE JUL 1     10                        40    -30        1

 COOLING
  YESTERDAY        0                         2     -2       13
  MONTH TO DATE  228                       131     97      289
  SINCE SEP 1    228                       131     97      289
  SINCE JAN 1   1460                      1085    375     1554
..................................................................


WIND (MPH)
  HIGHEST WIND SPEED    21   HIGHEST WIND DIRECTION     E (70)
  HIGHEST GUST SPEED    31   HIGHEST GUST DIRECTION     E (90)
  AVERAGE WIND SPEED    11.1


SKY COVER
  AVERAGE SKY COVER 1.0


WEATHER CONDITIONS
 THE FOLLOWING WEATHER WAS RECORDED YESTERDAY.
  FOG


RELATIVE HUMIDITY (PERCENT)
 HIGHEST    87           200 AM
 LOWEST     63           300 PM
 AVERAGE    75

..........................................................


THE CENTRAL PARK NY CLIMATE NORMALS FOR TODAY
                         NORMAL    RECORD    YEAR
 MAXIMUM TEMPERATURE (F)   70        89      1986
 MINIMUM TEMPERATURE (F)   55        39      1912


SUNRISE AND SUNSET
SEPTEMBER 30 2016.....SUNRISE   652 AM EDT   SUNSET   639 PM EDT
OCTOBER  1 2016.......SUNRISE   653 AM EDT   SUNSET   637 PM EDT


-  INDICATES NEGATIVE NUMBERS.
R  INDICATES RECORD WAS SET OR TIED.
MM INDICATES DATA IS MISSING.
T  INDICATES TRACE AMOUNT.




$$
