000
CDUS41 KOKX 250616
CLINYC


CLIMATE REPORT
NATIONAL WEATHER SERVICE NEW YORK NY
216 AM EDT TUE JUL 25 2017


...................................

...THE CENTRAL PARK NY CLIMATE SUMMARY FOR JULY 24 2017...

CLIMATE NORMAL PERIOD 1981 TO 2010
CLIMATE RECORD PERIOD 1869 TO 2017


WEATHER ITEM   OBSERVED TIME   RECORD YEAR NORMAL DEPARTURE LAST
                VALUE   (LST)  VALUE       VALUE  FROM      YEAR
                                                  NORMAL
..................................................................
TEMPERATURE (F)
 YESTERDAY
  MAXIMUM         73    258 AM  97    2010  84    -11       94
                                      1999
  MINIMUM         63   1211 PM  56    1893  69     -6       75
  AVERAGE         68                        77     -9       85

PRECIPITATION (IN)
  YESTERDAY        0.74          3.75 1997   0.15   0.59     0.00
  MONTH TO DATE    4.19                      3.45   0.74     3.60
  SINCE JUN 1      8.95                      7.86   1.09     6.20
  SINCE JAN 1     31.73                     27.65   4.08    21.54

SNOWFALL (IN)
  YESTERDAY        0.0           0.0  2002   0.0    0.0      0.0
                                      2001
  MONTH TO DATE    0.0                       0.0    0.0      0.0
  SINCE OCT 1     30.2                      25.8    4.4     32.8
  SINCE JUL 1      0.0                       0.0    0.0      0.0
  SNOW DEPTH       0

DEGREE DAYS
 HEATING
  YESTERDAY        0                         0      0        0
  MONTH TO DATE    0                         0      0        0
  SINCE JUN 1     24                        19      5        7
  SINCE JUL 1      0                         0      0        0

 COOLING
  YESTERDAY        3                        12     -9       20
  MONTH TO DATE  317                       276     41      324
  SINCE JUN 1    559                       488     71      556
  SINCE JAN 1    648                       557     91      675
..................................................................


WIND (MPH)
  HIGHEST WIND SPEED    15   HIGHEST WIND DIRECTION     E (70)
  HIGHEST GUST SPEED    23   HIGHEST GUST DIRECTION     E (80)
  AVERAGE WIND SPEED     6.8


SKY COVER
  AVERAGE SKY COVER 1.0


WEATHER CONDITIONS
 THE FOLLOWING WEATHER WAS RECORDED YESTERDAY.
  HEAVY RAIN
  RAIN
  LIGHT RAIN
  FOG


RELATIVE HUMIDITY (PERCENT)
 HIGHEST    97           500 AM
 LOWEST     70           400 PM
 AVERAGE    84

..........................................................


THE CENTRAL PARK NY CLIMATE NORMALS FOR TODAY
                         NORMAL    RECORD    YEAR
 MAXIMUM TEMPERATURE (F)   84        97      1999
 MINIMUM TEMPERATURE (F)   69        57      1953


SUNRISE AND SUNSET
JULY 25 2017..........SUNRISE   546 AM EDT   SUNSET   818 PM EDT
JULY 26 2017..........SUNRISE   547 AM EDT   SUNSET   817 PM EDT


-  INDICATES NEGATIVE NUMBERS.
R  INDICATES RECORD WAS SET OR TIED.
MM INDICATES DATA IS MISSING.
T  INDICATES TRACE AMOUNT.




$$
