000
CDUS41 KOKX 240621
CLINYC


CLIMATE REPORT
NATIONAL WEATHER SERVICE NEW YORK NY
121 AM EST MON NOV 24 2014


...................................

...THE CENTRAL PARK NY CLIMATE SUMMARY FOR NOVEMBER 23 2014...

CLIMATE NORMAL PERIOD 1981 TO 2010
CLIMATE RECORD PERIOD 1869 TO 2014


WEATHER ITEM   OBSERVED TIME   RECORD YEAR NORMAL DEPARTURE LAST
                VALUE   (LST)  VALUE       VALUE  FROM      YEAR
                                                  NORMAL
..................................................................
TEMPERATURE (F)
 YESTERDAY
  MAXIMUM         57    310 PM  72    1931  51      6       54
  MINIMUM         43    718 AM  14    1880  40      3       31
  AVERAGE         50                        45      5       43

PRECIPITATION (IN)
  YESTERDAY        0.00          1.84 1923   0.14  -0.14      T
  MONTH TO DATE    2.55                      3.05  -0.50     0.66
  SINCE SEP 1      9.53                     11.73  -2.20     3.97
  SINCE JAN 1     45.79                     44.97   0.82    38.98

SNOWFALL (IN)
  YESTERDAY        0.0           4.4  1989   0.0    0.0       T
  MONTH TO DATE    T                         0.1   -0.1       T
  SINCE OCT 1      T                         0.1   -0.1       T
  SINCE JUL 1      T                         0.1   -0.1       T
  SNOW DEPTH       0

DEGREE DAYS
 HEATING
  YESTERDAY       15                        20     -5       22
  MONTH TO DATE  448                       372     76      374
  SINCE SEP 1    649                       683    -34      597
  SINCE JUL 1    649                       685    -36      597

 COOLING
  YESTERDAY        0                         0      0        0
  MONTH TO DATE    0                         0      0        0
  SINCE SEP 1    190                       150     40      178
  SINCE JAN 1   1128                      1104     24     1271
..................................................................


WIND (MPH)
  HIGHEST WIND SPEED    14   HIGHEST WIND DIRECTION     W (260)
  HIGHEST GUST SPEED    23   HIGHEST GUST DIRECTION    SW (240)
  AVERAGE WIND SPEED     3.9


SKY COVER
  AVERAGE SKY COVER 0.4


WEATHER CONDITIONS
 THE FOLLOWING WEATHER WAS RECORDED YESTERDAY.
  NO SIGNIFICANT WEATHER WAS OBSERVED.


RELATIVE HUMIDITY (PERCENT)
 HIGHEST    77          1100 PM
 LOWEST     27           100 PM
 AVERAGE    52

..........................................................


THE CENTRAL PARK NY CLIMATE NORMALS FOR TODAY
                         NORMAL    RECORD    YEAR
 MAXIMUM TEMPERATURE (F)   51        73      1979
 MINIMUM TEMPERATURE (F)   39        14      1880


SUNRISE AND SUNSET
NOVEMBER 24 2014......SUNRISE   653 AM EST   SUNSET   432 PM EST
NOVEMBER 25 2014......SUNRISE   654 AM EST   SUNSET   431 PM EST


-  INDICATES NEGATIVE NUMBERS.
R  INDICATES RECORD WAS SET OR TIED.
MM INDICATES DATA IS MISSING.
T  INDICATES TRACE AMOUNT.




$$
