000
CDUS41 KOKX 200619
CLINYC


CLIMATE REPORT
NATIONAL WEATHER SERVICE NEW YORK NY
219 AM EDT SUN APR 20 2014


...................................

...THE CENTRAL PARK NY CLIMATE SUMMARY FOR APRIL 19 2014...

CLIMATE NORMAL PERIOD 1981 TO 2010
CLIMATE RECORD PERIOD 1869 TO 2014


WEATHER ITEM   OBSERVED TIME   RECORD YEAR NORMAL DEPARTURE LAST
                VALUE   (LST)  VALUE       VALUE  FROM      YEAR
                                                  NORMAL
..................................................................
TEMPERATURE (F)
 YESTERDAY
  MAXIMUM         68    319 PM  92    1976  63      5       71
  MINIMUM         41   1259 AM  21    1875  46     -5       55
  AVERAGE         55                        54      1       63

PRECIPITATION (IN)
  YESTERDAY        0.00          1.96 1978   0.15  -0.15     0.05
  MONTH TO DATE    1.90                      2.96  -1.06     1.21
  SINCE MAR 1      5.57                      7.32  -1.75     4.11
  SINCE JAN 1     13.84                     14.06  -0.22    11.12

SNOWFALL (IN)
  YESTERDAY        0.0           0.8  1983   0.1   -0.1      0.0
  MONTH TO DATE    T                         0.6   -0.6      0.0
  SINCE OCT 1     57.4                      25.8   31.6     26.1
  SINCE JUL 1     57.4                      25.8   31.6     26.1
  SNOW DEPTH       0

DEGREE DAYS
 HEATING
  YESTERDAY       10                        11     -1        2
  MONTH TO DATE  250                       268    -18      239
  SINCE MAR 1   1092                       968    124     1002
  SINCE JUL 1   4762                      4490    272     4375

 COOLING
  YESTERDAY        0                         0      0        0
  MONTH TO DATE    4                         0      4        2
  SINCE MAR 1      4                         1      3        2
  SINCE JAN 1      4                         1      3        2
..................................................................


WIND (MPH)
  HIGHEST WIND SPEED    16   HIGHEST WIND DIRECTION    NE (50)
  HIGHEST GUST SPEED    21   HIGHEST GUST DIRECTION    NE (50)
  AVERAGE WIND SPEED     5.5


SKY COVER
  AVERAGE SKY COVER 0.0


WEATHER CONDITIONS
 THE FOLLOWING WEATHER WAS RECORDED YESTERDAY.
  NO SIGNIFICANT WEATHER WAS OBSERVED.


RELATIVE HUMIDITY (PERCENT)
 HIGHEST    70           300 AM
 LOWEST     17          1100 AM
 AVERAGE    44

..........................................................


THE CENTRAL PARK NY CLIMATE NORMALS FOR TODAY
                         NORMAL    RECORD    YEAR
 MAXIMUM TEMPERATURE (F)   63        90      1927
 MINIMUM TEMPERATURE (F)   46        24      1897


SUNRISE AND SUNSET
APRIL 20 2014.........SUNRISE   610 AM EDT   SUNSET   741 PM EDT
APRIL 21 2014.........SUNRISE   608 AM EDT   SUNSET   742 PM EDT


-  INDICATES NEGATIVE NUMBERS.
R  INDICATES RECORD WAS SET OR TIED.
MM INDICATES DATA IS MISSING.
T  INDICATES TRACE AMOUNT.




$$
