000
CDUS41 KOKX 020629
CLINYC


CLIMATE REPORT
NATIONAL WEATHER SERVICE NEW YORK NY
128 AM EST MON MAR 2 2015


...................................

...THE CENTRAL PARK NY CLIMATE SUMMARY FOR MARCH 1 2015...

CLIMATE NORMAL PERIOD 1981 TO 2010
CLIMATE RECORD PERIOD 1869 TO 2015


WEATHER ITEM   OBSERVED TIME   RECORD YEAR NORMAL DEPARTURE LAST
                VALUE   (LST)  VALUE       VALUE  FROM      YEAR
                                                  NORMAL
..................................................................
TEMPERATURE (F)
 YESTERDAY
  MAXIMUM         31   1149 AM  73    1972  45    -14       37
  MINIMUM         24    341 AM   5    1884  31     -7       20
  AVERAGE         28                        38    -10       29

PRECIPITATION (IN)
  YESTERDAY        0.52          2.95 1914   0.13   0.39     0.00
  MONTH TO DATE    0.52                      0.13   0.39     0.00
  SINCE MAR 1      0.52                      0.13   0.39     0.00
  SINCE JAN 1      7.79                      6.87   0.92     8.27

SNOWFALL (IN)
  YESTERDAY        4.8          13.5  1914   0.2    4.6      0.0
  MONTH TO DATE    4.8                       0.2    4.6      0.0
  SINCE OCT 1     33.2                      21.5   11.7     57.3
  SINCE JUL 1     33.2                      21.5   11.7     57.3
  SNOW DEPTH      10

DEGREE DAYS
 HEATING
  YESTERDAY       37                        27     10       36
  MONTH TO DATE   37                        27     10       36
  SINCE MAR 1     37                        27     10       36
  SINCE JUL 1   3796                      3549    247     3706

 COOLING
  YESTERDAY        0                         0      0        0
  MONTH TO DATE    0                         0      0        0
  SINCE MAR 1      0                         0      0        0
  SINCE JAN 1      0                         0      0        0
..................................................................


WIND (MPH)
  HIGHEST WIND SPEED    15   HIGHEST WIND DIRECTION     S (170)
  HIGHEST GUST SPEED    20   HIGHEST GUST DIRECTION     S (170)
  AVERAGE WIND SPEED     2.2


SKY COVER
  AVERAGE SKY COVER 0.8


WEATHER CONDITIONS
 THE FOLLOWING WEATHER WAS RECORDED YESTERDAY.
  HEAVY SNOW
  SNOW
  LIGHT SNOW
  FOG
  FOG W/VISIBILITY <= 1/4 MILE
  HAZE


RELATIVE HUMIDITY (PERCENT)
 HIGHEST    84           600 PM
 LOWEST     28          1100 AM
 AVERAGE    56

..........................................................


THE CENTRAL PARK NY CLIMATE NORMALS FOR TODAY
                         NORMAL    RECORD    YEAR
 MAXIMUM TEMPERATURE (F)   45        72      1972
 MINIMUM TEMPERATURE (F)   32         9      1891


SUNRISE AND SUNSET
MARCH  2 2015.........SUNRISE   629 AM EST   SUNSET   548 PM EST
MARCH  3 2015.........SUNRISE   627 AM EST   SUNSET   549 PM EST


-  INDICATES NEGATIVE NUMBERS.
R  INDICATES RECORD WAS SET OR TIED.
MM INDICATES DATA IS MISSING.
T  INDICATES TRACE AMOUNT.




$$
