000
CDUS41 KOKX 040620
CLINYC


CLIMATE REPORT
NATIONAL WEATHER SERVICE NEW YORK NY
219 AM EDT WED MAY 4 2016


...................................

...THE CENTRAL PARK NY CLIMATE SUMMARY FOR MAY 3 2016...

CLIMATE NORMAL PERIOD 1981 TO 2010
CLIMATE RECORD PERIOD 1869 TO 2016


WEATHER ITEM   OBSERVED TIME   RECORD YEAR NORMAL DEPARTURE LAST
                VALUE   (LST)  VALUE       VALUE  FROM      YEAR
                                                  NORMAL
..................................................................
TEMPERATURE (F)
 YESTERDAY
  MAXIMUM         56    321 PM  90    2001  67    -11       80
  MINIMUM         51   1159 PM  36    1874  50      1       51
  AVERAGE         54                        59     -5       66

PRECIPITATION (IN)
  YESTERDAY        0.61          1.66 1985   0.13   0.48     0.00
  MONTH TO DATE    0.81                      0.37   0.44     0.00
  SINCE MAR 1      3.59                      9.23  -5.64     6.80
  SINCE JAN 1     12.40                     15.97  -3.57    14.07

SNOWFALL (IN)
  YESTERDAY        0.0           0.0  2002   0.0    0.0      0.0
                                      2001
  MONTH TO DATE    0.0                       0.0    0.0      0.0
  SINCE OCT 1     32.8                      25.8    7.0     50.3
  SINCE JUL 1     32.8                      25.8    7.0     50.3
  SNOW DEPTH       0

DEGREE DAYS
 HEATING
  YESTERDAY       11                         7      4        0
  MONTH TO DATE   40                        22     18       13
  SINCE MAR 1    893                      1093   -200     1158
  SINCE JUL 1   3640                      4615   -975     4917

 COOLING
  YESTERDAY        0                         1     -1        1
  MONTH TO DATE    0                         3     -3        1
  SINCE MAR 1     19                        15      4        6
  SINCE JAN 1     19                        15      4        6
..................................................................


WIND (MPH)
  HIGHEST WIND SPEED    14   HIGHEST WIND DIRECTION    NE (60)
  HIGHEST GUST SPEED    19   HIGHEST GUST DIRECTION     E (70)
  AVERAGE WIND SPEED     6.0


SKY COVER
  AVERAGE SKY COVER 1.0


WEATHER CONDITIONS
 THE FOLLOWING WEATHER WAS RECORDED YESTERDAY.
  RAIN
  LIGHT RAIN
  FOG
  HAZE


RELATIVE HUMIDITY (PERCENT)
 HIGHEST    96           500 AM
 LOWEST     83           300 PM
 AVERAGE    90

..........................................................


THE CENTRAL PARK NY CLIMATE NORMALS FOR TODAY
                         NORMAL    RECORD    YEAR
 MAXIMUM TEMPERATURE (F)   68        92      2001
 MINIMUM TEMPERATURE (F)   50        38      1917
                                             1911
                                             1875


SUNRISE AND SUNSET
MAY  4 2016...........SUNRISE   550 AM EDT   SUNSET   756 PM EDT
MAY  5 2016...........SUNRISE   549 AM EDT   SUNSET   757 PM EDT


-  INDICATES NEGATIVE NUMBERS.
R  INDICATES RECORD WAS SET OR TIED.
MM INDICATES DATA IS MISSING.
T  INDICATES TRACE AMOUNT.




$$
