000
CDUS45 KPSR 010015 RRA
CLINYL

CLIMATE REPORT
NATIONAL WEATHER SERVICE PHOENIX AZ
514 PM MST FRI SEP 30 2016


...................................

...THE YUMA AZ CLIMATE SUMMARY FOR SEPTEMBER 30 2016...
VALID TODAY AS OF 0500 PM LOCAL TIME.

CLIMATE NORMAL PERIOD 1981 TO 2010
CLIMATE RECORD PERIOD 1876 TO 2016


WEATHER ITEM   OBSERVED TIME   RECORD YEAR NORMAL DEPARTURE LAST
                VALUE   (LST)  VALUE       VALUE  FROM      YEAR
                                                  NORMAL
..................................................................
TEMPERATURE (F)
 TODAY
  MAXIMUM        100    348 PM 109    2012  96      4      106
  MINIMUM         76    654 AM  50    1907  71      5       81
  AVERAGE         88                        84      4       94

PRECIPITATION (IN)
  TODAY            0.00          3.63 1921   0.01  -0.01     0.00
  MONTH TO DATE    0.12                      0.53  -0.41     0.95
  SINCE OCT 1      2.01                      3.56  -1.55     2.63
  SINCE JAN 1      1.87                      2.62  -0.75     2.19

DEGREE DAYS
 HEATING
  TODAY            0                         0      0        0
  MONTH TO DATE    0                         0      0        0
  SINCE SEP 1      0                         0      0        0
  SINCE JUL 1      0                         0      0        0

 COOLING
  TODAY           23                        19      4       29
  MONTH TO DATE  667                       721    -54      799
  SINCE SEP 1    667                       721    -54      799
  SINCE JAN 1   4414                      4174    240     4586
..................................................................


WIND (MPH)
  HIGHEST WIND SPEED    12   HIGHEST WIND DIRECTION    SW (210)
  HIGHEST GUST SPEED    20   HIGHEST GUST DIRECTION     W (270)
  AVERAGE WIND SPEED     2.1


SKY COVER
  AVERAGE SKY COVER 0.2


WEATHER CONDITIONS
 THE FOLLOWING WEATHER WAS RECORDED TODAY.
  NO SIGNIFICANT WEATHER WAS OBSERVED.


RELATIVE HUMIDITY (PERCENT)
 HIGHEST    50
 LOWEST     21
 AVERAGE    36

..........................................................


THE YUMA AZ CLIMATE NORMALS FOR TOMORROW
                         NORMAL    RECORD    YEAR
 MAXIMUM TEMPERATURE (F)   96       110      1980
 MINIMUM TEMPERATURE (F)   71        50      1894


SUNRISE AND SUNSET
SEPTEMBER 30 2016.....SUNRISE   632 AM MST   SUNSET   624 PM MST
OCTOBER  1 2016.......SUNRISE   633 AM MST   SUNSET   622 PM MST


-  INDICATES NEGATIVE NUMBERS.
R  INDICATES RECORD WAS SET OR TIED.
MM INDICATES DATA IS MISSING.
T  INDICATES TRACE AMOUNT.

$$
