000
CDUS45 KPSR 220902
CLINYL

CLIMATE REPORT
NATIONAL WEATHER SERVICE PHOENIX AZ
158 AM MST SAT NOV 22 2014


...................................

...THE YUMA AZ CLIMATE SUMMARY FOR NOVEMBER 21 2014...

CLIMATE NORMAL PERIOD 1981 TO 2010
CLIMATE RECORD PERIOD 1876 TO 2014


WEATHER ITEM   OBSERVED TIME   RECORD YEAR NORMAL DEPARTURE LAST
                VALUE   (LST)  VALUE       VALUE  FROM      YEAR
                                                  NORMAL
..................................................................
TEMPERATURE (F)
 YESTERDAY
  MAXIMUM         74    415 PM  90    1950  75     -1       76
  MINIMUM         54    713 AM  34    1907  52      2       58
  AVERAGE         64                        63      1       67

PRECIPITATION (IN)
  YESTERDAY        T             0.33 2013   0.00   0.00     0.33
  MONTH TO DATE    T                         0.12  -0.12     0.33
  SINCE OCT 1      0.05                      0.33  -0.28     0.33
  SINCE JAN 1      2.33                      2.95  -0.62     2.64

DEGREE DAYS
 HEATING
  YESTERDAY        1                         3     -2        0
  MONTH TO DATE   10                        28    -18        0
  SINCE SEP 1     10                        30    -20        0
  SINCE JUL 1     10                        30    -20        0

 COOLING
  YESTERDAY        0                         1     -1        2
  MONTH TO DATE   98                        80     18      105
  SINCE SEP 1   1445                      1189    256     1107
  SINCE JAN 1   5281                      4642    639     4805
..................................................................


WIND (MPH)
  HIGHEST WIND SPEED    18   HIGHEST WIND DIRECTION    NW (310)
  HIGHEST GUST SPEED    26   HIGHEST GUST DIRECTION    NW (300)
  AVERAGE WIND SPEED     5.8


SKY COVER
  AVERAGE SKY COVER 0.5


WEATHER CONDITIONS
 THE FOLLOWING WEATHER WAS RECORDED YESTERDAY.
  NO SIGNIFICANT WEATHER WAS OBSERVED.


RELATIVE HUMIDITY (PERCENT)
 HIGHEST    51
 LOWEST     27
 AVERAGE    39

..........................................................


THE YUMA AZ CLIMATE NORMALS FOR TODAY
                         NORMAL    RECORD    YEAR
 MAXIMUM TEMPERATURE (F)   75        91      1950
 MINIMUM TEMPERATURE (F)   52        34      1931


SUNRISE AND SUNSET
NOVEMBER 22 2014......SUNRISE   715 AM MST   SUNSET   534 PM MST
NOVEMBER 23 2014......SUNRISE   716 AM MST   SUNSET   534 PM MST


-  INDICATES NEGATIVE NUMBERS.
R  INDICATES RECORD WAS SET OR TIED.
MM INDICATES DATA IS MISSING.
T  INDICATES TRACE AMOUNT.

$$
