000
CDUS45 KPSR 130014 RRA
CLINYL

CLIMATE REPORT
NATIONAL WEATHER SERVICE PHOENIX AZ
509 PM MST TUE DEC 12 2017


...................................

...THE YUMA AZ CLIMATE SUMMARY FOR DECEMBER 12 2017...
VALID TODAY AS OF 0500 PM LOCAL TIME.

CLIMATE NORMAL PERIOD 1981 TO 2010
CLIMATE RECORD PERIOD 1876 TO 2017


WEATHER ITEM   OBSERVED TIME   RECORD YEAR NORMAL DEPARTURE LAST
                VALUE   (LST)  VALUE       VALUE  FROM      YEAR
                                                  NORMAL
..................................................................
TEMPERATURE (F)
 TODAY
  MAXIMUM         77    245 PM  85    1958  68      9       76
                                      1950
  MINIMUM         48    511 AM  30    1972  46      2       53
                                      1949
  AVERAGE         63                        57      6       65

PRECIPITATION (IN)
  TODAY            0.00          0.55 1934   0.01  -0.01     0.00
  MONTH TO DATE    0.00                      0.17  -0.17     0.00
  SINCE OCT 1      0.07                      0.60  -0.53     0.04
  SINCE JAN 1      2.31                      3.22  -0.91     1.91

DEGREE DAYS
 HEATING
  TODAY            2                         8     -6        0
  MONTH TO DATE   26                        80    -54       56
  SINCE DEC 1     26                        80    -54       56
  SINCE JUL 1     27                       148   -121      102

 COOLING
  TODAY            0                         0      0        0
  MONTH TO DATE   13                         0     13        0
  SINCE DEC 1     13                         0     13        0
  SINCE JAN 1   5068                      4649    419     5073
..................................................................


WIND (MPH)
  HIGHEST WIND SPEED    16   HIGHEST WIND DIRECTION     N (340)
  HIGHEST GUST SPEED    19   HIGHEST GUST DIRECTION     N (340)
  AVERAGE WIND SPEED     6.6


SKY COVER
  AVERAGE SKY COVER 0.1


WEATHER CONDITIONS
 THE FOLLOWING WEATHER WAS RECORDED TODAY.
  NO SIGNIFICANT WEATHER WAS OBSERVED.


RELATIVE HUMIDITY (PERCENT)
 HIGHEST    21
 LOWEST      5
 AVERAGE    13

..........................................................


THE YUMA AZ CLIMATE NORMALS FOR TOMORROW
                         NORMAL    RECORD    YEAR
 MAXIMUM TEMPERATURE (F)   68        83      2010
 MINIMUM TEMPERATURE (F)   46        29      1878


SUNRISE AND SUNSET
DECEMBER 12 2017......SUNRISE   731 AM MST   SUNSET   533 PM MST
DECEMBER 13 2017......SUNRISE   732 AM MST   SUNSET   534 PM MST


-  INDICATES NEGATIVE NUMBERS.
R  INDICATES RECORD WAS SET OR TIED.
MM INDICATES DATA IS MISSING.
T  INDICATES TRACE AMOUNT.

$$
