000
CDUS45 KPSR 020823 RRA
CLINYL

CLIMATE REPORT
NATIONAL WEATHER SERVICE PHOENIX AZ
122 AM MST TUE JUN 2 2015


...................................

...THE YUMA AZ CLIMATE SUMMARY FOR JUNE 1 2015...

CLIMATE NORMAL PERIOD 1981 TO 2010
CLIMATE RECORD PERIOD 1876 TO 2015


WEATHER ITEM   OBSERVED TIME   RECORD YEAR NORMAL DEPARTURE LAST
                VALUE   (LST)  VALUE       VALUE  FROM      YEAR
                                                  NORMAL
..................................................................
TEMPERATURE (F)
 YESTERDAY
  MAXIMUM        105    351 PM 114    2012 100      5      106
  MINIMUM         74    559 AM  50    1908  71      3       74
  AVERAGE         90                        85      5       90

PRECIPITATION (IN)
  YESTERDAY        0.00          T    1956   0.00   0.00     0.00
                                      1914
                                      1899
  MONTH TO DATE    0.00                      0.00   0.00     0.00
  SINCE OCT 1      1.26                      2.26  -1.00     1.18
  SINCE JAN 1      0.82                      1.32  -0.50     0.07

DEGREE DAYS
 HEATING
  YESTERDAY        0                         0      0        0
  MONTH TO DATE    0                         0      0        0
  SINCE JUN 1      0                         0      0        0
  SINCE JUL 1     86                       686   -600      370

 COOLING
  YESTERDAY       25                        20      5       25
  MONTH TO DATE   25                        20      5       25
  SINCE JUN 1     25                        20      5       25
  SINCE JAN 1   1104                       932    172     1187
..................................................................


WIND (MPH)
  HIGHEST WIND SPEED    16   HIGHEST WIND DIRECTION     W (290)
  HIGHEST GUST SPEED    22   HIGHEST GUST DIRECTION     W (290)
  AVERAGE WIND SPEED     6.0


SKY COVER
  AVERAGE SKY COVER 0.3


WEATHER CONDITIONS
 THE FOLLOWING WEATHER WAS RECORDED YESTERDAY.
  NO SIGNIFICANT WEATHER WAS OBSERVED.


RELATIVE HUMIDITY (PERCENT)
 HIGHEST    33
 LOWEST      8
 AVERAGE    21

..........................................................


THE YUMA AZ CLIMATE NORMALS FOR TODAY
                         NORMAL    RECORD    YEAR
 MAXIMUM TEMPERATURE (F)  100       115      1957
 MINIMUM TEMPERATURE (F)   71        52      1891


SUNRISE AND SUNSET
JUNE  2 2015..........SUNRISE   531 AM MST   SUNSET   742 PM MST
JUNE  3 2015..........SUNRISE   531 AM MST   SUNSET   742 PM MST


-  INDICATES NEGATIVE NUMBERS.
R  INDICATES RECORD WAS SET OR TIED.
MM INDICATES DATA IS MISSING.
T  INDICATES TRACE AMOUNT.

$$
