000
CDUS45 KPSR 170815
CLINYL

CLIMATE REPORT
NATIONAL WEATHER SERVICE PHOENIX AZ
113 AM MST THU AUG 17 2017


...................................

...THE YUMA AZ CLIMATE SUMMARY FOR AUGUST 16 2017...

CLIMATE NORMAL PERIOD 1981 TO 2010
CLIMATE RECORD PERIOD 1876 TO 2017


WEATHER ITEM   OBSERVED TIME   RECORD YEAR NORMAL DEPARTURE LAST
                VALUE   (LST)  VALUE       VALUE  FROM      YEAR
                                                  NORMAL
..................................................................
TEMPERATURE (F)
 YESTERDAY
  MAXIMUM        102    433 PM 115    1992 106     -4      114
                                      1950
  MINIMUM         77    548 AM  62    1918  82     -5       86
  AVERAGE         90                        94     -4      100

PRECIPITATION (IN)
  YESTERDAY        0.00          3.33 1909   0.01  -0.01     0.00
  MONTH TO DATE    0.09                      0.24  -0.15     0.00
  SINCE OCT 1      2.74                      2.80  -0.06     1.81
  SINCE JAN 1      1.79                      1.86  -0.07     1.67

DEGREE DAYS
 HEATING
  YESTERDAY        0                         0      0        0
  MONTH TO DATE    0                         0      0        0
  SINCE JUN 1      0                         0      0        0
  SINCE JUL 1      0                         0      0        0

 COOLING
  YESTERDAY       25                        29     -4       35
  MONTH TO DATE  500                       476     24      504
  SINCE JUN 1   2231                      2110    121     2308
  SINCE JAN 1   3299                      3022    277     3309
..................................................................


WIND (MPH)
  HIGHEST WIND SPEED    14   HIGHEST WIND DIRECTION     S (200)
  HIGHEST GUST SPEED    17   HIGHEST GUST DIRECTION     W (280)
  AVERAGE WIND SPEED     4.3


SKY COVER
  AVERAGE SKY COVER 0.0


WEATHER CONDITIONS
 THE FOLLOWING WEATHER WAS RECORDED YESTERDAY.
  NO SIGNIFICANT WEATHER WAS OBSERVED.


RELATIVE HUMIDITY (PERCENT)
 HIGHEST    27
 LOWEST     12
 AVERAGE    20

..........................................................


THE YUMA AZ CLIMATE NORMALS FOR TODAY
                         NORMAL    RECORD    YEAR
 MAXIMUM TEMPERATURE (F)  106       114      1992
                                             1953
                                             1892
 MINIMUM TEMPERATURE (F)   82        61      1918


SUNRISE AND SUNSET
AUGUST 17 2017........SUNRISE   604 AM MST   SUNSET   721 PM MST
AUGUST 18 2017........SUNRISE   604 AM MST   SUNSET   720 PM MST


-  INDICATES NEGATIVE NUMBERS.
R  INDICATES RECORD WAS SET OR TIED.
MM INDICATES DATA IS MISSING.
T  INDICATES TRACE AMOUNT.

$$
