000
CDUS45 KPSR 230842
CLINYL

CLIMATE REPORT
NATIONAL WEATHER SERVICE PHOENIX AZ
142 AM MST SAT AUG 23 2014


...................................

...THE YUMA AZ CLIMATE SUMMARY FOR AUGUST 22 2014...

CLIMATE NORMAL PERIOD 1981 TO 2010
CLIMATE RECORD PERIOD 1876 TO 2014


WEATHER ITEM   OBSERVED TIME   RECORD YEAR NORMAL DEPARTURE LAST
                VALUE   (LST)  VALUE       VALUE  FROM      YEAR
                                                  NORMAL
..................................................................
TEMPERATURE (F)
 YESTERDAY
  MAXIMUM         97    508 PM 115    1969 106     -9      107
  MINIMUM         72    704 AM  64    1900  82    -10       79
  AVERAGE         85                        94     -9       93

PRECIPITATION (IN)
  YESTERDAY        0.00          0.40 1904   0.02  -0.02      T
  MONTH TO DATE    0.49                      0.34   0.15      T
  SINCE OCT 1      1.95                      2.90  -0.95     2.21
  SINCE JAN 1      0.84                      1.96  -1.12     1.58

DEGREE DAYS
 HEATING
  YESTERDAY        0                         0      0        0
  MONTH TO DATE    0                         0      0        0
  SINCE JUN 1      0                         0      0        0
  SINCE JUL 1      0                         0      0        0

 COOLING
  YESTERDAY       20                        29     -9       28
  MONTH TO DATE  615                       650    -35      661
  SINCE JUN 1   2402                      2284    118     2412
  SINCE JAN 1   3564                      3196    368     3473
..................................................................


WIND (MPH)
  HIGHEST WIND SPEED    10   HIGHEST WIND DIRECTION     S (170)
  HIGHEST GUST SPEED    12   HIGHEST GUST DIRECTION     S (190)
  AVERAGE WIND SPEED     5.5


SKY COVER
  AVERAGE SKY COVER 0.1


WEATHER CONDITIONS
 THE FOLLOWING WEATHER WAS RECORDED YESTERDAY.
  NO SIGNIFICANT WEATHER WAS OBSERVED.


RELATIVE HUMIDITY (PERCENT)
 HIGHEST    79
 LOWEST     21
 AVERAGE    50

..........................................................


THE YUMA AZ CLIMATE NORMALS FOR TODAY
                         NORMAL    RECORD    YEAR
 MAXIMUM TEMPERATURE (F)  106       115      2011
 MINIMUM TEMPERATURE (F)   82        63      1968
                                             1900


SUNRISE AND SUNSET
AUGUST 23 2014........SUNRISE   607 AM MST   SUNSET   714 PM MST
AUGUST 24 2014........SUNRISE   608 AM MST   SUNSET   713 PM MST


-  INDICATES NEGATIVE NUMBERS.
R  INDICATES RECORD WAS SET OR TIED.
MM INDICATES DATA IS MISSING.
T  INDICATES TRACE AMOUNT.

$$
