000
CDUS45 KPSR 010831 RRA
CLINYL

CLIMATE REPORT
NATIONAL WEATHER SERVICE PHOENIX AZ
130 AM MST SAT AUG 1 2015


...................................

...THE YUMA AZ CLIMATE SUMMARY FOR JULY 31 2015...

CLIMATE NORMAL PERIOD 1981 TO 2010
CLIMATE RECORD PERIOD 1876 TO 2015


WEATHER ITEM   OBSERVED TIME   RECORD YEAR NORMAL DEPARTURE LAST
                VALUE   (LST)  VALUE       VALUE  FROM      YEAR
                                                  NORMAL
..................................................................
TEMPERATURE (F)
 YESTERDAY
  MAXIMUM        111    355 PM 119    1957 107      4      110
  MINIMUM         88    610 AM  69    1944  83      5       87
  AVERAGE        100                        95      5       99

PRECIPITATION (IN)
  YESTERDAY        0.00          0.92 1916   0.02  -0.02     0.00
  MONTH TO DATE    0.09                      0.29  -0.20     0.28
  SINCE OCT 1      1.68                      2.56  -0.88     1.46
  SINCE JAN 1      1.24                      1.62  -0.38     0.35

DEGREE DAYS
 HEATING
  YESTERDAY        0                         0      0        0
  MONTH TO DATE    0                         0      0        0
  SINCE JUN 1      0                         0      0        0
  SINCE JUL 1      0                         0      0        0

 COOLING
  YESTERDAY       35                        30      5       34
  MONTH TO DATE  895                       913    -18      978
  SINCE JUN 1   1685                      1634     51     1787
  SINCE JAN 1   2764                      2546    218     2949
..................................................................


WIND (MPH)
  HIGHEST WIND SPEED    20   HIGHEST WIND DIRECTION     E (90)
  HIGHEST GUST SPEED    24   HIGHEST GUST DIRECTION     E (90)
  AVERAGE WIND SPEED     3.8


SKY COVER
  AVERAGE SKY COVER 0.5


WEATHER CONDITIONS
 THE FOLLOWING WEATHER WAS RECORDED YESTERDAY.
  HAZE


RELATIVE HUMIDITY (PERCENT)
 HIGHEST    50
 LOWEST     18
 AVERAGE    34

..........................................................


THE YUMA AZ CLIMATE NORMALS FOR TODAY
                         NORMAL    RECORD    YEAR
 MAXIMUM TEMPERATURE (F)  107       117      1993
 MINIMUM TEMPERATURE (F)   83        67      1915


SUNRISE AND SUNSET
AUGUST  1 2015........SUNRISE   552 AM MST   SUNSET   737 PM MST
AUGUST  2 2015........SUNRISE   553 AM MST   SUNSET   736 PM MST


-  INDICATES NEGATIVE NUMBERS.
R  INDICATES RECORD WAS SET OR TIED.
MM INDICATES DATA IS MISSING.
T  INDICATES TRACE AMOUNT.

$$
