000
CDUS45 KPSR 290016
CLINYL

CLIMATE REPORT
NATIONAL WEATHER SERVICE PHOENIX AZ
515 PM MST WED JAN 28 2015


...................................

...THE YUMA AZ CLIMATE SUMMARY FOR JANUARY 28 2015...
VALID TODAY AS OF 0500 PM LOCAL TIME.

CLIMATE NORMAL PERIOD 1981 TO 2010
CLIMATE RECORD PERIOD 1876 TO 2015


WEATHER ITEM   OBSERVED TIME   RECORD YEAR NORMAL DEPARTURE LAST
                VALUE   (LST)  VALUE       VALUE  FROM      YEAR
                                                  NORMAL
..................................................................
TEMPERATURE (F)
 TODAY
  MAXIMUM         74    236 PM  84    1986  71      3       81
  MINIMUM         51    606 AM  31    1950  48      3       47
                                      1918
  AVERAGE         63                        60      3       64

PRECIPITATION (IN)
  TODAY            0.00          0.70 1890   0.01  -0.01     0.00
  MONTH TO DATE    0.17                      0.34  -0.17      T
  SINCE OCT 1      0.61                      1.28  -0.67     1.11
  SINCE JAN 1      0.17                      0.34  -0.17      T

DEGREE DAYS
 HEATING
  TODAY            2                         6     -4        1
  MONTH TO DATE   35                       188   -153       65
  SINCE DEC 1     35                       424   -389      267
  SINCE JUL 1     50                       492   -442      306

 COOLING
  TODAY            0                         0      0        0
  MONTH TO DATE    0                         0      0       11
  SINCE DEC 1      0                         2     -2       12
  SINCE JAN 1      0                         0      0       11
..................................................................


WIND (MPH)
  RESULTANT WIND SPEED   3   RESULTANT WIND DIRECTION   N (10)
  HIGHEST WIND SPEED    13   HIGHEST WIND DIRECTION     N (10)
  HIGHEST GUST SPEED    16   HIGHEST GUST DIRECTION     N (350)
  AVERAGE WIND SPEED     3.6


SKY COVER
  AVERAGE SKY COVER 0.5


WEATHER CONDITIONS
 THE FOLLOWING WEATHER WAS RECORDED TODAY.
  NO SIGNIFICANT WEATHER WAS OBSERVED.


RELATIVE HUMIDITY (PERCENT)
 HIGHEST    93
 LOWEST     46
 AVERAGE    70

..........................................................


THE YUMA AZ CLIMATE NORMALS FOR TOMORROW
                         NORMAL    RECORD    YEAR
 MAXIMUM TEMPERATURE (F)   71        84      1986
 MINIMUM TEMPERATURE (F)   48        26      1948


SUNRISE AND SUNSET
JANUARY 28 2015.......SUNRISE   736 AM MST   SUNSET   607 PM MST
JANUARY 29 2015.......SUNRISE   735 AM MST   SUNSET   608 PM MST


-  INDICATES NEGATIVE NUMBERS.
R  INDICATES RECORD WAS SET OR TIED.
MM INDICATES DATA IS MISSING.
T  INDICATES TRACE AMOUNT.

$$
