000
CDUS45 KPSR 240823 RRA
CLINYL

CLIMATE REPORT
NATIONAL WEATHER SERVICE PHOENIX AZ
122 AM MST SAT JUN 24 2017


...................................

...THE YUMA AZ CLIMATE SUMMARY FOR JUNE 23 2017...

CLIMATE NORMAL PERIOD 1981 TO 2010
CLIMATE RECORD PERIOD 1876 TO 2017


WEATHER ITEM   OBSERVED TIME   RECORD YEAR NORMAL DEPARTURE LAST
                VALUE   (LST)  VALUE       VALUE  FROM      YEAR
                                                  NORMAL
..................................................................
TEMPERATURE (F)
 YESTERDAY
  MAXIMUM        110    528 PM 116    1959 105      5      111
                                      1887
  MINIMUM         80    526 AM  59    1912  77      3       83
                                      1911
  AVERAGE         95                        91      4       97

PRECIPITATION (IN)
  YESTERDAY        0.00          T    2006   0.00   0.00     0.00
                                      1961
                                      1934
  MONTH TO DATE    0.00                      0.01  -0.01      T
  SINCE OCT 1      2.65                      2.27   0.38     1.12
  SINCE JAN 1      1.70                      1.33   0.37     0.98

DEGREE DAYS
 HEATING
  YESTERDAY        0                         0      0        0
  MONTH TO DATE    0                         0      0        0
  SINCE JUN 1      0                         0      0        0
  SINCE JUL 1    526                       686   -160      598

 COOLING
  YESTERDAY       30                        26      4       32
  MONTH TO DATE  541                       533      8      617
  SINCE JUN 1    541                       533      8      617
  SINCE JAN 1   1609                      1445    164     1618
..................................................................


WIND (MPH)
  HIGHEST WIND SPEED    17   HIGHEST WIND DIRECTION    SW (210)
  HIGHEST GUST SPEED    23   HIGHEST GUST DIRECTION     S (180)
  AVERAGE WIND SPEED     9.2


SKY COVER
  AVERAGE SKY COVER 0.1


WEATHER CONDITIONS
 THE FOLLOWING WEATHER WAS RECORDED YESTERDAY.
  NO SIGNIFICANT WEATHER WAS OBSERVED.


RELATIVE HUMIDITY (PERCENT)
 HIGHEST    62
 LOWEST     13
 AVERAGE    38

..........................................................


THE YUMA AZ CLIMATE NORMALS FOR TODAY
                         NORMAL    RECORD    YEAR
 MAXIMUM TEMPERATURE (F)  105       120      1957
 MINIMUM TEMPERATURE (F)   77        61      1945
                                             1944


SUNRISE AND SUNSET
JUNE 24 2017..........SUNRISE   532 AM MST   SUNSET   750 PM MST
JUNE 25 2017..........SUNRISE   532 AM MST   SUNSET   750 PM MST


-  INDICATES NEGATIVE NUMBERS.
R  INDICATES RECORD WAS SET OR TIED.
MM INDICATES DATA IS MISSING.
T  INDICATES TRACE AMOUNT.

$$
