000
CDUS45 KPSR 310824 RRA
CLINYL

CDUS45 KPSR DDHHMM
CLINYL

CLIMATE REPORT
NATIONAL WEATHER SERVICE PHOENIX AZ
123 AM MST SUN JUL 31 2016


...................................

...THE YUMA AZ CLIMATE SUMMARY FOR JULY 30 2016...

CLIMATE NORMAL PERIOD 1981 TO 2010
CLIMATE RECORD PERIOD 1876 TO 2016


WEATHER ITEM   OBSERVED TIME   RECORD YEAR NORMAL DEPARTURE LAST
                VALUE   (LST)  VALUE       VALUE  FROM      YEAR
                                                  NORMAL
..................................................................
TEMPERATURE (F)
 YESTERDAY
  MAXIMUM         98    521 PM 117    1957 107     -9      109
                                      1878
  MINIMUM         79    609 AM  66    1913  83     -4       86
  AVERAGE         89                        95     -6       98

PRECIPITATION (IN)
  YESTERDAY        0.31          1.06 1958   0.01   0.30      T
  MONTH TO DATE    0.69                      0.27   0.42     0.09
  SINCE OCT 1      1.81                      2.54  -0.73     1.68
  SINCE JAN 1      1.67                      1.60   0.07     1.24

DEGREE DAYS
 HEATING
  YESTERDAY        0                         0      0        0
  MONTH TO DATE    0                         0      0        0
  SINCE JUN 1      0                         0      0        0
  SINCE JUL 1      0                         0      0        0

 COOLING
  YESTERDAY       24                        30     -6       33
  MONTH TO DATE  944                       884     60      860
  SINCE JUN 1   1777                      1605    172     1650
  SINCE JAN 1   2778                      2517    261     2729
..................................................................


WIND (MPH)
  HIGHEST WIND SPEED    31   HIGHEST WIND DIRECTION     E (90)
  HIGHEST GUST SPEED    47   HIGHEST GUST DIRECTION     S (200)
  AVERAGE WIND SPEED    12.7


SKY COVER
  AVERAGE SKY COVER 0.1


WEATHER CONDITIONS
 THE FOLLOWING WEATHER WAS RECORDED YESTERDAY.
  THUNDERSTORM
  RAIN
  LIGHT RAIN
  FOG
  HAZE
  SANDSTORM


RELATIVE HUMIDITY (PERCENT)
 HIGHEST    79
 LOWEST     38
 AVERAGE    59

..........................................................


THE YUMA AZ CLIMATE NORMALS FOR TODAY
                         NORMAL    RECORD    YEAR
 MAXIMUM TEMPERATURE (F)  107       119      1957
 MINIMUM TEMPERATURE (F)   83        69      1944


SUNRISE AND SUNSET
JULY 31 2016..........SUNRISE   552 AM MST   SUNSET   737 PM MST
AUGUST  1 2016........SUNRISE   553 AM MST   SUNSET   736 PM MST


-  INDICATES NEGATIVE NUMBERS.
R  INDICATES RECORD WAS SET OR TIED.
MM INDICATES DATA IS MISSING.
T  INDICATES TRACE AMOUNT.

$$
