000
CDUS45 KPSR 260013
CLINYL

CLIMATE REPORT
NATIONAL WEATHER SERVICE PHOENIX AZ
511 PM MST SAT OCT 25 2014


...................................

...THE YUMA AZ CLIMATE SUMMARY FOR OCTOBER 25 2014...
VALID TODAY AS OF 0500 PM LOCAL TIME.

CLIMATE NORMAL PERIOD 1981 TO 2010
CLIMATE RECORD PERIOD 1876 TO 2014


WEATHER ITEM   OBSERVED TIME   RECORD YEAR NORMAL DEPARTURE LAST
                VALUE   (LST)  VALUE       VALUE  FROM      YEAR
                                                  NORMAL
..................................................................
TEMPERATURE (F)
 TODAY
  MAXIMUM         97    232 PM 100    1959  87     10       91
  MINIMUM         73    655 AM  44    1908  62     11       60
  AVERAGE         85                        74     11       76

PRECIPITATION (IN)
  TODAY            0.00          0.54 1927   0.01  -0.01     0.00
  MONTH TO DATE    0.05                      0.18  -0.13      T
  SINCE OCT 1      0.05                      0.18  -0.13      T
  SINCE JAN 1      2.33                      2.80  -0.47     2.31

DEGREE DAYS
 HEATING
  TODAY            0                         0      0        0
  MONTH TO DATE    0                         0      0        0
  SINCE SEP 1      0                         0      0        0
  SINCE JUL 1      0                         0      0        0

 COOLING
  TODAY           20                         9     11       11
  MONTH TO DATE  448                       341    107      277
  SINCE SEP 1   1265                      1062    203      962
  SINCE JAN 1   5101                      4515    586     4660
..................................................................


WIND (MPH)
  RESULTANT WIND SPEED   2   RESULTANT WIND DIRECTION  NE (40)
  HIGHEST WIND SPEED     9   HIGHEST WIND DIRECTION    NE (40)
  HIGHEST GUST SPEED    11   HIGHEST GUST DIRECTION    NE (30)
  AVERAGE WIND SPEED     2.6


SKY COVER
  AVERAGE SKY COVER 0.3


WEATHER CONDITIONS
 THE FOLLOWING WEATHER WAS RECORDED TODAY.
  NO SIGNIFICANT WEATHER WAS OBSERVED.


RELATIVE HUMIDITY (PERCENT)
 HIGHEST    38
 LOWEST     17
 AVERAGE    28

..........................................................


THE YUMA AZ CLIMATE NORMALS FOR TOMORROW
                         NORMAL    RECORD    YEAR
 MAXIMUM TEMPERATURE (F)   86        98      1990
                                             1933
 MINIMUM TEMPERATURE (F)   61        45      1920


SUNRISE AND SUNSET
OCTOBER 25 2014.......SUNRISE   650 AM MST   SUNSET   554 PM MST
OCTOBER 26 2014.......SUNRISE   651 AM MST   SUNSET   553 PM MST


-  INDICATES NEGATIVE NUMBERS.
R  INDICATES RECORD WAS SET OR TIED.
MM INDICATES DATA IS MISSING.
T  INDICATES TRACE AMOUNT.

$$
