287
CDUS46 KMTR 270830
CLIOAK


CLIMATE REPORT
NATIONAL WEATHER SERVICE SAN FRANCISCO BAY AREA
130 AM PDT TUE SEP 27 2016


...................................

...THE OAKLAND AIRPORT CLIMATE SUMMARY FOR SEPTEMBER 26 2016...

CLIMATE NORMAL PERIOD 1981 TO 2010
CLIMATE RECORD PERIOD 1948 TO 2016


WEATHER ITEM   OBSERVED TIME   RECORD YEAR NORMAL DEPARTURE LAST
                VALUE   (LST)  VALUE       VALUE  FROM      YEAR
                                                  NORMAL
..................................................................
TEMPERATURE (F)
 YESTERDAY
  MAXIMUM         95    251 PM  97    1958  73     22       74
  MINIMUM         56    518 AM  44    1948  54      2       55
  AVERAGE         76                        64     12       65

PRECIPITATION (IN)
  YESTERDAY        0.00          0.57 1972   0.01  -0.01     0.00
  MONTH TO DATE    0.00                      0.15  -0.15      T
  SINCE OCT 1     16.56                     20.74  -4.18    14.58
  SINCE JAN 1     11.34                     13.43  -2.09     3.36

SNOWFALL (IN)
  YESTERDAY        0.0                                       0.0
  MONTH TO DATE    0.0                                       0.0
  SINCE SEP 1      0.0                                       0.0
  SINCE JUL 1      0.0                                       0.0

DEGREE DAYS
 HEATING
  YESTERDAY        0                         3     -3        0
  MONTH TO DATE   26                        52    -26        5
  SINCE SEP 1     26                        52    -26        5
  SINCE JUL 1     82                       192   -110        7

 COOLING
  YESTERDAY       11                         1     10        0
  MONTH TO DATE   50                        43      7       98
  SINCE SEP 1     50                        43      7       98
  SINCE JAN 1    148                       123     25      320
..................................................................


WIND (MPH)
  RESULTANT WIND SPEED   4   RESULTANT WIND DIRECTION  NW (310)
  HIGHEST WIND SPEED    14   HIGHEST WIND DIRECTION    NW (310)
  HIGHEST GUST SPEED    16   HIGHEST GUST DIRECTION    NW (300)
  AVERAGE WIND SPEED     5.6


SKY COVER
  POSSIBLE SUNSHINE  MM
  AVERAGE SKY COVER 0.1


WEATHER CONDITIONS
 THE FOLLOWING WEATHER WAS RECORDED YESTERDAY.
  NO SIGNIFICANT WEATHER WAS OBSERVED.


RELATIVE HUMIDITY (PERCENT)
 HIGHEST    69           600 AM
 LOWEST     19           200 PM
 AVERAGE    44

..........................................................


THE OAKLAND AIRPORT CLIMATE NORMALS FOR TODAY
                         NORMAL    RECORD    YEAR
 MAXIMUM TEMPERATURE (F)   73        96      2010
 MINIMUM TEMPERATURE (F)   54        46      1955


SUNRISE AND SUNSET
SEPTEMBER 27 2016.....SUNRISE   701 AM PDT   SUNSET   657 PM PDT
SEPTEMBER 28 2016.....SUNRISE   702 AM PDT   SUNSET   656 PM PDT


-  INDICATES NEGATIVE NUMBERS.
R  INDICATES RECORD WAS SET OR TIED.
MM INDICATES DATA IS MISSING.
T  INDICATES TRACE AMOUNT.




$$
