000
CDUS46 KMTR 280826
CLIOAK


CLIMATE REPORT
NATIONAL WEATHER SERVICE SAN FRANCISCO BAY AREA
126 AM PDT FRI AUG 28 2015


...................................

...THE OAKLAND AIRPORT CLIMATE SUMMARY FOR AUGUST 27 2015...

CLIMATE NORMAL PERIOD 1981 TO 2010
CLIMATE RECORD PERIOD 1948 TO 2015


WEATHER ITEM   OBSERVED TIME   RECORD YEAR NORMAL DEPARTURE LAST
                VALUE   (LST)  VALUE       VALUE  FROM      YEAR
                                                  NORMAL
..................................................................
TEMPERATURE (F)
 YESTERDAY
  MAXIMUM         84    123 PM  95    1962  75      9       77
  MINIMUM         59    137 AM  51    2005  56      3       59
  AVERAGE         72                        65      7       68

PRECIPITATION (IN)
  YESTERDAY        0.00          0.09 1949   0.00   0.00     0.00
  MONTH TO DATE    T                         0.03  -0.03      T
  SINCE OCT 1     14.58                     20.57  -5.99     9.45
  SINCE JAN 1      3.36                     13.26  -9.90     7.99

SNOWFALL (IN)
  YESTERDAY        0.0                                       0.0
  MONTH TO DATE    0.0                                       0.0
  SINCE JUN 1      0.0                                       0.0
  SINCE JUL 1      0.0                                       0.0

DEGREE DAYS
 HEATING
  YESTERDAY        0                         2     -2        0
  MONTH TO DATE    0                        54    -54        4
  SINCE JUN 1     64                       240   -176       96
  SINCE JUL 1      2                       137   -135       25

 COOLING
  YESTERDAY        7                         2      5        3
  MONTH TO DATE   96                        20     76       51
  SINCE JUN 1    191                        56    135      140
  SINCE JAN 1    195                        72    123      184
..................................................................


WIND (MPH)
  RESULTANT WIND SPEED   5   RESULTANT WIND DIRECTION   W (280)
  HIGHEST WIND SPEED    17   HIGHEST WIND DIRECTION     W (280)
  HIGHEST GUST SPEED    29   HIGHEST GUST DIRECTION    SW (220)
  AVERAGE WIND SPEED     5.7


SKY COVER
  POSSIBLE SUNSHINE  MM
  AVERAGE SKY COVER 0.3


WEATHER CONDITIONS
 THE FOLLOWING WEATHER WAS RECORDED YESTERDAY.
  NO SIGNIFICANT WEATHER WAS OBSERVED.


RELATIVE HUMIDITY (PERCENT)
 HIGHEST    84           100 AM
 LOWEST     30          1200 PM
 AVERAGE    57

..........................................................


THE OAKLAND AIRPORT CLIMATE NORMALS FOR TODAY
                         NORMAL    RECORD    YEAR
 MAXIMUM TEMPERATURE (F)   75        94      2009
 MINIMUM TEMPERATURE (F)   56        52      2005


SUNRISE AND SUNSET
AUGUST 28 2015........SUNRISE   635 AM PDT   SUNSET   744 PM PDT
AUGUST 29 2015........SUNRISE   636 AM PDT   SUNSET   743 PM PDT


-  INDICATES NEGATIVE NUMBERS.
R  INDICATES RECORD WAS SET OR TIED.
MM INDICATES DATA IS MISSING.
T  INDICATES TRACE AMOUNT.




$$
