000
CDUS46 KMTR 260909
CLIOAK


CLIMATE REPORT
NATIONAL WEATHER SERVICE SAN FRANCISCO BAY AREA
209 AM PDT FRI AUG 26 2016


...................................

...THE OAKLAND AIRPORT CLIMATE SUMMARY FOR AUGUST 25 2016...

CLIMATE NORMAL PERIOD 1981 TO 2010
CLIMATE RECORD PERIOD 1948 TO 2016


WEATHER ITEM   OBSERVED TIME   RECORD YEAR NORMAL DEPARTURE LAST
                VALUE   (LST)  VALUE       VALUE  FROM      YEAR
                                                  NORMAL
..................................................................
TEMPERATURE (F)
 YESTERDAY
  MAXIMUM         69    214 PM  88    2010  74     -5       74
  MINIMUM         57    707 AM  52    1953  56      1       60
  AVERAGE         63                        65     -2       67

PRECIPITATION (IN)
  YESTERDAY        0.00          0.04 1954   0.01  -0.01     0.00
  MONTH TO DATE    T                         0.03  -0.03      T
  SINCE OCT 1     16.56                     20.57  -4.01    14.58
  SINCE JAN 1     11.34                     13.26  -1.92     3.36

SNOWFALL (IN)
  YESTERDAY        0.0                                       0.0
  MONTH TO DATE    0.0                                       0.0
  SINCE JUN 1      0.0                                       0.0
  SINCE JUL 1      0.0                                       0.0

DEGREE DAYS
 HEATING
  YESTERDAY        2                         1      1        0
  MONTH TO DATE   20                        50    -30        0
  SINCE JUN 1     87                       236   -149       64
  SINCE JUL 1     56                       133    -77        2

 COOLING
  YESTERDAY        0                         1     -1        2
  MONTH TO DATE    4                        17    -13       85
  SINCE JUN 1     53                        53      0      180
  SINCE JAN 1     87                        69     18      184
..................................................................


WIND (MPH)
  RESULTANT WIND SPEED   8   RESULTANT WIND DIRECTION   W (280)
  HIGHEST WIND SPEED    18   HIGHEST WIND DIRECTION     W (280)
  HIGHEST GUST SPEED    23   HIGHEST GUST DIRECTION     W (290)
  AVERAGE WIND SPEED     9.2


SKY COVER
  POSSIBLE SUNSHINE  MM
  AVERAGE SKY COVER 0.8


WEATHER CONDITIONS
 THE FOLLOWING WEATHER WAS RECORDED YESTERDAY.
  NO SIGNIFICANT WEATHER WAS OBSERVED.


RELATIVE HUMIDITY (PERCENT)
 HIGHEST    87          1200 AM
 LOWEST     68           200 PM
 AVERAGE    78

..........................................................


THE OAKLAND AIRPORT CLIMATE NORMALS FOR TODAY
                         NORMAL    RECORD    YEAR
 MAXIMUM TEMPERATURE (F)   74        84      1963
 MINIMUM TEMPERATURE (F)   56        49      2002


SUNRISE AND SUNSET
AUGUST 26 2016........SUNRISE   634 AM PDT   SUNSET   746 PM PDT
AUGUST 27 2016........SUNRISE   635 AM PDT   SUNSET   744 PM PDT


-  INDICATES NEGATIVE NUMBERS.
R  INDICATES RECORD WAS SET OR TIED.
MM INDICATES DATA IS MISSING.
T  INDICATES TRACE AMOUNT.




$$
