000
CDUS46 KMTR 180830
CLIOAK


CLIMATE REPORT
NATIONAL WEATHER SERVICE SAN FRANCISCO BAY AREA
130 AM PDT WED OCT 18 2017


...................................

...THE OAKLAND AIRPORT CLIMATE SUMMARY FOR OCTOBER 17 2017...

CLIMATE NORMAL PERIOD 1981 TO 2010
CLIMATE RECORD PERIOD 1948 TO 2017


WEATHER ITEM   OBSERVED TIME   RECORD YEAR NORMAL DEPARTURE LAST
                VALUE   (LST)  VALUE       VALUE  FROM      YEAR
                                                  NORMAL
..................................................................
TEMPERATURE (F)
 YESTERDAY
  MAXIMUM         76    219 PM  84    2011  70      6       69
                                      2008
                                      1974
  MINIMUM         49    847 PM  44    1949  51     -2       55
  AVERAGE         63                        60      3       62

PRECIPITATION (IN)
  YESTERDAY        0.00          0.21 2004   0.04  -0.04     0.00
  MONTH TO DATE    0.00                      0.47  -0.47     1.62
  SINCE OCT 1      0.00                      0.47  -0.47     1.62
  SINCE JAN 1     20.12                     13.97   6.15    12.96

SNOWFALL (IN)
  YESTERDAY        0.0                                       0.0
  MONTH TO DATE    0.0                                       0.0
  SINCE SEP 1      0.0                                       0.0
  SINCE JUL 1      0.0                                       0.0

DEGREE DAYS
 HEATING
  YESTERDAY        2                         5     -3        3
  MONTH TO DATE   50                        67    -17       39
  SINCE SEP 1     71                       127    -56       76
  SINCE JUL 1    123                       267   -144      132

 COOLING
  YESTERDAY        0                         0      0        0
  MONTH TO DATE    1                        12    -11        7
  SINCE SEP 1    123                        57     66       63
  SINCE JAN 1    291                       137    154      161
..................................................................


WIND (MPH)
  RESULTANT WIND SPEED   3   RESULTANT WIND DIRECTION   W (290)
  HIGHEST WIND SPEED    14   HIGHEST WIND DIRECTION     W (290)
  HIGHEST GUST SPEED    16   HIGHEST GUST DIRECTION    NW (310)
  AVERAGE WIND SPEED     4.7


SKY COVER
  POSSIBLE SUNSHINE  MM
  AVERAGE SKY COVER 0.5


WEATHER CONDITIONS
 THE FOLLOWING WEATHER WAS RECORDED YESTERDAY.
  HAZE


RELATIVE HUMIDITY (PERCENT)
 HIGHEST   100          1000 PM
 LOWEST     35           200 PM
 AVERAGE    68

..........................................................


THE OAKLAND AIRPORT CLIMATE NORMALS FOR TODAY
                         NORMAL    RECORD    YEAR
 MAXIMUM TEMPERATURE (F)   69        87      2012
 MINIMUM TEMPERATURE (F)   51        38      1949


SUNRISE AND SUNSET
OCTOBER 18 2017.......SUNRISE   720 AM PDT   SUNSET   627 PM PDT
OCTOBER 19 2017.......SUNRISE   721 AM PDT   SUNSET   626 PM PDT


-  INDICATES NEGATIVE NUMBERS.
R  INDICATES RECORD WAS SET OR TIED.
MM INDICATES DATA IS MISSING.
T  INDICATES TRACE AMOUNT.




$$
