000
CDUS43 KOAX 010657
CLIOAX


CLIMATE REPORT
NATIONAL WEATHER SERVICE OMAHA NEBRASKA
155 AM CDT SAT AUG 1 2015


...................................

...THE VALLEY  NWS, NEBRASKA CLIMATE SUMMARY FOR JULY 31 2015...

CLIMATE NORMAL PERIOD 1981 TO 2010
CLIMATE RECORD PERIOD 1997 TO 2015


WEATHER ITEM   OBSERVED TIME   NORMAL DEPARTURE LAST
                VALUE   (LST)  VALUE  FROM      YEAR
                                      NORMAL
......................................................
TEMPERATURE (F)
 YESTERDAY
  MAXIMUM         91    151 PM  86      5       85
  MINIMUM         68    410 AM  67      1       59
  AVERAGE         80            76      4       72

PRECIPITATION (IN)
  YESTERDAY        0.04          0.13  -0.09     0.02
  MONTH TO DATE    2.77          4.45  -1.68     0.90
  SINCE JUN 1      8.07          9.54  -1.47    12.57
  SINCE JAN 1     19.92         20.86  -0.94    21.48

SNOWFALL (IN)
  YESTERDAY        0.0                           0.0
  MONTH TO DATE    0.0                           0.0
  SINCE JUL 1      0.0                           0.0
  SNOW DEPTH       0

DEGREE DAYS
 HEATING
  YESTERDAY        0             0      0        0
  MONTH TO DATE    0             0      0        1
  SINCE JUN 1      1            17    -16        5
  SINCE JUL 1      0             1     -1        1

 COOLING
  YESTERDAY       15            11      4        7
  MONTH TO DATE  343           359    -16      247
  SINCE JUN 1    577           593    -16      487
  SINCE JAN 1    608           665    -57      617
......................................................


WIND (MPH)
  HIGHEST WIND SPEED    MM   HIGHEST WIND DIRECTION    MM
  HIGHEST GUST SPEED    23   HIGHEST GUST DIRECTION    MM


SKY COVER
  POSSIBLE SUNSHINE  MM


WEATHER CONDITIONS
 THE FOLLOWING WEATHER WAS RECORDED YESTERDAY.
  THUNDERSTORM
  RAIN
  LIGHT RAIN


..........................................................


THE VALLEY  NWS, NEBRASKA CLIMATE NORMALS FOR TODAY
                         NORMAL
 MAXIMUM TEMPERATURE (F)   86
 MINIMUM TEMPERATURE (F)   67


SUNRISE AND SUNSET
AUGUST  1 2015........SUNRISE   620 AM CDT   SUNSET   843 PM CDT
AUGUST  2 2015........SUNRISE   621 AM CDT   SUNSET   841 PM CDT


-  INDICATES NEGATIVE NUMBERS.
R  INDICATES RECORD WAS SET OR TIED.
MM INDICATES DATA IS MISSING.
T  INDICATES TRACE AMOUNT.




$$
