000
CDUS43 KOAX 300629
CLIOAX


CLIMATE REPORT
NATIONAL WEATHER SERVICE OMAHA NEBRASKA
129 AM CDT FRI SEP 30 2016


...................................

...THE VALLEY  NWS, NEBRASKA CLIMATE SUMMARY FOR SEPTEMBER 29 2016...

CLIMATE NORMAL PERIOD 1981 TO 2010
CLIMATE RECORD PERIOD 1997 TO 2016


WEATHER ITEM   OBSERVED TIME   NORMAL DEPARTURE LAST
                VALUE   (LST)  VALUE  FROM      YEAR
                                      NORMAL
......................................................
TEMPERATURE (F)
 YESTERDAY
  MAXIMUM         71    301 PM  72     -1       71
  MINIMUM         45    634 AM  49     -4       53
  AVERAGE         58            60     -2       62

PRECIPITATION (IN)
  YESTERDAY        0.00          0.09  -0.09     0.44
  MONTH TO DATE    2.62          2.76  -0.14     5.31
  SINCE SEP 1      2.62          2.76  -0.14     5.31
  SINCE JAN 1     40.06         27.68  12.38    30.96

SNOWFALL (IN)
  YESTERDAY        0.0                           0.0
  MONTH TO DATE    0.0                           0.0
  SINCE JUL 1      0.0                           0.0
  SNOW DEPTH       0

DEGREE DAYS
 HEATING
  YESTERDAY        7             6      1        3
  MONTH TO DATE   33            84    -51       27
  SINCE SEP 1     33            84    -51       27
  SINCE JUL 1     35            90    -55       34

 COOLING
  YESTERDAY        0             2     -2        0
  MONTH TO DATE  174           108     66      214
  SINCE SEP 1    174           108     66      214
  SINCE JAN 1   1271          1059    212     1055
......................................................


WIND (MPH)
  HIGHEST WIND SPEED    MM   HIGHEST WIND DIRECTION    MM
  HIGHEST GUST SPEED    16   HIGHEST GUST DIRECTION    MM


SKY COVER
  POSSIBLE SUNSHINE  MM


WEATHER CONDITIONS
 THE FOLLOWING WEATHER WAS RECORDED YESTERDAY.
  NO SIGNIFICANT WEATHER WAS OBSERVED.


..........................................................


THE VALLEY  NWS, NEBRASKA CLIMATE NORMALS FOR TODAY
                         NORMAL
 MAXIMUM TEMPERATURE (F)   72
 MINIMUM TEMPERATURE (F)   48


SUNRISE AND SUNSET
SEPTEMBER 30 2016.....SUNRISE   722 AM CDT   SUNSET   708 PM CDT
OCTOBER  1 2016.......SUNRISE   723 AM CDT   SUNSET   706 PM CDT


-  INDICATES NEGATIVE NUMBERS.
R  INDICATES RECORD WAS SET OR TIED.
MM INDICATES DATA IS MISSING.
T  INDICATES TRACE AMOUNT.




$$
