000
CDUS43 KOAX 292148
CLIOAX


CLIMATE REPORT
NATIONAL WEATHER SERVICE OMAHA NEBRASKA
435 PM CDT SAT AUG 29 2015


...................................

...THE VALLEY  NWS, NEBRASKA CLIMATE SUMMARY FOR AUGUST 29 2015...
VALID TODAY AS OF 400 PM LOCAL TIME.

CLIMATE NORMAL PERIOD 1981 TO 2010
CLIMATE RECORD PERIOD 1997 TO 2015


WEATHER ITEM   OBSERVED TIME   NORMAL DEPARTURE LAST
                VALUE   (LST)  VALUE  FROM      YEAR
                                      NORMAL
......................................................
TEMPERATURE (F)
 TODAY
  MAXIMUM         71    213 PM  82    -11       76
  MINIMUM         60    451 AM  61     -1       66
  AVERAGE         66            72     -6       71

PRECIPITATION (IN)
  TODAY            T             0.12  -0.12     0.01
  MONTH TO DATE    5.73          3.81   1.92     7.22
  SINCE JUN 1     13.80         13.35   0.45    19.79
  SINCE JAN 1     25.65         24.67   0.98    28.70

SNOWFALL (IN)
  TODAY            0.0                           0.0
  MONTH TO DATE    0.0                           0.0
  SINCE JUL 1      0.0                           0.0
  SNOW DEPTH       0

DEGREE DAYS
 HEATING
  TODAY            0             0      0        0
  MONTH TO DATE    7             0      7        0
  SINCE JUN 1      8            17     -9        5
  SINCE JUL 1      7             1      6        1

 COOLING
  TODAY            1             7     -6        6
  MONTH TO DATE  220           272    -52      290
  SINCE JUN 1    797           865    -68      777
  SINCE JAN 1    828           937   -109      907
......................................................


WIND (MPH)
  HIGHEST WIND SPEED    MM   HIGHEST WIND DIRECTION    MM
  HIGHEST GUST SPEED    18   HIGHEST GUST DIRECTION    MM



WEATHER CONDITIONS
 THE FOLLOWING WEATHER WAS RECORDED TODAY.
  LIGHT RAIN


..........................................................


THE VALLEY  NWS, NEBRASKA CLIMATE NORMALS FOR TOMORROW
                         NORMAL
 MAXIMUM TEMPERATURE (F)   82
 MINIMUM TEMPERATURE (F)   61


SUNRISE AND SUNSET
AUGUST 29 2015........SUNRISE   649 AM CDT   SUNSET   804 PM CDT
AUGUST 30 2015........SUNRISE   650 AM CDT   SUNSET   802 PM CDT


-  INDICATES NEGATIVE NUMBERS.
R  INDICATES RECORD WAS SET OR TIED.
MM INDICATES DATA IS MISSING.
T  INDICATES TRACE AMOUNT.




$$

KLISH
