000
CDUS43 KOAX 190627
CLIOAX


CLIMATE REPORT
NATIONAL WEATHER SERVICE OMAHA NEBRASKA
125 AM CDT SAT APR 19 2014


...................................

...THE VALLEY  NWS, NEBRASKA CLIMATE SUMMARY FOR APRIL 18 2014...

CLIMATE NORMAL PERIOD 1981 TO 2010
CLIMATE RECORD PERIOD 1997 TO 2014


WEATHER ITEM   OBSERVED TIME   NORMAL DEPARTURE LAST
                VALUE   (LST)  VALUE  FROM      YEAR
                                      NORMAL
......................................................
TEMPERATURE (F)
 YESTERDAY
  MAXIMUM         67    318 PM  62      5       37
  MINIMUM         36    209 AM  41     -5       32
  AVERAGE         52            52      0       35

PRECIPITATION (IN)
  YESTERDAY        0.00          0.11  -0.11     0.31
  MONTH TO DATE    1.32          1.61  -0.29     3.08
  SINCE MAR 1      1.68          3.61  -1.93     5.05
  SINCE JAN 1      2.72          5.32  -2.60     6.41

SNOWFALL (IN)
  YESTERDAY        0.0                            T
  MONTH TO DATE    0.9                           0.7
  SINCE JUL 1     18.2                          33.4
  SNOW DEPTH       0

DEGREE DAYS
 HEATING
  YESTERDAY       13            14     -1       30
  MONTH TO DATE  310           303      7      379
  SINCE MAR 1   1203          1131     72     1324
  SINCE JUL 1   6263          5962    301     5824

 COOLING
  YESTERDAY        0             0      0        0
  MONTH TO DATE    3             0      3        0
  SINCE MAR 1      3             0      3        0
  SINCE JAN 1      3             0      3        0
......................................................


WIND (MPH)
  HIGHEST WIND SPEED    MM   HIGHEST WIND DIRECTION    MM
  HIGHEST GUST SPEED    35   HIGHEST GUST DIRECTION    MM


SKY COVER
  POSSIBLE SUNSHINE  MM


WEATHER CONDITIONS
 THE FOLLOWING WEATHER WAS RECORDED YESTERDAY.
  HAZE


..........................................................


THE VALLEY  NWS, NEBRASKA CLIMATE NORMALS FOR TODAY
                         NORMAL
 MAXIMUM TEMPERATURE (F)   63
 MINIMUM TEMPERATURE (F)   41


SUNRISE AND SUNSET
APRIL 19 2014.........SUNRISE   640 AM CDT   SUNSET   810 PM CDT
APRIL 20 2014.........SUNRISE   638 AM CDT   SUNSET   811 PM CDT


-  INDICATES NEGATIVE NUMBERS.
R  INDICATES RECORD WAS SET OR TIED.
MM INDICATES DATA IS MISSING.
T  INDICATES TRACE AMOUNT.




$$
