000
CDUS43 KOAX 270706
CLIOAX


CLIMATE REPORT
NATIONAL WEATHER SERVICE OMAHA NEBRASKA
204 AM CDT FRI MAR 27 2015


...................................

...THE VALLEY  NWS, NEBRASKA CLIMATE SUMMARY FOR MARCH 26 2015...

CLIMATE NORMAL PERIOD 1981 TO 2010
CLIMATE RECORD PERIOD 1997 TO 2015


WEATHER ITEM   OBSERVED TIME   NORMAL DEPARTURE LAST
                VALUE   (LST)  VALUE  FROM      YEAR
                                      NORMAL
......................................................
TEMPERATURE (F)
 YESTERDAY
  MAXIMUM         49    129 PM  54     -5       65
  MINIMUM         26    540 AM  32     -6       29
  AVERAGE         38            43     -5       47

PRECIPITATION (IN)
  YESTERDAY        0.07          0.08  -0.01      T
  MONTH TO DATE    0.66          1.55  -0.89     0.18
  SINCE MAR 1      0.66          1.55  -0.89     0.18
  SINCE JAN 1      2.23          3.26  -1.03     1.22

SNOWFALL (IN)
  YESTERDAY        T                             0.0
  MONTH TO DATE    0.2                           1.9
  SINCE JUL 1     19.1                          17.3
  SNOW DEPTH       0

DEGREE DAYS
 HEATING
  YESTERDAY       27            22      5       18
  MONTH TO DATE  565           722   -157      793
  SINCE MAR 1    565           722   -157      793
  SINCE JUL 1   5294          5553   -259     5853

 COOLING
  YESTERDAY        0             0      0        0
  MONTH TO DATE    0             0      0        0
  SINCE MAR 1      0             0      0        0
  SINCE JAN 1      0             0      0        0
......................................................


WIND (MPH)
  HIGHEST WIND SPEED    MM   HIGHEST WIND DIRECTION    MM
  HIGHEST GUST SPEED    23   HIGHEST GUST DIRECTION    MM


SKY COVER
  POSSIBLE SUNSHINE  MM


WEATHER CONDITIONS
 THE FOLLOWING WEATHER WAS RECORDED YESTERDAY.
  LIGHT RAIN
  LIGHT SNOW


..........................................................


THE VALLEY  NWS, NEBRASKA CLIMATE NORMALS FOR TODAY
                         NORMAL
 MAXIMUM TEMPERATURE (F)   54
 MINIMUM TEMPERATURE (F)   32


SUNRISE AND SUNSET
MARCH 27 2015.........SUNRISE   717 AM CDT   SUNSET   745 PM CDT
MARCH 28 2015.........SUNRISE   716 AM CDT   SUNSET   746 PM CDT


-  INDICATES NEGATIVE NUMBERS.
R  INDICATES RECORD WAS SET OR TIED.
MM INDICATES DATA IS MISSING.
T  INDICATES TRACE AMOUNT.




$$
