000
CDUS43 KOAX 280626
CLIOAX


CLIMATE REPORT
NATIONAL WEATHER SERVICE OMAHA NEBRASKA
1226 AM CST WED JAN 28 2015


...................................

...THE VALLEY  NWS, NEBRASKA CLIMATE SUMMARY FOR JANUARY 27 2015...

CLIMATE NORMAL PERIOD 1981 TO 2010
CLIMATE RECORD PERIOD 1997 TO 2015


WEATHER ITEM   OBSERVED TIME   NORMAL DEPARTURE LAST
                VALUE   (LST)  VALUE  FROM      YEAR
                                      NORMAL
......................................................
TEMPERATURE (F)
 YESTERDAY
  MAXIMUM         53    328 PM  33     20       12
  MINIMUM         28    643 AM  14     14       -2
  AVERAGE         41            24     17        5

PRECIPITATION (IN)
  YESTERDAY        0.00          0.03  -0.03     0.00
  MONTH TO DATE    0.09          0.66  -0.57     0.14
  SINCE DEC 1      1.99          1.77   0.22     0.32
  SINCE JAN 1      0.09          0.66  -0.57     0.14

SNOWFALL (IN)
  YESTERDAY        0.0                           0.0
  MONTH TO DATE    1.9                           1.8
  SINCE JUL 1      6.2                           5.9
  SNOW DEPTH       0

DEGREE DAYS
 HEATING
  YESTERDAY       24            41    -17       60
  MONTH TO DATE 1026          1130   -104     1159
  SINCE DEC 1   2074          2340   -266     2471
  SINCE JUL 1   3391          3610   -219     3690

 COOLING
  YESTERDAY        0             0      0        0
  MONTH TO DATE    0             0      0        0
  SINCE DEC 1      0             0      0        0
  SINCE JAN 1      0             0      0        0
......................................................


WIND (MPH)
  HIGHEST WIND SPEED    MM   HIGHEST WIND DIRECTION    MM
  HIGHEST GUST SPEED    18   HIGHEST GUST DIRECTION    MM


SKY COVER
  POSSIBLE SUNSHINE  MM


WEATHER CONDITIONS
 THE FOLLOWING WEATHER WAS RECORDED YESTERDAY.
  NO SIGNIFICANT WEATHER WAS OBSERVED.


..........................................................


THE VALLEY  NWS, NEBRASKA CLIMATE NORMALS FOR TODAY
                         NORMAL
 MAXIMUM TEMPERATURE (F)   33
 MINIMUM TEMPERATURE (F)   14


SUNRISE AND SUNSET
JANUARY 28 2015.......SUNRISE   741 AM CST   SUNSET   537 PM CST
JANUARY 29 2015.......SUNRISE   740 AM CST   SUNSET   538 PM CST


-  INDICATES NEGATIVE NUMBERS.
R  INDICATES RECORD WAS SET OR TIED.
MM INDICATES DATA IS MISSING.
T  INDICATES TRACE AMOUNT.




$$
