000
CDUS43 KOAX 250628
CLIOAX


CLIMATE REPORT
NATIONAL WEATHER SERVICE OMAHA NEBRASKA
125 AM CDT THU AUG 25 2016


...................................

...THE VALLEY  NWS, NEBRASKA CLIMATE SUMMARY FOR AUGUST 24 2016...

CLIMATE NORMAL PERIOD 1981 TO 2010
CLIMATE RECORD PERIOD 1997 TO 2016


WEATHER ITEM   OBSERVED TIME   NORMAL DEPARTURE LAST
                VALUE   (LST)  VALUE  FROM      YEAR
                                      NORMAL
......................................................
TEMPERATURE (F)
 YESTERDAY
  MAXIMUM         81   1204 PM  83     -2       78
  MINIMUM         61   1159 PM  63     -2       48
  AVERAGE         71            73     -2       63

PRECIPITATION (IN)
  YESTERDAY        0.19          0.13   0.06     0.00
  MONTH TO DATE    7.11          3.18   3.93     4.72
  SINCE JUN 1     20.31         12.72   7.59    12.79
  SINCE JAN 1     36.81         24.04  12.77    24.64

SNOWFALL (IN)
  YESTERDAY        0.0                           0.0
  MONTH TO DATE    0.0                           0.0
  SINCE JUL 1      0.0                           0.0
  SNOW DEPTH       0

DEGREE DAYS
 HEATING
  YESTERDAY        0             0      0        2
  MONTH TO DATE    0             0      0        6
  SINCE JUN 1      0            17    -17        7
  SINCE JUL 1      0             1     -1        6

 COOLING
  YESTERDAY        6             8     -2        0
  MONTH TO DATE  248           235     13      203
  SINCE JUN 1    992           828    164      780
  SINCE JAN 1   1045           900    145      811
......................................................


WIND (MPH)
  HIGHEST WIND SPEED    MM   HIGHEST WIND DIRECTION    MM
  HIGHEST GUST SPEED    24   HIGHEST GUST DIRECTION    MM


SKY COVER
  POSSIBLE SUNSHINE  MM


WEATHER CONDITIONS
 THE FOLLOWING WEATHER WAS RECORDED YESTERDAY.
  THUNDERSTORM
  HEAVY RAIN
  LIGHT RAIN


..........................................................


THE VALLEY  NWS, NEBRASKA CLIMATE NORMALS FOR TODAY
                         NORMAL
 MAXIMUM TEMPERATURE (F)   83
 MINIMUM TEMPERATURE (F)   62


SUNRISE AND SUNSET
AUGUST 25 2016........SUNRISE   645 AM CDT   SUNSET   809 PM CDT
AUGUST 26 2016........SUNRISE   646 AM CDT   SUNSET   807 PM CDT


-  INDICATES NEGATIVE NUMBERS.
R  INDICATES RECORD WAS SET OR TIED.
MM INDICATES DATA IS MISSING.
T  INDICATES TRACE AMOUNT.


$$

BCM
