000
CDUS43 KOAX 202226
CLIOAX


CLIMATE REPORT
NATIONAL WEATHER SERVICE OMAHA NEBRASKA
425 PM CST FRI JAN 20 2017


...................................

...THE VALLEY  NWS, NEBRASKA CLIMATE SUMMARY FOR JANUARY 20 2017...
VALID TODAY AS OF 0400 PM LOCAL TIME.

CLIMATE NORMAL PERIOD 1981 TO 2010
CLIMATE RECORD PERIOD 1997 TO 2017


WEATHER ITEM   OBSERVED TIME   NORMAL DEPARTURE LAST
                VALUE   (LST)  VALUE  FROM      YEAR
                                      NORMAL
......................................................
TEMPERATURE (F)
 TODAY
  MAXIMUM         44    314 PM  33     11       26
  MINIMUM         37    230 AM  14     23       18
  AVERAGE         41            23     18       22

PRECIPITATION (IN)
  TODAY            T             0.02  -0.02     0.00
  MONTH TO DATE    0.79          0.46   0.33     0.70
  SINCE DEC 1      2.10          1.57   0.53     5.81
  SINCE JAN 1      0.79          0.46   0.33     0.70

SNOWFALL (IN)
  TODAY            0.0                           0.0
  MONTH TO DATE    0.5                           5.7
  SINCE JUL 1      3.1                          18.1
  SNOW DEPTH       0

DEGREE DAYS
 HEATING
  TODAY           24            42    -18       43
  MONTH TO DATE  811           840    -29      859
  SINCE DEC 1   1989          2050    -61     1823
  SINCE JUL 1   2778          3320   -542     2708

 COOLING
  TODAY            0             0      0        0
  MONTH TO DATE    0             0      0        0
  SINCE DEC 1      0             0      0        0
  SINCE JAN 1      0             0      0        0
......................................................


WIND (MPH)
  HIGHEST WIND SPEED    MM   HIGHEST WIND DIRECTION    MM
  HIGHEST GUST SPEED    13   HIGHEST GUST DIRECTION    MM



WEATHER CONDITIONS
 THE FOLLOWING WEATHER WAS RECORDED TODAY.
  LIGHT RAIN
  FOG


..........................................................


THE VALLEY  NWS, NEBRASKA CLIMATE NORMALS FOR TOMORROW
                         NORMAL
 MAXIMUM TEMPERATURE (F)   33
 MINIMUM TEMPERATURE (F)   14


SUNRISE AND SUNSET
JANUARY 20 2017.......SUNRISE   746 AM CST   SUNSET   527 PM CST
JANUARY 21 2017.......SUNRISE   746 AM CST   SUNSET   529 PM CST


-  INDICATES NEGATIVE NUMBERS.
R  INDICATES RECORD WAS SET OR TIED.
MM INDICATES DATA IS MISSING.
T  INDICATES TRACE AMOUNT.




$$
