000
CDUS43 KOAX 310638
CLIOAX


CLIMATE REPORT
NATIONAL WEATHER SERVICE OMAHA NEBRASKA
137 AM CDT SUN AUG 31 2014


...................................

...THE VALLEY  NWS, NEBRASKA CLIMATE SUMMARY FOR AUGUST 30 2014...

CLIMATE NORMAL PERIOD 1981 TO 2010
CLIMATE RECORD PERIOD 1997 TO 2014


WEATHER ITEM   OBSERVED TIME   NORMAL DEPARTURE LAST
                VALUE   (LST)  VALUE  FROM      YEAR
                                      NORMAL
......................................................
TEMPERATURE (F)
 YESTERDAY
  MAXIMUM         82    320 PM  82      0       96
  MINIMUM         64    648 AM  61      3       73
  AVERAGE         73            71      2       85

PRECIPITATION (IN)
  YESTERDAY        0.00          0.13  -0.13     0.00
  MONTH TO DATE    7.22          3.94   3.28     2.13
  SINCE JUN 1     19.79         13.48   6.31     6.88
  SINCE JAN 1     28.70         24.80   3.90    21.04

SNOWFALL (IN)
  YESTERDAY        0.0                           0.0
  MONTH TO DATE    0.0                           0.0
  SINCE JUL 1      0.0                           0.0
  SNOW DEPTH       0

DEGREE DAYS
 HEATING
  YESTERDAY        0             0      0        0
  MONTH TO DATE    0             0      0        1
  SINCE JUN 1      5            17    -12       22
  SINCE JUL 1      1             1      0        5

 COOLING
  YESTERDAY        8             7      1       20
  MONTH TO DATE  298           279     19      334
  SINCE JUN 1    785           872    -87      908
  SINCE JAN 1    915           944    -29      994
......................................................


WIND (MPH)
  HIGHEST WIND SPEED    MM   HIGHEST WIND DIRECTION    MM
  HIGHEST GUST SPEED    14   HIGHEST GUST DIRECTION    MM


SKY COVER
  POSSIBLE SUNSHINE  MM


WEATHER CONDITIONS
 THE FOLLOWING WEATHER WAS RECORDED YESTERDAY.
  FOG


..........................................................


THE VALLEY  NWS, NEBRASKA CLIMATE NORMALS FOR TODAY
                         NORMAL
 MAXIMUM TEMPERATURE (F)   82
 MINIMUM TEMPERATURE (F)   60


SUNRISE AND SUNSET
AUGUST 31 2014........SUNRISE   651 AM CDT   SUNSET   800 PM CDT
SEPTEMBER  1 2014.....SUNRISE   652 AM CDT   SUNSET   758 PM CDT


-  INDICATES NEGATIVE NUMBERS.
R  INDICATES RECORD WAS SET OR TIED.
MM INDICATES DATA IS MISSING.
T  INDICATES TRACE AMOUNT.




$$
