000
CDUS43 KOAX 112222
CLIOAX


CLIMATE REPORT
NATIONAL WEATHER SERVICE OMAHA NEBRASKA
421 PM CST MON DEC 11 2017


...................................

...THE VALLEY  NWS, NEBRASKA CLIMATE SUMMARY FOR DECEMBER 11 2017...
VALID TODAY AS OF 0400 PM LOCAL TIME.

CLIMATE NORMAL PERIOD 1981 TO 2010
CLIMATE RECORD PERIOD 1997 TO 2017


WEATHER ITEM   OBSERVED TIME   NORMAL DEPARTURE LAST
                VALUE   (LST)  VALUE  FROM      YEAR
                                      NORMAL
......................................................
TEMPERATURE (F)
 TODAY
  MAXIMUM         49   1022 AM  36     13       32
  MINIMUM         33   1218 AM  18     15       11
  AVERAGE         41            27     14       22

PRECIPITATION (IN)
  TODAY            0.00          0.04  -0.04     0.00
  MONTH TO DATE    T             0.47  -0.47     0.29
  SINCE DEC 1      T             0.47  -0.47     0.29
  SINCE JAN 1     36.14         32.00   4.14    43.04

SNOWFALL (IN)
  TODAY            0.0                           0.0
  MONTH TO DATE    T                             1.2
  SINCE JUL 1      T                             1.2
  SNOW DEPTH       0

DEGREE DAYS
 HEATING
  TODAY           24            38    -14       43
  MONTH TO DATE  309           398    -89      409
  SINCE DEC 1    309           398    -89      409
  SINCE JUL 1   1384          1668   -284     1198

 COOLING
  TODAY            0             0      0        0
  MONTH TO DATE    0             0      0        0
  SINCE DEC 1      0             0      0        0
  SINCE JAN 1   1205          1075    130     1284
......................................................


WIND (MPH)
  HIGHEST WIND SPEED    MM   HIGHEST WIND DIRECTION    MM
  HIGHEST GUST SPEED    47   HIGHEST GUST DIRECTION    MM



WEATHER CONDITIONS
 THE FOLLOWING WEATHER WAS RECORDED TODAY.
  NO SIGNIFICANT WEATHER WAS OBSERVED.


..........................................................


THE VALLEY  NWS, NEBRASKA CLIMATE NORMALS FOR TOMORROW
                         NORMAL
 MAXIMUM TEMPERATURE (F)   35
 MINIMUM TEMPERATURE (F)   18


SUNRISE AND SUNSET
DECEMBER 11 2017......SUNRISE   741 AM CST   SUNSET   456 PM CST
DECEMBER 12 2017......SUNRISE   742 AM CST   SUNSET   456 PM CST


-  INDICATES NEGATIVE NUMBERS.
R  INDICATES RECORD WAS SET OR TIED.
MM INDICATES DATA IS MISSING.
T  INDICATES TRACE AMOUNT.




$$
