000
CDUS43 KGID 202325
CLIODX


CLIMATE REPORT
NATIONAL WEATHER SERVICE HASTINGS NE
524 PM CST MON FEB 20 2017


...................................

...THE ORD NE CLIMATE SUMMARY FOR FEBRUARY 20 2017...
VALID TODAY AS OF 0500 PM LOCAL TIME.

CLIMATE NORMAL PERIOD 1981 TO 2010
CLIMATE RECORD PERIOD 1895 TO 2017


WEATHER ITEM   OBSERVED TIME   NORMAL DEPARTURE LAST
                VALUE   (LST)  VALUE  FROM      YEAR
                                      NORMAL
......................................................
TEMPERATURE (F)
 TODAY
  MAXIMUM         62    427 PM  41     21       58
  MINIMUM         51    815 AM  16     35       26
  AVERAGE         57            29     28       42

PRECIPITATION (IN)
  TODAY            T             0.01  -0.01      T
  MONTH TO DATE    0.26          0.34  -0.08     0.85
  SINCE DEC 1      1.82          1.30   0.52     1.84
  SINCE JAN 1      1.41          0.71   0.70     1.15

DEGREE DAYS
 HEATING
  TODAY            8            36    -28       23
  MONTH TO DATE  595           762   -167      655
  SINCE DEC 1   3133          3257   -124     2969
  SINCE JUL 1   4249          4738   -489     4108

 COOLING
  TODAY            0             0      0        0
  MONTH TO DATE    0             0      0        0
  SINCE DEC 1      0             0      0        0
  SINCE JAN 1      0             0      0        0
......................................................


WIND (MPH)
  HIGHEST WIND SPEED    30   HIGHEST WIND DIRECTION    NW (330)
  HIGHEST GUST SPEED    38   HIGHEST GUST DIRECTION    NW (310)
  AVERAGE WIND SPEED    15.9


SKY COVER
  AVERAGE SKY COVER 0.6


WEATHER CONDITIONS
 THE FOLLOWING WEATHER WAS RECORDED TODAY.
  LIGHT RAIN
  FOG
  HAZE


RELATIVE HUMIDITY (PERCENT)
 HIGHEST    93           600 AM
 LOWEST     34           400 PM
 AVERAGE    64

..........................................................


THE ORD NE CLIMATE NORMALS FOR TOMORROW
                         NORMAL
 MAXIMUM TEMPERATURE (F)   41
 MINIMUM TEMPERATURE (F)   17


SUNRISE AND SUNSET
FEBRUARY 20 2017......SUNRISE   724 AM CST   SUNSET   616 PM CST
FEBRUARY 21 2017......SUNRISE   722 AM CST   SUNSET   617 PM CST


-  INDICATES NEGATIVE NUMBERS.
R  INDICATES RECORD WAS SET OR TIED.
MM INDICATES DATA IS MISSING.
T  INDICATES TRACE AMOUNT.




$$
