000
CDUS43 KGID 190628
CLIODX


CLIMATE REPORT
NATIONAL WEATHER SERVICE HASTINGS NE
1225 AM CST FRI JAN 19 2018


...................................

...THE ORD NE CLIMATE SUMMARY FOR JANUARY 18 2018...

CLIMATE NORMAL PERIOD 1981 TO 2010
CLIMATE RECORD PERIOD 1895 TO 2018


WEATHER ITEM   OBSERVED TIME   NORMAL DEPARTURE LAST
                VALUE   (LST)  VALUE  FROM      YEAR
                                      NORMAL
......................................................
TEMPERATURE (F)
 YESTERDAY
  MAXIMUM         47    324 PM  37     10       48
  MINIMUM          9    819 AM  12     -3       23
  AVERAGE         28            25      3       36

PRECIPITATION (IN)
  YESTERDAY        0.00          0.01  -0.01     0.00
  MONTH TO DATE    0.12          0.18  -0.06     0.67
  SINCE DEC 1      0.55          0.77  -0.22     1.08
  SINCE JAN 1      0.12          0.18  -0.06     0.67

DEGREE DAYS
 HEATING
  YESTERDAY       37            40     -3       29
  MONTH TO DATE  856           733    123      836
  SINCE DEC 1   2078          1976    102     2116
  SINCE JUL 1   3423          3457    -34     3232

 COOLING
  YESTERDAY        0             0      0        0
  MONTH TO DATE    0             0      0        0
  SINCE DEC 1      0             0      0        0
  SINCE JAN 1      0             0      0        0
......................................................


WIND (MPH)
  HIGHEST WIND SPEED    10   HIGHEST WIND DIRECTION     W (260)
  HIGHEST GUST SPEED    14   HIGHEST GUST DIRECTION     W (250)
  AVERAGE WIND SPEED     3.0


SKY COVER
  AVERAGE SKY COVER 0.0


WEATHER CONDITIONS
 THE FOLLOWING WEATHER WAS RECORDED YESTERDAY.
  NO SIGNIFICANT WEATHER WAS OBSERVED.


RELATIVE HUMIDITY (PERCENT)
 HIGHEST    92           200 AM
 LOWEST     49          1200 PM
 AVERAGE    71

..........................................................


THE ORD NE CLIMATE NORMALS FOR TODAY
                         NORMAL
 MAXIMUM TEMPERATURE (F)   37
 MINIMUM TEMPERATURE (F)   12


SUNRISE AND SUNSET
JANUARY 19 2018.......SUNRISE   758 AM CST   SUNSET   535 PM CST
JANUARY 20 2018.......SUNRISE   757 AM CST   SUNSET   537 PM CST


-  INDICATES NEGATIVE NUMBERS.
R  INDICATES RECORD WAS SET OR TIED.
MM INDICATES DATA IS MISSING.
T  INDICATES TRACE AMOUNT.




$$
