899
CDUS43 KGID 292224
CLIODX


CLIMATE REPORT
NATIONAL WEATHER SERVICE HASTINGS NE
523 PM CDT FRI APR 29 2016


...................................

...THE ORD NE CLIMATE SUMMARY FOR APRIL 29 2016...
VALID TODAY AS OF 0500 PM LOCAL TIME.

CLIMATE NORMAL PERIOD 1981 TO 2010
CLIMATE RECORD PERIOD 1895 TO 2016


WEATHER ITEM   OBSERVED TIME   NORMAL DEPARTURE LAST
                VALUE   (LST)  VALUE  FROM      YEAR
                                      NORMAL
......................................................
TEMPERATURE (F)
 TODAY
  MAXIMUM         47    241 PM  66    -19       70
  MINIMUM         40    543 AM  41     -1       32
  AVERAGE         44            53     -9       51

PRECIPITATION (IN)
  TODAY            0.00          0.11  -0.11     0.00
  MONTH TO DATE    7.37          2.48   4.89     2.71
  SINCE MAR 1      8.72          3.93   4.79     2.74
  SINCE JAN 1      9.87          4.74   5.13     3.48

DEGREE DAYS
 HEATING
  TODAY           21            12      9       14
  MONTH TO DATE  415           477    -62      414
  SINCE MAR 1   1096          1323   -227     1140
  SINCE JUL 1   5445          6340   -895     6272

 COOLING
  TODAY            0             0      0        0
  MONTH TO DATE    0             0      0        4
  SINCE MAR 1      0             0      0        4
  SINCE JAN 1      0             0      0        4
......................................................


WIND (MPH)
  HIGHEST WIND SPEED    20   HIGHEST WIND DIRECTION     E (70)
  HIGHEST GUST SPEED    23   HIGHEST GUST DIRECTION    NE (60)
  AVERAGE WIND SPEED     8.6


SKY COVER
  AVERAGE SKY COVER 1.0


WEATHER CONDITIONS
 THE FOLLOWING WEATHER WAS RECORDED TODAY.
  FOG


RELATIVE HUMIDITY (PERCENT)
 HIGHEST    93           100 AM
 LOWEST     76           200 PM
 AVERAGE    85

..........................................................


THE ORD NE CLIMATE NORMALS FOR TOMORROW
                         NORMAL
 MAXIMUM TEMPERATURE (F)   66
 MINIMUM TEMPERATURE (F)   41


SUNRISE AND SUNSET
APRIL 29 2016.........SUNRISE   635 AM CDT   SUNSET   832 PM CDT
APRIL 30 2016.........SUNRISE   633 AM CDT   SUNSET   833 PM CDT


-  INDICATES NEGATIVE NUMBERS.
R  INDICATES RECORD WAS SET OR TIED.
MM INDICATES DATA IS MISSING.
T  INDICATES TRACE AMOUNT.




$$
