000
CDUS43 KGID 010639
CLIODX


CLIMATE REPORT
NATIONAL WEATHER SERVICE HASTINGS NE
139 AM CDT WED OCT 1 2014


...................................

...THE ORD NE CLIMATE SUMMARY FOR SEPTEMBER 30 2014...

CLIMATE NORMAL PERIOD 1981 TO 2010
CLIMATE RECORD PERIOD 1895 TO 2014


WEATHER ITEM   OBSERVED TIME   NORMAL DEPARTURE LAST
                VALUE   (LST)  VALUE  FROM      YEAR
                                      NORMAL
......................................................
TEMPERATURE (F)
 YESTERDAY
  MAXIMUM         79    431 PM  71      8       84
  MINIMUM         59   1045 PM  42     17       50
  AVERAGE         69            57     12       67

PRECIPITATION (IN)
  YESTERDAY        0.01          0.05  -0.04     0.00
  MONTH TO DATE    1.68          2.44  -0.76     2.80
  SINCE SEP 1      1.68          2.44  -0.76     2.80
  SINCE JAN 1     19.32         21.35  -2.03    22.23

DEGREE DAYS
 HEATING
  YESTERDAY        0             9     -9        0
  MONTH TO DATE  137           123     14       45
  SINCE SEP 1    137           123     14       45
  SINCE JUL 1    156           137     19       52

 COOLING
  YESTERDAY        4             1      3        2
  MONTH TO DATE   57            81    -24      146
  SINCE SEP 1     57            81    -24      146
  SINCE JAN 1    692           838   -146      906
......................................................


WIND (MPH)
  HIGHEST WIND SPEED    24   HIGHEST WIND DIRECTION     S (200)
  HIGHEST GUST SPEED    33   HIGHEST GUST DIRECTION    SW (230)
  AVERAGE WIND SPEED    12.1


SKY COVER
  AVERAGE SKY COVER 0.3


WEATHER CONDITIONS
 THE FOLLOWING WEATHER WAS RECORDED YESTERDAY.
  LIGHT RAIN
  FOG


RELATIVE HUMIDITY (PERCENT)
 HIGHEST    90           900 PM
 LOWEST     25           400 PM
 AVERAGE    58

..........................................................


THE ORD NE CLIMATE NORMALS FOR TODAY
                         NORMAL
 MAXIMUM TEMPERATURE (F)   71
 MINIMUM TEMPERATURE (F)   42


SUNRISE AND SUNSET
OCTOBER  1 2014.......SUNRISE   733 AM CDT   SUNSET   717 PM CDT
OCTOBER  2 2014.......SUNRISE   734 AM CDT   SUNSET   716 PM CDT


-  INDICATES NEGATIVE NUMBERS.
R  INDICATES RECORD WAS SET OR TIED.
MM INDICATES DATA IS MISSING.
T  INDICATES TRACE AMOUNT.




$$
