000
CDUS43 KGID 230623
CLIODX


CLIMATE REPORT
NATIONAL WEATHER SERVICE HASTINGS NE
122 AM CDT WED AUG 23 2017


...................................

...THE ORD NE CLIMATE SUMMARY FOR AUGUST 22 2017...

CLIMATE NORMAL PERIOD 1981 TO 2010
CLIMATE RECORD PERIOD 1895 TO 2017


WEATHER ITEM   OBSERVED TIME   NORMAL DEPARTURE LAST
                VALUE   (LST)  VALUE  FROM      YEAR
                                      NORMAL
......................................................
TEMPERATURE (F)
 YESTERDAY
  MAXIMUM         79    317 PM  85     -6       88
  MINIMUM         54    630 AM  60     -6       63
  AVERAGE         67            72     -5       76

PRECIPITATION (IN)
  YESTERDAY        0.00          0.11  -0.11     0.00
  MONTH TO DATE    5.33          2.33   3.00     0.38
  SINCE JUN 1      8.45          9.42  -0.97    10.56
  SINCE JAN 1     19.57         18.08   1.49    27.10

DEGREE DAYS
 HEATING
  YESTERDAY        0             0      0        0
  MONTH TO DATE    8             0      8        3
  SINCE JUN 1     18            42    -24       13
  SINCE JUL 1      8             5      3       11

 COOLING
  YESTERDAY        2             8     -6       11
  MONTH TO DATE   89           199   -110      183
  SINCE JUN 1    686           658     28      737
  SINCE JAN 1    700           699      1      759
......................................................


WIND (MPH)
  HIGHEST WIND SPEED    12   HIGHEST WIND DIRECTION     N (20)
  HIGHEST GUST SPEED    16   HIGHEST GUST DIRECTION     N (20)
  AVERAGE WIND SPEED     3.8


SKY COVER
  AVERAGE SKY COVER 0.0


WEATHER CONDITIONS
 THE FOLLOWING WEATHER WAS RECORDED YESTERDAY.
  NO SIGNIFICANT WEATHER WAS OBSERVED.


RELATIVE HUMIDITY (PERCENT)
 HIGHEST    93          1200 AM
 LOWEST     31           100 PM
 AVERAGE    62

..........................................................


THE ORD NE CLIMATE NORMALS FOR TODAY
                         NORMAL
 MAXIMUM TEMPERATURE (F)   85
 MINIMUM TEMPERATURE (F)   59


SUNRISE AND SUNSET
AUGUST 23 2017........SUNRISE   653 AM CDT   SUNSET   823 PM CDT
AUGUST 24 2017........SUNRISE   654 AM CDT   SUNSET   821 PM CDT


-  INDICATES NEGATIVE NUMBERS.
R  INDICATES RECORD WAS SET OR TIED.
MM INDICATES DATA IS MISSING.
T  INDICATES TRACE AMOUNT.




$$
