000
CDUS43 KGID 300633
CLIODX


CLIMATE REPORT
NATIONAL WEATHER SERVICE HASTINGS NE
132 AM CDT THU OCT 30 2014


...................................

...THE ORD NE CLIMATE SUMMARY FOR OCTOBER 29 2014...

CLIMATE NORMAL PERIOD 1981 TO 2010
CLIMATE RECORD PERIOD 1895 TO 2014


WEATHER ITEM   OBSERVED TIME   NORMAL DEPARTURE LAST
                VALUE   (LST)  VALUE  FROM      YEAR
                                      NORMAL
......................................................
TEMPERATURE (F)
 YESTERDAY
  MAXIMUM         62    438 PM  57      5       41
  MINIMUM         19    626 AM  32    -13       35
  AVERAGE         41            44     -3       38

PRECIPITATION (IN)
  YESTERDAY        0.00          0.05  -0.05     0.02
  MONTH TO DATE    1.14          1.85  -0.71     1.55
  SINCE SEP 1      2.82          4.29  -1.47     4.35
  SINCE JAN 1     20.46         23.20  -2.74    23.78

DEGREE DAYS
 HEATING
  YESTERDAY       24            21      3       27
  MONTH TO DATE  361           441    -80      470
  SINCE SEP 1    498           564    -66      515
  SINCE JUL 1    517           578    -61      522

 COOLING
  YESTERDAY        0             0      0        0
  MONTH TO DATE    0             6     -6        1
  SINCE SEP 1     57            87    -30      147
  SINCE JAN 1    692           844   -152      907
......................................................


WIND (MPH)
  HIGHEST WIND SPEED    20   HIGHEST WIND DIRECTION     S (180)
  HIGHEST GUST SPEED    26   HIGHEST GUST DIRECTION     S (170)
  AVERAGE WIND SPEED     4.9


SKY COVER
  AVERAGE SKY COVER 0.0


WEATHER CONDITIONS
 THE FOLLOWING WEATHER WAS RECORDED YESTERDAY.
  NO SIGNIFICANT WEATHER WAS OBSERVED.


RELATIVE HUMIDITY (PERCENT)
 HIGHEST    92           400 AM
 LOWEST     28           200 PM
 AVERAGE    60

..........................................................


THE ORD NE CLIMATE NORMALS FOR TODAY
                         NORMAL
 MAXIMUM TEMPERATURE (F)   56
 MINIMUM TEMPERATURE (F)   32


SUNRISE AND SUNSET
OCTOBER 30 2014.......SUNRISE   805 AM CDT   SUNSET   633 PM CDT
OCTOBER 31 2014.......SUNRISE   807 AM CDT   SUNSET   632 PM CDT


-  INDICATES NEGATIVE NUMBERS.
R  INDICATES RECORD WAS SET OR TIED.
MM INDICATES DATA IS MISSING.
T  INDICATES TRACE AMOUNT.




$$
