812
CDUS43 KOAX 250656
CLIOFK


CLIMATE REPORT
NATIONAL WEATHER SERVICE OMAHA NEBRASKA
1256 AM CST SUN FEB 25 2018


...................................

...THE NORFOLK, NEBRASKA CLIMATE SUMMARY FOR FEBRUARY 24 2018...

CLIMATE NORMAL PERIOD 1981 TO 2010
CLIMATE RECORD PERIOD 1888 TO 2018


WEATHER ITEM   OBSERVED TIME   RECORD YEAR NORMAL DEPARTURE LAST
                VALUE   (LST)  VALUE       VALUE  FROM      YEAR
                                                  NORMAL
..................................................................
TEMPERATURE (F)
 YESTERDAY
  MAXIMUM         30    748 PM  70    1981  40    -10       28
  MINIMUM         16    141 AM -17    1965  19     -3       20
  AVERAGE         23                        30     -7       24

PRECIPITATION (IN)
  YESTERDAY        0.09          0.78 2007   0.03   0.06     0.23
  MONTH TO DATE    0.65                      0.63   0.02     0.99
  SINCE DEC 1      2.04                      1.97   0.07     3.08
  SINCE JAN 1      1.72                      1.22   0.50     2.24

SNOWFALL (IN)
  YESTERDAY        1.5                       0.2    1.3      2.5
  MONTH TO DATE    7.4                       4.8    2.6     11.0
  SINCE JUL 1     28.8                      22.1    6.7     28.1
  SNOW DEPTH       1

DEGREE DAYS
 HEATING
  YESTERDAY       42                        35      7       41
  MONTH TO DATE 1147                       931    216      710
  SINCE DEC 1   3755                      3508    247     3263
  SINCE JUL 1   5061                      4953    108     4308

 COOLING
  YESTERDAY        0                         0      0        0
  MONTH TO DATE    0                         0      0        0
  SINCE DEC 1      0                         0      0        0
  SINCE JAN 1      0                         0      0        0
..................................................................


WIND (MPH)
  HIGHEST WIND SPEED    30   HIGHEST WIND DIRECTION    NW (300)
  HIGHEST GUST SPEED    38   HIGHEST GUST DIRECTION    NW (300)
  AVERAGE WIND SPEED     9.2


SKY COVER
  POSSIBLE SUNSHINE  MM
  AVERAGE SKY COVER 0.9


WEATHER CONDITIONS
 THE FOLLOWING WEATHER WAS RECORDED YESTERDAY.
  LIGHT SNOW
  FOG
  FOG W/VISIBILITY <= 1/4 MILE


RELATIVE HUMIDITY (PERCENT)
 HIGHEST   100           400 AM
 LOWEST     74          1000 PM
 AVERAGE    87

..........................................................


THE NORFOLK, NEBRASKA CLIMATE NORMALS FOR TODAY
                         NORMAL    RECORD    YEAR
 MAXIMUM TEMPERATURE (F)   40        74      1995
 MINIMUM TEMPERATURE (F)   20        -7      1924


SUNRISE AND SUNSET
FEBRUARY 25 2018......SUNRISE   711 AM CST   SUNSET   615 PM CST
FEBRUARY 26 2018......SUNRISE   709 AM CST   SUNSET   616 PM CST


-  INDICATES NEGATIVE NUMBERS.
R  INDICATES RECORD WAS SET OR TIED.
MM INDICATES DATA IS MISSING.
T  INDICATES TRACE AMOUNT.




$$
