000
CDUS43 KOAX 232159
CLIOFK


CLIMATE REPORT
NATIONAL WEATHER SERVICE OMAHA NEBRASKA
458 PM CDT WED AUG 23 2017


...................................

...THE NORFOLK, NEBRASKA CLIMATE SUMMARY FOR AUGUST 23 2017...
VALID TODAY AS OF 400 PM LOCAL TIME.

CLIMATE NORMAL PERIOD 1981 TO 2010
CLIMATE RECORD PERIOD 1888 TO 2017


WEATHER ITEM   OBSERVED TIME   RECORD YEAR NORMAL DEPARTURE LAST
                VALUE   (LST)  VALUE       VALUE  FROM      YEAR
                                                  NORMAL
..................................................................
TEMPERATURE (F)
 TODAY
  MAXIMUM         78    259 PM 104    1938  83     -5       87
  MINIMUM         51    602 AM  43    1942  61    -10       63
  AVERAGE         65                        72     -7       75

PRECIPITATION (IN)
  TODAY            0.00          1.19 2007   0.09  -0.09     1.15
  MONTH TO DATE    5.28                      2.50   2.78     2.30
  SINCE JUN 1      9.85                     10.08  -0.23     8.39
  SINCE JAN 1     21.46                     19.78   1.68    24.84

SNOWFALL (IN)
  TODAY            0.0                       0.0    0.0      0.0
  MONTH TO DATE    0.0                       0.0    0.0      0.0
  SINCE JUL 1      0.0                       0.0    0.0      0.0
  SNOW DEPTH       0

DEGREE DAYS
 HEATING
  TODAY            0                         0      0        0
  MONTH TO DATE   10                         0     10        3
  SINCE JUN 1     22                        34    -12       13
  SINCE JUL 1     10                         4      6       10

 COOLING
  TODAY            0                         7     -7       10
  MONTH TO DATE   84                       203   -119      192
  SINCE JUN 1    698                       703     -5      763
  SINCE JAN 1    726                       764    -38      801
..................................................................


WIND (MPH)
  HIGHEST WIND SPEED    16   HIGHEST WIND DIRECTION     S (190)
  HIGHEST GUST SPEED    23   HIGHEST GUST DIRECTION    SE (150)
  AVERAGE WIND SPEED     5.7


SKY COVER
  POSSIBLE SUNSHINE  MM
  AVERAGE SKY COVER 0.0


WEATHER CONDITIONS
 THE FOLLOWING WEATHER WAS RECORDED TODAY.
  NO SIGNIFICANT WEATHER WAS OBSERVED.


RELATIVE HUMIDITY (PERCENT)
 HIGHEST   100           600 AM
 LOWEST     45           200 PM
 AVERAGE    73

..........................................................


THE NORFOLK, NEBRASKA CLIMATE NORMALS FOR TOMORROW
                         NORMAL    RECORD    YEAR
 MAXIMUM TEMPERATURE (F)   83       104      1936
 MINIMUM TEMPERATURE (F)   60        36      1928


SUNRISE AND SUNSET
AUGUST 23 2017........SUNRISE   646 AM CDT   SUNSET   817 PM CDT
AUGUST 24 2017........SUNRISE   647 AM CDT   SUNSET   816 PM CDT


-  INDICATES NEGATIVE NUMBERS.
R  INDICATES RECORD WAS SET OR TIED.
MM INDICATES DATA IS MISSING.
T  INDICATES TRACE AMOUNT.




$$

Klish
