174
CDUS43 KOAX 102246
CLIOFK


CLIMATE REPORT
NATIONAL WEATHER SERVICE OMAHA NEBRASKA
446 PM CST WED FEB 10 2016


...................................

...THE NORFOLK, NEBRASKA CLIMATE SUMMARY FOR FEBRUARY 10 2016...
VALID TODAY AS OF 400 PM LOCAL TIME.

CLIMATE NORMAL PERIOD 1981 TO 2010
CLIMATE RECORD PERIOD 1888 TO 2016


WEATHER ITEM   OBSERVED TIME   RECORD YEAR NORMAL DEPARTURE LAST
                VALUE   (LST)  VALUE       VALUE  FROM      YEAR
                                                  NORMAL
..................................................................
TEMPERATURE (F)
 TODAY
  MAXIMUM         38    113 PM  70    1999  36      2       52
                                      1951
  MINIMUM         23    733 AM -23    1905  15      8       32
  AVERAGE         31                        25      6       42

PRECIPITATION (IN)
  TODAY            0.00          0.50 1944   0.03  -0.03     0.00
  MONTH TO DATE    1.29                      0.25   1.04     0.26
  SINCE DEC 1      4.13                      1.59   2.54     2.03
  SINCE JAN 1      1.86                      0.84   1.02     0.83

SNOWFALL (IN)
  TODAY            0.0                       0.2   -0.2      0.0
  MONTH TO DATE   14.2                       2.2   12.0      3.7
  SINCE JUL 1     38.7                      19.5   19.2     20.0
  SNOW DEPTH       5

DEGREE DAYS
 HEATING
  TODAY           34                        40     -6       23
  MONTH TO DATE  382                       406    -24      389
  SINCE DEC 1   2725                      2983   -258     2727
  SINCE JUL 1   3746                      4428   -682     4220

 COOLING
  TODAY            0                         0      0        0
  MONTH TO DATE    0                         0      0        0
  SINCE DEC 1      0                         0      0        0
  SINCE JAN 1      0                         0      0        0
..................................................................


WIND (MPH)
  HIGHEST WIND SPEED    15   HIGHEST WIND DIRECTION     S (200)
  HIGHEST GUST SPEED    19   HIGHEST GUST DIRECTION     S (180)
  AVERAGE WIND SPEED     6.9


SKY COVER
  POSSIBLE SUNSHINE  MM
  AVERAGE SKY COVER 0.5


WEATHER CONDITIONS
 THE FOLLOWING WEATHER WAS RECORDED TODAY.
  NO SIGNIFICANT WEATHER WAS OBSERVED.


RELATIVE HUMIDITY (PERCENT)
 HIGHEST    81           500 AM
 LOWEST     59           100 PM
 AVERAGE    70

..........................................................


THE NORFOLK, NEBRASKA CLIMATE NORMALS FOR TOMORROW
                         NORMAL    RECORD    YEAR
 MAXIMUM TEMPERATURE (F)   36        65      1987
                                             1977
 MINIMUM TEMPERATURE (F)   15       -35      1899


SUNRISE AND SUNSET
FEBRUARY 10 2016......SUNRISE   733 AM CST   SUNSET   556 PM CST
FEBRUARY 11 2016......SUNRISE   731 AM CST   SUNSET   557 PM CST


-  INDICATES NEGATIVE NUMBERS.
R  INDICATES RECORD WAS SET OR TIED.
MM INDICATES DATA IS MISSING.
T  INDICATES TRACE AMOUNT.




$$

KLISH
