000
CDUS42 KCAE 020628
CLIOGB


CLIMATE REPORT
NATIONAL WEATHER SERVICE COLUMBIA SC
225 AM EDT TUE JUN 2 2015


...................................

...THE ORANGEBURG AIRPORT SC CLIMATE SUMMARY FOR JUNE 1 2015...

CLIMATE NORMAL PERIOD 1981 TO 2010
CLIMATE RECORD PERIOD 9999 TO 9999


WEATHER ITEM   OBSERVED TIME   NORMAL DEPARTURE LAST
                VALUE   (LST)  VALUE  FROM      YEAR
                                      NORMAL
......................................................
TEMPERATURE (F)
 YESTERDAY
  MAXIMUM         90    153 PM  87      3       81
  MINIMUM         67    538 AM  65      2       60
  AVERAGE         79            76      3       71

PRECIPITATION (IN)
  YESTERDAY        0.01          0.16  -0.15     0.00
  MONTH TO DATE    0.01          0.16  -0.15     0.00
  SINCE JUN 1      0.01          0.16  -0.15     0.00
  SINCE JAN 1     15.27         17.78  -2.51    18.83

DEGREE DAYS
 HEATING
  YESTERDAY        0             0      0        0
  MONTH TO DATE    0             0      0        0
  SINCE JUN 1      0             0      0        0
  SINCE JUL 1   2326          2332     -6     2334

 COOLING
  YESTERDAY       14            11      3        6
  MONTH TO DATE   14            11      3        6
  SINCE JUN 1     14            11      3        6
  SINCE JAN 1    390           314     76      361
......................................................


WIND (MPH)
  HIGHEST WIND SPEED    23   HIGHEST WIND DIRECTION     W (290)
  HIGHEST GUST SPEED    32   HIGHEST GUST DIRECTION    NW (300)
  AVERAGE WIND SPEED     4.7


SKY COVER
  AVERAGE SKY COVER 0.3


WEATHER CONDITIONS
 THE FOLLOWING WEATHER WAS RECORDED YESTERDAY.
  THUNDERSTORM
  RAIN
  LIGHT RAIN


RELATIVE HUMIDITY (PERCENT)
 HIGHEST    90           200 AM
 LOWEST     38           200 PM

..........................................................


THE ORANGEBURG AIRPORT SC CLIMATE NORMALS FOR TODAY
                         NORMAL    RECORD    YEAR
 MAXIMUM TEMPERATURE (F)   87        MM        MM
 MINIMUM TEMPERATURE (F)   65        MM        MM


SUNRISE AND SUNSET
JUNE  2 2015..........SUNRISE   614 AM EDT   SUNSET   829 PM EDT
JUNE  3 2015..........SUNRISE   614 AM EDT   SUNSET   829 PM EDT


-  INDICATES NEGATIVE NUMBERS.
R  INDICATES RECORD WAS SET OR TIED.
MM INDICATES DATA IS MISSING.
T  INDICATES TRACE AMOUNT.




$$
