000
CDUS42 KCAE 172122
CLIOGB


CLIMATE REPORT
NATIONAL WEATHER SERVICE COLUMBIA SC
521 PM EDT WED SEP 17 2014


...................................

...THE ORANGEBURG AIRPORT SC CLIMATE SUMMARY FOR SEPTEMBER 17 2014...
VALID TODAY AS OF 0500 PM LOCAL TIME.

CLIMATE NORMAL PERIOD 1981 TO 2010
CLIMATE RECORD PERIOD 9999 TO 9999


WEATHER ITEM   OBSERVED TIME   RECORD YEAR NORMAL DEPARTURE LAST
                VALUE   (LST)  VALUE       VALUE  FROM      YEAR
                                                  NORMAL
..................................................................
TEMPERATURE (F)
 TODAY
  MAXIMUM         85    233 PM  MM      MM  85      0       81
  MINIMUM         69    419 PM  MM      MM  64      5       66
  AVERAGE         77                        75      2       74

PRECIPITATION (IN)
  TODAY            0.46         MM      MM   0.12   0.34     0.00
  MONTH TO DATE    2.81                      2.18   0.63     0.69
  SINCE SEP 1      2.81                      2.18   0.63     0.69
  SINCE JAN 1     37.83                     35.49   2.34    48.00

DEGREE DAYS
 HEATING
  TODAY            0                         0      0        0
  MONTH TO DATE    0                         0      0        0
  SINCE SEP 1      0                         0      0        0
  SINCE JUL 1      0                         0      0        0

 COOLING
  TODAY           12                        10      2        9
  MONTH TO DATE  250                       197     53      239
  SINCE SEP 1    250                       197     53      239
  SINCE JAN 1   2041                      1890    151     1831
..................................................................


WIND (MPH)
  HIGHEST WIND SPEED    22   HIGHEST WIND DIRECTION     S (190)
  HIGHEST GUST SPEED    32   HIGHEST GUST DIRECTION     S (200)
  AVERAGE WIND SPEED     3.1


SKY COVER
  AVERAGE SKY COVER 0.6


WEATHER CONDITIONS
 THE FOLLOWING WEATHER WAS RECORDED TODAY.
  THUNDERSTORM
  HEAVY RAIN
  RAIN
  LIGHT RAIN
  FOG


RELATIVE HUMIDITY (PERCENT)
 HIGHEST    90           200 AM
 LOWEST     63          1200 PM

..........................................................


THE ORANGEBURG AIRPORT SC CLIMATE NORMALS FOR TOMORROW
                         NORMAL    RECORD    YEAR
 MAXIMUM TEMPERATURE (F)   85        MM        MM
 MINIMUM TEMPERATURE (F)   64        MM        MM


SUNRISE AND SUNSET
SEPTEMBER 17 2014.....SUNRISE   708 AM EDT   SUNSET   727 PM EDT
SEPTEMBER 18 2014.....SUNRISE   709 AM EDT   SUNSET   726 PM EDT


-  INDICATES NEGATIVE NUMBERS.
R  INDICATES RECORD WAS SET OR TIED.
MM INDICATES DATA IS MISSING.
T  INDICATES TRACE AMOUNT.




$$
