000
CDUS42 KCAE 231149
CLIOGB


CLIMATE REPORT
NATIONAL WEATHER SERVICE COLUMBIA SC
747 AM EDT THU MAR 23 2017


...................................

...THE ORANGEBURG AIRPORT SC CLIMATE SUMMARY FOR MARCH 22 2017...

CLIMATE NORMAL PERIOD 1981 TO 2010
CLIMATE RECORD PERIOD 9999 TO 9999


WEATHER ITEM   OBSERVED TIME   NORMAL DEPARTURE LAST
                VALUE   (LST)  VALUE  FROM      YEAR
                                      NORMAL
......................................................
TEMPERATURE (F)
 YESTERDAY
  MAXIMUM         73    301 PM  71      2       70
  MINIMUM         51   1159 PM  46      5       36
  AVERAGE         62            58      4       53

PRECIPITATION (IN)
  YESTERDAY        0.04          0.11  -0.07     0.00
  MONTH TO DATE    1.21          2.84  -1.63     1.20
  SINCE MAR 1      1.21          2.84  -1.63     1.20
  SINCE JAN 1      7.86         10.41  -2.55     8.37

DEGREE DAYS
 HEATING
  YESTERDAY        3             7     -4       12
  MONTH TO DATE  256           219     37      124
  SINCE MAR 1    256           219     37      124
  SINCE JUL 1   1565          2151   -586     1525

 COOLING
  YESTERDAY        0             1     -1        0
  MONTH TO DATE   13            14     -1       52
  SINCE MAR 1     13            14     -1       52
  SINCE JAN 1     39            17     22       58
......................................................


WIND (MPH)
  HIGHEST WIND SPEED    18   HIGHEST WIND DIRECTION    NE (50)
  HIGHEST GUST SPEED    23   HIGHEST GUST DIRECTION    NE (60)
  AVERAGE WIND SPEED     8.6


SKY COVER
  AVERAGE SKY COVER 0.1


WEATHER CONDITIONS
 THE FOLLOWING WEATHER WAS RECORDED YESTERDAY.
  RAIN
  LIGHT RAIN
  FOG


RELATIVE HUMIDITY (PERCENT)
 HIGHEST   100           600 AM
 LOWEST     24           600 PM

..........................................................


THE ORANGEBURG AIRPORT SC CLIMATE NORMALS FOR TODAY
                         NORMAL    RECORD    YEAR
 MAXIMUM TEMPERATURE (F)   71        MM        MM
 MINIMUM TEMPERATURE (F)   46        MM        MM


SUNRISE AND SUNSET
MARCH 23 2017.........SUNRISE   723 AM EDT   SUNSET   737 PM EDT
MARCH 24 2017.........SUNRISE   721 AM EDT   SUNSET   738 PM EDT


-  INDICATES NEGATIVE NUMBERS.
R  INDICATES RECORD WAS SET OR TIED.
MM INDICATES DATA IS MISSING.
T  INDICATES TRACE AMOUNT.




$$
