000
CDUS42 KCAE 300611
CLIOGB


CLIMATE REPORT
NATIONAL WEATHER SERVICE COLUMBIA SC
211 AM EDT MON MAY 30 2016


...................................

...THE ORANGEBURG AIRPORT SC CLIMATE SUMMARY FOR MAY 29 2016...

CLIMATE NORMAL PERIOD 1981 TO 2010
CLIMATE RECORD PERIOD 9999 TO 9999


WEATHER ITEM   OBSERVED TIME   NORMAL DEPARTURE LAST
                VALUE   (LST)  VALUE  FROM      YEAR
                                      NORMAL
......................................................
TEMPERATURE (F)
 YESTERDAY
  MAXIMUM         73   1102 PM  86    -13       87
  MINIMUM         68    104 PM  64      4       61
  AVERAGE         71            75     -4       74

PRECIPITATION (IN)
  YESTERDAY        1.73          0.16   1.57     0.00
  MONTH TO DATE    3.51          2.89   0.62     2.32
  SINCE MAR 1      7.12          9.72  -2.60     8.41
  SINCE JAN 1     14.29         17.29  -3.00    15.26

DEGREE DAYS
 HEATING
  YESTERDAY        0             0      0        0
  MONTH TO DATE    8            10     -2        7
  SINCE MAR 1    228           395   -167      252
  SINCE JUL 1   1629          2327   -698     2326

 COOLING
  YESTERDAY        6            10     -4        9
  MONTH TO DATE  206           198      8      229
  SINCE MAR 1    367           280     87      351
  SINCE JAN 1    373           283     90      351
......................................................


WIND (MPH)
  HIGHEST WIND SPEED    21   HIGHEST WIND DIRECTION     N (340)
  HIGHEST GUST SPEED    30   HIGHEST GUST DIRECTION     N (360)
  AVERAGE WIND SPEED    10.8


SKY COVER
  AVERAGE SKY COVER 0.9


WEATHER CONDITIONS
 THE FOLLOWING WEATHER WAS RECORDED YESTERDAY.
  THUNDERSTORM
  HEAVY RAIN
  RAIN
  LIGHT RAIN
  FOG


RELATIVE HUMIDITY (PERCENT)
 HIGHEST    97          1200 PM
 LOWEST     90          1200 AM

..........................................................


THE ORANGEBURG AIRPORT SC CLIMATE NORMALS FOR TODAY
                         NORMAL    RECORD    YEAR
 MAXIMUM TEMPERATURE (F)   86        MM        MM
 MINIMUM TEMPERATURE (F)   64        MM        MM


SUNRISE AND SUNSET
MAY 30 2016...........SUNRISE   615 AM EDT   SUNSET   827 PM EDT
MAY 31 2016...........SUNRISE   615 AM EDT   SUNSET   828 PM EDT


-  INDICATES NEGATIVE NUMBERS.
R  INDICATES RECORD WAS SET OR TIED.
MM INDICATES DATA IS MISSING.
T  INDICATES TRACE AMOUNT.




$$
