000
CDUS42 KCAE 190530
CLIOGB


CLIMATE REPORT
NATIONAL WEATHER SERVICE COLUMBIA SC
1230 AM EST SUN NOV 19 2017


...................................

...THE ORANGEBURG AIRPORT SC CLIMATE SUMMARY FOR NOVEMBER 18 2017...

CLIMATE NORMAL PERIOD 1981 TO 2010
CLIMATE RECORD PERIOD 9999 TO 9999


WEATHER ITEM   OBSERVED TIME   NORMAL DEPARTURE LAST
                VALUE   (LST)  VALUE  FROM      YEAR
                                      NORMAL
......................................................
TEMPERATURE (F)
 YESTERDAY
  MAXIMUM         73    343 PM  68      5       77
  MINIMUM         38    442 AM  44     -6       41
  AVERAGE         56            56      0       59

PRECIPITATION (IN)
  YESTERDAY        0.00          0.10  -0.10     0.00
  MONTH TO DATE    1.25          1.70  -0.45     0.13
  SINCE SEP 1      8.03          8.88  -0.85    16.65
  SINCE JAN 1     36.22         42.19  -5.97    41.17

DEGREE DAYS
 HEATING
  YESTERDAY        9            10     -1        6
  MONTH TO DATE  128           139    -11      149
  SINCE SEP 1    209           229    -20      182
  SINCE JUL 1    209           229    -20      182

 COOLING
  YESTERDAY        0             0      0        0
  MONTH TO DATE   18            12      6        7
  SINCE SEP 1    523           406    117      501
  SINCE JAN 1   2410          2099    311     2545
......................................................


WIND (MPH)
  HIGHEST WIND SPEED    21   HIGHEST WIND DIRECTION    SW (220)
  HIGHEST GUST SPEED    26   HIGHEST GUST DIRECTION    SW (220)
  AVERAGE WIND SPEED     6.5


SKY COVER
  AVERAGE SKY COVER 0.3


WEATHER CONDITIONS
 THE FOLLOWING WEATHER WAS RECORDED YESTERDAY.
  NO SIGNIFICANT WEATHER WAS OBSERVED.


RELATIVE HUMIDITY (PERCENT)
 HIGHEST   100           300 AM
 LOWEST     49           300 PM

..........................................................


THE ORANGEBURG AIRPORT SC CLIMATE NORMALS FOR TODAY
                         NORMAL    RECORD    YEAR
 MAXIMUM TEMPERATURE (F)   67        MM        MM
 MINIMUM TEMPERATURE (F)   43        MM        MM


SUNRISE AND SUNSET
NOVEMBER 19 2017......SUNRISE   659 AM EST   SUNSET   519 PM EST
NOVEMBER 20 2017......SUNRISE   700 AM EST   SUNSET   518 PM EST


-  INDICATES NEGATIVE NUMBERS.
R  INDICATES RECORD WAS SET OR TIED.
MM INDICATES DATA IS MISSING.
T  INDICATES TRACE AMOUNT.




$$
