000
CDHW42 PHFO 130227
CLIOGG


CLIMATE REPORT
NATIONAL WEATHER SERVICE HONOLULU HI
426 PM HST TUE DEC 12 2017


...................................

...THE KAHULUI HI CLIMATE SUMMARY FOR DECEMBER 12 2017...
VALID TODAY AS OF 0400 PM LOCAL TIME.

CLIMATE NORMAL PERIOD 1981 TO 2010
CLIMATE RECORD PERIOD 1946 TO 2017


WEATHER ITEM   OBSERVED TIME   RECORD YEAR NORMAL DEPARTURE LAST
                VALUE   (LST)  VALUE       VALUE  FROM      YEAR
                                                  NORMAL
..................................................................
TEMPERATURE (F)
 TODAY
  MAXIMUM         83    147 PM  87    2008  82      1       81
                                      1984
                                      1949
  MINIMUM         69    411 AM  55    1953  65      4       68
  AVERAGE         76                        74      2       75

PRECIPITATION (IN)
  TODAY            0.00          3.18 1987   0.11  -0.11      T
  MONTH TO DATE    0.30                      1.24  -0.94     3.62
  SINCE DEC 1      0.30                      1.24  -0.94     3.62
  SINCE JAN 1     18.33                     15.72   2.61    15.88

SNOWFALL (IN)
  TODAY            0.0
  MONTH TO DATE    0.0
  SINCE DEC 1      0.0
  SINCE JUL 1      0.0
  SNOW DEPTH      MM

DEGREE DAYS
 HEATING
  TODAY            0                         0      0        0
  MONTH TO DATE    0                         0      0        0
  SINCE DEC 1      0                         0      0        0
  SINCE JUL 1      0                         0      0        0

 COOLING
  TODAY           11                         9      2       10
  MONTH TO DATE   90                       110    -20      124
  SINCE DEC 1     90                       110    -20      124
  SINCE JAN 1   4036                      3817    219     4332
..................................................................


WIND (MPH)
  HIGHEST WIND SPEED    24   HIGHEST WIND DIRECTION     S (200)
  HIGHEST GUST SPEED    30   HIGHEST GUST DIRECTION     S (180)
  AVERAGE WIND SPEED    MM


SKY COVER
  POSSIBLE SUNSHINE  MM
  AVERAGE SKY COVER  MM


WEATHER CONDITIONS
 THE FOLLOWING WEATHER WAS RECORDED TODAY.
  NO SIGNIFICANT WEATHER WAS OBSERVED.


RELATIVE HUMIDITY (PERCENT)
 HIGHEST    MM
 LOWEST     MM
 AVERAGE    MM

..........................................................


THE KAHULUI HI CLIMATE NORMALS FOR TOMORROW
                         NORMAL    RECORD    YEAR
 MAXIMUM TEMPERATURE (F)   82        90      1991
 MINIMUM TEMPERATURE (F)   65        55      1972


SUNRISE AND SUNSET
DECEMBER 12 2017......SUNRISE   653 AM HST   SUNSET   546 PM HST
DECEMBER 13 2017......SUNRISE   654 AM HST   SUNSET   547 PM HST


-  INDICATES NEGATIVE NUMBERS.
R  INDICATES RECORD WAS SET OR TIED.
MM INDICATES DATA IS MISSING.
T  INDICATES TRACE AMOUNT.




$$
