000
CDHW42 PHFO 161245
CLIOGG


CLIMATE REPORT
NATIONAL WEATHER SERVICE HONOLULU HI
245 AM HST WED AUG 16 2017


...................................

...THE KAHULUI HI CLIMATE SUMMARY FOR AUGUST 15 2017...

CLIMATE NORMAL PERIOD 1981 TO 2010
CLIMATE RECORD PERIOD 1946 TO 2017


WEATHER ITEM   OBSERVED TIME   RECORD YEAR NORMAL DEPARTURE LAST
                VALUE   (LST)  VALUE       VALUE  FROM      YEAR
                                                  NORMAL
..................................................................
TEMPERATURE (F)
 YESTERDAY
  MAXIMUM         90    302 PM  93    2006  88      2       88
  MINIMUM         74    626 AM  61    1952  72      2       73
  AVERAGE         82                        80      2       81

PRECIPITATION (IN)
  YESTERDAY        T             0.78 1950   0.02  -0.02      T
  MONTH TO DATE    0.05                      0.27  -0.22     0.24
  SINCE JUN 1      0.42                      0.97  -0.55     1.76
  SINCE JAN 1     14.89                     10.47   4.42     9.49

SNOWFALL (IN)
  YESTERDAY        0.0
  MONTH TO DATE    0.0
  SINCE JUN 1      0.0
  SINCE JUL 1      0.0
  SNOW DEPTH      MM

DEGREE DAYS
 HEATING
  YESTERDAY        0                         0      0        0
  MONTH TO DATE    0                         0      0        0
  SINCE JUN 1      0                         0      0        0
  SINCE JUL 1      0                         0      0        0

 COOLING
  YESTERDAY       17                        15      2       16
  MONTH TO DATE  240                       225     15      234
  SINCE JUN 1   1143                      1052     91     1147
  SINCE JAN 1   2506                      2311    195     2636
..................................................................


WIND (MPH)
  HIGHEST WIND SPEED    29   HIGHEST WIND DIRECTION    NE (50)
  HIGHEST GUST SPEED    37   HIGHEST GUST DIRECTION    NE (50)
  AVERAGE WIND SPEED    15.9


SKY COVER
  POSSIBLE SUNSHINE  MM
  AVERAGE SKY COVER  MM


WEATHER CONDITIONS
 THE FOLLOWING WEATHER WAS RECORDED YESTERDAY.
  NO SIGNIFICANT WEATHER WAS OBSERVED.


RELATIVE HUMIDITY (PERCENT)
 HIGHEST    MM
 LOWEST     MM
 AVERAGE    MM

..........................................................


THE KAHULUI HI CLIMATE NORMALS FOR TODAY
                         NORMAL    RECORD    YEAR
 MAXIMUM TEMPERATURE (F)   88        94      1951
 MINIMUM TEMPERATURE (F)   72        61      1949


SUNRISE AND SUNSET
AUGUST 16 2017........SUNRISE   605 AM HST   SUNSET   654 PM HST
AUGUST 17 2017........SUNRISE   605 AM HST   SUNSET   654 PM HST


-  INDICATES NEGATIVE NUMBERS.
R  INDICATES RECORD WAS SET OR TIED.
MM INDICATES DATA IS MISSING.
T  INDICATES TRACE AMOUNT.




$$
