000
CDHW42 PHFO 260008
CLIOGG


CLIMATE REPORT
NATIONAL WEATHER SERVICE HONOLULU HI
207 PM HST THU AUG 25 2016


...................................

...THE KAHULUI HI CLIMATE SUMMARY FOR AUGUST 24 2016...

CLIMATE NORMAL PERIOD 1981 TO 2010
CLIMATE RECORD PERIOD 1946 TO 2016


WEATHER ITEM   OBSERVED TIME   RECORD YEAR NORMAL DEPARTURE LAST
                VALUE   (LST)  VALUE       VALUE  FROM      YEAR
                                                  NORMAL
..................................................................
TEMPERATURE (F)
 YESTERDAY
  MAXIMUM         94    236 PM  95    1996  88      6       MM
  MINIMUM         77   1159 PM  62    1971  71      6       MM
  AVERAGE         86                        80      6       MM

PRECIPITATION (IN)
  YESTERDAY       MM             0.13 1957   0.02  MM       MM
  MONTH TO DATE    0.34                      0.41  -0.07     0.64
  SINCE JUN 1      1.86                      1.11   0.75     1.60
  SINCE JAN 1      9.59                     10.61  -1.02    20.56

SNOWFALL (IN)
  YESTERDAY        0.0
  MONTH TO DATE    0.0
  SINCE JUN 1      0.0
  SINCE JUL 1      0.0
  SNOW DEPTH       0

DEGREE DAYS
 HEATING
  YESTERDAY        0                         0      0       MM
  MONTH TO DATE    0                         0      0        0
  SINCE JUN 1      0                         0      0        0
  SINCE JUL 1      0                         0      0        0

 COOLING
  YESTERDAY       21                        15      6       MM
  MONTH TO DATE  383                       360     23      385
  SINCE JUN 1   1296                      1187    109     1295
  SINCE JAN 1   2785                      2446    339     2617
..................................................................


WIND (MPH)
  HIGHEST WIND SPEED    17   HIGHEST WIND DIRECTION    NE (40)
  HIGHEST GUST SPEED    22   HIGHEST GUST DIRECTION    NE (40)
  AVERAGE WIND SPEED     5.8


SKY COVER
  POSSIBLE SUNSHINE  MM
  AVERAGE SKY COVER 0.2


WEATHER CONDITIONS
 THE FOLLOWING WEATHER WAS RECORDED YESTERDAY.
  NO SIGNIFICANT WEATHER WAS OBSERVED.


RELATIVE HUMIDITY (PERCENT)
 HIGHEST    94           700 AM
 LOWEST     55           600 PM
 AVERAGE    75

..........................................................


THE KAHULUI HI CLIMATE NORMALS FOR TODAY
                         NORMAL    RECORD    YEAR
 MAXIMUM TEMPERATURE (F)   88        94      1996
 MINIMUM TEMPERATURE (F)   71        62      1971


SUNRISE AND SUNSET
AUGUST 25 2016........SUNRISE   608 AM HST   SUNSET   647 PM HST
AUGUST 26 2016........SUNRISE   608 AM HST   SUNSET   646 PM HST


-  INDICATES NEGATIVE NUMBERS.
R  INDICATES RECORD WAS SET OR TIED.
MM INDICATES DATA IS MISSING.
T  INDICATES TRACE AMOUNT.




$$
