000
CDHW42 PHFO 291245
CLIOGG


CLIMATE REPORT
NATIONAL WEATHER SERVICE HONOLULU HI
245 AM HST TUE JUL 29 2014


...................................

...THE KAHULUI HI CLIMATE SUMMARY FOR JULY 28 2014...

CLIMATE NORMAL PERIOD 1981 TO 2010
CLIMATE RECORD PERIOD 1946 TO 2014


WEATHER ITEM   OBSERVED TIME   RECORD YEAR NORMAL DEPARTURE LAST
                VALUE   (LST)  VALUE       VALUE  FROM      YEAR
                                                  NORMAL
..................................................................
TEMPERATURE (F)
 YESTERDAY
  MAXIMUM         90    257 PM  95    1949  88      2       89
  MINIMUM         70    634 AM  61    1952  72     -2       74
  AVERAGE         80                        80      0       82

PRECIPITATION (IN)
  YESTERDAY        0.00          0.12 2005   0.02  -0.02     0.00
  MONTH TO DATE    0.89                      0.44   0.45     0.07
  SINCE JUN 1      1.18                      0.64   0.54     0.34
  SINCE JAN 1     15.14                     10.14   5.00     7.33

SNOWFALL (IN)
  YESTERDAY        0.0
  MONTH TO DATE    0.0
  SINCE JUN 1      0.0
  SINCE JUL 1      0.0
  SNOW DEPTH       0

DEGREE DAYS
 HEATING
  YESTERDAY        0                         0      0        0
  MONTH TO DATE    0                         0      0        0
  SINCE JUN 1      0                         0      0        0
  SINCE JUL 1      0                         0      0        0

 COOLING
  YESTERDAY       15                        15      0       17
  MONTH TO DATE  439                       394     45      425
  SINCE JUN 1    858                       782     76      867
  SINCE JAN 1   2354                      2041    313     2251
..................................................................


WIND (MPH)
  HIGHEST WIND SPEED    26   HIGHEST WIND DIRECTION    NE (60)
  HIGHEST GUST SPEED    36   HIGHEST GUST DIRECTION    NE (60)
  AVERAGE WIND SPEED    15.2


SKY COVER
  POSSIBLE SUNSHINE  MM
  AVERAGE SKY COVER 0.2


WEATHER CONDITIONS
 THE FOLLOWING WEATHER WAS RECORDED YESTERDAY.
  HAZE


RELATIVE HUMIDITY (PERCENT)
 HIGHEST    84           700 AM
 LOWEST     50          1100 AM
 AVERAGE    67

..........................................................


THE KAHULUI HI CLIMATE NORMALS FOR TODAY
                         NORMAL    RECORD    YEAR
 MAXIMUM TEMPERATURE (F)   88        92      1997
                                             1980
                                             1953
 MINIMUM TEMPERATURE (F)   72        62      1965


SUNRISE AND SUNSET
JULY 29 2014..........SUNRISE   559 AM HST   SUNSET   705 PM HST
JULY 30 2014..........SUNRISE   559 AM HST   SUNSET   705 PM HST


-  INDICATES NEGATIVE NUMBERS.
R  INDICATES RECORD WAS SET OR TIED.
MM INDICATES DATA IS MISSING.
T  INDICATES TRACE AMOUNT.




$$
