000
CDHW42 PHFO 261245
CLIOGG


CLIMATE REPORT
NATIONAL WEATHER SERVICE HONOLULU HI
245 AM HST THU FEB 26 2015


...................................

...THE KAHULUI HI CLIMATE SUMMARY FOR FEBRUARY 25 2015...

CLIMATE NORMAL PERIOD 1981 TO 2010
CLIMATE RECORD PERIOD 1946 TO 2015


WEATHER ITEM   OBSERVED TIME   RECORD YEAR NORMAL DEPARTURE LAST
                VALUE   (LST)  VALUE       VALUE  FROM      YEAR
                                                  NORMAL
..................................................................
TEMPERATURE (F)
 YESTERDAY
  MAXIMUM         83    154 PM  88    1952  81      2       77
  MINIMUM         65    429 AM  56    1971  63      2       60
  AVERAGE         74                        72      2       69

PRECIPITATION (IN)
  YESTERDAY        0.00          2.71 1990   0.07  -0.07     0.06
  MONTH TO DATE    1.25                      1.69  -0.44     2.57
  SINCE DEC 1      6.61                      7.91  -1.30     8.66
  SINCE JAN 1      2.37                      4.56  -2.19     6.62

SNOWFALL (IN)
  YESTERDAY        0.0
  MONTH TO DATE    0.0
  SINCE DEC 1      0.0
  SINCE JUL 1      0.0
  SNOW DEPTH       0

DEGREE DAYS
 HEATING
  YESTERDAY        0                         0      0        0
  MONTH TO DATE    0                         0      0        0
  SINCE DEC 1      0                         0      0        0
  SINCE JUL 1      0                         0      0        0

 COOLING
  YESTERDAY        9                         7      2        4
  MONTH TO DATE  193                       175     18      255
  SINCE DEC 1    634                       651    -17      798
  SINCE JAN 1    374                       392    -18      490
..................................................................


WIND (MPH)
  HIGHEST WIND SPEED    26   HIGHEST WIND DIRECTION    NE (50)
  HIGHEST GUST SPEED    35   HIGHEST GUST DIRECTION    NE (50)
  AVERAGE WIND SPEED    13.1


SKY COVER
  POSSIBLE SUNSHINE  MM
  AVERAGE SKY COVER 0.3


WEATHER CONDITIONS
 THE FOLLOWING WEATHER WAS RECORDED YESTERDAY.
  NO SIGNIFICANT WEATHER WAS OBSERVED.


RELATIVE HUMIDITY (PERCENT)
 HIGHEST    79          1000 PM
 LOWEST     46          1200 PM
 AVERAGE    63

..........................................................


THE KAHULUI HI CLIMATE NORMALS FOR TODAY
                         NORMAL    RECORD    YEAR
 MAXIMUM TEMPERATURE (F)   81        89      1961
 MINIMUM TEMPERATURE (F)   63        54      2008


SUNRISE AND SUNSET
FEBRUARY 26 2015......SUNRISE   648 AM HST   SUNSET   629 PM HST
FEBRUARY 27 2015......SUNRISE   648 AM HST   SUNSET   630 PM HST


-  INDICATES NEGATIVE NUMBERS.
R  INDICATES RECORD WAS SET OR TIED.
MM INDICATES DATA IS MISSING.
T  INDICATES TRACE AMOUNT.




$$
