000
CDHW42 PHFO 030324
CLIOGG


CLIMATE REPORT
NATIONAL WEATHER SERVICE HONOLULU HI
514 PM HST TUE JUN 2 2015


...................................

...THE KAHULUI HI CLIMATE SUMMARY FOR JUNE 2 2015...
VALID TODAY AS OF 0500 PM LOCAL TIME.

CLIMATE NORMAL PERIOD 1981 TO 2010
CLIMATE RECORD PERIOD 1946 TO 2015


WEATHER ITEM   OBSERVED TIME   RECORD YEAR NORMAL DEPARTURE LAST
                VALUE   (LST)  VALUE       VALUE  FROM      YEAR
                                                  NORMAL
..................................................................
TEMPERATURE (F)
 TODAY
  MAXIMUM         83   1209 PM  91    2014  86     -3       91
                                      1992
                                      1951
  MINIMUM         72    530 AM  58    1985  69      3       65
  AVERAGE         78                        77      1       78

PRECIPITATION (IN)
  TODAY            0.00          0.04 1960   0.00   0.00     0.00
  MONTH TO DATE    0.01                      0.01   0.00      T
  SINCE JUN 1      0.01                      0.01   0.00      T
  SINCE JAN 1     18.97                      9.51   9.46    13.96

SNOWFALL (IN)
  TODAY            0.0
  MONTH TO DATE    0.0
  SINCE JUN 1      0.0
  SINCE JUL 1      0.0
  SNOW DEPTH       0

DEGREE DAYS
 HEATING
  TODAY            0                         0      0        0
  MONTH TO DATE    0                         0      0        0
  SINCE JUN 1      0                         0      0        0
  SINCE JUL 1      0                         0      0        0

 COOLING
  TODAY           13                        12      1       13
  MONTH TO DATE   25                        24      1       25
  SINCE JUN 1     25                        24      1       25
  SINCE JAN 1   1352                      1283     69     1521
..................................................................


WIND (MPH)
  HIGHEST WIND SPEED    25   HIGHEST WIND DIRECTION    NE (40)
  HIGHEST GUST SPEED    29   HIGHEST GUST DIRECTION    NE (40)
  AVERAGE WIND SPEED    15.0


SKY COVER
  POSSIBLE SUNSHINE  MM
  AVERAGE SKY COVER 0.6


WEATHER CONDITIONS
 THE FOLLOWING WEATHER WAS RECORDED TODAY.
  NO SIGNIFICANT WEATHER WAS OBSERVED.


RELATIVE HUMIDITY (PERCENT)
 HIGHEST    84           200 AM
 LOWEST     62           100 PM
 AVERAGE    73

..........................................................


THE KAHULUI HI CLIMATE NORMALS FOR TOMORROW
                         NORMAL    RECORD    YEAR
 MAXIMUM TEMPERATURE (F)   86        92      1953
 MINIMUM TEMPERATURE (F)   69        59      1985


SUNRISE AND SUNSET
JUNE  2 2015..........SUNRISE   544 AM HST   SUNSET   704 PM HST
JUNE  3 2015..........SUNRISE   544 AM HST   SUNSET   704 PM HST


-  INDICATES NEGATIVE NUMBERS.
R  INDICATES RECORD WAS SET OR TIED.
MM INDICATES DATA IS MISSING.
T  INDICATES TRACE AMOUNT.




$$
