000
CDHW42 PHFO 261245
CLIOGG


CLIMATE REPORT
NATIONAL WEATHER SERVICE HONOLULU HI
245 AM HST SAT JUL 26 2014


...................................

...THE KAHULUI HI CLIMATE SUMMARY FOR JULY 25 2014...

CLIMATE NORMAL PERIOD 1981 TO 2010
CLIMATE RECORD PERIOD 1946 TO 2014


WEATHER ITEM   OBSERVED TIME   RECORD YEAR NORMAL DEPARTURE LAST
                VALUE   (LST)  VALUE       VALUE  FROM      YEAR
                                                  NORMAL
..................................................................
TEMPERATURE (F)
 YESTERDAY
  MAXIMUM         89    302 PM  95    1951  87      2       88
  MINIMUM         64    449 AM  63    1952  72     -8       70
  AVERAGE         77                        80     -3       79

PRECIPITATION (IN)
  YESTERDAY        0.00          0.12 1969   0.02  -0.02     0.01
  MONTH TO DATE    0.86                      0.39   0.47     0.07
  SINCE JUN 1      1.15                      0.59   0.56     0.34
  SINCE JAN 1     15.11                     10.09   5.02     7.33

SNOWFALL (IN)
  YESTERDAY        0.0
  MONTH TO DATE    0.0
  SINCE JUN 1      0.0
  SINCE JUL 1      0.0
  SNOW DEPTH       0

DEGREE DAYS
 HEATING
  YESTERDAY        0                         0      0        0
  MONTH TO DATE    0                         0      0        0
  SINCE JUN 1      0                         0      0        0
  SINCE JUL 1      0                         0      0        0

 COOLING
  YESTERDAY       12                        14     -2       14
  MONTH TO DATE  393                       350     43      376
  SINCE JUN 1    812                       738     74      818
  SINCE JAN 1   2308                      1997    311     2202
..................................................................


WIND (MPH)
  HIGHEST WIND SPEED    25   HIGHEST WIND DIRECTION     E (70)
  HIGHEST GUST SPEED    35   HIGHEST GUST DIRECTION     E (70)
  AVERAGE WIND SPEED    13.1


SKY COVER
  POSSIBLE SUNSHINE  MM
  AVERAGE SKY COVER 0.3


WEATHER CONDITIONS
 THE FOLLOWING WEATHER WAS RECORDED YESTERDAY.
  NO SIGNIFICANT WEATHER WAS OBSERVED.


RELATIVE HUMIDITY (PERCENT)
 HIGHEST    93           500 AM
 LOWEST     46           200 PM
 AVERAGE    70

..........................................................


THE KAHULUI HI CLIMATE NORMALS FOR TODAY
                         NORMAL    RECORD    YEAR
 MAXIMUM TEMPERATURE (F)   88        92      1969
                                             1951
 MINIMUM TEMPERATURE (F)   72        62      1970


SUNRISE AND SUNSET
JULY 26 2014..........SUNRISE   558 AM HST   SUNSET   707 PM HST
JULY 27 2014..........SUNRISE   558 AM HST   SUNSET   706 PM HST


-  INDICATES NEGATIVE NUMBERS.
R  INDICATES RECORD WAS SET OR TIED.
MM INDICATES DATA IS MISSING.
T  INDICATES TRACE AMOUNT.




$$
