000
CDHW42 PHFO 050248
CLIOGG


CLIMATE REPORT
NATIONAL WEATHER SERVICE HONOLULU HI
438 PM HST THU FEB 4 2016


...................................

...THE KAHULUI HI CLIMATE SUMMARY FOR FEBRUARY 4 2016...
VALID TODAY AS OF 0400 PM LOCAL TIME.

CLIMATE NORMAL PERIOD 1981 TO 2010
CLIMATE RECORD PERIOD 1946 TO 2016


WEATHER ITEM   OBSERVED TIME   RECORD YEAR NORMAL DEPARTURE LAST
                VALUE   (LST)  VALUE       VALUE  FROM      YEAR
                                                  NORMAL
..................................................................
TEMPERATURE (F)
 TODAY
  MAXIMUM         86    107 PM  87    1950  81      5       82
  MINIMUM         61    756 AM  54    2007  63     -2       63
                                      1993
  AVERAGE         74                        72      2       73

PRECIPITATION (IN)
  TODAY            0.01          2.02 1979   0.07  -0.06     0.04
  MONTH TO DATE    0.01                      0.31  -0.30     0.48
  SINCE DEC 1      1.29                      6.53  -5.24     5.84
  SINCE JAN 1      0.56                      3.18  -2.62     1.60

SNOWFALL (IN)
  TODAY            0.0
  MONTH TO DATE    0.0
  SINCE DEC 1      0.0
  SINCE JUL 1      0.0
  SNOW DEPTH       0

DEGREE DAYS
 HEATING
  TODAY            0                         0      0        0
  MONTH TO DATE    0                         0      0        0
  SINCE DEC 1      0                         0      0        0
  SINCE JUL 1      0                         0      0        0

 COOLING
  TODAY            9                         7      2        8
  MONTH TO DATE   31                        28      3       31
  SINCE DEC 1    579                       504     75      472
  SINCE JAN 1    264                       245     19      212
..................................................................


WIND (MPH)
  HIGHEST WIND SPEED    21   HIGHEST WIND DIRECTION    NE (40)
  HIGHEST GUST SPEED    28   HIGHEST GUST DIRECTION    NE (30)
  AVERAGE WIND SPEED     7.4


SKY COVER
  POSSIBLE SUNSHINE  MM
  AVERAGE SKY COVER 0.2


WEATHER CONDITIONS
 THE FOLLOWING WEATHER WAS RECORDED TODAY.
  NO SIGNIFICANT WEATHER WAS OBSERVED.


RELATIVE HUMIDITY (PERCENT)
 HIGHEST    97           700 AM
 LOWEST     51           100 PM
 AVERAGE    74

..........................................................


THE KAHULUI HI CLIMATE NORMALS FOR TOMORROW
                         NORMAL    RECORD    YEAR
 MAXIMUM TEMPERATURE (F)   81        87      1985
                                             1953
 MINIMUM TEMPERATURE (F)   63        50      1973


SUNRISE AND SUNSET
FEBRUARY  4 2016......SUNRISE   701 AM HST   SUNSET   618 PM HST
FEBRUARY  5 2016......SUNRISE   701 AM HST   SUNSET   619 PM HST


-  INDICATES NEGATIVE NUMBERS.
R  INDICATES RECORD WAS SET OR TIED.
MM INDICATES DATA IS MISSING.
T  INDICATES TRACE AMOUNT.




$$
