000
CDHW42 PHFO 101245
CLIOGG


CLIMATE REPORT
NATIONAL WEATHER SERVICE HONOLULU HI
245 AM HST SAT DEC 10 2016


...................................

...THE KAHULUI HI CLIMATE SUMMARY FOR DECEMBER 9 2016...

CLIMATE NORMAL PERIOD 1981 TO 2010
CLIMATE RECORD PERIOD 1946 TO 2016


WEATHER ITEM   OBSERVED TIME   RECORD YEAR NORMAL DEPARTURE LAST
                VALUE   (LST)  VALUE       VALUE  FROM      YEAR
                                                  NORMAL
..................................................................
TEMPERATURE (F)
 YESTERDAY
  MAXIMUM         79    236 PM  88    2013  82     -3       83
                                      1952
  MINIMUM         72   1159 PM  58    2009  66      6       69
  AVERAGE         76                        74      2       76

PRECIPITATION (IN)
  YESTERDAY        T             3.12 1989   0.10  -0.10     0.05
  MONTH TO DATE    0.57                      0.91  -0.34     0.06
  SINCE DEC 1      0.57                      0.91  -0.34     0.06
  SINCE JAN 1     12.83                     15.39  -2.56    26.76

SNOWFALL (IN)
  YESTERDAY        0.0
  MONTH TO DATE    0.0
  SINCE DEC 1      0.0
  SINCE JUL 1      0.0
  SNOW DEPTH       0

DEGREE DAYS
 HEATING
  YESTERDAY        0                         0      0        0
  MONTH TO DATE    0                         0      0        0
  SINCE DEC 1      0                         0      0        0
  SINCE JUL 1      0                         0      0        0

 COOLING
  YESTERDAY       11                         9      2       11
  MONTH TO DATE   96                        83     13       92
  SINCE DEC 1     96                        83     13       92
  SINCE JAN 1   4304                      3790    514     4093
..................................................................


WIND (MPH)
  HIGHEST WIND SPEED    15   HIGHEST WIND DIRECTION     S (190)
  HIGHEST GUST SPEED    20   HIGHEST GUST DIRECTION     W (250)
  AVERAGE WIND SPEED     5.6


SKY COVER
  POSSIBLE SUNSHINE  MM
  AVERAGE SKY COVER 0.6


WEATHER CONDITIONS
 THE FOLLOWING WEATHER WAS RECORDED YESTERDAY.
  LIGHT RAIN
  FOG


RELATIVE HUMIDITY (PERCENT)
 HIGHEST    87           100 AM
 LOWEST     71           100 PM
 AVERAGE    79

..........................................................


THE KAHULUI HI CLIMATE NORMALS FOR TODAY
                         NORMAL    RECORD    YEAR
 MAXIMUM TEMPERATURE (F)   82        87      1995
                                             1980
                                             1949
 MINIMUM TEMPERATURE (F)   66        56      1972


SUNRISE AND SUNSET
DECEMBER 10 2016......SUNRISE   652 AM HST   SUNSET   546 PM HST
DECEMBER 11 2016......SUNRISE   653 AM HST   SUNSET   546 PM HST


-  INDICATES NEGATIVE NUMBERS.
R  INDICATES RECORD WAS SET OR TIED.
MM INDICATES DATA IS MISSING.
T  INDICATES TRACE AMOUNT.




$$
