000
CDUS43 KEAX 190637
CLIOJC


CLIMATE REPORT
NATIONAL WEATHER SERVICE KANSAS CITY/PLEASANT HILL MO
133 AM CDT THU OCT 19 2017


...................................

...THE JOHNSON COUNTY EXECUTIVE KS CLIMATE SUMMARY FOR OCTOBER 18 2017...

CLIMATE NORMAL PERIOD 1981 TO 2010
CLIMATE RECORD PERIOD 9999 TO 9999


WEATHER ITEM   OBSERVED TIME   NORMAL DEPARTURE LAST
                VALUE   (LST)  VALUE  FROM      YEAR
                                      NORMAL
......................................................
TEMPERATURE (F)
 YESTERDAY
  MAXIMUM         73    400 PM  66      7       75
  MINIMUM         48    623 AM  47      1       57
  AVERAGE         61            56      5       66

PRECIPITATION (IN)
  YESTERDAY        0.00          0.11  -0.11     0.00
  MONTH TO DATE    2.01          2.19  -0.18     1.67
  SINCE SEP 1      4.22          6.70  -2.48     5.04
  SINCE JAN 1     42.82         34.66   8.16    34.92

DEGREE DAYS
 HEATING
  YESTERDAY        4             9     -5        0
  MONTH TO DATE   73           124    -51       74
  SINCE SEP 1     87           172    -85       94
  SINCE JUL 1     90           173    -83       94

 COOLING
  YESTERDAY        0             1     -1        1
  MONTH TO DATE   43            25     18       33
  SINCE SEP 1    229           181     48      227
  SINCE JAN 1   1236          1346   -110     1446
......................................................


WIND (MPH)
  HIGHEST WIND SPEED    20   HIGHEST WIND DIRECTION     S (180)
  HIGHEST GUST SPEED    27   HIGHEST GUST DIRECTION     S (200)
  AVERAGE WIND SPEED     9.8


SKY COVER
  AVERAGE SKY COVER 0.0


WEATHER CONDITIONS
 THE FOLLOWING WEATHER WAS RECORDED YESTERDAY.
  NO SIGNIFICANT WEATHER WAS OBSERVED.


RELATIVE HUMIDITY (PERCENT)
 HIGHEST    86           200 AM
 LOWEST     41           100 PM
 AVERAGE    64

..........................................................


THE JOHNSON COUNTY EXECUTIVE KS CLIMATE NORMALS FOR TODAY
                         NORMAL
 MAXIMUM TEMPERATURE (F)   66
 MINIMUM TEMPERATURE (F)   46


SUNRISE AND SUNSET
OCTOBER 19 2017.......SUNRISE   733 AM CDT   SUNSET   634 PM CDT
OCTOBER 20 2017.......SUNRISE   734 AM CDT   SUNSET   633 PM CDT


-  INDICATES NEGATIVE NUMBERS.
R  INDICATES RECORD WAS SET OR TIED.
MM INDICATES DATA IS MISSING.
T  INDICATES TRACE AMOUNT.




$$
