000
CDUS43 KEAX 300707
CLIOJC


CLIMATE REPORT
NATIONAL WEATHER SERVICE KANSAS CITY/PLEASANT HILL MO
148 AM CDT SAT MAY 30 2015


...................................

...THE JOHNSON COUNTY EXECUTIVE KS CLIMATE SUMMARY FOR MAY 29 2015...

CLIMATE NORMAL PERIOD 1981 TO 2010
CLIMATE RECORD PERIOD 9999 TO 9999


WEATHER ITEM   OBSERVED TIME   NORMAL DEPARTURE LAST
                VALUE   (LST)  VALUE  FROM      YEAR
                                      NORMAL
......................................................
TEMPERATURE (F)
 YESTERDAY
  MAXIMUM         69    558 PM  78     -9       85
  MINIMUM         63   1150 PM  59      4       64
  AVERAGE         66            69     -3       75

PRECIPITATION (IN)
  YESTERDAY        0.54          0.17   0.37     0.15
  MONTH TO DATE   10.59          5.08   5.51     1.32
  SINCE MAR 1     14.62         11.70   2.92     7.04
  SINCE JAN 1     16.21         14.39   1.82     7.53

DEGREE DAYS
 HEATING
  YESTERDAY        0             1     -1        0
  MONTH TO DATE   78            91    -13      113
  SINCE MAR 1    835          1029   -194     1211
  SINCE JUL 1   4870          4922    -52     5692

 COOLING
  YESTERDAY        1             5     -4       10
  MONTH TO DATE   68            75     -7      128
  SINCE MAR 1     77            93    -16      133
  SINCE JAN 1     77            93    -16      133
......................................................


WIND (MPH)
  HIGHEST WIND SPEED    15   HIGHEST WIND DIRECTION     S (170)
  HIGHEST GUST SPEED    18   HIGHEST GUST DIRECTION     S (180)
  AVERAGE WIND SPEED     5.9


SKY COVER
  AVERAGE SKY COVER 0.8


WEATHER CONDITIONS
 THE FOLLOWING WEATHER WAS RECORDED YESTERDAY.
  THUNDERSTORM
  HEAVY RAIN
  RAIN
  LIGHT RAIN
  FOG


RELATIVE HUMIDITY (PERCENT)
 HIGHEST   100           100 AM
 LOWEST     84           600 PM
 AVERAGE    92

..........................................................


THE JOHNSON COUNTY EXECUTIVE KS CLIMATE NORMALS FOR TODAY
                         NORMAL
 MAXIMUM TEMPERATURE (F)   79
 MINIMUM TEMPERATURE (F)   59


SUNRISE AND SUNSET
MAY 30 2015...........SUNRISE   557 AM CDT   SUNSET   837 PM CDT
MAY 31 2015...........SUNRISE   556 AM CDT   SUNSET   837 PM CDT


-  INDICATES NEGATIVE NUMBERS.
R  INDICATES RECORD WAS SET OR TIED.
MM INDICATES DATA IS MISSING.
T  INDICATES TRACE AMOUNT.




$$
