000
CDUS43 KEAX 300632
CLIOJC


CLIMATE REPORT
NATIONAL WEATHER SERVICE KANSAS CITY/PLEASANT HILL MO
131 AM CDT TUE JUN 30 2015


...................................

...THE JOHNSON COUNTY EXECUTIVE KS CLIMATE SUMMARY FOR JUNE 29 2015...

CLIMATE NORMAL PERIOD 1981 TO 2010
CLIMATE RECORD PERIOD 9999 TO 9999


WEATHER ITEM   OBSERVED TIME   NORMAL DEPARTURE LAST
                VALUE   (LST)  VALUE  FROM      YEAR
                                      NORMAL
......................................................
TEMPERATURE (F)
 YESTERDAY
  MAXIMUM         86    301 PM  86      0       86
  MINIMUM         66    521 AM  67     -1       65
  AVERAGE         76            76      0       76

PRECIPITATION (IN)
  YESTERDAY        0.00          0.14  -0.14     0.00
  MONTH TO DATE    6.19          5.65   0.54     7.97
  SINCE JUN 1      6.19          5.65   0.54     7.97
  SINCE JAN 1     22.41         20.39   2.02    15.55

DEGREE DAYS
 HEATING
  YESTERDAY        0             0      0        0
  MONTH TO DATE    4             6     -2        1
  SINCE JUN 1      4             6     -2        1
  SINCE JUL 1   4881          4932    -51     5693

 COOLING
  YESTERDAY       11            11      0       11
  MONTH TO DATE  335           246     89      237
  SINCE JUN 1    335           246     89      237
  SINCE JAN 1    412           350     62      390
......................................................


WIND (MPH)
  HIGHEST WIND SPEED    15   HIGHEST WIND DIRECTION    NW (310)
  HIGHEST GUST SPEED    20   HIGHEST GUST DIRECTION    NW (320)
  AVERAGE WIND SPEED     5.8


SKY COVER
  AVERAGE SKY COVER 0.1


WEATHER CONDITIONS
 THE FOLLOWING WEATHER WAS RECORDED YESTERDAY.
  NO SIGNIFICANT WEATHER WAS OBSERVED.


RELATIVE HUMIDITY (PERCENT)
 HIGHEST    81           400 AM
 LOWEST     44           200 PM
 AVERAGE    63

..........................................................


THE JOHNSON COUNTY EXECUTIVE KS CLIMATE NORMALS FOR TODAY
                         NORMAL
 MAXIMUM TEMPERATURE (F)   86
 MINIMUM TEMPERATURE (F)   67


SUNRISE AND SUNSET
JUNE 30 2015..........SUNRISE   557 AM CDT   SUNSET   848 PM CDT
JULY  1 2015..........SUNRISE   557 AM CDT   SUNSET   848 PM CDT


-  INDICATES NEGATIVE NUMBERS.
R  INDICATES RECORD WAS SET OR TIED.
MM INDICATES DATA IS MISSING.
T  INDICATES TRACE AMOUNT.




$$
