000
CDUS43 KEAX 240632
CLIOJC


CLIMATE REPORT
NATIONAL WEATHER SERVICE KANSAS CITY/PLEASANT HILL MO
1231 AM CST FRI FEB 24 2017


...................................

...THE JOHNSON COUNTY EXECUTIVE KS CLIMATE SUMMARY FOR FEBRUARY 23 2017...

CLIMATE NORMAL PERIOD 1981 TO 2010
CLIMATE RECORD PERIOD 9999 TO 9999


WEATHER ITEM   OBSERVED TIME   NORMAL DEPARTURE LAST
                VALUE   (LST)  VALUE  FROM      YEAR
                                      NORMAL
......................................................
TEMPERATURE (F)
 YESTERDAY
  MAXIMUM         58    527 PM  47     11       49
  MINIMUM         47   1142 PM  27     20       34
  AVERAGE         53            37     16       42

PRECIPITATION (IN)
  YESTERDAY        T             0.06  -0.06     0.00
  MONTH TO DATE    0.02          1.27  -1.25     0.47
  SINCE DEC 1      1.81          4.03  -2.22     5.05
  SINCE JAN 1      0.91          2.39  -1.48     1.25

DEGREE DAYS
 HEATING
  YESTERDAY       12            28    -16       23
  MONTH TO DATE  465           712   -247      607
  SINCE DEC 1   2443          2805   -362     2446
  SINCE JUL 1   3025          3760   -735     3221

 COOLING
  YESTERDAY        0             0      0        0
  MONTH TO DATE    0             0      0        0
  SINCE DEC 1      0             0      0        0
  SINCE JAN 1      0             0      0        0
......................................................


WIND (MPH)
  HIGHEST WIND SPEED    22   HIGHEST WIND DIRECTION    NW (310)
  HIGHEST GUST SPEED    30   HIGHEST GUST DIRECTION     E (90)
  AVERAGE WIND SPEED    12.8


SKY COVER
  AVERAGE SKY COVER 0.2


WEATHER CONDITIONS
 THE FOLLOWING WEATHER WAS RECORDED YESTERDAY.
  THUNDERSTORM
  LIGHT RAIN
  FOG


RELATIVE HUMIDITY (PERCENT)
 HIGHEST   100          1000 PM
 LOWEST     47          1200 AM
 AVERAGE    74

..........................................................


THE JOHNSON COUNTY EXECUTIVE KS CLIMATE NORMALS FOR TODAY
                         NORMAL
 MAXIMUM TEMPERATURE (F)   48
 MINIMUM TEMPERATURE (F)   28


SUNRISE AND SUNSET
FEBRUARY 24 2017......SUNRISE   658 AM CST   SUNSET   607 PM CST
FEBRUARY 25 2017......SUNRISE   657 AM CST   SUNSET   608 PM CST


-  INDICATES NEGATIVE NUMBERS.
R  INDICATES RECORD WAS SET OR TIED.
MM INDICATES DATA IS MISSING.
T  INDICATES TRACE AMOUNT.




$$
