000
CDUS46 KSGX 140016
CLIOKB


CLIMATE REPORT
NATIONAL WEATHER SERVICE SAN DIEGO, CA
415 PM PST SAT FEB 13 2016


...................................

...THE OCEANSIDE AIRPORT CA CLIMATE SUMMARY FOR FEBRUARY 13 2016...
VALID TODAY AS OF 0400 PM LOCAL TIME.

CLIMATE NORMAL PERIOD 1981 TO 2010
CLIMATE RECORD PERIOD 1999 TO 2016


WEATHER ITEM   OBSERVED TIME   RECORD YEAR NORMAL DEPARTURE LAST
                VALUE   (LST)  VALUE       VALUE  FROM      YEAR
                                                  NORMAL
..................................................................
TEMPERATURE (F)
 TODAY
  MAXIMUM         71   1104 AM  84    2015  65      6       84
  MINIMUM         41    435 AM  31    2013  43     -2       43
                                      2004
  AVERAGE         56                        54      2       64

PRECIPITATION (IN)
  TODAY            0.00          1.78 2001   0.13  -0.13     0.00
  MONTH TO DATE    0.02                      1.11  -1.09     0.00
  SINCE OCT 1      4.80                      7.64  -2.84     4.89
  SINCE JAN 1      2.63                      3.76  -1.13     0.49

DEGREE DAYS
 HEATING
  TODAY            9                        11     -2        1
  MONTH TO DATE   97                       143    -46       81
  SINCE DEC 1    837                       898    -61      633
  SINCE JUL 1   1068                      1248   -180      767

 COOLING
  TODAY            0                         0      0        0
  MONTH TO DATE    0                         0      0        0
  SINCE DEC 1      0                         0      0        0
  SINCE JAN 1      0                         0      0        0
..................................................................


WIND (MPH)
  RESULTANT WIND SPEED   1   RESULTANT WIND DIRECTION   W (260)
  HIGHEST WIND SPEED    14   HIGHEST WIND DIRECTION     W (250)
  HIGHEST GUST SPEED    17   HIGHEST GUST DIRECTION     W (250)
  AVERAGE WIND SPEED     4.4


SKY COVER
  POSSIBLE SUNSHINE  MM
  AVERAGE SKY COVER 0.1


WEATHER CONDITIONS
 THE FOLLOWING WEATHER WAS RECORDED TODAY.
  FOG
  FOG W/VISIBILITY <= 1/4 MILE
  HAZE


RELATIVE HUMIDITY (PERCENT)
 HIGHEST    86           600 AM
 LOWEST     33          1100 AM
 AVERAGE    60

..........................................................


THE OCEANSIDE AIRPORT CA CLIMATE NORMALS FOR TOMORROW
                         NORMAL    RECORD    YEAR
 MAXIMUM TEMPERATURE (F)   65        84      2015
 MINIMUM TEMPERATURE (F)   43        33      2013


SUNRISE AND SUNSET
FEBRUARY 13 2016......SUNRISE   635 AM PST   SUNSET   532 PM PST
FEBRUARY 14 2016......SUNRISE   634 AM PST   SUNSET   533 PM PST


-  INDICATES NEGATIVE NUMBERS.
R  INDICATES RECORD WAS SET OR TIED.
MM INDICATES DATA IS MISSING.
T  INDICATES TRACE AMOUNT.




$$
