000
CDUS46 KSGX 190125
CLIOKB


CLIMATE REPORT
NATIONAL WEATHER SERVICE SAN DIEGO, CA
524 PM PST SUN FEB 18 2018


...................................

...THE OCEANSIDE AIRPORT CA CLIMATE SUMMARY FOR FEBRUARY 18 2018...
VALID TODAY AS OF 0500 PM LOCAL TIME.

CLIMATE NORMAL PERIOD 1981 TO 2010
CLIMATE RECORD PERIOD 1999 TO 2018


WEATHER ITEM   OBSERVED TIME   RECORD YEAR NORMAL DEPARTURE LAST
                VALUE   (LST)  VALUE       VALUE  FROM      YEAR
                                                  NORMAL
..................................................................
TEMPERATURE (F)
 TODAY
  MAXIMUM         68   1221 PM  72    2007  65      3       61
  MINIMUM         37    503 AM  36    2012  44     -7       53
  AVERAGE         53                        54     -1       57

PRECIPITATION (IN)
  TODAY            0.00          1.33 2005   0.14  -0.14     0.08
  MONTH TO DATE    0.02                      1.78  -1.76     2.57
  SINCE OCT 1      2.69                      8.31  -5.62    11.98
  SINCE JAN 1      2.65                      4.43  -1.78     6.83

DEGREE DAYS
 HEATING
  TODAY           12                        11      1        8
  MONTH TO DATE  148                       198    -50      132
  SINCE DEC 1    621                       953   -332      719
  SINCE JUL 1    790                      1303   -513      905

 COOLING
  TODAY            0                         0      0        0
  MONTH TO DATE    0                         0      0        0
  SINCE DEC 1      5                         0      5        0
  SINCE JAN 1      3                         0      3        0
..................................................................


WIND (MPH)
  RESULTANT WIND SPEED   2   RESULTANT WIND DIRECTION   W (250)
  HIGHEST WIND SPEED    18   HIGHEST WIND DIRECTION     W (260)
  HIGHEST GUST SPEED    24   HIGHEST GUST DIRECTION     S (160)
  AVERAGE WIND SPEED     2.8


SKY COVER
  POSSIBLE SUNSHINE  MM
  AVERAGE SKY COVER 0.1


WEATHER CONDITIONS
 THE FOLLOWING WEATHER WAS RECORDED TODAY.
  NO SIGNIFICANT WEATHER WAS OBSERVED.


RELATIVE HUMIDITY (PERCENT)
 HIGHEST    92          1200 AM
 LOWEST     48          1000 AM
 AVERAGE    70

..........................................................


THE OCEANSIDE AIRPORT CA CLIMATE NORMALS FOR TOMORROW
                         NORMAL    RECORD    YEAR
 MAXIMUM TEMPERATURE (F)   65        79      2000
 MINIMUM TEMPERATURE (F)   44        34      2009


SUNRISE AND SUNSET
FEBRUARY 18 2018......SUNRISE   630 AM PST   SUNSET   537 PM PST
FEBRUARY 19 2018......SUNRISE   629 AM PST   SUNSET   538 PM PST


-  INDICATES NEGATIVE NUMBERS.
R  INDICATES RECORD WAS SET OR TIED.
MM INDICATES DATA IS MISSING.
T  INDICATES TRACE AMOUNT.




$$
