000
CDUS46 KSGX 291418
CLIOKB


CLIMATE REPORT
NATIONAL WEATHER SERVICE SAN DIEGO, CA
618 AM PST MON DEC 29 2014


...................................

...THE OCEANSIDE AIRPORT CA CLIMATE SUMMARY FOR DECEMBER 28 2014...

CLIMATE NORMAL PERIOD 1981 TO 2010
CLIMATE RECORD PERIOD 1999 TO 2014


WEATHER ITEM   OBSERVED TIME   RECORD YEAR NORMAL DEPARTURE LAST
                VALUE   (LST)  VALUE       VALUE  FROM      YEAR
                                                  NORMAL
..................................................................
TEMPERATURE (F)
 YESTERDAY
  MAXIMUM         61    124 PM  74    1999  65     -4       72
  MINIMUM         31    642 AM  28    2011  40     -9       38
  AVERAGE         46                        52     -6       55

PRECIPITATION (IN)
  YESTERDAY        0.00          1.12 2004   0.13  -0.13     0.00
  MONTH TO DATE    2.80                      1.76   1.04     0.36
  SINCE JUL 1      3.65                      4.00  -0.35     1.60
  SINCE JAN 1      6.25                     13.27  -7.02     3.92

SNOWFALL (IN)
  YESTERDAY        0.0
  MONTH TO DATE    0.0
  SINCE JAN 1      0.0
  SINCE JUL 1      0.0
  SNOW DEPTH       0

DEGREE DAYS
 HEATING
  YESTERDAY       19                        13      6       10
  MONTH TO DATE  223                       348   -125      310
  SINCE DEC 1    223                       348   -125      310
  SINCE JUL 1    357                       698   -341      609

 COOLING
  YESTERDAY        0                         0      0        0
  MONTH TO DATE    0                         0      0        0
  SINCE DEC 1      0                         0      0        0
  SINCE JAN 1    855                       419    436      535
..................................................................


WIND (MPH)
  RESULTANT WIND SPEED   1   RESULTANT WIND DIRECTION   N (10)
  HIGHEST WIND SPEED    12   HIGHEST WIND DIRECTION    SW (240)
  HIGHEST GUST SPEED    14   HIGHEST GUST DIRECTION    NW (320)
  AVERAGE WIND SPEED     3.5


SKY COVER
  POSSIBLE SUNSHINE  MM
  AVERAGE SKY COVER 0.0


WEATHER CONDITIONS
 THE FOLLOWING WEATHER WAS RECORDED YESTERDAY.
  NO SIGNIFICANT WEATHER WAS OBSERVED.


RELATIVE HUMIDITY (PERCENT)
 HIGHEST    92          1100 PM
 LOWEST     30          1100 AM
 AVERAGE    61

..........................................................


THE OCEANSIDE AIRPORT CA CLIMATE NORMALS FOR TODAY
                         NORMAL    RECORD    YEAR
 MAXIMUM TEMPERATURE (F)   65        72      2000
 MINIMUM TEMPERATURE (F)   40        29      2000


SUNRISE AND SUNSET
DECEMBER 29 2014......SUNRISE   652 AM PST   SUNSET   451 PM PST
DECEMBER 30 2014......SUNRISE   652 AM PST   SUNSET   452 PM PST


-  INDICATES NEGATIVE NUMBERS.
R  INDICATES RECORD WAS SET OR TIED.
MM INDICATES DATA IS MISSING.
T  INDICATES TRACE AMOUNT.




$$
