709
CDUS46 KSGX 292317
CLIOKB


CLIMATE REPORT
NATIONAL WEATHER SERVICE SAN DIEGO, CA
417 PM PDT FRI APR 29 2016


...................................

...THE OCEANSIDE AIRPORT CA CLIMATE SUMMARY FOR APRIL 29 2016...
VALID TODAY AS OF 0400 PM LOCAL TIME.

CLIMATE NORMAL PERIOD 1981 TO 2010
CLIMATE RECORD PERIOD 1999 TO 2016


WEATHER ITEM   OBSERVED TIME   RECORD YEAR NORMAL DEPARTURE LAST
                VALUE   (LST)  VALUE       VALUE  FROM      YEAR
                                                  NORMAL
..................................................................
TEMPERATURE (F)
 TODAY
  MAXIMUM         68   1257 PM  95    2014  69     -1       87
  MINIMUM         49    443 AM  42    2002  51     -2       48
  AVERAGE         59                        60     -1       68

PRECIPITATION (IN)
  TODAY            0.00          0.01 2005   0.01  -0.01     0.00
  MONTH TO DATE    0.46                      0.95  -0.49     0.04
  SINCE OCT 1      6.58                     12.76  -6.18     5.92
  SINCE JAN 1      4.41                      8.88  -4.47     1.52

DEGREE DAYS
 HEATING
  TODAY            6                         5      1        0
  MONTH TO DATE  137                       191    -54      125
  SINCE MAR 1    358                       481   -123      249
  SINCE JUL 1   1526                      1889   -363     1123

 COOLING
  TODAY            0                         0      0        3
  MONTH TO DATE    4                         0      4        3
  SINCE MAR 1      4                         1      3       34
  SINCE JAN 1     10                         1      9       34
..................................................................


WIND (MPH)
  RESULTANT WIND SPEED   3   RESULTANT WIND DIRECTION  SW (240)
  HIGHEST WIND SPEED    16   HIGHEST WIND DIRECTION    SW (240)
  HIGHEST GUST SPEED    21   HIGHEST GUST DIRECTION     W (260)
  AVERAGE WIND SPEED     6.5


SKY COVER
  POSSIBLE SUNSHINE  MM
  AVERAGE SKY COVER 0.7


WEATHER CONDITIONS
 THE FOLLOWING WEATHER WAS RECORDED TODAY.
  NO SIGNIFICANT WEATHER WAS OBSERVED.


RELATIVE HUMIDITY (PERCENT)
 HIGHEST    83           300 AM
 LOWEST     52          1100 AM
 AVERAGE    68

..........................................................


THE OCEANSIDE AIRPORT CA CLIMATE NORMALS FOR TOMORROW
                         NORMAL    RECORD    YEAR
 MAXIMUM TEMPERATURE (F)   69        96      2014
 MINIMUM TEMPERATURE (F)   51        43      2010


SUNRISE AND SUNSET
APRIL 29 2016.........SUNRISE   603 AM PDT   SUNSET   731 PM PDT
APRIL 30 2016.........SUNRISE   602 AM PDT   SUNSET   732 PM PDT


-  INDICATES NEGATIVE NUMBERS.
R  INDICATES RECORD WAS SET OR TIED.
MM INDICATES DATA IS MISSING.
T  INDICATES TRACE AMOUNT.




$$
