000
CDUS46 KSGX 291150
CLIOKB


CLIMATE REPORT
NATIONAL WEATHER SERVICE SAN DIEGO, CA
450 AM PDT SAT JUL 29 2017


...................................

...THE OCEANSIDE AIRPORT CA CLIMATE SUMMARY FOR JULY 28 2017...

CLIMATE NORMAL PERIOD 1981 TO 2010
CLIMATE RECORD PERIOD 1999 TO 2017


WEATHER ITEM   OBSERVED TIME   RECORD YEAR NORMAL DEPARTURE LAST
                VALUE   (LST)  VALUE       VALUE  FROM      YEAR
                                                  NORMAL
..................................................................
TEMPERATURE (F)
 YESTERDAY
  MAXIMUM         78   1052 AM  86    2014  77      1       82
  MINIMUM         65   1213 AM  56    2002  62      3       65
  AVERAGE         72                        69      3       74

PRECIPITATION (IN)
  YESTERDAY        0.00          0.00 2006   0.00   0.00     0.00
  MONTH TO DATE    0.00                      0.11  -0.11     0.00
  SINCE OCT 1     14.97                     13.26   1.71     7.12
  SINCE JAN 1      9.82                      9.38   0.44     4.95

DEGREE DAYS
 HEATING
  YESTERDAY        0                         0      0        0
  MONTH TO DATE    0                         0      0        0
  SINCE JUN 1     14                        27    -13        2
  SINCE JUL 1      0                         0      0        0

 COOLING
  YESTERDAY        7                         4      3        9
  MONTH TO DATE  207                       101    106      165
  SINCE JUN 1    257                       139    118      245
  SINCE JAN 1    274                       149    125      265
..................................................................


WIND (MPH)
  RESULTANT WIND SPEED   4   RESULTANT WIND DIRECTION   W (250)
  HIGHEST WIND SPEED    15   HIGHEST WIND DIRECTION     W (260)
  HIGHEST GUST SPEED    19   HIGHEST GUST DIRECTION    SW (240)
  AVERAGE WIND SPEED     4.5


SKY COVER
  POSSIBLE SUNSHINE  MM
  AVERAGE SKY COVER 1.0


WEATHER CONDITIONS
 THE FOLLOWING WEATHER WAS RECORDED YESTERDAY.
  FOG
  HAZE


RELATIVE HUMIDITY (PERCENT)
 HIGHEST    93           100 AM
 LOWEST     67          1100 AM
 AVERAGE    80

..........................................................


THE OCEANSIDE AIRPORT CA CLIMATE NORMALS FOR TODAY
                         NORMAL    RECORD    YEAR
 MAXIMUM TEMPERATURE (F)   77        84      2014
 MINIMUM TEMPERATURE (F)   62        54      2002


SUNRISE AND SUNSET
JULY 29 2017..........SUNRISE   601 AM PDT   SUNSET   751 PM PDT
JULY 30 2017..........SUNRISE   601 AM PDT   SUNSET   750 PM PDT


-  INDICATES NEGATIVE NUMBERS.
R  INDICATES RECORD WAS SET OR TIED.
MM INDICATES DATA IS MISSING.
T  INDICATES TRACE AMOUNT.




$$
