000
CDUS44 KOUN 200637
CLIOKC

CLIMATE REPORT
NATIONAL WEATHER SERVICE NORMAN OK
1236 AM CST MON NOV 20 2017

...................................

...THE OKLAHOMA CITY CLIMATE SUMMARY FOR NOVEMBER 19 2017...

CLIMATE NORMAL PERIOD 1981 TO 2010
CLIMATE RECORD PERIOD 1890 TO 2017


WEATHER ITEM   OBSERVED TIME   RECORD YEAR NORMAL DEPARTURE LAST
                VALUE   (LST)  VALUE       VALUE  FROM      YEAR
                                                  NORMAL
..................................................................
TEMPERATURE (F)
 YESTERDAY
  MAXIMUM         59    400 PM  82    1898  60     -1       51
  MINIMUM         29    750 AM  18    1937  39    -10       29
  AVERAGE         44                        49     -5       40

PRECIPITATION (IN)
  YESTERDAY        0.00          4.46 1899   0.06  -0.06     0.00
  MONTH TO DATE    0.07                      1.37  -1.30     0.48
  SINCE SEP 1      9.83                      9.14   0.69     5.55
  SINCE JAN 1     33.04                     34.03  -0.99    25.46

SNOWFALL (IN)
  YESTERDAY        0.0

DEGREE DAYS
 HEATING
  YESTERDAY       21                        16      5       25
  MONTH TO DATE  225                       231     -6      118
  SINCE SEP 1    406                       395     11      164
  SINCE JUL 1    406                       395     11      164

 COOLING
  YESTERDAY        0                         0      0        0
  MONTH TO DATE    5                         7     -2       23
  SINCE SEP 1    345                       362    -17      488
  SINCE JAN 1   1916                      2099   -183     2214
..................................................................


WIND (MPH)
  HIGHEST WIND SPEED    14   HIGHEST WIND DIRECTION    SW (230)
  HIGHEST GUST SPEED    18   HIGHEST GUST DIRECTION    SW (220)
  AVERAGE WIND SPEED     6.9


SKY COVER
  AVERAGE SKY COVER 0.1


WEATHER CONDITIONS
 THE FOLLOWING WEATHER WAS RECORDED YESTERDAY.
  NO SIGNIFICANT WEATHER WAS OBSERVED.


RELATIVE HUMIDITY (PERCENT)
 HIGHEST    85           800 AM
 LOWEST     23           200 PM
 AVERAGE    54

..........................................................


THE OKLAHOMA CITY CLIMATE NORMALS FOR TODAY
                         NORMAL    RECORD    YEAR
 MAXIMUM TEMPERATURE (F)   59        82      2007
 MINIMUM TEMPERATURE (F)   38        19      1937


SUNRISE AND SUNSET
NOVEMBER 20 2017......SUNRISE   711 AM CST   SUNSET   521 PM CST
NOVEMBER 21 2017......SUNRISE   712 AM CST   SUNSET   521 PM CST


-  INDICATES NEGATIVE NUMBERS.
R  INDICATES RECORD WAS SET OR TIED.
MM INDICATES DATA IS MISSING.
T  INDICATES TRACE AMOUNT.

$$
