000
CDUS44 KOUN 250629
CLIOKC

CLIMATE REPORT
NATIONAL WEATHER SERVICE NORMAN OK
128 AM CDT THU MAY 25 2017


...................................

...THE OKLAHOMA CITY CLIMATE SUMMARY FOR MAY 24 2017...

CLIMATE NORMAL PERIOD 1981 TO 2010
CLIMATE RECORD PERIOD 1890 TO 2017


WEATHER ITEM   OBSERVED TIME   RECORD YEAR NORMAL DEPARTURE LAST
                VALUE   (LST)  VALUE       VALUE  FROM      YEAR
                                                  NORMAL
..................................................................
TEMPERATURE (F)
 YESTERDAY
  MAXIMUM         74    514 PM  98    2000  82     -8       87
  MINIMUM         48    522 AM  42    1935  62    -14       70
  AVERAGE         61                        72    -11       79

PRECIPITATION (IN)
  YESTERDAY        0.00          4.06 1903   0.16  -0.16      T
  MONTH TO DATE    1.10                      3.53  -2.43     1.98
  SINCE MAR 1      9.97                      9.66   0.31    10.31
  SINCE JAN 1     14.66                     12.63   2.03    11.77

SNOWFALL (IN)
  YESTERDAY        0.0           0.0  2002   0.0    0.0      0.0
  MONTH TO DATE    0.0                       0.0    0.0      0.0
  SINCE MAR 1      T                         0.9   -0.9       T
  SINCE JUL 1      2.1                       7.6   -5.5      1.2
  SNOW DEPTH       0

DEGREE DAYS
 HEATING
  YESTERDAY        4                         0      4        0
  MONTH TO DATE   49                        31     18       60
  SINCE MAR 1    481                       613   -132      460
  SINCE JUL 1   2701                      3363   -662     2817

 COOLING
  YESTERDAY        0                         8     -8       14
  MONTH TO DATE   60                       124    -64       69
  SINCE MAR 1    151                       189    -38      107
  SINCE JAN 1    160                       190    -30      111
..................................................................


WIND (MPH)
  HIGHEST WIND SPEED    22   HIGHEST WIND DIRECTION     N (340)
  HIGHEST GUST SPEED    27   HIGHEST GUST DIRECTION     N (340)
  AVERAGE WIND SPEED    11.5


SKY COVER
  AVERAGE SKY COVER 0.1


WEATHER CONDITIONS
 THE FOLLOWING WEATHER WAS RECORDED YESTERDAY.
  NO SIGNIFICANT WEATHER WAS OBSERVED.


RELATIVE HUMIDITY (PERCENT)
 HIGHEST    86           500 AM
 LOWEST     33           400 PM
 AVERAGE    60

..........................................................


THE OKLAHOMA CITY CLIMATE NORMALS FOR TODAY
                         NORMAL    RECORD    YEAR
 MAXIMUM TEMPERATURE (F)   82        96      2006
 MINIMUM TEMPERATURE (F)   62        45      2001


SUNRISE AND SUNSET
MAY 25 2017...........SUNRISE   619 AM CDT   SUNSET   836 PM CDT
MAY 26 2017...........SUNRISE   619 AM CDT   SUNSET   836 PM CDT


-  INDICATES NEGATIVE NUMBERS.
R  INDICATES RECORD WAS SET OR TIED.
MM INDICATES DATA IS MISSING.
T  INDICATES TRACE AMOUNT.




$$
