000
CDUS44 KOUN 040727
CLIOKC

CLIMATE REPORT
NATIONAL WEATHER SERVICE NORMAN OK
127 AM CST SUN DEC 4 2016


...................................

...THE OKLAHOMA CITY CLIMATE SUMMARY FOR DECEMBER 3 2016...

CLIMATE NORMAL PERIOD 1981 TO 2010
CLIMATE RECORD PERIOD 1890 TO 2016


WEATHER ITEM   OBSERVED TIME   RECORD YEAR NORMAL DEPARTURE LAST
                VALUE   (LST)  VALUE       VALUE  FROM      YEAR
                                                  NORMAL
..................................................................
TEMPERATURE (F)
 YESTERDAY
  MAXIMUM         47    238 AM  79    2012  54     -7       61
  MINIMUM         44   1159 PM   6    1897  33     11       31
  AVERAGE         46                        43      3       46

PRECIPITATION (IN)
  YESTERDAY        0.33          1.39 1947   0.06   0.27     0.00
  MONTH TO DATE    0.53                      0.19   0.34     0.00
  SINCE JAN 1     26.03                     34.83  -8.80    51.99

SNOWFALL (IN)
  YESTERDAY        0.0           1.2  1902   0.0    0.0      0.0
  MONTH TO DATE    0.0                       0.1   -0.1      0.0
  SINCE JUL 1      T                         0.5   -0.5       T
  SNOW DEPTH       0

DEGREE DAYS
 HEATING
  YESTERDAY       19                        22     -3       19
  MONTH TO DATE   59                        64     -5       69
  SINCE JUL 1    382                       663   -281      554
..................................................................


WIND (MPH)
  HIGHEST WIND SPEED    16   HIGHEST WIND DIRECTION     E (110)
  HIGHEST GUST SPEED    20   HIGHEST GUST DIRECTION     E (110)
  AVERAGE WIND SPEED     7.4


SKY COVER
  AVERAGE SKY COVER 0.8


WEATHER CONDITIONS
 THE FOLLOWING WEATHER WAS RECORDED YESTERDAY.
  LIGHT RAIN
  FOG


RELATIVE HUMIDITY (PERCENT)
 HIGHEST   100           700 AM
 LOWEST     89          1000 AM
 AVERAGE    95

..........................................................


THE OKLAHOMA CITY CLIMATE NORMALS FOR TODAY
                         NORMAL    RECORD    YEAR
 MAXIMUM TEMPERATURE (F)   53        75      1954
 MINIMUM TEMPERATURE (F)   33         6      1897


SUNRISE AND SUNSET
DECEMBER  4 2016......SUNRISE   724 AM CST   SUNSET   518 PM CST
DECEMBER  5 2016......SUNRISE   725 AM CST   SUNSET   518 PM CST


-  INDICATES NEGATIVE NUMBERS.
R  INDICATES RECORD WAS SET OR TIED.
MM INDICATES DATA IS MISSING.
T  INDICATES TRACE AMOUNT.




$$
