141
CDUS44 KOUN 170649
CLIOKC

OUNCLIOKC 000
TTAA00 KOUN 170635


CLIMATE REPORT
NATIONAL WEATHER SERVICE NORMAN OK
1235 AM CST WED JAN 17 2018


...................................

...THE OKLAHOMA CITY CLIMATE SUMMARY FOR JANUARY 16 2018...

CLIMATE NORMAL PERIOD 1981 TO 2010
CLIMATE RECORD PERIOD 1890 TO 2018


WEATHER ITEM   OBSERVED TIME   RECORD YEAR NORMAL DEPARTURE LAST
                VALUE   (LST)  VALUE       VALUE  FROM      YEAR
                                                  NORMAL
..................................................................
TEMPERATURE (F)
 YESTERDAY
  MAXIMUM         20    338 PM  76    1894  50    -30       50
  MINIMUM          3   1159 PM   0    1930  29    -26       36
  AVERAGE         12                        39    -27       43

PRECIPITATION (IN)
  YESTERDAY        0.00          0.70 1990   0.05  -0.05     0.04
  MONTH TO DATE    0.19                      0.64  -0.45     1.55
  SINCE DEC 1      0.87                      2.52  -1.65     2.34
  SINCE JAN 1      0.19                      0.64  -0.45     1.55

SNOWFALL (IN)
  YESTERDAY        0.0           2.2  1960   0.1   -0.1      0.0
  MONTH TO DATE    0.0                       1.4   -1.4      1.7
  SINCE DEC 1      0.1                       3.5   -3.4      2.1
  SINCE JUL 1      0.1                       3.9   -3.8      2.1
  SNOW DEPTH       0

DEGREE DAYS
 HEATING
  YESTERDAY       53                        26     27       22
  MONTH TO DATE  534                       416    118      454
  SINCE DEC 1   1307                      1172    135     1237
  SINCE JUL 1   1857                      1771     86     1560

 COOLING
  YESTERDAY        0                         0      0        0
  MONTH TO DATE    0                         0      0        0
  SINCE DEC 1      0                         0      0        0
  SINCE JAN 1      0                         0      0        0
..................................................................


WIND (MPH)
  HIGHEST WIND SPEED    32   HIGHEST WIND DIRECTION     N (350)
  HIGHEST GUST SPEED    40   HIGHEST GUST DIRECTION     N (350)
  AVERAGE WIND SPEED    13.2


SKY COVER
  AVERAGE SKY COVER 0.2


WEATHER CONDITIONS
 THE FOLLOWING WEATHER WAS RECORDED YESTERDAY.
  NO SIGNIFICANT WEATHER WAS OBSERVED.


RELATIVE HUMIDITY (PERCENT)
 HIGHEST    69           800 AM
 LOWEST     35           300 PM
 AVERAGE    52

..........................................................


THE OKLAHOMA CITY CLIMATE NORMALS FOR TODAY
                         NORMAL    RECORD    YEAR
 MAXIMUM TEMPERATURE (F)   50        73      1894
 MINIMUM TEMPERATURE (F)   29        -9      1930


SUNRISE AND SUNSET
JANUARY 17 2018.......SUNRISE   738 AM CST   SUNSET   543 PM CST
JANUARY 18 2018.......SUNRISE   738 AM CST   SUNSET   544 PM CST


-  INDICATES NEGATIVE NUMBERS.
R  INDICATES RECORD WAS SET OR TIED.
MM INDICATES DATA IS MISSING.
T  INDICATES TRACE AMOUNT.




$$
