000
CDUS45 KGGW 260530
CLIOLF


CLIMATE REPORT
NATIONAL WEATHER SERVICE GLASGOW MT
1017 PM MST TUE NOV 25 2014


...................................

...THE WOLF POINT MT CLIMATE SUMMARY FOR NOVEMBER 25 2014...
VALID TODAY AS OF 0500 PM LOCAL TIME.

CLIMATE NORMAL PERIOD 1981 TO 2010
CLIMATE RECORD PERIOD 9999 TO 9999


WEATHER ITEM   OBSERVED RECORD YEAR NORMAL DEPARTURE
                VALUE   VALUE       VALUE  FROM
                                           NORMAL
........................................................
TEMPERATURE (F)
 TODAY
  MAXIMUM         41     MM      MM  35
  MINIMUM         18     MM      MM  10
  AVERAGE         30

PRECIPITATION (IN)
  TODAY            0.03  MM      MM   0.01   0.02
  MONTH TO DATE    0.10               0.34  -0.24
  SINCE OCT 1      0.37               1.15  -0.78
  SINCE JAN 1     13.15              11.83   1.32

SNOWFALL (IN)
  TODAY           MM     MM      MM  MM
  MONTH TO DATE    0.0               MM
  SINCE SEP 1      0.0               MM
  SINCE JUL 1      0.0               MM

DEGREE DAYS
 HEATING
  TODAY           35

 COOLING
  TODAY            0
........................................................







THE WOLF POINT MT CLIMATE NORMALS FOR TOMORROW
                         NORMAL    RECORD    YEAR
 MAXIMUM TEMPERATURE (F)   34        MM        MM
 MINIMUM TEMPERATURE (F)   10        MM        MM


SUNRISE AND SUNSET
NOVEMBER 25 2014......SUNRISE   724 AM MST   SUNSET   415 PM MST
NOVEMBER 26 2014......SUNRISE   725 AM MST   SUNSET   414 PM MST


-  INDICATES NEGATIVE NUMBERS.
R  INDICATES RECORD WAS SET OR TIED.
MM INDICATES DATA IS MISSING.
T  INDICATES TRACE AMOUNT.




$$
