000
CDUS46 KSEW 230830
CLIOLM


CLIMATE REPORT
NATIONAL WEATHER SERVICE SEATTLE WA
1230 AM PST THU FEB 23 2017


...................................

...THE OLYMPIA WA AIRPORT CLIMATE SUMMARY FOR FEBRUARY 22 2017...

CLIMATE NORMAL PERIOD 1981 TO 2010
CLIMATE RECORD PERIOD 1948 TO 2017


WEATHER ITEM   OBSERVED TIME   RECORD YEAR NORMAL DEPARTURE LAST
                VALUE   (LST)  VALUE       VALUE  FROM      YEAR
                                                  NORMAL
..................................................................
TEMPERATURE (F)
 YESTERDAY
  MAXIMUM         48    205 PM  64    1973  50     -2       52
  MINIMUM         28    757 AM  21    2010  33     -5       30
                                      2005
                                      1973
  AVERAGE         38                        42     -4       41

PRECIPITATION (IN)
  YESTERDAY        0.00          1.31 2013   0.18  -0.18     0.18
  MONTH TO DATE    8.38                      4.20   4.18     5.63
  SINCE OCT 1     40.30                     32.73   7.57    47.10
  SINCE JAN 1     12.20                     12.04   0.16    14.10

DEGREE DAYS
 HEATING
  YESTERDAY       27                        24      3       24
  MONTH TO DATE  540                       529     11      447
  SINCE DEC 1   2368                      2135    233     1953
  SINCE JUL 1   3565                      3580    -15     3229

 COOLING
  YESTERDAY        0                         0      0        0
  MONTH TO DATE    0                         0      0        0
  SINCE DEC 1      0                         0      0        0
  SINCE JAN 1      0                         0      0        0
..................................................................


WIND (MPH)
  RESULTANT WIND SPEED   2   RESULTANT WIND DIRECTION  NW (300)
  HIGHEST WIND SPEED    10   HIGHEST WIND DIRECTION     N (350)
  HIGHEST GUST SPEED    17   HIGHEST GUST DIRECTION    SW (210)
  AVERAGE WIND SPEED     4.1


SKY COVER
  AVERAGE SKY COVER 0.3


WEATHER CONDITIONS
 THE FOLLOWING WEATHER WAS RECORDED YESTERDAY.
  FOG
  TORNADO


RELATIVE HUMIDITY (PERCENT)
 HIGHEST   100           300 AM
 LOWEST     60           100 PM
 AVERAGE    80

..........................................................


THE OLYMPIA WA AIRPORT CLIMATE NORMALS FOR TODAY
                         NORMAL    RECORD    YEAR
 MAXIMUM TEMPERATURE (F)   50        64      1995
 MINIMUM TEMPERATURE (F)   33        20      2005


SUNRISE AND SUNSET
FEBRUARY 23 2017......SUNRISE   702 AM PST   SUNSET   549 PM PST
FEBRUARY 24 2017......SUNRISE   700 AM PST   SUNSET   550 PM PST


-  INDICATES NEGATIVE NUMBERS.
R  INDICATES RECORD WAS SET OR TIED.
MM INDICATES DATA IS MISSING.
T  INDICATES TRACE AMOUNT.




$$
