000
CDUS46 KSEW 190828
CLIOLM


CLIMATE REPORT
NATIONAL WEATHER SERVICE SEATTLE WA
127 AM PDT FRI SEP 19 2014


...................................

...THE OLYMPIA WA AIRPORT CLIMATE SUMMARY FOR SEPTEMBER 18 2014...

CLIMATE NORMAL PERIOD 1981 TO 2010
CLIMATE RECORD PERIOD 1948 TO 2014


WEATHER ITEM   OBSERVED TIME   RECORD YEAR NORMAL DEPARTURE LAST
                VALUE   (LST)  VALUE       VALUE  FROM      YEAR
                                                  NORMAL
..................................................................
TEMPERATURE (F)
 YESTERDAY
  MAXIMUM         68    439 PM  86    1991  71     -3       69
  MINIMUM         59    520 AM  31    1965  46     13       47
  AVERAGE         64                        58      6       58

PRECIPITATION (IN)
  YESTERDAY        0.00          0.85 2010   0.05  -0.05     0.00
  MONTH TO DATE    0.13                      0.92  -0.79     2.29
  SINCE OCT 1     41.38                     49.21  -7.83    52.51
  SINCE JAN 1     32.54                     28.52   4.02    25.55

DEGREE DAYS
 HEATING
  YESTERDAY        1                         7     -6        7
  MONTH TO DATE   64                        88    -24       24
  SINCE SEP 1     64                        88    -24       24
  SINCE JUL 1    117                       238   -121      101

 COOLING
  YESTERDAY        0                         0      0        0
  MONTH TO DATE    4                         4      0       26
  SINCE SEP 1      4                         4      0       26
  SINCE JAN 1    185                       103     82      147
..................................................................


WIND (MPH)
  RESULTANT WIND SPEED   5   RESULTANT WIND DIRECTION  SW (230)
  HIGHEST WIND SPEED    15   HIGHEST WIND DIRECTION    SW (240)
  HIGHEST GUST SPEED    19   HIGHEST GUST DIRECTION    SW (240)
  AVERAGE WIND SPEED     5.6


SKY COVER
  AVERAGE SKY COVER 0.9


WEATHER CONDITIONS
 THE FOLLOWING WEATHER WAS RECORDED YESTERDAY.
  FOG


RELATIVE HUMIDITY (PERCENT)
 HIGHEST   100           400 AM
 LOWEST     68           400 PM
 AVERAGE    84

..........................................................


THE OLYMPIA WA AIRPORT CLIMATE NORMALS FOR TODAY
                         NORMAL    RECORD    YEAR
 MAXIMUM TEMPERATURE (F)   71        86      1999
 MINIMUM TEMPERATURE (F)   45        30      1983


SUNRISE AND SUNSET
SEPTEMBER 19 2014.....SUNRISE   655 AM PDT   SUNSET   715 PM PDT
SEPTEMBER 20 2014.....SUNRISE   656 AM PDT   SUNSET   713 PM PDT


-  INDICATES NEGATIVE NUMBERS.
R  INDICATES RECORD WAS SET OR TIED.
MM INDICATES DATA IS MISSING.
T  INDICATES TRACE AMOUNT.




$$
