000
CDUS46 KSEW 220833
CLIOLM


CLIMATE REPORT
NATIONAL WEATHER SERVICE SEATTLE WA
1232 AM PST SUN JAN 22 2017


...................................

...THE OLYMPIA WA AIRPORT CLIMATE SUMMARY FOR JANUARY 21 2017...

CLIMATE NORMAL PERIOD 1981 TO 2010
CLIMATE RECORD PERIOD 1948 TO 2017


WEATHER ITEM   OBSERVED TIME   RECORD YEAR NORMAL DEPARTURE LAST
                VALUE   (LST)  VALUE       VALUE  FROM      YEAR
                                                  NORMAL
..................................................................
TEMPERATURE (F)
 YESTERDAY
  MAXIMUM         48    227 PM  57    2005  47      1       53
  MINIMUM         32    428 AM   4    1962  34     -2       43
  AVERAGE         40                        40      0       48

PRECIPITATION (IN)
  YESTERDAY        0.15          1.75 2016   0.26  -0.11     1.73
  MONTH TO DATE    3.74                      5.49  -1.75     5.48
  SINCE OCT 1     31.84                     26.18   5.66    38.48
  SINCE JAN 1      3.74                      5.49  -1.75     5.48

DEGREE DAYS
 HEATING
  YESTERDAY       25                        25      0       17
  MONTH TO DATE  654                       535    119      558
  SINCE DEC 1   1566                      1360    206     1307
  SINCE JUL 1   2763                      2805    -42     2583

 COOLING
  YESTERDAY        0                         0      0        0
  MONTH TO DATE    0                         0      0        0
  SINCE DEC 1      0                         0      0        0
  SINCE JAN 1      0                         0      0        0
..................................................................


WIND (MPH)
  RESULTANT WIND SPEED   0   RESULTANT WIND DIRECTION   E (100)
  HIGHEST WIND SPEED    12   HIGHEST WIND DIRECTION     S (170)
  HIGHEST GUST SPEED    15   HIGHEST GUST DIRECTION     S (180)
  AVERAGE WIND SPEED     1.6


SKY COVER
  AVERAGE SKY COVER 0.9


WEATHER CONDITIONS
 THE FOLLOWING WEATHER WAS RECORDED YESTERDAY.
  RAIN
  LIGHT RAIN
  FOG
  FOG W/VISIBILITY <= 1/4 MILE


RELATIVE HUMIDITY (PERCENT)
 HIGHEST   100          1200 AM
 LOWEST     80           100 PM
 AVERAGE    90

..........................................................


THE OLYMPIA WA AIRPORT CLIMATE NORMALS FOR TODAY
                         NORMAL    RECORD    YEAR
 MAXIMUM TEMPERATURE (F)   47        56      1995
 MINIMUM TEMPERATURE (F)   34         6      1969


SUNRISE AND SUNSET
JANUARY 22 2017.......SUNRISE   747 AM PST   SUNSET   500 PM PST
JANUARY 23 2017.......SUNRISE   746 AM PST   SUNSET   502 PM PST


-  INDICATES NEGATIVE NUMBERS.
R  INDICATES RECORD WAS SET OR TIED.
MM INDICATES DATA IS MISSING.
T  INDICATES TRACE AMOUNT.




$$
