000
CDUS46 KSEW 200831
CLIOLM


CLIMATE REPORT
NATIONAL WEATHER SERVICE SEATTLE WA
1231 AM PST SAT JAN 20 2018


...................................

...THE OLYMPIA WA AIRPORT CLIMATE SUMMARY FOR JANUARY 19 2018...

CLIMATE NORMAL PERIOD 1981 TO 2010
CLIMATE RECORD PERIOD 1948 TO 2018


WEATHER ITEM   OBSERVED TIME   RECORD YEAR NORMAL DEPARTURE LAST
                VALUE   (LST)  VALUE       VALUE  FROM      YEAR
                                                  NORMAL
..................................................................
TEMPERATURE (F)
 YESTERDAY
  MAXIMUM         46    340 PM  64    2005  46      0       47
  MINIMUM         41   1159 PM  15    1984  34      7       34
  AVERAGE         44                        40      4       41

PRECIPITATION (IN)
  YESTERDAY        0.10          2.47 1967   0.27  -0.17     0.09
  MONTH TO DATE    4.73                      4.97  -0.24     3.54
  SINCE OCT 1     30.49                     25.66   4.83    31.64
  SINCE JAN 1      4.73                      4.97  -0.24     3.54

DEGREE DAYS
 HEATING
  YESTERDAY       21                        25     -4       24
  MONTH TO DATE  420                       485    -65      607
  SINCE DEC 1   1280                      1310    -30     1519
  SINCE JUL 1   2582                      2755   -173     2716

 COOLING
  YESTERDAY        0                         0      0        0
  MONTH TO DATE    0                         0      0        0
  SINCE DEC 1      0                         0      0        0
  SINCE JAN 1      0                         0      0        0
..................................................................


WIND (MPH)
  RESULTANT WIND SPEED  14   RESULTANT WIND DIRECTION   S (190)
  HIGHEST WIND SPEED    23   HIGHEST WIND DIRECTION     S (180)
  HIGHEST GUST SPEED    30   HIGHEST GUST DIRECTION     S (180)
  AVERAGE WIND SPEED    14.0


SKY COVER
  AVERAGE SKY COVER 0.8


WEATHER CONDITIONS
 THE FOLLOWING WEATHER WAS RECORDED YESTERDAY.
  LIGHT RAIN


RELATIVE HUMIDITY (PERCENT)
 HIGHEST    96           700 PM
 LOWEST     76          1200 PM
 AVERAGE    86

..........................................................


THE OLYMPIA WA AIRPORT CLIMATE NORMALS FOR TODAY
                         NORMAL    RECORD    YEAR
 MAXIMUM TEMPERATURE (F)   46        59      1995
 MINIMUM TEMPERATURE (F)   34         7      1954


SUNRISE AND SUNSET
JANUARY 20 2018.......SUNRISE   749 AM PST   SUNSET   457 PM PST
JANUARY 21 2018.......SUNRISE   748 AM PST   SUNSET   458 PM PST


-  INDICATES NEGATIVE NUMBERS.
R  INDICATES RECORD WAS SET OR TIED.
MM INDICATES DATA IS MISSING.
T  INDICATES TRACE AMOUNT.




$$
