000
CDUS46 KSEW 280827
CLIOLM


CLIMATE REPORT
NATIONAL WEATHER SERVICE SEATTLE WA
127 AM PDT MON JUL 28 2014


...................................

...THE OLYMPIA WA AIRPORT CLIMATE SUMMARY FOR JULY 27 2014...

CLIMATE NORMAL PERIOD 1981 TO 2010
CLIMATE RECORD PERIOD 1948 TO 2014


WEATHER ITEM   OBSERVED TIME   RECORD YEAR NORMAL DEPARTURE LAST
                VALUE   (LST)  VALUE       VALUE  FROM      YEAR
                                                  NORMAL
..................................................................
TEMPERATURE (F)
 YESTERDAY
  MAXIMUM         84    511 PM  99    1998  78      6       78
                                      1958
  MINIMUM         50    410 AM  41    1986  52     -2       48
  AVERAGE         67                        65      2       63

PRECIPITATION (IN)
  YESTERDAY        0.00          0.29 1950   0.02  -0.02     0.00
  MONTH TO DATE    0.27                      0.58  -0.31      T
  SINCE OCT 1     39.80                     47.30  -7.50    48.38
  SINCE JAN 1     30.96                     26.61   4.35    21.42

DEGREE DAYS
 HEATING
  YESTERDAY        0                         2     -2        2
  MONTH TO DATE   33                        72    -39       46
  SINCE JUN 1    188                       260    -72      182
  SINCE JUL 1     33                        72    -39       46

 COOLING
  YESTERDAY        2                         2      0        0
  MONTH TO DATE   75                        38     37       36
  SINCE JUN 1     76                        49     27       62
  SINCE JAN 1     77                        52     25       64
..................................................................


WIND (MPH)
  RESULTANT WIND SPEED   5   RESULTANT WIND DIRECTION  NE (30)
  HIGHEST WIND SPEED    15   HIGHEST WIND DIRECTION    NE (30)
  HIGHEST GUST SPEED    19   HIGHEST GUST DIRECTION    NE (30)
  AVERAGE WIND SPEED     5.8


SKY COVER
  AVERAGE SKY COVER 0.0


WEATHER CONDITIONS
 THE FOLLOWING WEATHER WAS RECORDED YESTERDAY.
  FOG


RELATIVE HUMIDITY (PERCENT)
 HIGHEST   100           200 AM
 LOWEST     31           600 PM
 AVERAGE    66

..........................................................


THE OLYMPIA WA AIRPORT CLIMATE NORMALS FOR TODAY
                         NORMAL    RECORD    YEAR
 MAXIMUM TEMPERATURE (F)   79       101      2009
 MINIMUM TEMPERATURE (F)   52        40      1976


SUNRISE AND SUNSET
JULY 28 2014..........SUNRISE   546 AM PDT   SUNSET   849 PM PDT
JULY 29 2014..........SUNRISE   548 AM PDT   SUNSET   848 PM PDT


-  INDICATES NEGATIVE NUMBERS.
R  INDICATES RECORD WAS SET OR TIED.
MM INDICATES DATA IS MISSING.
T  INDICATES TRACE AMOUNT.




$$
