000
CDUS46 KSEW 030832
CLIOLM


CLIMATE REPORT
NATIONAL WEATHER SERVICE SEATTLE WA
1231 AM PST SAT DEC 3 2016


...................................

...THE OLYMPIA WA AIRPORT CLIMATE SUMMARY FOR DECEMBER 2 2016...

CLIMATE NORMAL PERIOD 1981 TO 2010
CLIMATE RECORD PERIOD 1948 TO 2016


WEATHER ITEM   OBSERVED TIME   RECORD YEAR NORMAL DEPARTURE LAST
                VALUE   (LST)  VALUE       VALUE  FROM      YEAR
                                                  NORMAL
..................................................................
TEMPERATURE (F)
 YESTERDAY
  MAXIMUM         45    319 PM  57    1958  46     -1       47
  MINIMUM         40    230 AM  19    2014  33      7       40
  AVERAGE         43                        40      3       44

PRECIPITATION (IN)
  YESTERDAY        0.33          2.12 2007   0.29   0.04     0.11
  MONTH TO DATE    0.33                      0.57  -0.24     0.90
  SINCE OCT 1     22.04                     13.80   8.24    19.40
  SINCE JAN 1     51.41                     43.11   8.30    43.92

DEGREE DAYS
 HEATING
  YESTERDAY       22                        25     -3       21
  MONTH TO DATE   46                        50     -4       47
  SINCE DEC 1     46                        50     -4       47
  SINCE JUL 1   1243                      1495   -252     1323

 COOLING
  YESTERDAY        0                         0      0        0
  MONTH TO DATE    0                         0      0        0
  SINCE DEC 1      0                         0      0        0
  SINCE JAN 1    145                       106     39      264
..................................................................


WIND (MPH)
  RESULTANT WIND SPEED  10   RESULTANT WIND DIRECTION  SW (210)
  HIGHEST WIND SPEED    22   HIGHEST WIND DIRECTION     S (190)
  HIGHEST GUST SPEED    35   HIGHEST GUST DIRECTION     S (200)
  AVERAGE WIND SPEED    10.8


SKY COVER
  AVERAGE SKY COVER 0.9


WEATHER CONDITIONS
 THE FOLLOWING WEATHER WAS RECORDED YESTERDAY.
  LIGHT RAIN
  FOG


RELATIVE HUMIDITY (PERCENT)
 HIGHEST   100          1200 AM
 LOWEST     92           500 AM
 AVERAGE    96

..........................................................


THE OLYMPIA WA AIRPORT CLIMATE NORMALS FOR TODAY
                         NORMAL    RECORD    YEAR
 MAXIMUM TEMPERATURE (F)   46        59      1982
 MINIMUM TEMPERATURE (F)   33        17      1994


SUNRISE AND SUNSET
DECEMBER  3 2016......SUNRISE   740 AM PST   SUNSET   424 PM PST
DECEMBER  4 2016......SUNRISE   741 AM PST   SUNSET   423 PM PST


-  INDICATES NEGATIVE NUMBERS.
R  INDICATES RECORD WAS SET OR TIED.
MM INDICATES DATA IS MISSING.
T  INDICATES TRACE AMOUNT.




$$
